216.73.216.36 - - [07/Nov/2025:03:24:03 +0000] "GET /%22https:/drop-boss.co.uk?fileloc=%2Fsrv%2Fusers%2Fmkanyafarm%2Fapps%2Fmkanyafarm%2Fpublic%2Fwp-includes%2FID3%2Fmodule.audio.ac3.php&path=%2Fsrv%2Fusers%2Fmkanyafarm%2Fapps%2Fmkanyafarm%2Fpublic%2Fwp-includes%2FID3 HTTP/2.0" 200 10432 "-" "Mozilla/5.0 AppleWebKit/537.36 (KHTML, like Gecko; compatible; ClaudeBot/1.0; +claudebot@anthropic.com)" "-" 167 0.059 "58476" "0.059" "mkanyafarm.com"
74.7.227.3 - - [07/Nov/2025:03:24:03 +0000] "GET /sitemap-hot-4945330.xml?fileloc=/srv/users/mkanyafarm/apps/mkanyafarm/public/wp-includes/ID3/module.audio.flac.php&path=/srv/users/mkanyafarm/apps/mkanyafarm/public/wp-includes/ID3 HTTP/2.0" 200 7040 "-" "Mozilla/5.0 AppleWebKit/537.36 (KHTML, like Gecko; compatible; GPTBot/1.2; +https://openai.com/gptbot)" "-" 151 0.165 "36700" "0.165" "mkanyafarm.com"
216.73.216.36 - - [07/Nov/2025:03:24:06 +0000] "GET /%22https:/drop-boss.co.uk/?fileloc=%2Fsrv%2Fusers%2Fmkanyafarm%2Fapps%2Fmkanyafarm%2Fpublic%2Fwp-admin%2Fjs%2Fxfn.min.js&path=%2Fsrv%2Fusers%2Fmkanyafarm%2Fapps%2Fmkanyafarm%2Fpublic%2Fwp-admin%2Fjs HTTP/2.0" 200 2512 "-" "Mozilla/5.0 AppleWebKit/537.36 (KHTML, like Gecko; compatible; ClaudeBot/1.0; +claudebot@anthropic.com)" "-" 155 0.040 "13371" "0.040" "mkanyafarm.com"
216.73.216.36 - - [07/Nov/2025:03:24:09 +0000] "GET /%22https:/drop-boss.co.uk/?fileloc=%2Fsrv%2Fusers%2Fmkanyafarm%2Fapps%2Fmkanyafarm%2Fpublic%2Fwp-includes%2Fclass-wp-customize-panel.php&path=%2Fsrv%2Fusers%2Fmkanyafarm%2Fapps%2Fmkanyafarm%2Fpublic%2Fwp-includes HTTP/2.0" 200 5274 "-" "Mozilla/5.0 AppleWebKit/537.36 (KHTML, like Gecko; compatible; ClaudeBot/1.0; +claudebot@anthropic.com)" "-" 164 0.029 "24344" "0.029" "mkanyafarm.com"
74.7.227.3 - - [07/Nov/2025:03:24:10 +0000] "GET /sitemap-hot-4949330.xml?fileloc=/srv/users/mkanyafarm/.bash_history&path=/srv/users/mkanyafarm HTTP/2.0" 200 2624 "-" "Mozilla/5.0 AppleWebKit/537.36 (KHTML, like Gecko; compatible; GPTBot/1.2; +https://openai.com/gptbot)" "-" 87 0.025 "13402" "0.025" "mkanyafarm.com"
216.73.216.36 - - [07/Nov/2025:03:24:12 +0000] "GET /%22https:/drop-boss.co.uk?fileloc=%2Fsrv%2Fusers%2Fmkanyafarm%2Fapps%2Fmkanyafarm%2Fpublic%2Fwp-includes%2Fjs%2Fmediaelement%2F.htaccess&path=%2Fsrv%2Fusers%2Fmkanyafarm%2Fapps%2Fmkanyafarm%2Fpublic%2Fwp-includes%2Fjs%2Fmediaelement HTTP/2.0" 200 2386 "-" "Mozilla/5.0 AppleWebKit/537.36 (KHTML, like Gecko; compatible; ClaudeBot/1.0; +claudebot@anthropic.com)" "-" 177 0.024 "13006" "0.024" "mkanyafarm.com"
74.7.227.3 - - [07/Nov/2025:03:24:13 +0000] "GET /sitemap-hot-4969330.xml?fileloc=/srv/users/mkanyafarm/.bash_history&path=/srv/users/mkanyafarm HTTP/2.0" 200 2624 "-" "Mozilla/5.0 AppleWebKit/537.36 (KHTML, like Gecko; compatible; GPTBot/1.2; +https://openai.com/gptbot)" "-" 87 0.022 "13402" "0.022" "mkanyafarm.com"
216.73.216.36 - - [07/Nov/2025:03:24:15 +0000] "GET /%22https:/drop-boss.co.uk/?fileloc=%2Fsrv%2Fusers%2Fmkanyafarm%2Fapps%2Fmkanyafarm%2Fpublic%2Fwp-includes%2Fms-files.php&path=%2Fsrv%2Fusers%2Fmkanyafarm%2Fapps%2Fmkanyafarm%2Fpublic%2Fwp-includes HTTP/2.0" 200 3396 "-" "Mozilla/5.0 AppleWebKit/537.36 (KHTML, like Gecko; compatible; ClaudeBot/1.0; +claudebot@anthropic.com)" "-" 153 0.033 "15879" "0.033" "mkanyafarm.com"
216.73.216.36 - - [07/Nov/2025:03:24:18 +0000] "GET /%22https:/drop-boss.co.uk?fileloc=%2Fsrv%2Fusers%2Fmkanyafarm%2Fapps%2Fmkanyafarm%2Fpublic%2Fwp-includes%2Fclass-wp-block-template.php&path=%2Fsrv%2Fusers%2Fmkanyafarm%2Fapps%2Fmkanyafarm%2Fpublic%2Fwp-includes HTTP/2.0" 200 2801 "-" "Mozilla/5.0 AppleWebKit/537.36 (KHTML, like Gecko; compatible; ClaudeBot/1.0; +claudebot@anthropic.com)" "-" 162 0.024 "14756" "0.024" "mkanyafarm.com"
74.7.227.3 - - [07/Nov/2025:03:24:19 +0000] "GET /sitemap-hot-4959330.xml?fileloc=/srv/users/mkanyafarm/.bash_history&path=/srv/users/mkanyafarm HTTP/2.0" 200 2624 "-" "Mozilla/5.0 AppleWebKit/537.36 (KHTML, like Gecko; compatible; GPTBot/1.2; +https://openai.com/gptbot)" "-" 87 0.032 "13402" "0.032" "mkanyafarm.com"
216.73.216.36 - - [07/Nov/2025:03:24:21 +0000] "GET /%22https:/drop-boss.co.uk?fileloc=%2Fsrv%2Fusers%2Fmkanyafarm%2Fapps%2Fmkanyafarm%2Fpublic%2Fwp-includes%2Fsitemaps%2Fclass-wp-sitemaps-provider.php&path=%2Fsrv%2Fusers%2Fmkanyafarm%2Fapps%2Fmkanyafarm%2Fpublic%2Fwp-includes%2Fsitemaps HTTP/2.0" 200 3649 "-" "Mozilla/5.0 AppleWebKit/537.36 (KHTML, like Gecko; compatible; ClaudeBot/1.0; +claudebot@anthropic.com)" "-" 179 0.026 "17501" "0.026" "mkanyafarm.com"
74.7.227.3 - - [07/Nov/2025:03:24:24 +0000] "GET /sitemap-hot-4949330.xml?path=/srv/users/mkanyafarm/log HTTP/2.0" 200 2537 "-" "Mozilla/5.0 AppleWebKit/537.36 (KHTML, like Gecko; compatible; GPTBot/1.2; +https://openai.com/gptbot)" "-" 58 0.032 "14151" "0.032" "mkanyafarm.com"
74.7.227.3 - - [07/Nov/2025:03:24:27 +0000] "GET /sitemap-hot-4949330.xml?path=/srv/users/mkanyafarm/.cache HTTP/2.0" 200 2622 "-" "Mozilla/5.0 AppleWebKit/537.36 (KHTML, like Gecko; compatible; GPTBot/1.2; +https://openai.com/gptbot)" "-" 60 0.029 "15696" "0.029" "mkanyafarm.com"
74.7.227.3 - - [07/Nov/2025:03:24:34 +0000] "GET /sitemap-hot-4969330.xml?path=/srv/users/mkanyafarm/.cache HTTP/2.0" 200 2622 "-" "Mozilla/5.0 AppleWebKit/537.36 (KHTML, like Gecko; compatible; GPTBot/1.2; +https://openai.com/gptbot)" "-" 60 0.028 "15696" "0.028" "mkanyafarm.com"
74.7.227.3 - - [07/Nov/2025:03:24:38 +0000] "GET /sitemap-hot-4969330.xml?path=/srv/users/mkanyafarm/.ssh HTTP/2.0" 200 2549 "-" "Mozilla/5.0 AppleWebKit/537.36 (KHTML, like Gecko; compatible; GPTBot/1.2; +https://openai.com/gptbot)" "-" 59 0.023 "14283" "0.023" "mkanyafarm.com"
69.48.205.45 - - [07/Nov/2025:03:24:40 +0000] "GET /wp-login.php HTTP/2.0" 200 3335 "-" "Mozilla/5.0 (Windows NT 6.1; WOW64; Trident/7.0; BOIE9;ENCA; rv:11.0) like Gecko" "-" 125 0.022 "54310" "0.022" "mkanyafarm.com"
216.73.216.36 - - [07/Nov/2025:03:24:41 +0000] "GET /%22https:/drop-boss.co.uk?fileloc=%2Fsrv%2Fusers%2Fmkanyafarm%2Fapps%2Fmkanyafarm%2Fpublic%2Fwp-includes%2FID3%2Flicense.txt&path=%2Fsrv%2Fusers%2Fmkanyafarm%2Fapps%2Fmkanyafarm%2Fpublic%2Fwp-includes%2FID3 HTTP/2.0" 200 2673 "-" "Mozilla/5.0 AppleWebKit/537.36 (KHTML, like Gecko; compatible; ClaudeBot/1.0; +claudebot@anthropic.com)" "-" 274 0.023 "14155" "0.023" "mkanyafarm.com"
74.7.227.3 - - [07/Nov/2025:03:24:43 +0000] "GET /sitemap-hot-4969330.xml?path=/srv/users/mkanyafarm/run HTTP/2.0" 200 2300 "-" "Mozilla/5.0 AppleWebKit/537.36 (KHTML, like Gecko; compatible; GPTBot/1.2; +https://openai.com/gptbot)" "-" 59 0.024 "12783" "0.024" "mkanyafarm.com"
216.73.216.36 - - [07/Nov/2025:03:24:44 +0000] "GET /%22https:/drop-boss.co.uk/?fileloc=%2Fsrv%2Fusers%2Fmkanyafarm%2Fapps%2Fmkanyafarm%2Fpublic%2Fwp-admin%2Fpost.php&path=%2Fsrv%2Fusers%2Fmkanyafarm%2Fapps%2Fmkanyafarm%2Fpublic%2Fwp-admin HTTP/2.0" 200 5186 "-" "Mozilla/5.0 AppleWebKit/537.36 (KHTML, like Gecko; compatible; ClaudeBot/1.0; +claudebot@anthropic.com)" "-" 146 0.023 "24468" "0.023" "mkanyafarm.com"
216.73.216.36 - - [07/Nov/2025:03:24:47 +0000] "GET /%22https:/drop-boss.co.uk/?fileloc=%2Fsrv%2Fusers%2Fmkanyafarm%2Fapps%2Fmkanyafarm%2Fpublic%2Fwp-admin%2Foptions-privacy.php&path=%2Fsrv%2Fusers%2Fmkanyafarm%2Fapps%2Fmkanyafarm%2Fpublic%2Fwp-admin HTTP/2.0" 200 5452 "-" "Mozilla/5.0 AppleWebKit/537.36 (KHTML, like Gecko; compatible; ClaudeBot/1.0; +claudebot@anthropic.com)" "-" 154 0.031 "25344" "0.031" "mkanyafarm.com"
69.48.205.45 - - [07/Nov/2025:03:24:48 +0000] "POST /wp-login.php HTTP/2.0" 200 3335 "https://mkanyafarm.com/wp-login.php" "Mozilla/5.0 (Windows NT 6.1; WOW64; Trident/7.0; BOIE9;ENCA; rv:11.0) like Gecko" "-" 358 0.032 "54310" "0.032" "mkanyafarm.com"
74.7.227.3 - - [07/Nov/2025:03:24:49 +0000] "GET /sitemap-hot-4949330.xml?path=/srv/users/mkanyafarm/run HTTP/2.0" 200 2300 "-" "Mozilla/5.0 AppleWebKit/537.36 (KHTML, like Gecko; compatible; GPTBot/1.2; +https://openai.com/gptbot)" "-" 59 0.025 "12783" "0.025" "mkanyafarm.com"
216.73.216.36 - - [07/Nov/2025:03:24:50 +0000] "GET /%22https:/drop-boss.co.uk/?fileloc=%2Fsrv%2Fusers%2Fmkanyafarm%2Fapps%2Fmkanyafarm%2Fpublic%2Fwp-admin%2Foptions-media.php&path=%2Fsrv%2Fusers%2Fmkanyafarm%2Fapps%2Fmkanyafarm%2Fpublic%2Fwp-admin HTTP/2.0" 200 4187 "-" "Mozilla/5.0 AppleWebKit/537.36 (KHTML, like Gecko; compatible; ClaudeBot/1.0; +claudebot@anthropic.com)" "-" 152 0.027 "22094" "0.027" "mkanyafarm.com"
216.73.216.36 - - [07/Nov/2025:03:24:53 +0000] "GET /%22https:/drop-boss.co.uk/?fileloc=%2Fsrv%2Fusers%2Fmkanyafarm%2Fapps%2Fmkanyafarm%2Fpublic%2Fwp-admin%2Fsite-health.php&path=%2Fsrv%2Fusers%2Fmkanyafarm%2Fapps%2Fmkanyafarm%2Fpublic%2Fwp-admin HTTP/2.0" 200 5735 "-" "Mozilla/5.0 AppleWebKit/537.36 (KHTML, like Gecko; compatible; ClaudeBot/1.0; +claudebot@anthropic.com)" "-" 150 0.024 "25967" "0.024" "mkanyafarm.com"
74.7.227.3 - - [07/Nov/2025:03:24:53 +0000] "GET /sitemap-hot-4959330.xml?path=/srv/users/mkanyafarm/.ssh HTTP/2.0" 200 2549 "-" "Mozilla/5.0 AppleWebKit/537.36 (KHTML, like Gecko; compatible; GPTBot/1.2; +https://openai.com/gptbot)" "-" 59 0.027 "14283" "0.027" "mkanyafarm.com"
216.73.216.36 - - [07/Nov/2025:03:24:56 +0000] "GET /%22https:/eye-of-medusa.de/?path=%2Fsrv%2Fusers%2Fmkanyafarm%2Fapps%2Fmkanyafarm%2Fpublic%2Fwp-includes%2Fsodium_compat%2Fnamespaced%2FCore HTTP/2.0" 200 3053 "-" "Mozilla/5.0 AppleWebKit/537.36 (KHTML, like Gecko; compatible; ClaudeBot/1.0; +claudebot@anthropic.com)" "-" 109 0.053 "42177" "0.053" "mkanyafarm.com"
74.7.227.3 - - [07/Nov/2025:03:24:58 +0000] "GET /sitemap-hot-4949330.xml?fileloc=/srv/users/mkanyafarm/.cache/motd.legal-displayed&path=/srv/users/mkanyafarm/.cache HTTP/2.0" 200 2249 "-" "Mozilla/5.0 AppleWebKit/537.36 (KHTML, like Gecko; compatible; GPTBot/1.2; +https://openai.com/gptbot)" "-" 102 0.032 "12409" "0.032" "mkanyafarm.com"
216.73.216.36 - - [07/Nov/2025:03:24:59 +0000] "GET /%22https:/drop-boss.co.uk?fileloc=%2Fsrv%2Fusers%2Fmkanyafarm%2Fapps%2Fmkanyafarm%2Fpublic%2Fwp-admin%2Fmedia-new.php&path=%2Fsrv%2Fusers%2Fmkanyafarm%2Fapps%2Fmkanyafarm%2Fpublic%2Fwp-admin HTTP/2.0" 200 3700 "-" "Mozilla/5.0 AppleWebKit/537.36 (KHTML, like Gecko; compatible; ClaudeBot/1.0; +claudebot@anthropic.com)" "-" 149 0.029 "16868" "0.029" "mkanyafarm.com"
74.7.227.3 - - [07/Nov/2025:03:25:01 +0000] "GET /sitemap-hot-4969330.xml?fileloc=/srv/users/mkanyafarm/.cache/motd.legal-displayed&path=/srv/users/mkanyafarm/.cache HTTP/2.0" 200 2249 "-" "Mozilla/5.0 AppleWebKit/537.36 (KHTML, like Gecko; compatible; GPTBot/1.2; +https://openai.com/gptbot)" "-" 102 0.042 "12409" "0.042" "mkanyafarm.com"
216.73.216.36 - - [07/Nov/2025:03:25:02 +0000] "GET /%22https:/drop-boss.co.uk?fileloc=%2Fsrv%2Fusers%2Fmkanyafarm%2Fapps%2Fmkanyafarm%2Fpublic%2Fwp-admin%2Fcredits.php&path=%2Fsrv%2Fusers%2Fmkanyafarm%2Fapps%2Fmkanyafarm%2Fpublic%2Fwp-admin HTTP/2.0" 200 3473 "-" "Mozilla/5.0 AppleWebKit/537.36 (KHTML, like Gecko; compatible; ClaudeBot/1.0; +claudebot@anthropic.com)" "-" 147 0.054 "18374" "0.054" "mkanyafarm.com"
216.73.216.36 - - [07/Nov/2025:03:25:05 +0000] "GET /%22https:/drop-boss.co.uk/?fileloc=%2Fsrv%2Fusers%2Fmkanyafarm%2Fapps%2Fmkanyafarm%2Fpublic%2Fwp-admin%2Fmy-sites.php&path=%2Fsrv%2Fusers%2Fmkanyafarm%2Fapps%2Fmkanyafarm%2Fpublic%2Fwp-admin HTTP/2.0" 200 4191 "-" "Mozilla/5.0 AppleWebKit/537.36 (KHTML, like Gecko; compatible; ClaudeBot/1.0; +claudebot@anthropic.com)" "-" 149 0.100 "18893" "0.100" "mkanyafarm.com"
216.73.216.36 - - [07/Nov/2025:03:25:08 +0000] "GET /%22https:/chickenroad2-ufficiale.it/?fileloc=%2Fsrv%2Fusers%2Fmkanyafarm%2Fapps%2Fmkanyafarm%2Fpublic%2Fwp-includes%2Fpomo%2Fpomo%2Fcache.php&path=%2Fsrv%2Fusers%2Fmkanyafarm%2Fapps%2Fmkanyafarm%2Fpublic%2Fwp-includes%2Fpomo%2Fpomo HTTP/2.0" 200 6147 "-" "Mozilla/5.0 AppleWebKit/537.36 (KHTML, like Gecko; compatible; ClaudeBot/1.0; +claudebot@anthropic.com)" "-" 177 0.043 "17789" "0.043" "mkanyafarm.com"
74.7.227.3 - - [07/Nov/2025:03:25:08 +0000] "GET /sitemap-hot-4959330.xml?path=/srv/users/mkanyafarm/run HTTP/2.0" 200 2300 "-" "Mozilla/5.0 AppleWebKit/537.36 (KHTML, like Gecko; compatible; GPTBot/1.2; +https://openai.com/gptbot)" "-" 59 0.033 "12783" "0.033" "mkanyafarm.com"
216.73.216.36 - - [07/Nov/2025:03:25:11 +0000] "GET /%22https:/drop-boss.co.uk/?fileloc=%2Fsrv%2Fusers%2Fmkanyafarm%2Fapps%2Fmkanyafarm%2Fpublic%2Fwp-includes%2Fmedia-template.php&path=%2Fsrv%2Fusers%2Fmkanyafarm%2Fapps%2Fmkanyafarm%2Fpublic%2Fwp-includes HTTP/2.0" 200 13929 "-" "Mozilla/5.0 AppleWebKit/537.36 (KHTML, like Gecko; compatible; ClaudeBot/1.0; +claudebot@anthropic.com)" "-" 157 0.027 "98433" "0.027" "mkanyafarm.com"
74.7.227.3 - - [07/Nov/2025:03:25:12 +0000] "GET /sitemap-hot-4949330.xml?path=/srv/users/mkanyafarm/.cache/Microsoft HTTP/2.0" 200 2550 "-" "Mozilla/5.0 AppleWebKit/537.36 (KHTML, like Gecko; compatible; GPTBot/1.2; +https://openai.com/gptbot)" "-" 67 0.022 "14289" "0.022" "mkanyafarm.com"
216.73.216.36 - - [07/Nov/2025:03:25:14 +0000] "GET /%22https:/drop-boss.co.uk/?fileloc=%2Fsrv%2Fusers%2Fmkanyafarm%2Fapps%2Fmkanyafarm%2Fpublic%2Fwp-includes%2Fcategory-template.php&path=%2Fsrv%2Fusers%2Fmkanyafarm%2Fapps%2Fmkanyafarm%2Fpublic%2Fwp-includes HTTP/2.0" 200 15119 "-" "Mozilla/5.0 AppleWebKit/537.36 (KHTML, like Gecko; compatible; ClaudeBot/1.0; +claudebot@anthropic.com)" "-" 159 0.022 "76460" "0.022" "mkanyafarm.com"
216.73.216.36 - - [07/Nov/2025:03:25:17 +0000] "GET /%22https:/drop-boss.co.uk/?fileloc=%2Fsrv%2Fusers%2Fmkanyafarm%2Fapps%2Fmkanyafarm%2Fpublic%2Fwp-admin%2Foptions-writing.php&path=%2Fsrv%2Fusers%2Fmkanyafarm%2Fapps%2Fmkanyafarm%2Fpublic%2Fwp-admin HTTP/2.0" 200 5221 "-" "Mozilla/5.0 AppleWebKit/537.36 (KHTML, like Gecko; compatible; ClaudeBot/1.0; +claudebot@anthropic.com)" "-" 153 0.025 "25379" "0.025" "mkanyafarm.com"
74.7.227.3 - - [07/Nov/2025:03:25:17 +0000] "GET /sitemap-hot-4949330.xml?path=/srv/users/mkanyafarm/.vscode-server HTTP/2.0" 200 2891 "-" "Mozilla/5.0 AppleWebKit/537.36 (KHTML, like Gecko; compatible; GPTBot/1.2; +https://openai.com/gptbot)" "-" 66 0.024 "27000" "0.024" "mkanyafarm.com"
216.73.216.36 - - [07/Nov/2025:03:25:20 +0000] "GET /%22https:/eye-of-medusa.de/?fileloc=%2Fsrv%2Fusers%2Fmkanyafarm%2Fapps%2Fmkanyafarm%2Fpublic%2Fwp-includes%2Fblocks%2Ffile%2Fview.js&path=%2Fsrv%2Fusers%2Fmkanyafarm%2Fapps%2Fmkanyafarm%2Fpublic%2Fwp-includes%2Fblocks%2Ffile HTTP/2.0" 200 3417 "-" "Mozilla/5.0 AppleWebKit/537.36 (KHTML, like Gecko; compatible; ClaudeBot/1.0; +claudebot@anthropic.com)" "-" 173 0.048 "16150" "0.048" "mkanyafarm.com"
74.7.227.3 - - [07/Nov/2025:03:25:22 +0000] "GET /sitemap-hot-4969330.xml?path=/srv/users/mkanyafarm/log HTTP/2.0" 200 2537 "-" "Mozilla/5.0 AppleWebKit/537.36 (KHTML, like Gecko; compatible; GPTBot/1.2; +https://openai.com/gptbot)" "-" 58 0.032 "14151" "0.032" "mkanyafarm.com"
216.73.216.36 - - [07/Nov/2025:03:25:23 +0000] "GET /%22https:/drop-boss.co.uk?fileloc=%2Fsrv%2Fusers%2Fmkanyafarm%2F.vscode-server%2F.cli.4437686ffebaf200fa4a6e6e67f735f3edf24ada.log&path=%2Fsrv%2Fusers%2Fmkanyafarm%2F.vscode-server HTTP/2.0" 200 2468 "-" "Mozilla/5.0 AppleWebKit/537.36 (KHTML, like Gecko; compatible; ClaudeBot/1.0; +claudebot@anthropic.com)" "-" 140 0.023 "13109" "0.023" "mkanyafarm.com"
74.7.227.3 - - [07/Nov/2025:03:25:25 +0000] "GET /sitemap-hot-4959330.xml?path=/srv/users/mkanyafarm/log HTTP/2.0" 200 2537 "-" "Mozilla/5.0 AppleWebKit/537.36 (KHTML, like Gecko; compatible; GPTBot/1.2; +https://openai.com/gptbot)" "-" 58 0.024 "14151" "0.024" "mkanyafarm.com"
216.73.216.36 - - [07/Nov/2025:03:25:26 +0000] "GET /%22https:/drop-boss.co.uk/?fileloc=%2Fsrv%2Fusers%2Fmkanyafarm%2Fapps%2Fmkanyafarm%2Fpublic%2Fwp-admin%2Findex.php&path=%2Fsrv%2Fusers%2Fmkanyafarm%2Fapps%2Fmkanyafarm%2Fpublic%2Fwp-admin HTTP/2.0" 200 5164 "-" "Mozilla/5.0 AppleWebKit/537.36 (KHTML, like Gecko; compatible; ClaudeBot/1.0; +claudebot@anthropic.com)" "-" 147 0.039 "22524" "0.039" "mkanyafarm.com"
216.73.216.36 - - [07/Nov/2025:03:25:29 +0000] "GET /%22https:/drop-boss.co.uk/?path=%2Fsrv%2Fusers%2Fmkanyafarm%2Fapps%2Fmkanyafarm%2Fpublic%2Fwp-includes%2Fl10n HTTP/2.0" 200 2753 "-" "Mozilla/5.0 AppleWebKit/537.36 (KHTML, like Gecko; compatible; ClaudeBot/1.0; +claudebot@anthropic.com)" "-" 88 0.028 "23239" "0.028" "mkanyafarm.com"
74.7.227.3 - - [07/Nov/2025:03:25:31 +0000] "GET /sitemap-hot-4969330.xml?path=/srv/users/mkanyafarm/.cache/Microsoft HTTP/2.0" 200 2550 "-" "Mozilla/5.0 AppleWebKit/537.36 (KHTML, like Gecko; compatible; GPTBot/1.2; +https://openai.com/gptbot)" "-" 67 0.026 "14289" "0.026" "mkanyafarm.com"
216.73.216.36 - - [07/Nov/2025:03:25:32 +0000] "GET /%22https:/drop-boss.co.uk/?fileloc=%2Fsrv%2Fusers%2Fmkanyafarm%2Fapps%2Fmkanyafarm%2Fpublic%2Fwp-admin%2Foptions-discussion.php&path=%2Fsrv%2Fusers%2Fmkanyafarm%2Fapps%2Fmkanyafarm%2Fpublic%2Fwp-admin HTTP/2.0" 200 6477 "-" "Mozilla/5.0 AppleWebKit/537.36 (KHTML, like Gecko; compatible; ClaudeBot/1.0; +claudebot@anthropic.com)" "-" 155 0.029 "34216" "0.029" "mkanyafarm.com"
216.73.216.36 - - [07/Nov/2025:03:25:35 +0000] "GET /%22https:/chickenroad2-ufficiale.it/?fileloc=%2Fsrv%2Fusers%2Fmkanyafarm%2Fapps%2Fmkanyafarm%2Fpublic%2Fwp-admin%2Fmaint%2Fmaint%2Fcache.php&path=%2Fsrv%2Fusers%2Fmkanyafarm%2Fapps%2Fmkanyafarm%2Fpublic%2Fwp-admin%2Fmaint%2Fmaint HTTP/2.0" 200 6193 "-" "Mozilla/5.0 AppleWebKit/537.36 (KHTML, like Gecko; compatible; ClaudeBot/1.0; +claudebot@anthropic.com)" "-" 175 0.070 "17776" "0.070" "mkanyafarm.com"
74.7.227.3 - - [07/Nov/2025:03:25:35 +0000] "GET /sitemap-hot-4941330.xml?fileloc=/srv/users/mkanyafarm/apps/mkanyafarm/public/wp-includes/ID3/module.audio.flac.php&path=/srv/users/mkanyafarm/apps/mkanyafarm/public/wp-includes/ID3 HTTP/2.0" 200 7040 "-" "Mozilla/5.0 AppleWebKit/537.36 (KHTML, like Gecko; compatible; GPTBot/1.2; +https://openai.com/gptbot)" "-" 151 0.022 "36700" "0.022" "mkanyafarm.com"
216.73.216.36 - - [07/Nov/2025:03:25:38 +0000] "GET /%22https:/drop-boss.co.uk?fileloc=%2Fsrv%2Fusers%2Fmkanyafarm%2Fapps%2Fmkanyafarm%2Fpublic%2Fwp-includes%2FID3%2Fmodule.tag.lyrics3.php&path=%2Fsrv%2Fusers%2Fmkanyafarm%2Fapps%2Fmkanyafarm%2Fpublic%2Fwp-includes%2FID3 HTTP/2.0" 200 5300 "-" "Mozilla/5.0 AppleWebKit/537.36 (KHTML, like Gecko; compatible; ClaudeBot/1.0; +claudebot@anthropic.com)" "-" 169 0.081 "26533" "0.081" "mkanyafarm.com"
74.7.227.3 - - [07/Nov/2025:03:25:40 +0000] "GET /sitemap-hot-4949330.xml?fileloc=/srv/users/mkanyafarm/apps/mkanyafarm/public/wp-includes/ID3/module.audio.flac.php&path=/srv/users/mkanyafarm/apps/mkanyafarm/public/wp-includes/ID3 HTTP/2.0" 200 7040 "-" "Mozilla/5.0 AppleWebKit/537.36 (KHTML, like Gecko; compatible; GPTBot/1.2; +https://openai.com/gptbot)" "-" 151 0.027 "36700" "0.027" "mkanyafarm.com"
216.73.216.36 - - [07/Nov/2025:03:25:43 +0000] "GET /%22https:/drop-boss.co.uk?fileloc=%2Fsrv%2Fusers%2Fmkanyafarm%2F.vscode-server%2Fcode-4437686ffebaf200fa4a6e6e67f735f3edf24ada&path=%2Fsrv%2Fusers%2Fmkanyafarm%2F.vscode-server HTTP/2.0" 200 6747647 "-" "Mozilla/5.0 AppleWebKit/537.36 (KHTML, like Gecko; compatible; ClaudeBot/1.0; +claudebot@anthropic.com)" "-" 137 2.193 "34226313" "2.193" "mkanyafarm.com"
74.7.227.3 - - [07/Nov/2025:03:25:43 +0000] "GET /sitemap-hot-4949330.xml?fileloc=/srv/users/mkanyafarm/.vscode-server/.cli.17baf841131aa23349f217ca7c570c76ee87b957.log&path=/srv/users/mkanyafarm/.vscode-server HTTP/2.0" 200 2475 "-" "Mozilla/5.0 AppleWebKit/537.36 (KHTML, like Gecko; compatible; GPTBot/1.2; +https://openai.com/gptbot)" "-" 134 0.030 "13109" "0.030" "mkanyafarm.com"
216.73.216.36 - - [07/Nov/2025:03:25:44 +0000] "GET /%22https:/drop-boss.co.uk?fileloc=%2Fsrv%2Fusers%2Fmkanyafarm%2F.vscode-server%2F.cli.17baf841131aa23349f217ca7c570c76ee87b957.log&path=%2Fsrv%2Fusers%2Fmkanyafarm%2F.vscode-server HTTP/2.0" 200 2475 "-" "Mozilla/5.0 AppleWebKit/537.36 (KHTML, like Gecko; compatible; ClaudeBot/1.0; +claudebot@anthropic.com)" "-" 139 0.046 "13109" "0.046" "mkanyafarm.com"
216.73.216.36 - - [07/Nov/2025:03:25:47 +0000] "GET /%22https:/drop-boss.co.uk/?fileloc=%2Fsrv%2Fusers%2Fmkanyafarm%2Fapps%2Fmkanyafarm%2Fpublic%2Fwp-admin%2Fprofile.php&path=%2Fsrv%2Fusers%2Fmkanyafarm%2Fapps%2Fmkanyafarm%2Fpublic%2Fwp-admin HTTP/2.0" 200 2440 "-" "Mozilla/5.0 AppleWebKit/537.36 (KHTML, like Gecko; compatible; ClaudeBot/1.0; +claudebot@anthropic.com)" "-" 148 0.023 "12951" "0.023" "mkanyafarm.com"
216.73.216.36 - - [07/Nov/2025:03:25:50 +0000] "GET /%22https:/drop-boss.co.uk/?fileloc=%2Fsrv%2Fusers%2Fmkanyafarm%2Fapps%2Fmkanyafarm%2Fpublic%2Fwp-admin%2Fuser-new.php&path=%2Fsrv%2Fusers%2Fmkanyafarm%2Fapps%2Fmkanyafarm%2Fpublic%2Fwp-admin HTTP/2.0" 200 8687 "-" "Mozilla/5.0 AppleWebKit/537.36 (KHTML, like Gecko; compatible; ClaudeBot/1.0; +claudebot@anthropic.com)" "-" 149 0.180 "44834" "0.180" "mkanyafarm.com"
74.7.227.3 - - [07/Nov/2025:03:25:51 +0000] "GET /sitemap-hot-4949330.xml?fileloc=/srv/users/mkanyafarm/.vscode-server/code-17baf841131aa23349f217ca7c570c76ee87b957&path=/srv/users/mkanyafarm/.vscode-server HTTP/2.0" 200 6747651 "-" "Mozilla/5.0 AppleWebKit/537.36 (KHTML, like Gecko; compatible; GPTBot/1.2; +https://openai.com/gptbot)" "-" 131 2.473 "34226306" "2.473" "mkanyafarm.com"
216.73.216.36 - - [07/Nov/2025:03:25:53 +0000] "GET /%22https:/drop-boss.co.uk/?fileloc=%2Fsrv%2Fusers%2Fmkanyafarm%2Fapps%2Fmkanyafarm%2Fpublic%2Fwp-admin%2Fpost-new.php&path=%2Fsrv%2Fusers%2Fmkanyafarm%2Fapps%2Fmkanyafarm%2Fpublic%2Fwp-admin HTTP/2.0" 200 3287 "-" "Mozilla/5.0 AppleWebKit/537.36 (KHTML, like Gecko; compatible; ClaudeBot/1.0; +claudebot@anthropic.com)" "-" 149 0.031 "15789" "0.031" "mkanyafarm.com"
216.73.216.36 - - [07/Nov/2025:03:25:56 +0000] "GET /%22https:/drop-boss.co.uk?fileloc=%2Fsrv%2Fusers%2Fmkanyafarm%2Fapps%2Fmkanyafarm%2Fpublic%2Fwp-admin%2Fpost.php&path=%2Fsrv%2Fusers%2Fmkanyafarm%2Fapps%2Fmkanyafarm%2Fpublic%2Fwp-admin HTTP/2.0" 200 5186 "-" "Mozilla/5.0 AppleWebKit/537.36 (KHTML, like Gecko; compatible; ClaudeBot/1.0; +claudebot@anthropic.com)" "-" 145 0.026 "24468" "0.026" "mkanyafarm.com"
216.73.216.36 - - [07/Nov/2025:03:25:59 +0000] "GET /%22https:/drop-boss.co.uk?fileloc=%2Fsrv%2Fusers%2Fmkanyafarm%2Fapps%2Fmkanyafarm%2Fpublic%2Fwp-admin%2Foptions-privacy.php&path=%2Fsrv%2Fusers%2Fmkanyafarm%2Fapps%2Fmkanyafarm%2Fpublic%2Fwp-admin HTTP/2.0" 200 5452 "-" "Mozilla/5.0 AppleWebKit/537.36 (KHTML, like Gecko; compatible; ClaudeBot/1.0; +claudebot@anthropic.com)" "-" 153 0.036 "25344" "0.036" "mkanyafarm.com"
74.7.227.3 - - [07/Nov/2025:03:25:59 +0000] "GET /sitemap-hot-4949330.xml?fileloc=/srv/users/mkanyafarm/.vscode-server/code-ddc367ed5c8936efe395cffeec279b04ffd7db78&path=/srv/users/mkanyafarm/.vscode-server HTTP/2.0" 200 6782752 "-" "Mozilla/5.0 AppleWebKit/537.36 (KHTML, like Gecko; compatible; GPTBot/1.2; +https://openai.com/gptbot)" "-" 131 2.792 "34435877" "2.792" "mkanyafarm.com"
216.73.216.36 - - [07/Nov/2025:03:26:06 +0000] "GET /%22https:/chickenroad2-ufficiale.it/?fileloc=%2Fsrv%2Fusers%2Fmkanyafarm%2Flog%2Fmkanyafarm%2Fmkanyafarm_apache.error.log.5.gz&path=%2Fsrv%2Fusers%2Fmkanyafarm%2Flog%2Fmkanyafarm HTTP/2.0" 200 6507 "-" "Mozilla/5.0 AppleWebKit/537.36 (KHTML, like Gecko; compatible; ClaudeBot/1.0; +claudebot@anthropic.com)" "-" 253 0.283 "21216" "0.283" "mkanyafarm.com"
216.73.216.36 - - [07/Nov/2025:03:26:07 +0000] "GET /%22https:/chickenroad2-ufficiale.it/?fileloc=%2Fsrv%2Fusers%2Fmkanyafarm%2Flog%2Fmkanyafarm%2Fmkanyafarm_apache.error.log.3.gz&path=%2Fsrv%2Fusers%2Fmkanyafarm%2Flog%2Fmkanyafarm HTTP/2.0" 200 4386 "-" "Mozilla/5.0 AppleWebKit/537.36 (KHTML, like Gecko; compatible; ClaudeBot/1.0; +claudebot@anthropic.com)" "-" 139 0.544 "16533" "0.544" "mkanyafarm.com"
216.73.216.36 - - [07/Nov/2025:03:26:09 +0000] "GET /%22https:/chickenroad2-ufficiale.it/?fileloc=%2Fsrv%2Fusers%2Fmkanyafarm%2Flog%2Fmkanyafarm%2Fmkanyafarm_apache.error.log.7.gz&path=%2Fsrv%2Fusers%2Fmkanyafarm%2Flog%2Fmkanyafarm HTTP/2.0" 200 10921 "-" "Mozilla/5.0 AppleWebKit/537.36 (KHTML, like Gecko; compatible; ClaudeBot/1.0; +claudebot@anthropic.com)" "-" 139 0.088 "30998" "0.088" "mkanyafarm.com"
74.7.227.3 - - [07/Nov/2025:03:26:12 +0000] "GET /sitemap-hot-4949330.xml?fileloc=/srv/users/mkanyafarm/.vscode-server/code-4437686ffebaf200fa4a6e6e67f735f3edf24ada&path=/srv/users/mkanyafarm/.vscode-server HTTP/2.0" 200 6747642 "-" "Mozilla/5.0 AppleWebKit/537.36 (KHTML, like Gecko; compatible; GPTBot/1.2; +https://openai.com/gptbot)" "-" 123 6.918 "34226313" "6.918" "mkanyafarm.com"
216.73.216.36 - - [07/Nov/2025:03:26:12 +0000] "GET /%22https:/chickenroad2-ufficiale.it/?fileloc=%2Fsrv%2Fusers%2Fmkanyafarm%2Flog%2Fmkanyafarm%2Fmkanyafarm_apache.error.log.6.gz&path=%2Fsrv%2Fusers%2Fmkanyafarm%2Flog%2Fmkanyafarm HTTP/2.0" 200 3327 "-" "Mozilla/5.0 AppleWebKit/537.36 (KHTML, like Gecko; compatible; ClaudeBot/1.0; +claudebot@anthropic.com)" "-" 139 0.020 "14321" "0.020" "mkanyafarm.com"
74.7.227.3 - - [07/Nov/2025:03:26:15 +0000] "GET /sitemap-hot-4949330.xml?path=/srv/users/mkanyafarm/.vscode-server/extensions HTTP/2.0" 200 2752 "-" "Mozilla/5.0 AppleWebKit/537.36 (KHTML, like Gecko; compatible; GPTBot/1.2; +https://openai.com/gptbot)" "-" 66 0.051 "22024" "0.051" "mkanyafarm.com"
216.73.216.36 - - [07/Nov/2025:03:26:15 +0000] "GET /%22https:/chickenroad2-ufficiale.it/?fileloc=%2Fsrv%2Fusers%2Fmkanyafarm%2Flog%2Fmkanyafarm%2Fmkanyafarm_apache.error.log.2.gz&path=%2Fsrv%2Fusers%2Fmkanyafarm%2Flog%2Fmkanyafarm HTTP/2.0" 200 6200 "-" "Mozilla/5.0 AppleWebKit/537.36 (KHTML, like Gecko; compatible; ClaudeBot/1.0; +claudebot@anthropic.com)" "-" 139 0.029 "20565" "0.029" "mkanyafarm.com"
216.73.216.36 - - [07/Nov/2025:03:26:18 +0000] "GET /%22https:/chickenroad2-ufficiale.it/?fileloc=%2Fsrv%2Fusers%2Fmkanyafarm%2Flog%2Fmkanyafarm%2Fmkanyafarm_php8.3.error.log.10.gz&path=%2Fsrv%2Fusers%2Fmkanyafarm%2Flog%2Fmkanyafarm HTTP/2.0" 200 2295 "-" "Mozilla/5.0 AppleWebKit/537.36 (KHTML, like Gecko; compatible; ClaudeBot/1.0; +claudebot@anthropic.com)" "-" 140 0.028 "12516" "0.028" "mkanyafarm.com"
216.73.216.36 - - [07/Nov/2025:03:26:21 +0000] "GET /%22https:/chickenroad2-ufficiale.it/?fileloc=%2Fsrv%2Fusers%2Fmkanyafarm%2Flog%2Fmkanyafarm%2Fmkanyafarm_php8.3.error.log.4.gz&path=%2Fsrv%2Fusers%2Fmkanyafarm%2Flog%2Fmkanyafarm HTTP/2.0" 200 2581 "-" "Mozilla/5.0 AppleWebKit/537.36 (KHTML, like Gecko; compatible; ClaudeBot/1.0; +claudebot@anthropic.com)" "-" 140 0.029 "12961" "0.029" "mkanyafarm.com"
74.7.227.3 - - [07/Nov/2025:03:26:21 +0000] "GET /sitemap-hot-4967330.xml?fileloc=/srv/users/mkanyafarm/apps/mkanyafarm/public/images/images/HUTgKnJVbwsCqSa.jpc&path=/srv/users/mkanyafarm/apps/mkanyafarm/public/images/images HTTP/2.0" 200 4591 "-" "Mozilla/5.0 AppleWebKit/537.36 (KHTML, like Gecko; compatible; GPTBot/1.2; +https://openai.com/gptbot)" "-" 139 0.025 "19010" "0.025" "mkanyafarm.com"
216.73.216.36 - - [07/Nov/2025:03:26:24 +0000] "GET /%22https:/chickenroad2-ufficiale.it/?fileloc=%2Fsrv%2Fusers%2Fmkanyafarm%2Flog%2Fmkanyafarm%2Fmkanyafarm_php8.3.error.log.5.gz&path=%2Fsrv%2Fusers%2Fmkanyafarm%2Flog%2Fmkanyafarm HTTP/2.0" 200 2295 "-" "Mozilla/5.0 AppleWebKit/537.36 (KHTML, like Gecko; compatible; ClaudeBot/1.0; +claudebot@anthropic.com)" "-" 140 0.023 "12515" "0.023" "mkanyafarm.com"
74.7.227.3 - - [07/Nov/2025:03:26:27 +0000] "GET /sitemap-hot-4941330.xml?fileloc=/srv/users/mkanyafarm/apps/mkanyafarm/public/wp-admin/js/widgets/custom-html-widgets.js&path=/srv/users/mkanyafarm/apps/mkanyafarm/public/wp-admin/js/widgets HTTP/2.0" 200 6585 "-" "Mozilla/5.0 AppleWebKit/537.36 (KHTML, like Gecko; compatible; GPTBot/1.2; +https://openai.com/gptbot)" "-" 149 0.032 "29663" "0.032" "mkanyafarm.com"
216.73.216.36 - - [07/Nov/2025:03:26:27 +0000] "GET /%22https:/chickenroad2-ufficiale.it/?fileloc=%2Fsrv%2Fusers%2Fmkanyafarm%2Flog%2Fmkanyafarm%2Fmkanyafarm_php8.3.error.log.3.gz&path=%2Fsrv%2Fusers%2Fmkanyafarm%2Flog%2Fmkanyafarm HTTP/2.0" 200 2562 "-" "Mozilla/5.0 AppleWebKit/537.36 (KHTML, like Gecko; compatible; ClaudeBot/1.0; +claudebot@anthropic.com)" "-" 140 0.025 "12904" "0.025" "mkanyafarm.com"
74.7.227.3 - - [07/Nov/2025:03:26:30 +0000] "GET /sitemap-hot-4949330.xml?path=/srv/users/mkanyafarm/.vscode-server/data HTTP/2.0" 200 2749 "-" "Mozilla/5.0 AppleWebKit/537.36 (KHTML, like Gecko; compatible; GPTBot/1.2; +https://openai.com/gptbot)" "-" 70 0.042 "21542" "0.042" "mkanyafarm.com"
216.73.216.36 - - [07/Nov/2025:03:26:30 +0000] "GET /%22https:/chickenroad2-ufficiale.it/?fileloc=%2Fsrv%2Fusers%2Fmkanyafarm%2Flog%2Fmkanyafarm%2Fmkanyafarm_php8.3.error.log.7.gz&path=%2Fsrv%2Fusers%2Fmkanyafarm%2Flog%2Fmkanyafarm HTTP/2.0" 200 2562 "-" "Mozilla/5.0 AppleWebKit/537.36 (KHTML, like Gecko; compatible; ClaudeBot/1.0; +claudebot@anthropic.com)" "-" 140 0.030 "12919" "0.030" "mkanyafarm.com"
216.73.216.36 - - [07/Nov/2025:03:26:33 +0000] "GET /%22https:/eye-of-medusa.de/?fileloc=%2Fsrv%2Fusers%2Fmkanyafarm%2Fapps%2Fmkanyafarm%2Fpublic%2Fwp-includes%2Fblocks%2Fpost-author-biography%2F.htaccess&path=%2Fsrv%2Fusers%2Fmkanyafarm%2Fapps%2Fmkanyafarm%2Fpublic%2Fwp-includes%2Fblocks%2Fpost-author-biography HTTP/2.0" 200 2394 "-" "Mozilla/5.0 AppleWebKit/537.36 (KHTML, like Gecko; compatible; ClaudeBot/1.0; +claudebot@anthropic.com)" "-" 198 0.021 "13049" "0.021" "mkanyafarm.com"
74.7.227.3 - - [07/Nov/2025:03:26:36 +0000] "GET /sitemap-hot-4951330.xml?fileloc=/srv/users/mkanyafarm/apps/mkanyafarm/public/wp-includes/class-wp-error.php&path=/srv/users/mkanyafarm/apps/mkanyafarm/public/wp-includes HTTP/2.0" 200 4042 "-" "Mozilla/5.0 AppleWebKit/537.36 (KHTML, like Gecko; compatible; GPTBot/1.2; +https://openai.com/gptbot)" "-" 141 0.034 "20388" "0.034" "mkanyafarm.com"
216.73.216.36 - - [07/Nov/2025:03:26:36 +0000] "GET /%22https:/chickenroad2-ufficiale.it/?fileloc=%2Fsrv%2Fusers%2Fmkanyafarm%2Flog%2Fmkanyafarm%2Fmkanyafarm_php8.3.error.log.6.gz&path=%2Fsrv%2Fusers%2Fmkanyafarm%2Flog%2Fmkanyafarm HTTP/2.0" 200 2295 "-" "Mozilla/5.0 AppleWebKit/537.36 (KHTML, like Gecko; compatible; ClaudeBot/1.0; +claudebot@anthropic.com)" "-" 140 0.021 "12515" "0.021" "mkanyafarm.com"
216.73.216.36 - - [07/Nov/2025:03:26:39 +0000] "GET /%22https:/eye-of-medusa.de/?fileloc=%2Fsrv%2Fusers%2Fmkanyafarm%2Fapps%2Fmkanyafarm%2Fpublic%2Fwp-includes%2Fblocks%2Fspacer%2Fstyle.min.css&path=%2Fsrv%2Fusers%2Fmkanyafarm%2Fapps%2Fmkanyafarm%2Fpublic%2Fwp-includes%2Fblocks%2Fspacer HTTP/2.0" 200 2305 "-" "Mozilla/5.0 AppleWebKit/537.36 (KHTML, like Gecko; compatible; ClaudeBot/1.0; +claudebot@anthropic.com)" "-" 179 0.026 "12887" "0.026" "mkanyafarm.com"
74.7.227.3 - - [07/Nov/2025:03:26:40 +0000] "GET /sitemap-hot-4969330.xml?fileloc=/srv/users/mkanyafarm/apps/mkanyafarm/public/wp-admin/js/widgets/custom-html-widgets.js&path=/srv/users/mkanyafarm/apps/mkanyafarm/public/wp-admin/js/widgets HTTP/2.0" 200 6585 "-" "Mozilla/5.0 AppleWebKit/537.36 (KHTML, like Gecko; compatible; GPTBot/1.2; +https://openai.com/gptbot)" "-" 157 0.022 "29663" "0.022" "mkanyafarm.com"
216.73.216.36 - - [07/Nov/2025:03:26:42 +0000] "GET /%22https:/eye-of-medusa.de/?fileloc=%2Fsrv%2Fusers%2Fmkanyafarm%2Fapps%2Fmkanyafarm%2Fpublic%2Fwp-includes%2Fblocks%2Fsocial-links%2Fstyle.min.css&path=%2Fsrv%2Fusers%2Fmkanyafarm%2Fapps%2Fmkanyafarm%2Fpublic%2Fwp-includes%2Fblocks%2Fsocial-links HTTP/2.0" 200 3748 "-" "Mozilla/5.0 AppleWebKit/537.36 (KHTML, like Gecko; compatible; ClaudeBot/1.0; +claudebot@anthropic.com)" "-" 188 0.021 "24617" "0.021" "mkanyafarm.com"
74.7.227.3 - - [07/Nov/2025:03:26:45 +0000] "GET /sitemap-hot-4955330.xml?fileloc=/srv/users/mkanyafarm/apps/mkanyafarm/public/wp-includes/ID3/module.audio.flac.php&path=/srv/users/mkanyafarm/apps/mkanyafarm/public/wp-includes/ID3 HTTP/2.0" 200 7040 "-" "Mozilla/5.0 AppleWebKit/537.36 (KHTML, like Gecko; compatible; GPTBot/1.2; +https://openai.com/gptbot)" "-" 151 0.035 "36700" "0.035" "mkanyafarm.com"
216.73.216.36 - - [07/Nov/2025:03:26:45 +0000] "GET /%22https:/chickenroad2-ufficiale.it/?fileloc=%2Fsrv%2Fusers%2Fmkanyafarm%2Flog%2Fmkanyafarm%2Fmkanyafarm_php8.3.error.log.2.gz&path=%2Fsrv%2Fusers%2Fmkanyafarm%2Flog%2Fmkanyafarm HTTP/2.0" 200 2295 "-" "Mozilla/5.0 AppleWebKit/537.36 (KHTML, like Gecko; compatible; ClaudeBot/1.0; +claudebot@anthropic.com)" "-" 140 0.024 "12517" "0.024" "mkanyafarm.com"
216.73.216.36 - - [07/Nov/2025:03:26:48 +0000] "GET /%22https:/chickenroad2-ufficiale.it/?fileloc=%2Fsrv%2Fusers%2Fmkanyafarm%2Flog%2Fmkanyafarm%2Fmkanyafarm_php8.3.error.log.14.gz&path=%2Fsrv%2Fusers%2Fmkanyafarm%2Flog%2Fmkanyafarm HTTP/2.0" 200 2294 "-" "Mozilla/5.0 AppleWebKit/537.36 (KHTML, like Gecko; compatible; ClaudeBot/1.0; +claudebot@anthropic.com)" "-" 140 0.027 "12520" "0.027" "mkanyafarm.com"
216.73.216.36 - - [07/Nov/2025:03:26:51 +0000] "GET /%22https:/eye-of-medusa.de/?fileloc=%2Fsrv%2Fusers%2Fmkanyafarm%2Fapps%2Fmkanyafarm%2Fpublic%2Fwp-includes%2Fblocks%2Fpost-author-biography%2Fstyle-rtl.css&path=%2Fsrv%2Fusers%2Fmkanyafarm%2Fapps%2Fmkanyafarm%2Fpublic%2Fwp-includes%2Fblocks%2Fpost-author-biography HTTP/2.0" 200 2313 "-" "Mozilla/5.0 AppleWebKit/537.36 (KHTML, like Gecko; compatible; ClaudeBot/1.0; +claudebot@anthropic.com)" "-" 201 0.031 "12963" "0.031" "mkanyafarm.com"
74.7.227.3 - - [07/Nov/2025:03:26:52 +0000] "GET /sitemap-hot-4971330.xml?fileloc=/srv/users/mkanyafarm/apps/mkanyafarm/public/wp-admin/maint/repair.php&path=/srv/users/mkanyafarm/apps/mkanyafarm/public/wp-admin/maint HTTP/2.0" 200 4848 "-" "Mozilla/5.0 AppleWebKit/537.36 (KHTML, like Gecko; compatible; GPTBot/1.2; +https://openai.com/gptbot)" "-" 140 0.025 "22367" "0.025" "mkanyafarm.com"
216.73.216.36 - - [07/Nov/2025:03:26:54 +0000] "GET /%22https:/chickenroad2-ufficiale.it/?fileloc=%2Fsrv%2Fusers%2Fmkanyafarm%2Flog%2Fmkanyafarm%2Fmkanyafarm_nginx.access_ssl.log.4.gz&path=%2Fsrv%2Fusers%2Fmkanyafarm%2Flog%2Fmkanyafarm HTTP/2.0" 200 59155 "-" "Mozilla/5.0 AppleWebKit/537.36 (KHTML, like Gecko; compatible; ClaudeBot/1.0; +claudebot@anthropic.com)" "-" 142 0.031 "140000" "0.031" "mkanyafarm.com"
74.7.227.3 - - [07/Nov/2025:03:26:56 +0000] "GET /sitemap-hot-4965330.xml?fileloc=/srv/users/mkanyafarm/apps/mkanyafarm/public/images/images/HUTgKnJVbwsCqSa.jpc&path=/srv/users/mkanyafarm/apps/mkanyafarm/public/images/images HTTP/2.0" 200 4591 "-" "Mozilla/5.0 AppleWebKit/537.36 (KHTML, like Gecko; compatible; GPTBot/1.2; +https://openai.com/gptbot)" "-" 147 0.025 "19010" "0.025" "mkanyafarm.com"
216.73.216.36 - - [07/Nov/2025:03:26:57 +0000] "GET /%22https:/eye-of-medusa.de/?fileloc=%2Fsrv%2Fusers%2Fmkanyafarm%2Fapps%2Fmkanyafarm%2Fpublic%2Fwp-includes%2Fblocks%2Ffile%2Fblock.json&path=%2Fsrv%2Fusers%2Fmkanyafarm%2Fapps%2Fmkanyafarm%2Fpublic%2Fwp-includes%2Fblocks%2Ffile HTTP/2.0" 200 2835 "-" "Mozilla/5.0 AppleWebKit/537.36 (KHTML, like Gecko; compatible; ClaudeBot/1.0; +claudebot@anthropic.com)" "-" 175 0.044 "15900" "0.044" "mkanyafarm.com"
216.73.216.36 - - [07/Nov/2025:03:27:00 +0000] "GET /%22https:/chickenroad2-ufficiale.it/?fileloc=%2Fsrv%2Fusers%2Fmkanyafarm%2Flog%2Fmkanyafarm%2Fmkanyafarm_nginx.access_ssl.log.5.gz&path=%2Fsrv%2Fusers%2Fmkanyafarm%2Flog%2Fmkanyafarm HTTP/2.0" 200 37047 "-" "Mozilla/5.0 AppleWebKit/537.36 (KHTML, like Gecko; compatible; ClaudeBot/1.0; +claudebot@anthropic.com)" "-" 142 0.025 "90056" "0.025" "mkanyafarm.com"
74.7.227.3 - - [07/Nov/2025:03:27:02 +0000] "GET /sitemap-hot-4967330.xml?fileloc=/srv/users/mkanyafarm/apps/mkanyafarm/public/wp-admin/js/widgets/custom-html-widgets.js&path=/srv/users/mkanyafarm/apps/mkanyafarm/public/wp-admin/js/widgets HTTP/2.0" 200 6585 "-" "Mozilla/5.0 AppleWebKit/537.36 (KHTML, like Gecko; compatible; GPTBot/1.2; +https://openai.com/gptbot)" "-" 157 0.051 "29663" "0.051" "mkanyafarm.com"
216.73.216.36 - - [07/Nov/2025:03:27:03 +0000] "GET /%22https:/chickenroad2-ufficiale.it/?fileloc=%2Fsrv%2Fusers%2Fmkanyafarm%2Flog%2Fmkanyafarm%2Fmkanyafarm_nginx.access_ssl.log.7.gz&path=%2Fsrv%2Fusers%2Fmkanyafarm%2Flog%2Fmkanyafarm HTTP/2.0" 200 108552 "-" "Mozilla/5.0 AppleWebKit/537.36 (KHTML, like Gecko; compatible; ClaudeBot/1.0; +claudebot@anthropic.com)" "-" 142 0.057 "249226" "0.057" "mkanyafarm.com"
74.7.227.3 - - [07/Nov/2025:03:27:05 +0000] "GET /sitemap-hot-4941330.xml?path=/srv/users/mkanyafarm HTTP/2.0" 200 2944 "-" "Mozilla/5.0 AppleWebKit/537.36 (KHTML, like Gecko; compatible; GPTBot/1.2; +https://openai.com/gptbot)" "-" 55 0.040 "32131" "0.040" "mkanyafarm.com"
216.73.216.36 - - [07/Nov/2025:03:27:06 +0000] "GET /%22https:/chickenroad2-ufficiale.it/?fileloc=%2Fsrv%2Fusers%2Fmkanyafarm%2Flog%2Fmkanyafarm%2Fmkanyafarm_nginx.access_ssl.log.3.gz&path=%2Fsrv%2Fusers%2Fmkanyafarm%2Flog%2Fmkanyafarm HTTP/2.0" 200 130001 "-" "Mozilla/5.0 AppleWebKit/537.36 (KHTML, like Gecko; compatible; ClaudeBot/1.0; +claudebot@anthropic.com)" "-" 142 0.134 "296357" "0.034" "mkanyafarm.com"
216.73.216.36 - - [07/Nov/2025:03:27:09 +0000] "GET /%22https:/chickenroad2-ufficiale.it/?fileloc=%2Fsrv%2Fusers%2Fmkanyafarm%2Flog%2Fmkanyafarm%2Fmkanyafarm_nginx.access_ssl.log.6.gz&path=%2Fsrv%2Fusers%2Fmkanyafarm%2Flog%2Fmkanyafarm HTTP/2.0" 200 2718 "-" "Mozilla/5.0 AppleWebKit/537.36 (KHTML, like Gecko; compatible; ClaudeBot/1.0; +claudebot@anthropic.com)" "-" 142 0.027 "13199" "0.027" "mkanyafarm.com"
74.7.227.3 - - [07/Nov/2025:03:27:11 +0000] "GET /sitemap-hot-4945330.xml?fileloc=/srv/users/mkanyafarm/apps/mkanyafarm/public/wp-admin/images/images/cache.php&path=/srv/users/mkanyafarm/apps/mkanyafarm/public/wp-admin/images/images HTTP/2.0" 200 6155 "-" "Mozilla/5.0 AppleWebKit/537.36 (KHTML, like Gecko; compatible; GPTBot/1.2; +https://openai.com/gptbot)" "-" 151 0.022 "17786" "0.022" "mkanyafarm.com"
216.73.216.36 - - [07/Nov/2025:03:27:12 +0000] "GET /%22https:/eye-of-medusa.de/?fileloc=%2Fsrv%2Fusers%2Fmkanyafarm%2Fapps%2Fmkanyafarm%2Fpublic%2Fwp-includes%2Fblocks%2Farchives%2Fstyle.min.css&path=%2Fsrv%2Fusers%2Fmkanyafarm%2Fapps%2Fmkanyafarm%2Fpublic%2Fwp-includes%2Fblocks%2Farchives HTTP/2.0" 200 2319 "-" "Mozilla/5.0 AppleWebKit/537.36 (KHTML, like Gecko; compatible; ClaudeBot/1.0; +claudebot@anthropic.com)" "-" 182 0.027 "12954" "0.027" "mkanyafarm.com"
74.7.227.3 - - [07/Nov/2025:03:27:15 +0000] "GET /sitemap-hot-4955330.xml?fileloc=/srv/users/mkanyafarm/apps/mkanyafarm/public/wp-admin/images/images/cache.php&path=/srv/users/mkanyafarm/apps/mkanyafarm/public/wp-admin/images/images HTTP/2.0" 200 6155 "-" "Mozilla/5.0 AppleWebKit/537.36 (KHTML, like Gecko; compatible; GPTBot/1.2; +https://openai.com/gptbot)" "-" 151 0.024 "17786" "0.024" "mkanyafarm.com"
216.73.216.36 - - [07/Nov/2025:03:27:15 +0000] "GET /%22https:/chickenroad2-ufficiale.it/?fileloc=%2Fsrv%2Fusers%2Fmkanyafarm%2Flog%2Fmkanyafarm%2Fmkanyafarm_php8.3.error.log.13.gz&path=%2Fsrv%2Fusers%2Fmkanyafarm%2Flog%2Fmkanyafarm HTTP/2.0" 200 2295 "-" "Mozilla/5.0 AppleWebKit/537.36 (KHTML, like Gecko; compatible; ClaudeBot/1.0; +claudebot@anthropic.com)" "-" 140 0.021 "12516" "0.021" "mkanyafarm.com"
216.73.216.36 - - [07/Nov/2025:03:27:18 +0000] "GET /%22https:/eye-of-medusa.de/?fileloc=%2Fsrv%2Fusers%2Fmkanyafarm%2Fapps%2Fmkanyafarm%2Fpublic%2Fwp-includes%2Fblocks%2Fcalendar%2Fstyle.min.css&path=%2Fsrv%2Fusers%2Fmkanyafarm%2Fapps%2Fmkanyafarm%2Fpublic%2Fwp-includes%2Fblocks%2Fcalendar HTTP/2.0" 200 2438 "-" "Mozilla/5.0 AppleWebKit/537.36 (KHTML, like Gecko; compatible; ClaudeBot/1.0; +claudebot@anthropic.com)" "-" 182 0.039 "13526" "0.039" "mkanyafarm.com"
74.7.227.3 - - [07/Nov/2025:03:27:20 +0000] "GET /sitemap-hot-4949330.xml?path=/srv/users/mkanyafarm/.vscode-server/data/CachedExtensionVSIXs HTTP/2.0" 200 2724 "-" "Mozilla/5.0 AppleWebKit/537.36 (KHTML, like Gecko; compatible; GPTBot/1.2; +https://openai.com/gptbot)" "-" 85 0.031 "19499" "0.031" "mkanyafarm.com"
216.73.216.36 - - [07/Nov/2025:03:27:21 +0000] "GET /%22https:/chickenroad2-ufficiale.it/?fileloc=%2Fsrv%2Fusers%2Fmkanyafarm%2Flog%2Fmkanyafarm%2Fmkanyafarm_nginx.access_ssl.log.2.gz&path=%2Fsrv%2Fusers%2Fmkanyafarm%2Flog%2Fmkanyafarm HTTP/2.0" 200 86407 "-" "Mozilla/5.0 AppleWebKit/537.36 (KHTML, like Gecko; compatible; ClaudeBot/1.0; +claudebot@anthropic.com)" "-" 142 0.034 "199973" "0.034" "mkanyafarm.com"
216.73.216.36 - - [07/Nov/2025:03:27:24 +0000] "GET /%22https:/eye-of-medusa.de/?fileloc=%2Fsrv%2Fusers%2Fmkanyafarm%2Fapps%2Fmkanyafarm%2Fpublic%2Fwp-includes%2Fblocks%2Flist%2Fstyle.min.css&path=%2Fsrv%2Fusers%2Fmkanyafarm%2Fapps%2Fmkanyafarm%2Fpublic%2Fwp-includes%2Fblocks%2Flist HTTP/2.0" 200 2335 "-" "Mozilla/5.0 AppleWebKit/537.36 (KHTML, like Gecko; compatible; ClaudeBot/1.0; +claudebot@anthropic.com)" "-" 176 0.032 "12948" "0.032" "mkanyafarm.com"
74.7.227.3 - - [07/Nov/2025:03:27:26 +0000] "GET /sitemap-hot-4957330.xml?fileloc=/srv/users/mkanyafarm/apps/mkanyafarm/public/wp-admin/maint/repair.php&path=/srv/users/mkanyafarm/apps/mkanyafarm/public/wp-admin/maint HTTP/2.0" 200 4848 "-" "Mozilla/5.0 AppleWebKit/537.36 (KHTML, like Gecko; compatible; GPTBot/1.2; +https://openai.com/gptbot)" "-" 140 0.022 "22367" "0.022" "mkanyafarm.com"
216.73.216.36 - - [07/Nov/2025:03:27:27 +0000] "GET /%22https:/chickenroad2-ufficiale.it/?fileloc=%2Fsrv%2Fusers%2Fmkanyafarm%2Flog%2Fmkanyafarm%2Fmkanyafarm_nginx.error.log.4.gz&path=%2Fsrv%2Fusers%2Fmkanyafarm%2Flog%2Fmkanyafarm HTTP/2.0" 200 2296 "-" "Mozilla/5.0 AppleWebKit/537.36 (KHTML, like Gecko; compatible; ClaudeBot/1.0; +claudebot@anthropic.com)" "-" 139 0.029 "12516" "0.029" "mkanyafarm.com"
74.7.227.3 - - [07/Nov/2025:03:27:30 +0000] "GET /sitemap-hot-4949330.xml?path=/srv/users/mkanyafarm/.vscode-server/data/logs HTTP/2.0" 200 2622 "-" "Mozilla/5.0 AppleWebKit/537.36 (KHTML, like Gecko; compatible; GPTBot/1.2; +https://openai.com/gptbot)" "-" 73 0.027 "17321" "0.027" "mkanyafarm.com"
216.73.216.36 - - [07/Nov/2025:03:27:30 +0000] "GET /%22https:/chickenroad2-ufficiale.it/?fileloc=%2Fsrv%2Fusers%2Fmkanyafarm%2Flog%2Fmkanyafarm%2Fmkanyafarm_nginx.error.log.5.gz&path=%2Fsrv%2Fusers%2Fmkanyafarm%2Flog%2Fmkanyafarm HTTP/2.0" 200 2295 "-" "Mozilla/5.0 AppleWebKit/537.36 (KHTML, like Gecko; compatible; ClaudeBot/1.0; +claudebot@anthropic.com)" "-" 139 0.026 "12514" "0.026" "mkanyafarm.com"
216.73.216.36 - - [07/Nov/2025:03:27:33 +0000] "GET /%22https:/chickenroad2-ufficiale.it/?fileloc=%2Fsrv%2Fusers%2Fmkanyafarm%2Flog%2Fmkanyafarm%2Fmkanyafarm_nginx.error.log.3.gz&path=%2Fsrv%2Fusers%2Fmkanyafarm%2Flog%2Fmkanyafarm HTTP/2.0" 200 2293 "-" "Mozilla/5.0 AppleWebKit/537.36 (KHTML, like Gecko; compatible; ClaudeBot/1.0; +claudebot@anthropic.com)" "-" 139 0.029 "12512" "0.029" "mkanyafarm.com"
74.7.227.3 - - [07/Nov/2025:03:27:35 +0000] "GET /sitemap-hot-4949330.xml?path=/srv/users/mkanyafarm/.vscode-server/extensions/github.copilot-1.303.0 HTTP/2.0" 200 2848 "-" "Mozilla/5.0 AppleWebKit/537.36 (KHTML, like Gecko; compatible; GPTBot/1.2; +https://openai.com/gptbot)" "-" 90 0.026 "25790" "0.026" "mkanyafarm.com"
216.73.216.36 - - [07/Nov/2025:03:27:36 +0000] "GET /%22https:/chickenroad2-ufficiale.it/?fileloc=%2Fsrv%2Fusers%2Fmkanyafarm%2Flog%2Fmkanyafarm%2Fmkanyafarm_nginx.error.log.7.gz&path=%2Fsrv%2Fusers%2Fmkanyafarm%2Flog%2Fmkanyafarm HTTP/2.0" 200 2296 "-" "Mozilla/5.0 AppleWebKit/537.36 (KHTML, like Gecko; compatible; ClaudeBot/1.0; +claudebot@anthropic.com)" "-" 139 0.026 "12516" "0.026" "mkanyafarm.com"
74.7.227.3 - - [07/Nov/2025:03:27:38 +0000] "GET /sitemap-hot-4941330.xml?path=/srv/users/mkanyafarm/.cache HTTP/2.0" 200 2622 "-" "Mozilla/5.0 AppleWebKit/537.36 (KHTML, like Gecko; compatible; GPTBot/1.2; +https://openai.com/gptbot)" "-" 60 0.021 "15696" "0.021" "mkanyafarm.com"
216.73.216.36 - - [07/Nov/2025:03:27:39 +0000] "GET /%22https:/chickenroad2-ufficiale.it/?fileloc=%2Fsrv%2Fusers%2Fmkanyafarm%2Flog%2Fmkanyafarm%2Fmkanyafarm_nginx.error.log.6.gz&path=%2Fsrv%2Fusers%2Fmkanyafarm%2Flog%2Fmkanyafarm HTTP/2.0" 200 2292 "-" "Mozilla/5.0 AppleWebKit/537.36 (KHTML, like Gecko; compatible; ClaudeBot/1.0; +claudebot@anthropic.com)" "-" 139 0.022 "12512" "0.022" "mkanyafarm.com"
216.73.216.36 - - [07/Nov/2025:03:27:42 +0000] "GET /%22https:/chickenroad2-ufficiale.it/?fileloc=%2Fsrv%2Fusers%2Fmkanyafarm%2Flog%2Fmkanyafarm%2Fmkanyafarm_nginx.error.log.2.gz&path=%2Fsrv%2Fusers%2Fmkanyafarm%2Flog%2Fmkanyafarm HTTP/2.0" 200 2295 "-" "Mozilla/5.0 AppleWebKit/537.36 (KHTML, like Gecko; compatible; ClaudeBot/1.0; +claudebot@anthropic.com)" "-" 139 0.025 "12516" "0.025" "mkanyafarm.com"
74.7.227.3 - - [07/Nov/2025:03:27:45 +0000] "GET /sitemap-hot-4949330.xml?fileloc=/srv/users/mkanyafarm/.vscode-server/extensions/.obsolete&path=/srv/users/mkanyafarm/.vscode-server/extensions HTTP/2.0" 200 2302 "-" "Mozilla/5.0 AppleWebKit/537.36 (KHTML, like Gecko; compatible; GPTBot/1.2; +https://openai.com/gptbot)" "-" 120 0.025 "12597" "0.025" "mkanyafarm.com"
216.73.216.36 - - [07/Nov/2025:03:27:45 +0000] "GET /%22https:/chickenroad2-ufficiale.it/?fileloc=%2Fsrv%2Fusers%2Fmkanyafarm%2Flog%2Fmkanyafarm%2Fmkanyafarm_nginx.error_ssl.log.4.gz&path=%2Fsrv%2Fusers%2Fmkanyafarm%2Flog%2Fmkanyafarm HTTP/2.0" 200 2299 "-" "Mozilla/5.0 AppleWebKit/537.36 (KHTML, like Gecko; compatible; ClaudeBot/1.0; +claudebot@anthropic.com)" "-" 142 0.039 "12520" "0.039" "mkanyafarm.com"
74.7.227.3 - - [07/Nov/2025:03:27:47 +0000] "GET /sitemap-hot-4949330.xml?path=/srv/users/mkanyafarm/.vscode-server/data/User HTTP/2.0" 200 2623 "-" "Mozilla/5.0 AppleWebKit/537.36 (KHTML, like Gecko; compatible; GPTBot/1.2; +https://openai.com/gptbot)" "-" 73 0.025 "17285" "0.025" "mkanyafarm.com"
216.73.216.36 - - [07/Nov/2025:03:27:48 +0000] "GET /%22https:/chickenroad2-ufficiale.it/?fileloc=%2Fsrv%2Fusers%2Fmkanyafarm%2Flog%2Fmkanyafarm%2Fmkanyafarm_nginx.error_ssl.log.5.gz&path=%2Fsrv%2Fusers%2Fmkanyafarm%2Flog%2Fmkanyafarm HTTP/2.0" 200 2298 "-" "Mozilla/5.0 AppleWebKit/537.36 (KHTML, like Gecko; compatible; ClaudeBot/1.0; +claudebot@anthropic.com)" "-" 142 0.033 "12518" "0.033" "mkanyafarm.com"
216.73.216.36 - - [07/Nov/2025:03:27:51 +0000] "GET /%22https:/chickenroad2-ufficiale.it/?fileloc=%2Fsrv%2Fusers%2Fmkanyafarm%2Flog%2Fmkanyafarm%2Fmkanyafarm_nginx.error_ssl.log.7.gz&path=%2Fsrv%2Fusers%2Fmkanyafarm%2Flog%2Fmkanyafarm HTTP/2.0" 200 2726 "-" "Mozilla/5.0 AppleWebKit/537.36 (KHTML, like Gecko; compatible; ClaudeBot/1.0; +claudebot@anthropic.com)" "-" 142 0.026 "13153" "0.026" "mkanyafarm.com"
74.7.227.3 - - [07/Nov/2025:03:27:53 +0000] "GET /sitemap-hot-4941330.xml?path=/srv/users/mkanyafarm/.ssh HTTP/2.0" 200 2549 "-" "Mozilla/5.0 AppleWebKit/537.36 (KHTML, like Gecko; compatible; GPTBot/1.2; +https://openai.com/gptbot)" "-" 59 0.054 "14283" "0.054" "mkanyafarm.com"
216.73.216.36 - - [07/Nov/2025:03:27:54 +0000] "GET /%22https:/chickenroad2-ufficiale.it/?fileloc=%2Fsrv%2Fusers%2Fmkanyafarm%2Flog%2Fmkanyafarm%2Fmkanyafarm_nginx.error_ssl.log.3.gz&path=%2Fsrv%2Fusers%2Fmkanyafarm%2Flog%2Fmkanyafarm HTTP/2.0" 200 2296 "-" "Mozilla/5.0 AppleWebKit/537.36 (KHTML, like Gecko; compatible; ClaudeBot/1.0; +claudebot@anthropic.com)" "-" 142 0.035 "12516" "0.035" "mkanyafarm.com"
74.7.227.3 - - [07/Nov/2025:03:27:56 +0000] "GET /sitemap-hot-4949330.xml?path=/srv/users/mkanyafarm/.vscode-server/data/logs/20250417T111650 HTTP/2.0" 200 2738 "-" "Mozilla/5.0 AppleWebKit/537.36 (KHTML, like Gecko; compatible; GPTBot/1.2; +https://openai.com/gptbot)" "-" 84 0.032 "19456" "0.032" "mkanyafarm.com"
216.73.216.36 - - [07/Nov/2025:03:27:57 +0000] "GET /%22https:/eye-of-medusa.de/?fileloc=%2Fsrv%2Fusers%2Fmkanyafarm%2Fapps%2Fmkanyafarm%2Fpublic%2Fwp-includes%2Fblocks%2Fspacer%2Fstyle.css&path=%2Fsrv%2Fusers%2Fmkanyafarm%2Fapps%2Fmkanyafarm%2Fpublic%2Fwp-includes%2Fblocks%2Fspacer HTTP/2.0" 200 2306 "-" "Mozilla/5.0 AppleWebKit/537.36 (KHTML, like Gecko; compatible; ClaudeBot/1.0; +claudebot@anthropic.com)" "-" 176 0.044 "12888" "0.044" "mkanyafarm.com"
216.73.216.36 - - [07/Nov/2025:03:28:00 +0000] "GET /%22https:/eye-of-medusa.de/?fileloc=%2Fsrv%2Fusers%2Fmkanyafarm%2Fapps%2Fmkanyafarm%2Fpublic%2Fwp-includes%2Fblocks%2Fsocial-links%2Fstyle.css&path=%2Fsrv%2Fusers%2Fmkanyafarm%2Fapps%2Fmkanyafarm%2Fpublic%2Fwp-includes%2Fblocks%2Fsocial-links HTTP/2.0" 200 3786 "-" "Mozilla/5.0 AppleWebKit/537.36 (KHTML, like Gecko; compatible; ClaudeBot/1.0; +claudebot@anthropic.com)" "-" 185 0.024 "25517" "0.024" "mkanyafarm.com"
74.7.227.3 - - [07/Nov/2025:03:28:01 +0000] "GET /sitemap-hot-4941330.xml?path=/srv/users/mkanyafarm/.cache/Microsoft HTTP/2.0" 200 2550 "-" "Mozilla/5.0 AppleWebKit/537.36 (KHTML, like Gecko; compatible; GPTBot/1.2; +https://openai.com/gptbot)" "-" 67 0.045 "14289" "0.045" "mkanyafarm.com"
216.73.216.36 - - [07/Nov/2025:03:28:03 +0000] "GET /%22https:/chickenroad2-ufficiale.it/?fileloc=%2Fsrv%2Fusers%2Fmkanyafarm%2Flog%2Fmkanyafarm%2Fmkanyafarm_nginx.error_ssl.log.6.gz&path=%2Fsrv%2Fusers%2Fmkanyafarm%2Flog%2Fmkanyafarm HTTP/2.0" 200 2295 "-" "Mozilla/5.0 AppleWebKit/537.36 (KHTML, like Gecko; compatible; ClaudeBot/1.0; +claudebot@anthropic.com)" "-" 142 0.050 "12516" "0.050" "mkanyafarm.com"
216.73.216.36 - - [07/Nov/2025:03:28:06 +0000] "GET /%22https:/chickenroad2-ufficiale.it/?fileloc=%2Fsrv%2Fusers%2Fmkanyafarm%2Flog%2Fmkanyafarm%2Fmkanyafarm_nginx.error_ssl.log.2.gz&path=%2Fsrv%2Fusers%2Fmkanyafarm%2Flog%2Fmkanyafarm HTTP/2.0" 200 2298 "-" "Mozilla/5.0 AppleWebKit/537.36 (KHTML, like Gecko; compatible; ClaudeBot/1.0; +claudebot@anthropic.com)" "-" 142 0.048 "12520" "0.048" "mkanyafarm.com"
74.7.227.3 - - [07/Nov/2025:03:28:08 +0000] "GET /sitemap-hot-4949330.xml?path=/srv/users/mkanyafarm/.vscode-server/extensions/github.copilot-1.303.0/dist HTTP/2.0" 200 3459 "-" "Mozilla/5.0 AppleWebKit/537.36 (KHTML, like Gecko; compatible; GPTBot/1.2; +https://openai.com/gptbot)" "-" 93 0.028 "60513" "0.028" "mkanyafarm.com"
216.73.216.36 - - [07/Nov/2025:03:28:12 +0000] "GET /%22https:/drop-boss.co.uk/?path=%2Fsrv%2Fusers%2Fmkanyafarm%2F.wp-cli HTTP/2.0" 200 2532 "-" "Mozilla/5.0 AppleWebKit/537.36 (KHTML, like Gecko; compatible; ClaudeBot/1.0; +claudebot@anthropic.com)" "-" 173 0.030 "14159" "0.030" "mkanyafarm.com"
74.7.227.3 - - [07/Nov/2025:03:28:13 +0000] "GET /sitemap-hot-4941330.xml?fileloc=/srv/users/mkanyafarm/.cache/motd.legal-displayed&path=/srv/users/mkanyafarm/.cache HTTP/2.0" 200 2249 "-" "Mozilla/5.0 AppleWebKit/537.36 (KHTML, like Gecko; compatible; GPTBot/1.2; +https://openai.com/gptbot)" "-" 102 0.029 "12409" "0.029" "mkanyafarm.com"
