216.73.216.36 - - [07/Nov/2025:02:08:21 +0000] "GET /%22https:/drop-boss.co.uk?fileloc=%2Fsrv%2Fusers%2Fmkanyafarm%2Fapps%2Fmkanyafarm%2Fpublic%2Fwp-includes%2Fblocks%2Fcover%2Feditor.min.css&path=%2Fsrv%2Fusers%2Fmkanyafarm%2Fapps%2Fmkanyafarm%2Fpublic%2Fwp-includes%2Fblocks%2Fcover HTTP/2.0" 200 2801 "-" "Mozilla/5.0 AppleWebKit/537.36 (KHTML, like Gecko; compatible; ClaudeBot/1.0; +claudebot@anthropic.com)" "-" 177 0.064 "14605" "0.064" "mkanyafarm.com"
74.7.227.3 - - [07/Nov/2025:02:08:23 +0000] "GET /sitemap-hot-4941330.xml?fileloc=/srv/users/mkanyafarm/apps/mkanyafarm/public/wp-includes/feed-rdf.php&path=/srv/users/mkanyafarm/apps/mkanyafarm/public/wp-includes HTTP/2.0" 200 3256 "-" "Mozilla/5.0 AppleWebKit/537.36 (KHTML, like Gecko; compatible; GPTBot/1.2; +https://openai.com/gptbot)" "-" 129 0.042 "16118" "0.042" "mkanyafarm.com"
216.73.216.36 - - [07/Nov/2025:02:08:24 +0000] "GET /%22https:/drop-boss.co.uk/?fileloc=%2Fsrv%2Fusers%2Fmkanyafarm%2Fapps%2Fmkanyafarm%2Fpublic%2Fwp-content%2Fthemes%2Ftwentytwentyfive%2Fstyle.css&path=%2Fsrv%2Fusers%2Fmkanyafarm%2Fapps%2Fmkanyafarm%2Fpublic%2Fwp-content%2Fthemes%2Ftwentytwentyfive HTTP/2.0" 200 3295 "-" "Mozilla/5.0 AppleWebKit/537.36 (KHTML, like Gecko; compatible; ClaudeBot/1.0; +claudebot@anthropic.com)" "-" 189 0.026 "15383" "0.026" "mkanyafarm.com"
216.73.216.36 - - [07/Nov/2025:02:08:27 +0000] "GET /%22https:/drop-boss.co.uk?fileloc=%2Fsrv%2Fusers%2Fmkanyafarm%2Fapps%2Fmkanyafarm%2Fpublic%2Fwp-includes%2Fblocks%2Fsite-logo%2Feditor-rtl.css&path=%2Fsrv%2Fusers%2Fmkanyafarm%2Fapps%2Fmkanyafarm%2Fpublic%2Fwp-includes%2Fblocks%2Fsite-logo HTTP/2.0" 200 2955 "-" "Mozilla/5.0 AppleWebKit/537.36 (KHTML, like Gecko; compatible; ClaudeBot/1.0; +claudebot@anthropic.com)" "-" 182 0.031 "16119" "0.031" "mkanyafarm.com"
74.7.227.3 - - [07/Nov/2025:02:08:28 +0000] "GET /sitemap-hot-4955330.xml?fileloc=/srv/users/mkanyafarm/apps/mkanyafarm/public/wp-includes/feed-rss.php&path=/srv/users/mkanyafarm/apps/mkanyafarm/public/wp-includes HTTP/2.0" 200 2822 "-" "Mozilla/5.0 AppleWebKit/537.36 (KHTML, like Gecko; compatible; GPTBot/1.2; +https://openai.com/gptbot)" "-" 129 0.024 "14248" "0.024" "mkanyafarm.com"
74.7.227.3 - - [07/Nov/2025:02:08:32 +0000] "GET /sitemap-hot-4955330.xml?fileloc=/srv/users/mkanyafarm/apps/mkanyafarm/public/wp-includes/class-feed.php&path=/srv/users/mkanyafarm/apps/mkanyafarm/public/wp-includes HTTP/2.0" 200 2501 "-" "Mozilla/5.0 AppleWebKit/537.36 (KHTML, like Gecko; compatible; GPTBot/1.2; +https://openai.com/gptbot)" "-" 130 0.041 "13279" "0.041" "mkanyafarm.com"
216.73.216.36 - - [07/Nov/2025:02:08:33 +0000] "GET /%22https:/drop-boss.co.uk/?fileloc=%2Fsrv%2Fusers%2Fmkanyafarm%2Fapps%2Fmkanyafarm%2Fpublic%2Fwp-admin%2Fuser%2Fuser%2FHweIExAZuvrqWhz.jpx&path=%2Fsrv%2Fusers%2Fmkanyafarm%2Fapps%2Fmkanyafarm%2Fpublic%2Fwp-admin%2Fuser%2Fuser HTTP/2.0" 200 4606 "-" "Mozilla/5.0 AppleWebKit/537.36 (KHTML, like Gecko; compatible; ClaudeBot/1.0; +claudebot@anthropic.com)" "-" 290 0.031 "19120" "0.031" "mkanyafarm.com"
216.73.216.36 - - [07/Nov/2025:02:08:36 +0000] "GET /%22https:/drop-boss.co.uk?fileloc=%2Fsrv%2Fusers%2Fmkanyafarm%2Fapps%2Fmkanyafarm%2Fpublic%2Fwp-includes%2Fblocks%2Fquote%2Fstyle.min.css&path=%2Fsrv%2Fusers%2Fmkanyafarm%2Fapps%2Fmkanyafarm%2Fpublic%2Fwp-includes%2Fblocks%2Fquote HTTP/2.0" 200 2439 "-" "Mozilla/5.0 AppleWebKit/537.36 (KHTML, like Gecko; compatible; ClaudeBot/1.0; +claudebot@anthropic.com)" "-" 177 0.027 "13558" "0.027" "mkanyafarm.com"
74.7.227.3 - - [07/Nov/2025:02:08:38 +0000] "GET /sitemap-hot-4955330.xml?fileloc=/srv/users/mkanyafarm/apps/mkanyafarm/public/wp-includes/class-wp-block-list.php&path=/srv/users/mkanyafarm/apps/mkanyafarm/public/wp-includes HTTP/2.0" 200 3338 "-" "Mozilla/5.0 AppleWebKit/537.36 (KHTML, like Gecko; compatible; GPTBot/1.2; +https://openai.com/gptbot)" "-" 138 0.035 "17488" "0.035" "mkanyafarm.com"
216.73.216.36 - - [07/Nov/2025:02:08:39 +0000] "GET /%22https:/drop-boss.co.uk?fileloc=%2Fsrv%2Fusers%2Fmkanyafarm%2Fapps%2Fmkanyafarm%2Fpublic%2Fwp-includes%2Fblocks%2Farchives%2Fstyle.min.css&path=%2Fsrv%2Fusers%2Fmkanyafarm%2Fapps%2Fmkanyafarm%2Fpublic%2Fwp-includes%2Fblocks%2Farchives HTTP/2.0" 200 2319 "-" "Mozilla/5.0 AppleWebKit/537.36 (KHTML, like Gecko; compatible; ClaudeBot/1.0; +claudebot@anthropic.com)" "-" 181 0.046 "12954" "0.046" "mkanyafarm.com"
74.7.227.3 - - [07/Nov/2025:02:08:40 +0000] "GET /sitemap-hot-4955330.xml?fileloc=/srv/users/mkanyafarm/apps/mkanyafarm/public/wp-includes/class-wp-list-util.php&path=/srv/users/mkanyafarm/apps/mkanyafarm/public/wp-includes HTTP/2.0" 200 4381 "-" "Mozilla/5.0 AppleWebKit/537.36 (KHTML, like Gecko; compatible; GPTBot/1.2; +https://openai.com/gptbot)" "-" 136 0.024 "20548" "0.024" "mkanyafarm.com"
216.73.216.36 - - [07/Nov/2025:02:08:42 +0000] "GET /%22https:/drop-boss.co.uk?fileloc=%2Fsrv%2Fusers%2Fmkanyafarm%2Fapps%2Fmkanyafarm%2Fpublic%2Fwp-includes%2Fblocks%2Fsite-logo%2Fstyle-rtl.min.css&path=%2Fsrv%2Fusers%2Fmkanyafarm%2Fapps%2Fmkanyafarm%2Fpublic%2Fwp-includes%2Fblocks%2Fsite-logo HTTP/2.0" 200 2418 "-" "Mozilla/5.0 AppleWebKit/537.36 (KHTML, like Gecko; compatible; ClaudeBot/1.0; +claudebot@anthropic.com)" "-" 185 0.026 "13325" "0.026" "mkanyafarm.com"
216.73.216.36 - - [07/Nov/2025:02:08:45 +0000] "GET /%22https:/drop-boss.co.uk?fileloc=%2Fsrv%2Fusers%2Fmkanyafarm%2Fapps%2Fmkanyafarm%2Fpublic%2Fwp-includes%2Fblocks%2Fcategories%2Fblock.json&path=%2Fsrv%2Fusers%2Fmkanyafarm%2Fapps%2Fmkanyafarm%2Fpublic%2Fwp-includes%2Fblocks%2Fcategories HTTP/2.0" 200 2861 "-" "Mozilla/5.0 AppleWebKit/537.36 (KHTML, like Gecko; compatible; ClaudeBot/1.0; +claudebot@anthropic.com)" "-" 181 0.030 "15766" "0.030" "mkanyafarm.com"
74.7.227.3 - - [07/Nov/2025:02:08:46 +0000] "GET /sitemap-hot-4951330.xml?fileloc=/srv/users/mkanyafarm/apps/mkanyafarm/public/wp-includes/class-wp-block-list.php&path=/srv/users/mkanyafarm/apps/mkanyafarm/public/wp-includes HTTP/2.0" 200 3338 "-" "Mozilla/5.0 AppleWebKit/537.36 (KHTML, like Gecko; compatible; GPTBot/1.2; +https://openai.com/gptbot)" "-" 138 0.030 "17488" "0.030" "mkanyafarm.com"
216.73.216.36 - - [07/Nov/2025:02:08:48 +0000] "GET /%22https:/drop-boss.co.uk?fileloc=%2Fsrv%2Fusers%2Fmkanyafarm%2Fapps%2Fmkanyafarm%2Fpublic%2Fwp-includes%2Fblocks%2Flist%2Fstyle.min.css&path=%2Fsrv%2Fusers%2Fmkanyafarm%2Fapps%2Fmkanyafarm%2Fpublic%2Fwp-includes%2Fblocks%2Flist HTTP/2.0" 200 2335 "-" "Mozilla/5.0 AppleWebKit/537.36 (KHTML, like Gecko; compatible; ClaudeBot/1.0; +claudebot@anthropic.com)" "-" 175 0.026 "12948" "0.026" "mkanyafarm.com"
74.7.227.3 - - [07/Nov/2025:02:08:49 +0000] "GET /sitemap-hot-4951330.xml?fileloc=/srv/users/mkanyafarm/apps/mkanyafarm/public/wp-includes/feed.php&path=/srv/users/mkanyafarm/apps/mkanyafarm/public/wp-includes HTTP/2.0" 200 8212 "-" "Mozilla/5.0 AppleWebKit/537.36 (KHTML, like Gecko; compatible; GPTBot/1.2; +https://openai.com/gptbot)" "-" 126 0.034 "38269" "0.034" "mkanyafarm.com"
216.73.216.36 - - [07/Nov/2025:02:08:51 +0000] "GET /%22https:/drop-boss.co.uk?fileloc=%2Fsrv%2Fusers%2Fmkanyafarm%2Fapps%2Fmkanyafarm%2Fpublic%2Fwp-includes%2Fsodium_compat%2FLICENSE&path=%2Fsrv%2Fusers%2Fmkanyafarm%2Fapps%2Fmkanyafarm%2Fpublic%2Fwp-includes%2Fsodium_compat HTTP/2.0" 200 2815 "-" "Mozilla/5.0 AppleWebKit/537.36 (KHTML, like Gecko; compatible; ClaudeBot/1.0; +claudebot@anthropic.com)" "-" 172 0.024 "13651" "0.024" "mkanyafarm.com"
216.73.216.36 - - [07/Nov/2025:02:08:54 +0000] "GET /%22https:/drop-boss.co.uk?fileloc=%2Fsrv%2Fusers%2Fmkanyafarm%2Fapps%2Fmkanyafarm%2Fpublic%2Fwp-includes%2Fblocks%2Fcover%2Fstyle.css&path=%2Fsrv%2Fusers%2Fmkanyafarm%2Fapps%2Fmkanyafarm%2Fpublic%2Fwp-includes%2Fblocks%2Fcover HTTP/2.0" 200 3791 "-" "Mozilla/5.0 AppleWebKit/537.36 (KHTML, like Gecko; compatible; ClaudeBot/1.0; +claudebot@anthropic.com)" "-" 174 0.027 "32521" "0.027" "mkanyafarm.com"
74.7.227.3 - - [07/Nov/2025:02:08:55 +0000] "GET /sitemap-hot-4949330.xml?fileloc=/srv/users/mkanyafarm/apps/mkanyafarm/public/wp-includes/class-wp-block-list.php&path=/srv/users/mkanyafarm/apps/mkanyafarm/public/wp-includes HTTP/2.0" 200 3338 "-" "Mozilla/5.0 AppleWebKit/537.36 (KHTML, like Gecko; compatible; GPTBot/1.2; +https://openai.com/gptbot)" "-" 138 0.025 "17488" "0.025" "mkanyafarm.com"
74.7.227.3 - - [07/Nov/2025:02:08:58 +0000] "GET /sitemap-hot-4945330.xml?fileloc=/srv/users/mkanyafarm/apps/mkanyafarm/public/wp-includes/class-wp-list-util.php&path=/srv/users/mkanyafarm/apps/mkanyafarm/public/wp-includes HTTP/2.0" 200 4381 "-" "Mozilla/5.0 AppleWebKit/537.36 (KHTML, like Gecko; compatible; GPTBot/1.2; +https://openai.com/gptbot)" "-" 136 0.026 "20548" "0.026" "mkanyafarm.com"
74.7.227.3 - - [07/Nov/2025:02:09:04 +0000] "GET /sitemap-hot-4941330.xml?fileloc=/srv/users/mkanyafarm/apps/mkanyafarm/public/wp-includes/class-wp-block-list.php&path=/srv/users/mkanyafarm/apps/mkanyafarm/public/wp-includes HTTP/2.0" 200 3338 "-" "Mozilla/5.0 AppleWebKit/537.36 (KHTML, like Gecko; compatible; GPTBot/1.2; +https://openai.com/gptbot)" "-" 138 0.114 "17488" "0.113" "mkanyafarm.com"
74.7.227.3 - - [07/Nov/2025:02:09:08 +0000] "GET /sitemap-hot-4941330.xml?fileloc=/srv/users/mkanyafarm/apps/mkanyafarm/public/wp-includes/class-wp-list-util.php&path=/srv/users/mkanyafarm/apps/mkanyafarm/public/wp-includes HTTP/2.0" 200 4381 "-" "Mozilla/5.0 AppleWebKit/537.36 (KHTML, like Gecko; compatible; GPTBot/1.2; +https://openai.com/gptbot)" "-" 136 0.050 "20548" "0.050" "mkanyafarm.com"
74.7.227.3 - - [07/Nov/2025:02:09:13 +0000] "GET /sitemap-hot-4951330.xml?fileloc=/srv/users/mkanyafarm/apps/mkanyafarm/public/wp-includes/class-wp-list-util.php&path=/srv/users/mkanyafarm/apps/mkanyafarm/public/wp-includes HTTP/2.0" 200 4381 "-" "Mozilla/5.0 AppleWebKit/537.36 (KHTML, like Gecko; compatible; GPTBot/1.2; +https://openai.com/gptbot)" "-" 136 0.033 "20548" "0.033" "mkanyafarm.com"
74.7.227.3 - - [07/Nov/2025:02:09:15 +0000] "GET /sitemap-hot-4941330.xml?fileloc=/srv/users/mkanyafarm/apps/mkanyafarm/public/wp-includes/autoload_classmap.php&path=/srv/users/mkanyafarm/apps/mkanyafarm/public/wp-includes HTTP/2.0" 200 6869 "-" "Mozilla/5.0 AppleWebKit/537.36 (KHTML, like Gecko; compatible; GPTBot/1.2; +https://openai.com/gptbot)" "-" 135 0.030 "32260" "0.030" "mkanyafarm.com"
74.7.227.3 - - [07/Nov/2025:02:09:21 +0000] "GET /sitemap-hot-4945330.xml?fileloc=/srv/users/mkanyafarm/apps/mkanyafarm/public/wp-includes/class-wp-block-list.php&path=/srv/users/mkanyafarm/apps/mkanyafarm/public/wp-includes HTTP/2.0" 200 3338 "-" "Mozilla/5.0 AppleWebKit/537.36 (KHTML, like Gecko; compatible; GPTBot/1.2; +https://openai.com/gptbot)" "-" 138 0.032 "17488" "0.032" "mkanyafarm.com"
74.7.227.3 - - [07/Nov/2025:02:09:26 +0000] "GET /sitemap-hot-4951330.xml?fileloc=/srv/users/mkanyafarm/apps/mkanyafarm/public/wp-includes/autoload_classmap.php&path=/srv/users/mkanyafarm/apps/mkanyafarm/public/wp-includes HTTP/2.0" 200 6869 "-" "Mozilla/5.0 AppleWebKit/537.36 (KHTML, like Gecko; compatible; GPTBot/1.2; +https://openai.com/gptbot)" "-" 135 0.037 "32260" "0.037" "mkanyafarm.com"
74.7.227.3 - - [07/Nov/2025:02:09:32 +0000] "GET /sitemap-hot-4945330.xml?fileloc=/srv/users/mkanyafarm/apps/mkanyafarm/public/wp-includes/autoload_classmap.php&path=/srv/users/mkanyafarm/apps/mkanyafarm/public/wp-includes HTTP/2.0" 200 6869 "-" "Mozilla/5.0 AppleWebKit/537.36 (KHTML, like Gecko; compatible; GPTBot/1.2; +https://openai.com/gptbot)" "-" 135 0.037 "32260" "0.037" "mkanyafarm.com"
74.7.227.3 - - [07/Nov/2025:02:09:35 +0000] "GET /sitemap-hot-4941330.xml?fileloc=/srv/users/mkanyafarm/apps/mkanyafarm/public/wp-includes/bookmark-template.php&path=/srv/users/mkanyafarm/apps/mkanyafarm/public/wp-includes HTTP/2.0" 200 5470 "-" "Mozilla/5.0 AppleWebKit/537.36 (KHTML, like Gecko; compatible; GPTBot/1.2; +https://openai.com/gptbot)" "-" 135 0.029 "27786" "0.029" "mkanyafarm.com"
74.7.227.3 - - [07/Nov/2025:02:09:41 +0000] "GET /sitemap-hot-4951330.xml?fileloc=/srv/users/mkanyafarm/apps/mkanyafarm/public/wp-includes/bookmark-template.php&path=/srv/users/mkanyafarm/apps/mkanyafarm/public/wp-includes HTTP/2.0" 200 5470 "-" "Mozilla/5.0 AppleWebKit/537.36 (KHTML, like Gecko; compatible; GPTBot/1.2; +https://openai.com/gptbot)" "-" 135 0.053 "27786" "0.053" "mkanyafarm.com"
216.73.216.36 - - [07/Nov/2025:02:09:44 +0000] "GET /sitemap-hot-4949330.xml HTTP/2.0" 200 3335 "-" "Mozilla/5.0 AppleWebKit/537.36 (KHTML, like Gecko; compatible; ClaudeBot/1.0; +claudebot@anthropic.com)" "-" 140 0.034 "54310" "0.034" "mkanyafarm.com"
74.7.227.3 - - [07/Nov/2025:02:09:45 +0000] "GET /sitemap-hot-4955330.xml?fileloc=/srv/users/mkanyafarm/apps/mkanyafarm/public/wp-includes/bookmark-template.php&path=/srv/users/mkanyafarm/apps/mkanyafarm/public/wp-includes HTTP/2.0" 200 5470 "-" "Mozilla/5.0 AppleWebKit/537.36 (KHTML, like Gecko; compatible; GPTBot/1.2; +https://openai.com/gptbot)" "-" 136 0.027 "27786" "0.027" "mkanyafarm.com"
216.73.216.36 - - [07/Nov/2025:02:09:47 +0000] "GET /sitemap-hot-4945330.xml HTTP/2.0" 200 3335 "-" "Mozilla/5.0 AppleWebKit/537.36 (KHTML, like Gecko; compatible; ClaudeBot/1.0; +claudebot@anthropic.com)" "-" 351 0.036 "54310" "0.036" "mkanyafarm.com"
74.7.227.3 - - [07/Nov/2025:02:09:49 +0000] "GET /sitemap-hot-4949330.xml?fileloc=/srv/users/mkanyafarm/apps/mkanyafarm/public/wp-includes/autoload_classmap.php&path=/srv/users/mkanyafarm/apps/mkanyafarm/public/wp-includes HTTP/2.0" 200 6869 "-" "Mozilla/5.0 AppleWebKit/537.36 (KHTML, like Gecko; compatible; GPTBot/1.2; +https://openai.com/gptbot)" "-" 135 0.030 "32260" "0.030" "mkanyafarm.com"
216.73.216.36 - - [07/Nov/2025:02:09:50 +0000] "GET /sitemap-hot-4947330.xml HTTP/2.0" 200 3335 "-" "Mozilla/5.0 AppleWebKit/537.36 (KHTML, like Gecko; compatible; ClaudeBot/1.0; +claudebot@anthropic.com)" "-" 351 0.026 "54310" "0.026" "mkanyafarm.com"
216.73.216.36 - - [07/Nov/2025:02:09:53 +0000] "GET /sitemap-hot-4963330.xml HTTP/2.0" 200 3335 "-" "Mozilla/5.0 AppleWebKit/537.36 (KHTML, like Gecko; compatible; ClaudeBot/1.0; +claudebot@anthropic.com)" "-" 351 0.029 "54310" "0.029" "mkanyafarm.com"
74.7.227.3 - - [07/Nov/2025:02:09:53 +0000] "GET /sitemap-hot-4955330.xml?fileloc=/srv/users/mkanyafarm/apps/mkanyafarm/public/wp-includes/autoload_classmap.php&path=/srv/users/mkanyafarm/apps/mkanyafarm/public/wp-includes HTTP/2.0" 200 6869 "-" "Mozilla/5.0 AppleWebKit/537.36 (KHTML, like Gecko; compatible; GPTBot/1.2; +https://openai.com/gptbot)" "-" 135 0.024 "32260" "0.024" "mkanyafarm.com"
216.73.216.36 - - [07/Nov/2025:02:09:56 +0000] "GET /sitemap-hot-4941330.xml HTTP/2.0" 200 3335 "-" "Mozilla/5.0 AppleWebKit/537.36 (KHTML, like Gecko; compatible; ClaudeBot/1.0; +claudebot@anthropic.com)" "-" 350 0.029 "54310" "0.029" "mkanyafarm.com"
216.73.216.36 - - [07/Nov/2025:02:09:59 +0000] "GET /sitemap-hot-4951330.xml HTTP/2.0" 200 3335 "-" "Mozilla/5.0 AppleWebKit/537.36 (KHTML, like Gecko; compatible; ClaudeBot/1.0; +claudebot@anthropic.com)" "-" 350 0.031 "54310" "0.031" "mkanyafarm.com"
74.7.227.3 - - [07/Nov/2025:02:09:59 +0000] "GET /sitemap-hot-4945330.xml?fileloc=/srv/users/mkanyafarm/apps/mkanyafarm/public/wp-includes/bookmark-template.php&path=/srv/users/mkanyafarm/apps/mkanyafarm/public/wp-includes HTTP/2.0" 200 5470 "-" "Mozilla/5.0 AppleWebKit/537.36 (KHTML, like Gecko; compatible; GPTBot/1.2; +https://openai.com/gptbot)" "-" 136 0.030 "27786" "0.030" "mkanyafarm.com"
216.73.216.36 - - [07/Nov/2025:02:10:02 +0000] "GET /sitemap-hot-4971330.xml HTTP/2.0" 200 3335 "-" "Mozilla/5.0 AppleWebKit/537.36 (KHTML, like Gecko; compatible; ClaudeBot/1.0; +claudebot@anthropic.com)" "-" 350 0.056 "54310" "0.056" "mkanyafarm.com"
216.73.216.36 - - [07/Nov/2025:02:10:05 +0000] "GET /%22https:/drop-boss.co.uk/?fileloc=%2Fsrv%2Fusers%2Fmkanyafarm%2Fapps%2Fmkanyafarm%2Fpublic%2Fdetail%2Fdetail%2F.htaccess&path=%2Fsrv%2Fusers%2Fmkanyafarm%2Fapps%2Fmkanyafarm%2Fpublic%2Fdetail%2Fdetail HTTP/2.0" 200 2393 "-" "Mozilla/5.0 AppleWebKit/537.36 (KHTML, like Gecko; compatible; ClaudeBot/1.0; +claudebot@anthropic.com)" "-" 480 0.133 "12993" "0.133" "mkanyafarm.com"
74.7.227.3 - - [07/Nov/2025:02:10:05 +0000] "GET /sitemap-hot-4949330.xml?fileloc=/srv/users/mkanyafarm/apps/mkanyafarm/public/wp-includes/bookmark-template.php&path=/srv/users/mkanyafarm/apps/mkanyafarm/public/wp-includes HTTP/2.0" 200 5470 "-" "Mozilla/5.0 AppleWebKit/537.36 (KHTML, like Gecko; compatible; GPTBot/1.2; +https://openai.com/gptbot)" "-" 136 0.080 "27786" "0.080" "mkanyafarm.com"
216.73.216.36 - - [07/Nov/2025:02:10:08 +0000] "GET /%22https:/drop-boss.co.uk/?path=%2Fsrv%2Fusers%2Fmkanyafarm%2Fapps%2Fmkanyafarm%2Fpublic%2Fdetail%2Fdetail%2Fdetail HTTP/2.0" 200 2761 "-" "Mozilla/5.0 AppleWebKit/537.36 (KHTML, like Gecko; compatible; ClaudeBot/1.0; +claudebot@anthropic.com)" "-" 417 0.089 "21248" "0.089" "mkanyafarm.com"
74.7.227.3 - - [07/Nov/2025:02:10:09 +0000] "GET /sitemap-hot-4951330.xml?fileloc=/srv/users/mkanyafarm/apps/mkanyafarm/public/wp-includes/class-wp-oembed.php&path=/srv/users/mkanyafarm/apps/mkanyafarm/public/wp-includes HTTP/2.0" 200 9480 "-" "Mozilla/5.0 AppleWebKit/537.36 (KHTML, like Gecko; compatible; GPTBot/1.2; +https://openai.com/gptbot)" "-" 134 0.053 "47201" "0.053" "mkanyafarm.com"
216.73.216.36 - - [07/Nov/2025:02:10:11 +0000] "GET /%22https:/drop-boss.co.uk/?fileloc=%2Fsrv%2Fusers%2Fmkanyafarm%2Fapps%2Fmkanyafarm%2Fpublic%2Fdetail%2Fdetail%2Findex.php&path=%2Fsrv%2Fusers%2Fmkanyafarm%2Fapps%2Fmkanyafarm%2Fpublic%2Fdetail%2Fdetail HTTP/2.0" 200 4503 "-" "Mozilla/5.0 AppleWebKit/537.36 (KHTML, like Gecko; compatible; ClaudeBot/1.0; +claudebot@anthropic.com)" "-" 480 0.040 "18774" "0.040" "mkanyafarm.com"
216.73.216.36 - - [07/Nov/2025:02:10:14 +0000] "GET /%22https:/drop-boss.co.uk/?fileloc=%2Fsrv%2Fusers%2Fmkanyafarm%2Fapps%2Fmkanyafarm%2Fpublic%2Fdetail%2Fdetail%2Fcache.php&path=%2Fsrv%2Fusers%2Fmkanyafarm%2Fapps%2Fmkanyafarm%2Fpublic%2Fdetail%2Fdetail HTTP/2.0" 200 6150 "-" "Mozilla/5.0 AppleWebKit/537.36 (KHTML, like Gecko; compatible; ClaudeBot/1.0; +claudebot@anthropic.com)" "-" 480 0.043 "17680" "0.043" "mkanyafarm.com"
74.7.227.3 - - [07/Nov/2025:02:10:15 +0000] "GET /sitemap-hot-4951330.xml?fileloc=/srv/users/mkanyafarm/apps/mkanyafarm/public/wp-includes/class-wp-block-type-registry.php&path=/srv/users/mkanyafarm/apps/mkanyafarm/public/wp-includes HTTP/2.0" 200 3536 "-" "Mozilla/5.0 AppleWebKit/537.36 (KHTML, like Gecko; compatible; GPTBot/1.2; +https://openai.com/gptbot)" "-" 144 0.052 "17879" "0.053" "mkanyafarm.com"
216.73.216.36 - - [07/Nov/2025:02:10:17 +0000] "GET /%22https:/drop-boss.co.uk?fileloc=%2Fsrv%2Fusers%2Fmkanyafarm%2Fapps%2Fmkanyafarm%2Fpublic%2Fwp-includes%2Fblocks%2Fpost-author-biography%2Fblock.json&path=%2Fsrv%2Fusers%2Fmkanyafarm%2Fapps%2Fmkanyafarm%2Fpublic%2Fwp-includes%2Fblocks%2Fpost-author-biography HTTP/2.0" 200 2719 "-" "Mozilla/5.0 AppleWebKit/537.36 (KHTML, like Gecko; compatible; ClaudeBot/1.0; +claudebot@anthropic.com)" "-" 523 0.055 "14752" "0.055" "mkanyafarm.com"
216.73.216.36 - - [07/Nov/2025:02:10:20 +0000] "GET /%22https:/drop-boss.co.uk/?fileloc=%2Fsrv%2Fusers%2Fmkanyafarm%2Fapps%2Fmkanyafarm%2Fpublic%2Fwp-content%2Fthemes%2Fcwork%2Fscreenshot.png&path=%2Fsrv%2Fusers%2Fmkanyafarm%2Fapps%2Fmkanyafarm%2Fpublic%2Fwp-content%2Fthemes%2Fcwork HTTP/2.0" 200 2457 "-" "Mozilla/5.0 AppleWebKit/537.36 (KHTML, like Gecko; compatible; ClaudeBot/1.0; +claudebot@anthropic.com)" "-" 501 0.058 "13172" "0.058" "mkanyafarm.com"
74.7.227.3 - - [07/Nov/2025:02:10:20 +0000] "GET /sitemap-hot-4941330.xml?fileloc=/srv/users/mkanyafarm/apps/mkanyafarm/public/wp-includes/class-wp-block-type-registry.php&path=/srv/users/mkanyafarm/apps/mkanyafarm/public/wp-includes HTTP/2.0" 200 3536 "-" "Mozilla/5.0 AppleWebKit/537.36 (KHTML, like Gecko; compatible; GPTBot/1.2; +https://openai.com/gptbot)" "-" 144 0.057 "17879" "0.057" "mkanyafarm.com"
216.73.216.36 - - [07/Nov/2025:02:10:23 +0000] "GET /%22https:/drop-boss.co.uk/?fileloc=%2Fsrv%2Fusers%2Fmkanyafarm%2Fapps%2Fmkanyafarm%2Fpublic%2Fwp-content%2Fthemes%2Fcwork%2F.stylelintrc.json&path=%2Fsrv%2Fusers%2Fmkanyafarm%2Fapps%2Fmkanyafarm%2Fpublic%2Fwp-content%2Fthemes%2Fcwork HTTP/2.0" 200 2457 "-" "Mozilla/5.0 AppleWebKit/537.36 (KHTML, like Gecko; compatible; ClaudeBot/1.0; +claudebot@anthropic.com)" "-" 504 0.051 "13381" "0.051" "mkanyafarm.com"
74.7.227.3 - - [07/Nov/2025:02:10:26 +0000] "GET /sitemap-hot-4955330.xml?fileloc=/srv/users/mkanyafarm/apps/mkanyafarm/public/wp-includes/class-wp-block-type-registry.php&path=/srv/users/mkanyafarm/apps/mkanyafarm/public/wp-includes HTTP/2.0" 200 3536 "-" "Mozilla/5.0 AppleWebKit/537.36 (KHTML, like Gecko; compatible; GPTBot/1.2; +https://openai.com/gptbot)" "-" 145 0.058 "17879" "0.058" "mkanyafarm.com"
216.73.216.36 - - [07/Nov/2025:02:10:27 +0000] "GET /%22https:/drop-boss.co.uk?path=%2Fsrv%2Fusers%2Fmkanyafarm%2Fapps%2Fmkanyafarm%2Fpublic%2Fwp-includes%2Fblocks%2Fblock%2Fblock HTTP/2.0" 200 2785 "-" "Mozilla/5.0 AppleWebKit/537.36 (KHTML, like Gecko; compatible; ClaudeBot/1.0; +claudebot@anthropic.com)" "-" 215 0.038 "21558" "0.038" "mkanyafarm.com"
74.7.227.3 - - [07/Nov/2025:02:10:30 +0000] "GET /sitemap-hot-4945330.xml?fileloc=/srv/users/mkanyafarm/apps/mkanyafarm/public/wp-includes/class-wp-block-type-registry.php&path=/srv/users/mkanyafarm/apps/mkanyafarm/public/wp-includes HTTP/2.0" 200 3536 "-" "Mozilla/5.0 AppleWebKit/537.36 (KHTML, like Gecko; compatible; GPTBot/1.2; +https://openai.com/gptbot)" "-" 145 0.035 "17879" "0.035" "mkanyafarm.com"
216.73.216.36 - - [07/Nov/2025:02:10:30 +0000] "GET /%22https:/drop-boss.co.uk?fileloc=%2Fsrv%2Fusers%2Fmkanyafarm%2Fapps%2Fmkanyafarm%2Fpublic%2Fwp-includes%2Fsodium_compat%2Flib%2Fristretto255.php&path=%2Fsrv%2Fusers%2Fmkanyafarm%2Fapps%2Fmkanyafarm%2Fpublic%2Fwp-includes%2Fsodium_compat%2Flib HTTP/2.0" 200 3067 "-" "Mozilla/5.0 AppleWebKit/537.36 (KHTML, like Gecko; compatible; ClaudeBot/1.0; +claudebot@anthropic.com)" "-" 185 0.042 "21141" "0.042" "mkanyafarm.com"
216.73.216.36 - - [07/Nov/2025:02:10:33 +0000] "GET /%22https:/drop-boss.co.uk/?path=%2Fsrv%2Fusers%2Fmkanyafarm%2Fapps%2Fmkanyafarm%2Fpublic%2Fwp-includes%2Fcss%2Fdist%2Fblock-directory HTTP/2.0" 200 2727 "-" "Mozilla/5.0 AppleWebKit/537.36 (KHTML, like Gecko; compatible; ClaudeBot/1.0; +claudebot@anthropic.com)" "-" 105 0.039 "21855" "0.039" "mkanyafarm.com"
74.7.227.3 - - [07/Nov/2025:02:10:36 +0000] "GET /sitemap-hot-4951330.xml?fileloc=/srv/users/mkanyafarm/apps/mkanyafarm/public/wp-includes/class-walker-page.php&path=/srv/users/mkanyafarm/apps/mkanyafarm/public/wp-includes HTTP/2.0" 200 4272 "-" "Mozilla/5.0 AppleWebKit/537.36 (KHTML, like Gecko; compatible; GPTBot/1.2; +https://openai.com/gptbot)" "-" 135 0.027 "21331" "0.027" "mkanyafarm.com"
216.73.216.36 - - [07/Nov/2025:02:10:36 +0000] "GET /%22https:/drop-boss.co.uk/?path=%2Fsrv%2Fusers%2Fmkanyafarm%2Fapps%2Fmkanyafarm%2Fpublic%2Fwp-content%2Fthemes%2Fcwork%2Fjs HTTP/2.0" 200 2686 "-" "Mozilla/5.0 AppleWebKit/537.36 (KHTML, like Gecko; compatible; ClaudeBot/1.0; +claudebot@anthropic.com)" "-" 98 0.035 "18290" "0.035" "mkanyafarm.com"
216.73.216.36 - - [07/Nov/2025:02:10:39 +0000] "GET /%22https:/drop-boss.co.uk/?path=%2Fsrv%2Fusers%2Fmkanyafarm%2Fapps%2Fmkanyafarm%2Fpublic%2Fwp-includes%2Fcss%2Fdist%2Fwidgets HTTP/2.0" 200 2727 "-" "Mozilla/5.0 AppleWebKit/537.36 (KHTML, like Gecko; compatible; ClaudeBot/1.0; +claudebot@anthropic.com)" "-" 99 0.052 "21679" "0.052" "mkanyafarm.com"
74.7.227.3 - - [07/Nov/2025:02:10:39 +0000] "GET /sitemap-hot-4949330.xml?fileloc=/srv/users/mkanyafarm/apps/mkanyafarm/public/wp-includes/class-wp-block-type-registry.php&path=/srv/users/mkanyafarm/apps/mkanyafarm/public/wp-includes HTTP/2.0" 200 3536 "-" "Mozilla/5.0 AppleWebKit/537.36 (KHTML, like Gecko; compatible; GPTBot/1.2; +https://openai.com/gptbot)" "-" 145 0.037 "17879" "0.037" "mkanyafarm.com"
216.73.216.36 - - [07/Nov/2025:02:10:42 +0000] "GET /%22https:/drop-boss.co.uk/?path=%2Fsrv%2Fusers%2Fmkanyafarm%2Fapps%2Fmkanyafarm%2Fpublic%2Fwp-includes%2Fcss%2Fdist%2Fpatterns HTTP/2.0" 200 2726 "-" "Mozilla/5.0 AppleWebKit/537.36 (KHTML, like Gecko; compatible; ClaudeBot/1.0; +claudebot@anthropic.com)" "-" 100 0.024 "21701" "0.024" "mkanyafarm.com"
216.73.216.36 - - [07/Nov/2025:02:10:45 +0000] "GET /%22https:/drop-boss.co.uk?fileloc=%2Fsrv%2Fusers%2Fmkanyafarm%2Fapps%2Fmkanyafarm%2Fpublic%2Fwp-includes%2Fsodium_compat%2Flib%2Fstream-xchacha20.php&path=%2Fsrv%2Fusers%2Fmkanyafarm%2Fapps%2Fmkanyafarm%2Fpublic%2Fwp-includes%2Fsodium_compat%2Flib HTTP/2.0" 200 2620 "-" "Mozilla/5.0 AppleWebKit/537.36 (KHTML, like Gecko; compatible; ClaudeBot/1.0; +claudebot@anthropic.com)" "-" 188 0.026 "15003" "0.026" "mkanyafarm.com"
74.7.227.3 - - [07/Nov/2025:02:10:46 +0000] "GET /sitemap-hot-4951330.xml?fileloc=/srv/users/mkanyafarm/apps/mkanyafarm/public/wp-includes/class-walker-page-dropdown.php&path=/srv/users/mkanyafarm/apps/mkanyafarm/public/wp-includes HTTP/2.0" 200 3351 "-" "Mozilla/5.0 AppleWebKit/537.36 (KHTML, like Gecko; compatible; GPTBot/1.2; +https://openai.com/gptbot)" "-" 143 0.026 "15687" "0.026" "mkanyafarm.com"
216.73.216.36 - - [07/Nov/2025:02:10:48 +0000] "GET /%22https:/drop-boss.co.uk/?path=%2Fsrv%2Fusers%2Fmkanyafarm%2Fapps%2Fmkanyafarm%2Fpublic%2Fwp-includes%2Fcss%2Fdist%2Fcomponents HTTP/2.0" 200 2737 "-" "Mozilla/5.0 AppleWebKit/537.36 (KHTML, like Gecko; compatible; ClaudeBot/1.0; +claudebot@anthropic.com)" "-" 101 0.027 "21748" "0.027" "mkanyafarm.com"
216.73.216.36 - - [07/Nov/2025:02:10:51 +0000] "GET /%22https:/drop-boss.co.uk?fileloc=%2Fsrv%2Fusers%2Fmkanyafarm%2Fapps%2Fmkanyafarm%2Fpublic%2Fwp-includes%2Fsodium_compat%2Flib%2Fnamespaced.php&path=%2Fsrv%2Fusers%2Fmkanyafarm%2Fapps%2Fmkanyafarm%2Fpublic%2Fwp-includes%2Fsodium_compat%2Flib HTTP/2.0" 200 2872 "-" "Mozilla/5.0 AppleWebKit/537.36 (KHTML, like Gecko; compatible; ClaudeBot/1.0; +claudebot@anthropic.com)" "-" 184 0.035 "14300" "0.035" "mkanyafarm.com"
74.7.227.3 - - [07/Nov/2025:02:10:52 +0000] "GET /sitemap-hot-4955330.xml?fileloc=/srv/users/mkanyafarm/apps/mkanyafarm/public/wp-includes/class-walker-page.php&path=/srv/users/mkanyafarm/apps/mkanyafarm/public/wp-includes HTTP/2.0" 200 4272 "-" "Mozilla/5.0 AppleWebKit/537.36 (KHTML, like Gecko; compatible; GPTBot/1.2; +https://openai.com/gptbot)" "-" 136 0.031 "21331" "0.031" "mkanyafarm.com"
216.73.216.36 - - [07/Nov/2025:02:10:54 +0000] "GET /%22https:/drop-boss.co.uk/?path=%2Fsrv%2Fusers%2Fmkanyafarm%2Fapps%2Fmkanyafarm%2Fpublic%2Fwp-includes%2Fcss%2Fdist%2Fblock-library HTTP/2.0" 200 3322 "-" "Mozilla/5.0 AppleWebKit/537.36 (KHTML, like Gecko; compatible; ClaudeBot/1.0; +claudebot@anthropic.com)" "-" 104 0.024 "69861" "0.024" "mkanyafarm.com"
74.7.227.3 - - [07/Nov/2025:02:10:55 +0000] "GET /sitemap-hot-4949330.xml?fileloc=/srv/users/mkanyafarm/apps/mkanyafarm/public/wp-includes/class-walker-page-dropdown.php&path=/srv/users/mkanyafarm/apps/mkanyafarm/public/wp-includes HTTP/2.0" 200 3351 "-" "Mozilla/5.0 AppleWebKit/537.36 (KHTML, like Gecko; compatible; GPTBot/1.2; +https://openai.com/gptbot)" "-" 143 0.031 "15687" "0.031" "mkanyafarm.com"
216.73.216.36 - - [07/Nov/2025:02:10:57 +0000] "GET /%22https:/drop-boss.co.uk/?path=%2Fsrv%2Fusers%2Fmkanyafarm%2Fapps%2Fmkanyafarm%2Fpublic%2Fwp-includes%2Fcss%2Fdist%2Fedit-widgets HTTP/2.0" 200 2731 "-" "Mozilla/5.0 AppleWebKit/537.36 (KHTML, like Gecko; compatible; ClaudeBot/1.0; +claudebot@anthropic.com)" "-" 103 0.038 "21793" "0.038" "mkanyafarm.com"
216.73.216.36 - - [07/Nov/2025:02:11:00 +0000] "GET /%22https:/drop-boss.co.uk/?path=%2Fsrv%2Fusers%2Fmkanyafarm%2Fapps%2Fmkanyafarm%2Fpublic%2Fwp-includes%2Fcss%2Fdist%2Flist-reusable-blocks HTTP/2.0" 200 2735 "-" "Mozilla/5.0 AppleWebKit/537.36 (KHTML, like Gecko; compatible; ClaudeBot/1.0; +claudebot@anthropic.com)" "-" 108 0.028 "21965" "0.028" "mkanyafarm.com"
74.7.227.3 - - [07/Nov/2025:02:11:01 +0000] "GET /sitemap-hot-4941330.xml?fileloc=/srv/users/mkanyafarm/apps/mkanyafarm/public/wp-includes/class-walker-page.php&path=/srv/users/mkanyafarm/apps/mkanyafarm/public/wp-includes HTTP/2.0" 200 4272 "-" "Mozilla/5.0 AppleWebKit/537.36 (KHTML, like Gecko; compatible; GPTBot/1.2; +https://openai.com/gptbot)" "-" 135 0.042 "21331" "0.042" "mkanyafarm.com"
216.73.216.36 - - [07/Nov/2025:02:11:03 +0000] "GET /%22https:/drop-boss.co.uk/?path=%2Fsrv%2Fusers%2Fmkanyafarm%2Fapps%2Fmkanyafarm%2Fpublic%2Fwp-includes%2Fcss%2Fdist%2Fformat-library HTTP/2.0" 200 2725 "-" "Mozilla/5.0 AppleWebKit/537.36 (KHTML, like Gecko; compatible; ClaudeBot/1.0; +claudebot@anthropic.com)" "-" 105 0.043 "21833" "0.043" "mkanyafarm.com"
74.7.227.3 - - [07/Nov/2025:02:11:03 +0000] "GET /sitemap-hot-4945330.xml?fileloc=/srv/users/mkanyafarm/apps/mkanyafarm/public/wp-includes/class-walker-page-dropdown.php&path=/srv/users/mkanyafarm/apps/mkanyafarm/public/wp-includes HTTP/2.0" 200 3351 "-" "Mozilla/5.0 AppleWebKit/537.36 (KHTML, like Gecko; compatible; GPTBot/1.2; +https://openai.com/gptbot)" "-" 143 0.039 "15687" "0.039" "mkanyafarm.com"
216.73.216.36 - - [07/Nov/2025:02:11:06 +0000] "GET /%22https:/drop-boss.co.uk?path=%2Fsrv%2Fusers%2Fmkanyafarm%2Fapps%2Fmkanyafarm%2Fpublic%2Fwp-includes%2Fblocks%2Ftext-columns HTTP/2.0" 200 2819 "-" "Mozilla/5.0 AppleWebKit/537.36 (KHTML, like Gecko; compatible; ClaudeBot/1.0; +claudebot@anthropic.com)" "-" 100 0.067 "30136" "0.067" "mkanyafarm.com"
216.73.216.36 - - [07/Nov/2025:02:11:09 +0000] "GET /%22https:/drop-boss.co.uk?fileloc=%2Fsrv%2Fusers%2Fmkanyafarm%2Fapps%2Fmkanyafarm%2Fpublic%2Fwp-includes%2Fsodium_compat%2Flib%2Fsodium_compat.php&path=%2Fsrv%2Fusers%2Fmkanyafarm%2Fapps%2Fmkanyafarm%2Fpublic%2Fwp-includes%2Fsodium_compat%2Flib HTTP/2.0" 200 4631 "-" "Mozilla/5.0 AppleWebKit/537.36 (KHTML, like Gecko; compatible; ClaudeBot/1.0; +claudebot@anthropic.com)" "-" 186 0.029 "40943" "0.029" "mkanyafarm.com"
74.7.227.3 - - [07/Nov/2025:02:11:09 +0000] "GET /sitemap-hot-4941330.xml?fileloc=/srv/users/mkanyafarm/apps/mkanyafarm/public/wp-includes/class-walker-page-dropdown.php&path=/srv/users/mkanyafarm/apps/mkanyafarm/public/wp-includes HTTP/2.0" 200 3351 "-" "Mozilla/5.0 AppleWebKit/537.36 (KHTML, like Gecko; compatible; GPTBot/1.2; +https://openai.com/gptbot)" "-" 143 0.025 "15687" "0.025" "mkanyafarm.com"
216.73.216.36 - - [07/Nov/2025:02:11:12 +0000] "GET /%22https:/drop-boss.co.uk/?path=%2Fsrv%2Fusers%2Fmkanyafarm%2Fapps%2Fmkanyafarm%2Fpublic%2Fwp-includes%2Fcss%2Fdist%2Fblock-editor HTTP/2.0" 200 2917 "-" "Mozilla/5.0 AppleWebKit/537.36 (KHTML, like Gecko; compatible; ClaudeBot/1.0; +claudebot@anthropic.com)" "-" 103 0.024 "35705" "0.024" "mkanyafarm.com"
74.7.227.3 - - [07/Nov/2025:02:11:14 +0000] "GET /sitemap-hot-4945330.xml?fileloc=/srv/users/mkanyafarm/apps/mkanyafarm/public/wp-includes/class-walker-page.php&path=/srv/users/mkanyafarm/apps/mkanyafarm/public/wp-includes HTTP/2.0" 200 4272 "-" "Mozilla/5.0 AppleWebKit/537.36 (KHTML, like Gecko; compatible; GPTBot/1.2; +https://openai.com/gptbot)" "-" 136 0.024 "21331" "0.024" "mkanyafarm.com"
216.73.216.36 - - [07/Nov/2025:02:11:15 +0000] "GET /%22https:/drop-boss.co.uk?path=%2Fsrv%2Fusers%2Fmkanyafarm%2Fapps%2Fmkanyafarm%2Fpublic%2Fwp-includes%2Fblocks%2Fcomments-pagination-numbers HTTP/2.0" 200 2756 "-" "Mozilla/5.0 AppleWebKit/537.36 (KHTML, like Gecko; compatible; ClaudeBot/1.0; +claudebot@anthropic.com)" "-" 110 0.027 "23750" "0.027" "mkanyafarm.com"
216.73.216.36 - - [07/Nov/2025:02:11:18 +0000] "GET /%22https:/drop-boss.co.uk?path=%2Fsrv%2Fusers%2Fmkanyafarm%2Fapps%2Fmkanyafarm%2Fpublic%2Fwp-includes%2Fblocks%2Fcomment-content HTTP/2.0" 200 2743 "-" "Mozilla/5.0 AppleWebKit/537.36 (KHTML, like Gecko; compatible; ClaudeBot/1.0; +claudebot@anthropic.com)" "-" 101 0.027 "23422" "0.027" "mkanyafarm.com"
74.7.227.3 - - [07/Nov/2025:02:11:20 +0000] "GET /sitemap-hot-4955330.xml?fileloc=/srv/users/mkanyafarm/apps/mkanyafarm/public/wp-includes/class-walker-page-dropdown.php&path=/srv/users/mkanyafarm/apps/mkanyafarm/public/wp-includes HTTP/2.0" 200 3351 "-" "Mozilla/5.0 AppleWebKit/537.36 (KHTML, like Gecko; compatible; GPTBot/1.2; +https://openai.com/gptbot)" "-" 143 0.049 "15687" "0.049" "mkanyafarm.com"
89.252.164.140 - - [07/Nov/2025:02:11:21 +0000] "GET /wp-login.php HTTP/2.0" 200 3335 "-" "Mozilla/5.0 (Windows NT 6.3; WOW64) AppleWebKit/537.36 (KHTML, like Gecko) Chrome/65.0.3325.181 Safari/537.36" "-" 146 0.023 "54310" "0.023" "mkanyafarm.com"
216.73.216.36 - - [07/Nov/2025:02:11:21 +0000] "GET /%22https:/drop-boss.co.uk?path=%2Fsrv%2Fusers%2Fmkanyafarm%2Fapps%2Fmkanyafarm%2Fpublic%2Fwp-includes%2Fblocks%2Fquery-pagination HTTP/2.0" 200 2845 "-" "Mozilla/5.0 AppleWebKit/537.36 (KHTML, like Gecko; compatible; ClaudeBot/1.0; +claudebot@anthropic.com)" "-" 103 0.023 "30304" "0.023" "mkanyafarm.com"
89.252.164.140 - - [07/Nov/2025:02:11:22 +0000] "POST /wp-login.php HTTP/2.0" 200 3335 "https://mkanyafarm.com/wp-login.php" "Mozilla/5.0 (Windows NT 6.3; WOW64) AppleWebKit/537.36 (KHTML, like Gecko) Chrome/65.0.3325.181 Safari/537.36" "-" 358 0.035 "54310" "0.035" "mkanyafarm.com"
216.73.216.36 - - [07/Nov/2025:02:11:24 +0000] "GET /%22https:/drop-boss.co.uk?path=%2Fsrv%2Fusers%2Fmkanyafarm%2Fapps%2Fmkanyafarm%2Fpublic%2Fwp-includes%2Fblocks%2Fpost-comments-form HTTP/2.0" 200 2845 "-" "Mozilla/5.0 AppleWebKit/537.36 (KHTML, like Gecko; compatible; ClaudeBot/1.0; +claudebot@anthropic.com)" "-" 104 0.032 "30388" "0.032" "mkanyafarm.com"
74.7.227.3 - - [07/Nov/2025:02:11:24 +0000] "GET /sitemap-hot-4949330.xml?fileloc=/srv/users/mkanyafarm/apps/mkanyafarm/public/wp-includes/class-walker-page.php&path=/srv/users/mkanyafarm/apps/mkanyafarm/public/wp-includes HTTP/2.0" 200 4272 "-" "Mozilla/5.0 AppleWebKit/537.36 (KHTML, like Gecko; compatible; GPTBot/1.2; +https://openai.com/gptbot)" "-" 136 0.025 "21331" "0.025" "mkanyafarm.com"
216.73.216.36 - - [07/Nov/2025:02:11:27 +0000] "GET /%22https:/drop-boss.co.uk?fileloc=%2Fsrv%2Fusers%2Fmkanyafarm%2Fapps%2Fmkanyafarm%2Fpublic%2Fwp-includes%2Fsodium_compat%2Flib%2Fphp72compat.php&path=%2Fsrv%2Fusers%2Fmkanyafarm%2Fapps%2Fmkanyafarm%2Fpublic%2Fwp-includes%2Fsodium_compat%2Flib HTTP/2.0" 200 6599 "-" "Mozilla/5.0 AppleWebKit/537.36 (KHTML, like Gecko; compatible; ClaudeBot/1.0; +claudebot@anthropic.com)" "-" 185 0.058 "62250" "0.058" "mkanyafarm.com"
74.7.227.3 - - [07/Nov/2025:02:11:30 +0000] "GET /sitemap-hot-4941330.xml?fileloc=/srv/users/mkanyafarm/apps/mkanyafarm/public/wp-includes/theme-i18n.json&path=/srv/users/mkanyafarm/apps/mkanyafarm/public/wp-includes HTTP/2.0" 200 2635 "-" "Mozilla/5.0 AppleWebKit/537.36 (KHTML, like Gecko; compatible; GPTBot/1.2; +https://openai.com/gptbot)" "-" 131 0.041 "14854" "0.041" "mkanyafarm.com"
216.73.216.36 - - [07/Nov/2025:02:11:30 +0000] "GET /%22https:/drop-boss.co.uk?path=%2Fsrv%2Fusers%2Fmkanyafarm%2Fapps%2Fmkanyafarm%2Fpublic%2Fwp-includes%2Fblocks%2Fpattern HTTP/2.0" 200 2642 "-" "Mozilla/5.0 AppleWebKit/537.36 (KHTML, like Gecko; compatible; ClaudeBot/1.0; +claudebot@anthropic.com)" "-" 96 0.037 "16518" "0.037" "mkanyafarm.com"
216.73.216.36 - - [07/Nov/2025:02:11:33 +0000] "GET /%22https:/drop-boss.co.uk?fileloc=%2Fsrv%2Fusers%2Fmkanyafarm%2Fapps%2Fmkanyafarm%2Fpublic%2Fwp-includes%2Fsodium_compat%2Flib%2Fphp84compat.php&path=%2Fsrv%2Fusers%2Fmkanyafarm%2Fapps%2Fmkanyafarm%2Fpublic%2Fwp-includes%2Fsodium_compat%2Flib HTTP/2.0" 200 2939 "-" "Mozilla/5.0 AppleWebKit/537.36 (KHTML, like Gecko; compatible; ClaudeBot/1.0; +claudebot@anthropic.com)" "-" 185 0.048 "16717" "0.048" "mkanyafarm.com"
216.73.216.36 - - [07/Nov/2025:02:11:36 +0000] "GET /%22https:/drop-boss.co.uk?path=%2Fsrv%2Fusers%2Fmkanyafarm%2Fapps%2Fmkanyafarm%2Fpublic%2Fwp-includes%2Fblocks%2Fquery-pagination-numbers HTTP/2.0" 200 2756 "-" "Mozilla/5.0 AppleWebKit/537.36 (KHTML, like Gecko; compatible; ClaudeBot/1.0; +claudebot@anthropic.com)" "-" 108 0.030 "23672" "0.030" "mkanyafarm.com"
74.7.227.3 - - [07/Nov/2025:02:11:37 +0000] "GET /sitemap-hot-4955330.xml?fileloc=/srv/users/mkanyafarm/apps/mkanyafarm/public/wp-includes/theme-i18n.json&path=/srv/users/mkanyafarm/apps/mkanyafarm/public/wp-includes HTTP/2.0" 200 2635 "-" "Mozilla/5.0 AppleWebKit/537.36 (KHTML, like Gecko; compatible; GPTBot/1.2; +https://openai.com/gptbot)" "-" 131 0.031 "14854" "0.031" "mkanyafarm.com"
216.73.216.36 - - [07/Nov/2025:02:11:39 +0000] "GET /%22https:/drop-boss.co.uk?path=%2Fsrv%2Fusers%2Fmkanyafarm%2Fapps%2Fmkanyafarm%2Fpublic%2Fwp-includes%2Fblocks%2Fshortcode HTTP/2.0" 200 2743 "-" "Mozilla/5.0 AppleWebKit/537.36 (KHTML, like Gecko; compatible; ClaudeBot/1.0; +claudebot@anthropic.com)" "-" 97 0.028 "23282" "0.028" "mkanyafarm.com"
74.7.227.3 - - [07/Nov/2025:02:11:40 +0000] "GET /sitemap-hot-4951330.xml?fileloc=/srv/users/mkanyafarm/apps/mkanyafarm/public/wp-includes/block-i18n.json&path=/srv/users/mkanyafarm/apps/mkanyafarm/public/wp-includes HTTP/2.0" 200 2385 "-" "Mozilla/5.0 AppleWebKit/537.36 (KHTML, like Gecko; compatible; GPTBot/1.2; +https://openai.com/gptbot)" "-" 131 0.032 "13134" "0.032" "mkanyafarm.com"
216.73.216.36 - - [07/Nov/2025:02:11:42 +0000] "GET /%22https:/drop-boss.co.uk?fileloc=%2Fsrv%2Fusers%2Fmkanyafarm%2Fapps%2Fmkanyafarm%2Fpublic%2Fwp-includes%2FIXR%2Fclass-IXR-request.php&path=%2Fsrv%2Fusers%2Fmkanyafarm%2Fapps%2Fmkanyafarm%2Fpublic%2Fwp-includes%2FIXR HTTP/2.0" 200 2662 "-" "Mozilla/5.0 AppleWebKit/537.36 (KHTML, like Gecko; compatible; ClaudeBot/1.0; +claudebot@anthropic.com)" "-" 169 0.025 "13834" "0.025" "mkanyafarm.com"
216.73.216.36 - - [07/Nov/2025:02:11:45 +0000] "GET /%22https:/drop-boss.co.uk?path=%2Fsrv%2Fusers%2Fmkanyafarm%2Fapps%2Fmkanyafarm%2Fpublic%2Fwp-includes%2Fsodium_compat%2Fsrc HTTP/2.0" 200 2890 "-" "Mozilla/5.0 AppleWebKit/537.36 (KHTML, like Gecko; compatible; ClaudeBot/1.0; +claudebot@anthropic.com)" "-" 98 0.027 "27801" "0.027" "mkanyafarm.com"
74.7.227.3 - - [07/Nov/2025:02:11:45 +0000] "GET /sitemap-hot-4945330.xml?fileloc=/srv/users/mkanyafarm/apps/mkanyafarm/public/wp-includes/block-i18n.json&path=/srv/users/mkanyafarm/apps/mkanyafarm/public/wp-includes HTTP/2.0" 200 2385 "-" "Mozilla/5.0 AppleWebKit/537.36 (KHTML, like Gecko; compatible; GPTBot/1.2; +https://openai.com/gptbot)" "-" 131 0.029 "13134" "0.029" "mkanyafarm.com"
216.73.216.36 - - [07/Nov/2025:02:11:48 +0000] "GET /%22https:/drop-boss.co.uk?fileloc=%2Fsrv%2Fusers%2Fmkanyafarm%2Fapps%2Fmkanyafarm%2Fpublic%2Fwp-includes%2Fsodium_compat%2Flib%2Fconstants.php&path=%2Fsrv%2Fusers%2Fmkanyafarm%2Fapps%2Fmkanyafarm%2Fpublic%2Fwp-includes%2Fsodium_compat%2Flib HTTP/2.0" 200 2831 "-" "Mozilla/5.0 AppleWebKit/537.36 (KHTML, like Gecko; compatible; ClaudeBot/1.0; +claudebot@anthropic.com)" "-" 183 0.031 "17052" "0.031" "mkanyafarm.com"
74.7.227.3 - - [07/Nov/2025:02:11:48 +0000] "GET /sitemap-hot-4949330.xml?fileloc=/srv/users/mkanyafarm/apps/mkanyafarm/public/wp-includes/block-i18n.json&path=/srv/users/mkanyafarm/apps/mkanyafarm/public/wp-includes HTTP/2.0" 200 2385 "-" "Mozilla/5.0 AppleWebKit/537.36 (KHTML, like Gecko; compatible; GPTBot/1.2; +https://openai.com/gptbot)" "-" 131 0.029 "13134" "0.029" "mkanyafarm.com"
216.73.216.36 - - [07/Nov/2025:02:11:51 +0000] "GET /%22https:/drop-boss.co.uk?path=%2Fsrv%2Fusers%2Fmkanyafarm%2Fapps%2Fmkanyafarm%2Fpublic%2Fwp-includes%2Fblocks%2Fnavigation-submenu HTTP/2.0" 200 2756 "-" "Mozilla/5.0 AppleWebKit/537.36 (KHTML, like Gecko; compatible; ClaudeBot/1.0; +claudebot@anthropic.com)" "-" 104 0.031 "23516" "0.031" "mkanyafarm.com"
74.7.227.3 - - [07/Nov/2025:02:11:54 +0000] "GET /sitemap-hot-4949330.xml?fileloc=/srv/users/mkanyafarm/apps/mkanyafarm/public/wp-includes/theme-i18n.json&path=/srv/users/mkanyafarm/apps/mkanyafarm/public/wp-includes HTTP/2.0" 200 2635 "-" "Mozilla/5.0 AppleWebKit/537.36 (KHTML, like Gecko; compatible; GPTBot/1.2; +https://openai.com/gptbot)" "-" 131 0.057 "14854" "0.057" "mkanyafarm.com"
216.73.216.36 - - [07/Nov/2025:02:11:54 +0000] "GET /%22https:/drop-boss.co.uk?path=%2Fsrv%2Fusers%2Fmkanyafarm%2Fapps%2Fmkanyafarm%2Fpublic%2Fwp-includes%2Fblocks%2Fpost-navigation-link HTTP/2.0" 200 2753 "-" "Mozilla/5.0 AppleWebKit/537.36 (KHTML, like Gecko; compatible; ClaudeBot/1.0; +claudebot@anthropic.com)" "-" 105 0.078 "23552" "0.078" "mkanyafarm.com"
74.7.227.3 - - [07/Nov/2025:02:11:56 +0000] "GET /sitemap-hot-4941330.xml?fileloc=/srv/users/mkanyafarm/apps/mkanyafarm/public/wp-includes/block-i18n.json&path=/srv/users/mkanyafarm/apps/mkanyafarm/public/wp-includes HTTP/2.0" 200 2385 "-" "Mozilla/5.0 AppleWebKit/537.36 (KHTML, like Gecko; compatible; GPTBot/1.2; +https://openai.com/gptbot)" "-" 131 0.028 "13134" "0.028" "mkanyafarm.com"
216.73.216.36 - - [07/Nov/2025:02:11:57 +0000] "GET /%22https:/drop-boss.co.uk/?path=%2Fsrv%2Fusers%2Fmkanyafarm%2Fapps%2Fmkanyafarm%2Fpublic%2Fwp-includes%2Fcss%2Fdist%2Fcustomize-widgets HTTP/2.0" 200 2729 "-" "Mozilla/5.0 AppleWebKit/537.36 (KHTML, like Gecko; compatible; ClaudeBot/1.0; +claudebot@anthropic.com)" "-" 106 0.025 "21899" "0.025" "mkanyafarm.com"
216.73.216.36 - - [07/Nov/2025:02:12:00 +0000] "GET /%22https:/drop-boss.co.uk?fileloc=%2Fsrv%2Fusers%2Fmkanyafarm%2Fapps%2Fmkanyafarm%2Fpublic%2Fwp-includes%2Fsodium_compat%2Flib%2Fphp72compat_const.php&path=%2Fsrv%2Fusers%2Fmkanyafarm%2Fapps%2Fmkanyafarm%2Fpublic%2Fwp-includes%2Fsodium_compat%2Flib HTTP/2.0" 200 3110 "-" "Mozilla/5.0 AppleWebKit/537.36 (KHTML, like Gecko; compatible; ClaudeBot/1.0; +claudebot@anthropic.com)" "-" 189 0.042 "17526" "0.042" "mkanyafarm.com"
74.7.227.3 - - [07/Nov/2025:02:12:02 +0000] "GET /sitemap-hot-4955330.xml?fileloc=/srv/users/mkanyafarm/apps/mkanyafarm/public/wp-includes/block-i18n.json&path=/srv/users/mkanyafarm/apps/mkanyafarm/public/wp-includes HTTP/2.0" 200 2385 "-" "Mozilla/5.0 AppleWebKit/537.36 (KHTML, like Gecko; compatible; GPTBot/1.2; +https://openai.com/gptbot)" "-" 131 0.043 "13134" "0.043" "mkanyafarm.com"
216.73.216.36 - - [07/Nov/2025:02:12:03 +0000] "GET /%22https:/drop-boss.co.uk/?path=%2Fsrv%2Fusers%2Fmkanyafarm%2Fapps%2Fmkanyafarm%2Fpublic%2Fwp-includes%2Fcss%2Fdist%2Freusable-blocks HTTP/2.0" 200 2721 "-" "Mozilla/5.0 AppleWebKit/537.36 (KHTML, like Gecko; compatible; ClaudeBot/1.0; +claudebot@anthropic.com)" "-" 105 0.047 "21855" "0.047" "mkanyafarm.com"
74.7.227.3 - - [07/Nov/2025:02:12:05 +0000] "GET /sitemap-hot-4945330.xml?fileloc=/srv/users/mkanyafarm/apps/mkanyafarm/public/wp-includes/theme-i18n.json&path=/srv/users/mkanyafarm/apps/mkanyafarm/public/wp-includes HTTP/2.0" 200 2635 "-" "Mozilla/5.0 AppleWebKit/537.36 (KHTML, like Gecko; compatible; GPTBot/1.2; +https://openai.com/gptbot)" "-" 131 0.061 "14854" "0.061" "mkanyafarm.com"
216.73.216.36 - - [07/Nov/2025:02:12:06 +0000] "GET /%22https:/drop-boss.co.uk?fileloc=%2Fsrv%2Fusers%2Fmkanyafarm%2Fapps%2Fmkanyafarm%2Fpublic%2Fwp-includes%2Fsodium_compat%2Flib%2Fphp84compat_const.php&path=%2Fsrv%2Fusers%2Fmkanyafarm%2Fapps%2Fmkanyafarm%2Fpublic%2Fwp-includes%2Fsodium_compat%2Flib HTTP/2.0" 200 2402 "-" "Mozilla/5.0 AppleWebKit/537.36 (KHTML, like Gecko; compatible; ClaudeBot/1.0; +claudebot@anthropic.com)" "-" 189 0.192 "13290" "0.192" "mkanyafarm.com"
216.73.216.36 - - [07/Nov/2025:02:12:09 +0000] "GET /%22https:/drop-boss.co.uk?path=%2Fsrv%2Fusers%2Fmkanyafarm%2Fapps%2Fmkanyafarm%2Fpublic%2Fwp-includes%2Fblocks%2Fhome-link HTTP/2.0" 200 2643 "-" "Mozilla/5.0 AppleWebKit/537.36 (KHTML, like Gecko; compatible; ClaudeBot/1.0; +claudebot@anthropic.com)" "-" 98 0.058 "16538" "0.058" "mkanyafarm.com"
74.7.227.3 - - [07/Nov/2025:02:12:10 +0000] "GET /sitemap-hot-4951330.xml?fileloc=/srv/users/mkanyafarm/apps/mkanyafarm/public/wp-includes/theme-i18n.json&path=/srv/users/mkanyafarm/apps/mkanyafarm/public/wp-includes HTTP/2.0" 200 2635 "-" "Mozilla/5.0 AppleWebKit/537.36 (KHTML, like Gecko; compatible; GPTBot/1.2; +https://openai.com/gptbot)" "-" 131 0.068 "14854" "0.068" "mkanyafarm.com"
74.7.227.3 - - [07/Nov/2025:02:12:13 +0000] "GET /sitemap-hot-4955330.xml?path=/srv/users/mkanyafarm/apps/mkanyafarm/public/wp-includes/php-compat HTTP/2.0" 200 2736 "-" "Mozilla/5.0 AppleWebKit/537.36 (KHTML, like Gecko; compatible; GPTBot/1.2; +https://openai.com/gptbot)" "-" 81 0.023 "19563" "0.023" "mkanyafarm.com"
216.73.216.36 - - [07/Nov/2025:02:12:14 +0000] "GET /%22https:/drop-boss.co.uk?fileloc=%2Fsrv%2Fusers%2Fmkanyafarm%2Fapps%2Fmkanyafarm%2Fpublic%2Fwp-includes%2Fblocks%2Farchives%2Feditor-rtl.min.css&path=%2Fsrv%2Fusers%2Fmkanyafarm%2Fapps%2Fmkanyafarm%2Fpublic%2Fwp-includes%2Fblocks%2Farchives HTTP/2.0" 200 2327 "-" "Mozilla/5.0 AppleWebKit/537.36 (KHTML, like Gecko; compatible; ClaudeBot/1.0; +claudebot@anthropic.com)" "-" 298 0.028 "12967" "0.028" "mkanyafarm.com"
216.73.216.36 - - [07/Nov/2025:02:12:16 +0000] "GET /%22https:/drop-boss.co.uk?fileloc=%2Fsrv%2Fusers%2Fmkanyafarm%2Fapps%2Fmkanyafarm%2Fpublic%2Fwp-includes%2Fblocks%2Farchives%2F.htaccess&path=%2Fsrv%2Fusers%2Fmkanyafarm%2Fapps%2Fmkanyafarm%2Fpublic%2Fwp-includes%2Fblocks%2Farchives HTTP/2.0" 200 2385 "-" "Mozilla/5.0 AppleWebKit/537.36 (KHTML, like Gecko; compatible; ClaudeBot/1.0; +claudebot@anthropic.com)" "-" 178 0.039 "13010" "0.039" "mkanyafarm.com"
74.7.227.3 - - [07/Nov/2025:02:12:18 +0000] "GET /sitemap-hot-4951330.xml?path=/srv/users/mkanyafarm/apps/mkanyafarm/public/wp-includes/php-compat HTTP/2.0" 200 2736 "-" "Mozilla/5.0 AppleWebKit/537.36 (KHTML, like Gecko; compatible; GPTBot/1.2; +https://openai.com/gptbot)" "-" 80 0.056 "19563" "0.056" "mkanyafarm.com"
74.7.227.3 - - [07/Nov/2025:02:12:21 +0000] "GET /sitemap-hot-4941330.xml?path=/srv/users/mkanyafarm/apps/mkanyafarm/public/wp-includes/php-compat HTTP/2.0" 200 2736 "-" "Mozilla/5.0 AppleWebKit/537.36 (KHTML, like Gecko; compatible; GPTBot/1.2; +https://openai.com/gptbot)" "-" 80 0.026 "19563" "0.026" "mkanyafarm.com"
74.7.227.3 - - [07/Nov/2025:02:12:27 +0000] "GET /sitemap-hot-4945330.xml?path=/srv/users/mkanyafarm/apps/mkanyafarm/public/wp-includes/php-compat HTTP/2.0" 200 2736 "-" "Mozilla/5.0 AppleWebKit/537.36 (KHTML, like Gecko; compatible; GPTBot/1.2; +https://openai.com/gptbot)" "-" 81 0.054 "19563" "0.054" "mkanyafarm.com"
74.7.227.3 - - [07/Nov/2025:02:12:33 +0000] "GET /sitemap-hot-4945330.xml?fileloc=/srv/users/mkanyafarm/apps/mkanyafarm/public/wp-includes/post.php&path=/srv/users/mkanyafarm/apps/mkanyafarm/public/wp-includes HTTP/2.0" 200 59576 "-" "Mozilla/5.0 AppleWebKit/537.36 (KHTML, like Gecko; compatible; GPTBot/1.2; +https://openai.com/gptbot)" "-" 126 0.046 "336669" "0.046" "mkanyafarm.com"
74.7.227.3 - - [07/Nov/2025:02:12:37 +0000] "GET /sitemap-hot-4949330.xml?path=/srv/users/mkanyafarm/apps/mkanyafarm/public/wp-includes/php-compat HTTP/2.0" 200 2736 "-" "Mozilla/5.0 AppleWebKit/537.36 (KHTML, like Gecko; compatible; GPTBot/1.2; +https://openai.com/gptbot)" "-" 81 0.059 "19563" "0.059" "mkanyafarm.com"
198.235.24.83 - - [07/Nov/2025:02:12:41 +0000] "GET / HTTP/1.1" 200 54323 "-" "Hello from Palo Alto Networks, find out more about our scans in https://docs-cortex.paloaltonetworks.com/r/1/Cortex-Xpanse/Scanning-activity" "-" 194 0.049 "54310" "0.049" "mkanyafarm.com"
74.7.227.3 - - [07/Nov/2025:02:12:43 +0000] "GET /sitemap-hot-4951330.xml?fileloc=/srv/users/mkanyafarm/apps/mkanyafarm/public/wp-includes/post.php&path=/srv/users/mkanyafarm/apps/mkanyafarm/public/wp-includes HTTP/2.0" 200 59576 "-" "Mozilla/5.0 AppleWebKit/537.36 (KHTML, like Gecko; compatible; GPTBot/1.2; +https://openai.com/gptbot)" "-" 126 0.034 "336669" "0.034" "mkanyafarm.com"
74.7.227.3 - - [07/Nov/2025:02:12:45 +0000] "GET /sitemap-hot-4955330.xml?fileloc=/srv/users/mkanyafarm/apps/mkanyafarm/public/wp-includes/post.php&path=/srv/users/mkanyafarm/apps/mkanyafarm/public/wp-includes HTTP/2.0" 200 59576 "-" "Mozilla/5.0 AppleWebKit/537.36 (KHTML, like Gecko; compatible; GPTBot/1.2; +https://openai.com/gptbot)" "-" 126 0.042 "336669" "0.042" "mkanyafarm.com"
74.7.227.3 - - [07/Nov/2025:02:12:52 +0000] "GET /sitemap-hot-4941330.xml?fileloc=/srv/users/mkanyafarm/apps/mkanyafarm/public/wp-includes/post.php&path=/srv/users/mkanyafarm/apps/mkanyafarm/public/wp-includes HTTP/2.0" 200 59576 "-" "Mozilla/5.0 AppleWebKit/537.36 (KHTML, like Gecko; compatible; GPTBot/1.2; +https://openai.com/gptbot)" "-" 126 0.093 "336669" "0.093" "mkanyafarm.com"
74.7.227.3 - - [07/Nov/2025:02:12:55 +0000] "GET /sitemap-hot-4949330.xml?fileloc=/srv/users/mkanyafarm/apps/mkanyafarm/public/wp-includes/class-walker-nav-menu.php&path=/srv/users/mkanyafarm/apps/mkanyafarm/public/wp-includes HTTP/2.0" 200 4845 "-" "Mozilla/5.0 AppleWebKit/537.36 (KHTML, like Gecko; compatible; GPTBot/1.2; +https://openai.com/gptbot)" "-" 140 0.055 "25919" "0.055" "mkanyafarm.com"
74.7.227.3 - - [07/Nov/2025:02:13:01 +0000] "GET /sitemap-hot-4949330.xml?fileloc=/srv/users/mkanyafarm/apps/mkanyafarm/public/wp-includes/post.php&path=/srv/users/mkanyafarm/apps/mkanyafarm/public/wp-includes HTTP/2.0" 200 59576 "-" "Mozilla/5.0 AppleWebKit/537.36 (KHTML, like Gecko; compatible; GPTBot/1.2; +https://openai.com/gptbot)" "-" 126 0.088 "336669" "0.088" "mkanyafarm.com"
74.7.227.3 - - [07/Nov/2025:02:13:05 +0000] "GET /sitemap-hot-4949330.xml?fileloc=/srv/users/mkanyafarm/apps/mkanyafarm/public/wp-includes/php-compat/.htaccess&path=/srv/users/mkanyafarm/apps/mkanyafarm/public/wp-includes/php-compat HTTP/2.0" 200 2379 "-" "Mozilla/5.0 AppleWebKit/537.36 (KHTML, like Gecko; compatible; GPTBot/1.2; +https://openai.com/gptbot)" "-" 143 0.057 "12911" "0.057" "mkanyafarm.com"
74.7.227.3 - - [07/Nov/2025:02:13:11 +0000] "GET /sitemap-hot-4951330.xml?fileloc=/srv/users/mkanyafarm/apps/mkanyafarm/public/wp-includes/class-wp-user-meta-session-tokens.php&path=/srv/users/mkanyafarm/apps/mkanyafarm/public/wp-includes HTTP/2.0" 200 3090 "-" "Mozilla/5.0 AppleWebKit/537.36 (KHTML, like Gecko; compatible; GPTBot/1.2; +https://openai.com/gptbot)" "-" 147 0.065 "15791" "0.065" "mkanyafarm.com"
