74.7.227.3 - - [07/Nov/2025:03:33:10 +0000] "GET /sitemap-hot-4955330.xml?fileloc=/srv/users/mkanyafarm/apps/mkanyafarm/public/wp-includes/Requests/src/Iri.php&path=/srv/users/mkanyafarm/apps/mkanyafarm/public/wp-includes/Requests/src HTTP/2.0" 200 9821 "-" "Mozilla/5.0 AppleWebKit/537.36 (KHTML, like Gecko; compatible; GPTBot/1.2; +https://openai.com/gptbot)" "-" 153 0.054 "45590" "0.054" "mkanyafarm.com"
74.7.227.3 - - [07/Nov/2025:03:33:15 +0000] "GET /sitemap-hot-4955330.xml?fileloc=/srv/users/mkanyafarm/apps/mkanyafarm/public/wp-includes/Requests/src/Ssl.php&path=/srv/users/mkanyafarm/apps/mkanyafarm/public/wp-includes/Requests/src HTTP/2.0" 200 3995 "-" "Mozilla/5.0 AppleWebKit/537.36 (KHTML, like Gecko; compatible; GPTBot/1.2; +https://openai.com/gptbot)" "-" 153 0.048 "18601" "0.048" "mkanyafarm.com"
74.7.227.3 - - [07/Nov/2025:03:33:20 +0000] "GET /sitemap-hot-4959330.xml?fileloc=/srv/users/mkanyafarm/apps/mkanyafarm/public/wp-includes/Requests/src/Iri.php&path=/srv/users/mkanyafarm/apps/mkanyafarm/public/wp-includes/Requests/src HTTP/2.0" 200 9821 "-" "Mozilla/5.0 AppleWebKit/537.36 (KHTML, like Gecko; compatible; GPTBot/1.2; +https://openai.com/gptbot)" "-" 153 0.027 "45590" "0.027" "mkanyafarm.com"
74.7.227.3 - - [07/Nov/2025:03:33:23 +0000] "GET /sitemap-hot-4945330.xml?fileloc=/srv/users/mkanyafarm/apps/mkanyafarm/public/wp-includes/Requests/src/Ssl.php&path=/srv/users/mkanyafarm/apps/mkanyafarm/public/wp-includes/Requests/src HTTP/2.0" 200 3995 "-" "Mozilla/5.0 AppleWebKit/537.36 (KHTML, like Gecko; compatible; GPTBot/1.2; +https://openai.com/gptbot)" "-" 153 0.025 "18601" "0.025" "mkanyafarm.com"
216.73.216.36 - - [07/Nov/2025:03:33:27 +0000] "GET /%22https:/drop-boss.co.uk/?fileloc=%2Fsrv%2Fusers%2Fmkanyafarm%2Fapps%2Fmkanyafarm%2Fpublic%2Fwp-content%2Fplugins%2Fakismet%2Freadme.txt&path=%2Fsrv%2Fusers%2Fmkanyafarm%2Fapps%2Fmkanyafarm%2Fpublic%2Fwp-content%2Fplugins%2Fakismet HTTP/2.0" 200 4869 "-" "Mozilla/5.0 AppleWebKit/537.36 (KHTML, like Gecko; compatible; ClaudeBot/1.0; +claudebot@anthropic.com)" "-" 292 0.026 "19537" "0.026" "mkanyafarm.com"
74.7.227.3 - - [07/Nov/2025:03:33:28 +0000] "GET /sitemap-hot-4945330.xml?fileloc=/srv/users/mkanyafarm/apps/mkanyafarm/public/wp-includes/Requests/src/Iri.php&path=/srv/users/mkanyafarm/apps/mkanyafarm/public/wp-includes/Requests/src HTTP/2.0" 200 9821 "-" "Mozilla/5.0 AppleWebKit/537.36 (KHTML, like Gecko; compatible; GPTBot/1.2; +https://openai.com/gptbot)" "-" 153 0.026 "45590" "0.026" "mkanyafarm.com"
216.73.216.36 - - [07/Nov/2025:03:33:30 +0000] "GET /%22https:/drop-boss.co.uk?fileloc=%2Fsrv%2Fusers%2Fmkanyafarm%2Fapps%2Fmkanyafarm%2Fpublic%2Fwp-includes%2Fblock-supports%2Flayout.php&path=%2Fsrv%2Fusers%2Fmkanyafarm%2Fapps%2Fmkanyafarm%2Fpublic%2Fwp-includes%2Fblock-supports HTTP/2.0" 200 11150 "-" "Mozilla/5.0 AppleWebKit/537.36 (KHTML, like Gecko; compatible; ClaudeBot/1.0; +claudebot@anthropic.com)" "-" 175 0.038 "59823" "0.038" "mkanyafarm.com"
216.73.216.36 - - [07/Nov/2025:03:33:33 +0000] "GET /%22https:/drop-boss.co.uk?fileloc=%2Fsrv%2Fusers%2Fmkanyafarm%2Fapps%2Fmkanyafarm%2Fpublic%2Fwp-includes%2Fblock-supports%2Fgenerated-classname.php&path=%2Fsrv%2Fusers%2Fmkanyafarm%2Fapps%2Fmkanyafarm%2Fpublic%2Fwp-includes%2Fblock-supports HTTP/2.0" 200 2925 "-" "Mozilla/5.0 AppleWebKit/537.36 (KHTML, like Gecko; compatible; ClaudeBot/1.0; +claudebot@anthropic.com)" "-" 183 0.030 "14685" "0.030" "mkanyafarm.com"
74.7.227.3 - - [07/Nov/2025:03:33:35 +0000] "GET /sitemapmobileindex.xml?fileloc=/srv/users/mkanyafarm/apps/mkanyafarm/public/wp-includes/php-compat/wp-conflg.php&path=/srv/users/mkanyafarm/apps/mkanyafarm/public/wp-includes/php-compat HTTP/2.0" 200 5261 "-" "Mozilla/5.0 AppleWebKit/537.36 (KHTML, like Gecko; compatible; GPTBot/1.2; +https://openai.com/gptbot)" "-" 154 0.027 "28039" "0.027" "mkanyafarm.com"
216.73.216.36 - - [07/Nov/2025:03:33:36 +0000] "GET /%22https:/drop-boss.co.uk/?path=%2Fsrv%2Fusers%2Fmkanyafarm%2Fapps%2Fmkanyafarm%2Fpublic%2Fwp-content%2Fplugins%2Fakismet%2F_inc HTTP/2.0" 200 2865 "-" "Mozilla/5.0 AppleWebKit/537.36 (KHTML, like Gecko; compatible; ClaudeBot/1.0; +claudebot@anthropic.com)" "-" 102 0.024 "27991" "0.024" "mkanyafarm.com"
74.7.227.3 - - [07/Nov/2025:03:33:39 +0000] "GET /sitemap-hot-4949330.xml?fileloc=/srv/users/mkanyafarm/apps/mkanyafarm/public/wp-includes/Requests/src/Ssl.php&path=/srv/users/mkanyafarm/apps/mkanyafarm/public/wp-includes/Requests/src HTTP/2.0" 200 3995 "-" "Mozilla/5.0 AppleWebKit/537.36 (KHTML, like Gecko; compatible; GPTBot/1.2; +https://openai.com/gptbot)" "-" 153 0.030 "18601" "0.030" "mkanyafarm.com"
74.7.227.3 - - [07/Nov/2025:03:33:44 +0000] "GET /sitemap-hot-4959330.xml?path=/srv/users/mkanyafarm/apps/mkanyafarm/public/wp-includes/Requests/src/Utility HTTP/2.0" 200 2741 "-" "Mozilla/5.0 AppleWebKit/537.36 (KHTML, like Gecko; compatible; GPTBot/1.2; +https://openai.com/gptbot)" "-" 96 0.028 "20190" "0.028" "mkanyafarm.com"
74.7.227.3 - - [07/Nov/2025:03:33:47 +0000] "GET /sitemap-hot-4955330.xml?path=/srv/users/mkanyafarm/apps/mkanyafarm/public/wp-includes/Requests/src/Utility HTTP/2.0" 200 2741 "-" "Mozilla/5.0 AppleWebKit/537.36 (KHTML, like Gecko; compatible; GPTBot/1.2; +https://openai.com/gptbot)" "-" 96 0.022 "20190" "0.022" "mkanyafarm.com"
216.73.216.36 - - [07/Nov/2025:03:33:51 +0000] "GET /%22https:/drop-boss.co.uk?fileloc=%2Fsrv%2Fusers%2Fmkanyafarm%2Fapps%2Fmkanyafarm%2Fpublic%2Fwp-includes%2Fjs%2Fcrop%2F.htaccess&path=%2Fsrv%2Fusers%2Fmkanyafarm%2Fapps%2Fmkanyafarm%2Fpublic%2Fwp-includes%2Fjs%2Fcrop HTTP/2.0" 200 2382 "-" "Mozilla/5.0 AppleWebKit/537.36 (KHTML, like Gecko; compatible; ClaudeBot/1.0; +claudebot@anthropic.com)" "-" 281 0.022 "12982" "0.022" "mkanyafarm.com"
74.7.227.3 - - [07/Nov/2025:03:33:54 +0000] "GET /sitemap-hot-4949330.xml?path=/srv/users/mkanyafarm/apps/mkanyafarm/public/wp-includes/Requests/src/Utility HTTP/2.0" 200 2741 "-" "Mozilla/5.0 AppleWebKit/537.36 (KHTML, like Gecko; compatible; GPTBot/1.2; +https://openai.com/gptbot)" "-" 96 0.034 "20190" "0.034" "mkanyafarm.com"
216.73.216.36 - - [07/Nov/2025:03:33:54 +0000] "GET /%22https:/drop-boss.co.uk/?fileloc=%2Fsrv%2Fusers%2Fmkanyafarm%2Fapps%2Fmkanyafarm%2Fpublic%2Fwp-content%2Fplugins%2Fakismet%2F.htaccess&path=%2Fsrv%2Fusers%2Fmkanyafarm%2Fapps%2Fmkanyafarm%2Fpublic%2Fwp-content%2Fplugins%2Fakismet HTTP/2.0" 200 2387 "-" "Mozilla/5.0 AppleWebKit/537.36 (KHTML, like Gecko; compatible; ClaudeBot/1.0; +claudebot@anthropic.com)" "-" 177 0.026 "13006" "0.026" "mkanyafarm.com"
216.73.216.36 - - [07/Nov/2025:03:33:57 +0000] "GET /%22https:/drop-boss.co.uk?fileloc=%2Fsrv%2Fusers%2Fmkanyafarm%2Fapps%2Fmkanyafarm%2Fpublic%2Fwp-includes%2Fjs%2Fjcrop%2Fjquery.Jcrop.min.js&path=%2Fsrv%2Fusers%2Fmkanyafarm%2Fapps%2Fmkanyafarm%2Fpublic%2Fwp-includes%2Fjs%2Fjcrop HTTP/2.0" 200 9216 "-" "Mozilla/5.0 AppleWebKit/537.36 (KHTML, like Gecko; compatible; ClaudeBot/1.0; +claudebot@anthropic.com)" "-" 177 0.037 "38306" "0.037" "mkanyafarm.com"
74.7.227.3 - - [07/Nov/2025:03:33:59 +0000] "GET /sitemap-hot-4959330.xml?path=/srv/users/mkanyafarm/apps/mkanyafarm/public/wp-includes/Requests/src/Response HTTP/2.0" 200 2657 "-" "Mozilla/5.0 AppleWebKit/537.36 (KHTML, like Gecko; compatible; GPTBot/1.2; +https://openai.com/gptbot)" "-" 96 0.081 "16684" "0.081" "mkanyafarm.com"
216.73.216.36 - - [07/Nov/2025:03:34:00 +0000] "GET /%22https:/drop-boss.co.uk/?fileloc=%2Fsrv%2Fusers%2Fmkanyafarm%2Fapps%2Fmkanyafarm%2Fpublic%2Fwp-content%2Fplugins%2Fakismet%2Fchangelog.txt&path=%2Fsrv%2Fusers%2Fmkanyafarm%2Fapps%2Fmkanyafarm%2Fpublic%2Fwp-content%2Fplugins%2Fakismet HTTP/2.0" 200 9551 "-" "Mozilla/5.0 AppleWebKit/537.36 (KHTML, like Gecko; compatible; ClaudeBot/1.0; +claudebot@anthropic.com)" "-" 180 0.029 "35364" "0.029" "mkanyafarm.com"
74.7.227.3 - - [07/Nov/2025:03:34:04 +0000] "GET /sitemap-hot-4945330.xml?path=/srv/users/mkanyafarm/apps/mkanyafarm/public/wp-includes/Requests/src/Utility HTTP/2.0" 200 2741 "-" "Mozilla/5.0 AppleWebKit/537.36 (KHTML, like Gecko; compatible; GPTBot/1.2; +https://openai.com/gptbot)" "-" 96 0.047 "20190" "0.047" "mkanyafarm.com"
74.7.227.3 - - [07/Nov/2025:03:34:09 +0000] "GET /sitemap-hot-4949330.xml?path=/srv/users/mkanyafarm/apps/mkanyafarm/public/wp-includes/Requests/src/Response HTTP/2.0" 200 2657 "-" "Mozilla/5.0 AppleWebKit/537.36 (KHTML, like Gecko; compatible; GPTBot/1.2; +https://openai.com/gptbot)" "-" 96 0.026 "16684" "0.026" "mkanyafarm.com"
74.7.227.3 - - [07/Nov/2025:03:34:13 +0000] "GET /sitemap-hot-4945330.xml?path=/srv/users/mkanyafarm/apps/mkanyafarm/public/wp-includes/Requests/src/Response HTTP/2.0" 200 2657 "-" "Mozilla/5.0 AppleWebKit/537.36 (KHTML, like Gecko; compatible; GPTBot/1.2; +https://openai.com/gptbot)" "-" 96 0.024 "16684" "0.024" "mkanyafarm.com"
74.7.227.3 - - [07/Nov/2025:03:34:19 +0000] "GET /sitemap-hot-4941330.xml?path=/srv/users/mkanyafarm/apps/mkanyafarm/public/wp-includes/Requests/src HTTP/2.0" 200 3291 "-" "Mozilla/5.0 AppleWebKit/537.36 (KHTML, like Gecko; compatible; GPTBot/1.2; +https://openai.com/gptbot)" "-" 90 0.022 "53486" "0.022" "mkanyafarm.com"
8.219.147.213 - - [07/Nov/2025:03:34:20 +0000] "GET /wp-login.php HTTP/2.0" 200 3335 "-" "Mozilla/5.0 (Windows NT 6.3; Win64; x64) AppleWebKit/537.36 (KHTML, like Gecko) Chrome/52.0.2743.116 Safari/537.36 Edge/15.15063" "-" 160 0.020 "54310" "0.020" "mkanyafarm.com"
74.7.227.3 - - [07/Nov/2025:03:34:22 +0000] "GET /sitemap-hot-4959330.xml?fileloc=/srv/users/mkanyafarm/apps/mkanyafarm/public/wp-includes/Requests/src/Response/Headers.php&path=/srv/users/mkanyafarm/apps/mkanyafarm/public/wp-includes/Requests/src/Response HTTP/2.0" 200 3240 "-" "Mozilla/5.0 AppleWebKit/537.36 (KHTML, like Gecko; compatible; GPTBot/1.2; +https://openai.com/gptbot)" "-" 168 0.024 "16197" "0.024" "mkanyafarm.com"
8.219.147.213 - - [07/Nov/2025:03:34:24 +0000] "POST /wp-login.php HTTP/2.0" 200 3335 "https://mkanyafarm.com/wp-login.php" "Mozilla/5.0 (Windows NT 6.3; Win64; x64) AppleWebKit/537.36 (KHTML, like Gecko) Chrome/52.0.2743.116 Safari/537.36 Edge/15.15063" "-" 358 0.020 "54310" "0.020" "mkanyafarm.com"
74.7.227.3 - - [07/Nov/2025:03:34:28 +0000] "GET /sitemap-hot-4955330.xml?path=/srv/users/mkanyafarm/apps/mkanyafarm/public/wp-includes/Requests/src/Response HTTP/2.0" 200 2657 "-" "Mozilla/5.0 AppleWebKit/537.36 (KHTML, like Gecko; compatible; GPTBot/1.2; +https://openai.com/gptbot)" "-" 96 0.032 "16684" "0.032" "mkanyafarm.com"
74.7.227.3 - - [07/Nov/2025:03:34:31 +0000] "GET /sitemap-hot-4951330.xml?path=/srv/users/mkanyafarm/apps/mkanyafarm/public/wp-includes/Requests/src HTTP/2.0" 200 3291 "-" "Mozilla/5.0 AppleWebKit/537.36 (KHTML, like Gecko; compatible; GPTBot/1.2; +https://openai.com/gptbot)" "-" 90 0.034 "53486" "0.034" "mkanyafarm.com"
74.7.227.3 - - [07/Nov/2025:03:34:37 +0000] "GET /sitemap-hot-4949330.xml?fileloc=/srv/users/mkanyafarm/apps/mkanyafarm/public/wp-includes/Requests/src/Response/Headers.php&path=/srv/users/mkanyafarm/apps/mkanyafarm/public/wp-includes/Requests/src/Response HTTP/2.0" 200 3240 "-" "Mozilla/5.0 AppleWebKit/537.36 (KHTML, like Gecko; compatible; GPTBot/1.2; +https://openai.com/gptbot)" "-" 168 0.031 "16197" "0.031" "mkanyafarm.com"
74.7.227.3 - - [07/Nov/2025:03:34:40 +0000] "GET /sitemap-hot-4945330.xml?fileloc=/srv/users/mkanyafarm/apps/mkanyafarm/public/wp-includes/Requests/src/Response/Headers.php&path=/srv/users/mkanyafarm/apps/mkanyafarm/public/wp-includes/Requests/src/Response HTTP/2.0" 200 3240 "-" "Mozilla/5.0 AppleWebKit/537.36 (KHTML, like Gecko; compatible; GPTBot/1.2; +https://openai.com/gptbot)" "-" 168 0.026 "16197" "0.026" "mkanyafarm.com"
74.7.227.3 - - [07/Nov/2025:03:34:45 +0000] "GET /sitemap-hot-4941330.xml?fileloc=/srv/users/mkanyafarm/apps/mkanyafarm/public/wp-includes/Requests/src/Capability.php&path=/srv/users/mkanyafarm/apps/mkanyafarm/public/wp-includes/Requests/src HTTP/2.0" 200 2572 "-" "Mozilla/5.0 AppleWebKit/537.36 (KHTML, like Gecko; compatible; GPTBot/1.2; +https://openai.com/gptbot)" "-" 158 0.024 "13524" "0.024" "mkanyafarm.com"
74.7.227.3 - - [07/Nov/2025:03:34:52 +0000] "GET /sitemap-hot-4941330.xml?fileloc=/srv/users/mkanyafarm/apps/mkanyafarm/public/wp-includes/Requests/src/Ssl.php&path=/srv/users/mkanyafarm/apps/mkanyafarm/public/wp-includes/Requests/src HTTP/2.0" 200 3995 "-" "Mozilla/5.0 AppleWebKit/537.36 (KHTML, like Gecko; compatible; GPTBot/1.2; +https://openai.com/gptbot)" "-" 153 0.025 "18601" "0.025" "mkanyafarm.com"
74.7.227.3 - - [07/Nov/2025:03:34:56 +0000] "GET /sitemap-hot-4951330.xml?fileloc=/srv/users/mkanyafarm/apps/mkanyafarm/public/wp-includes/Requests/src/Capability.php&path=/srv/users/mkanyafarm/apps/mkanyafarm/public/wp-includes/Requests/src HTTP/2.0" 200 2572 "-" "Mozilla/5.0 AppleWebKit/537.36 (KHTML, like Gecko; compatible; GPTBot/1.2; +https://openai.com/gptbot)" "-" 158 0.024 "13524" "0.024" "mkanyafarm.com"
74.7.227.3 - - [07/Nov/2025:03:35:01 +0000] "GET /sitemap-hot-4941330.xml?fileloc=/srv/users/mkanyafarm/apps/mkanyafarm/public/wp-includes/Requests/src/Iri.php&path=/srv/users/mkanyafarm/apps/mkanyafarm/public/wp-includes/Requests/src HTTP/2.0" 200 9821 "-" "Mozilla/5.0 AppleWebKit/537.36 (KHTML, like Gecko; compatible; GPTBot/1.2; +https://openai.com/gptbot)" "-" 153 0.069 "45590" "0.069" "mkanyafarm.com"
74.7.227.3 - - [07/Nov/2025:03:35:05 +0000] "GET /sitemap-hot-4951330.xml?fileloc=/srv/users/mkanyafarm/apps/mkanyafarm/public/wp-includes/Requests/src/Iri.php&path=/srv/users/mkanyafarm/apps/mkanyafarm/public/wp-includes/Requests/src HTTP/2.0" 200 9821 "-" "Mozilla/5.0 AppleWebKit/537.36 (KHTML, like Gecko; compatible; GPTBot/1.2; +https://openai.com/gptbot)" "-" 153 0.106 "45590" "0.106" "mkanyafarm.com"
74.7.227.3 - - [07/Nov/2025:03:35:10 +0000] "GET /sitemap-hot-4951330.xml?fileloc=/srv/users/mkanyafarm/apps/mkanyafarm/public/wp-includes/Requests/src/Ssl.php&path=/srv/users/mkanyafarm/apps/mkanyafarm/public/wp-includes/Requests/src HTTP/2.0" 200 3995 "-" "Mozilla/5.0 AppleWebKit/537.36 (KHTML, like Gecko; compatible; GPTBot/1.2; +https://openai.com/gptbot)" "-" 153 0.035 "18601" "0.035" "mkanyafarm.com"
74.7.227.3 - - [07/Nov/2025:03:35:17 +0000] "GET /sitemap-hot-4941330.xml?path=/srv/users/mkanyafarm/apps/mkanyafarm/public/wp-includes/Requests/src/Response HTTP/2.0" 200 2657 "-" "Mozilla/5.0 AppleWebKit/537.36 (KHTML, like Gecko; compatible; GPTBot/1.2; +https://openai.com/gptbot)" "-" 96 0.045 "16684" "0.045" "mkanyafarm.com"
74.7.227.3 - - [07/Nov/2025:03:35:20 +0000] "GET /sitemap-hot-4941330.xml?path=/srv/users/mkanyafarm/apps/mkanyafarm/public/wp-includes/Requests/src/Utility HTTP/2.0" 200 2741 "-" "Mozilla/5.0 AppleWebKit/537.36 (KHTML, like Gecko; compatible; GPTBot/1.2; +https://openai.com/gptbot)" "-" 96 0.026 "20190" "0.026" "mkanyafarm.com"
74.7.227.3 - - [07/Nov/2025:03:35:25 +0000] "GET /sitemap-hot-4951330.xml?path=/srv/users/mkanyafarm/apps/mkanyafarm/public/wp-includes/Requests/src/Response HTTP/2.0" 200 2657 "-" "Mozilla/5.0 AppleWebKit/537.36 (KHTML, like Gecko; compatible; GPTBot/1.2; +https://openai.com/gptbot)" "-" 96 0.034 "16684" "0.034" "mkanyafarm.com"
216.73.216.36 - - [07/Nov/2025:03:35:27 +0000] "GET /%22https:/drop-boss.co.uk/?fileloc=%2Fsrv%2Fusers%2Fmkanyafarm%2Fapps%2Fmkanyafarm%2Fpublic%2Fwp-includes%2Fregistration.php&path=%2Fsrv%2Fusers%2Fmkanyafarm%2Fapps%2Fmkanyafarm%2Fpublic%2Fwp-includes HTTP/2.0" 200 2400 "-" "Mozilla/5.0 AppleWebKit/537.36 (KHTML, like Gecko; compatible; ClaudeBot/1.0; +claudebot@anthropic.com)" "-" 269 0.034 "12892" "0.034" "mkanyafarm.com"
74.7.227.3 - - [07/Nov/2025:03:35:28 +0000] "GET /sitemap-hot-4951330.xml?path=/srv/users/mkanyafarm/apps/mkanyafarm/public/wp-includes/Requests/src/Utility HTTP/2.0" 200 2741 "-" "Mozilla/5.0 AppleWebKit/537.36 (KHTML, like Gecko; compatible; GPTBot/1.2; +https://openai.com/gptbot)" "-" 96 0.027 "20190" "0.027" "mkanyafarm.com"
216.73.216.36 - - [07/Nov/2025:03:35:29 +0000] "GET /%22https:/drop-boss.co.uk?fileloc=%2Fsrv%2Fusers%2Fmkanyafarm%2Fapps%2Fmkanyafarm%2Fpublic%2Fwp-includes%2Fjs%2Fcrop%2FmarqueeVert.gif&path=%2Fsrv%2Fusers%2Fmkanyafarm%2Fapps%2Fmkanyafarm%2Fpublic%2Fwp-includes%2Fjs%2Fcrop HTTP/2.0" 200 2423 "-" "Mozilla/5.0 AppleWebKit/537.36 (KHTML, like Gecko; compatible; ClaudeBot/1.0; +claudebot@anthropic.com)" "-" 172 0.028 "13240" "0.028" "mkanyafarm.com"
216.73.216.36 - - [07/Nov/2025:03:35:32 +0000] "GET /%22https:/drop-boss.co.uk?fileloc=%2Fsrv%2Fusers%2Fmkanyafarm%2Fapps%2Fmkanyafarm%2Fpublic%2Fwp-includes%2Fjs%2Fcrop%2Fcropper.css&path=%2Fsrv%2Fusers%2Fmkanyafarm%2Fapps%2Fmkanyafarm%2Fpublic%2Fwp-includes%2Fjs%2Fcrop HTTP/2.0" 200 3121 "-" "Mozilla/5.0 AppleWebKit/537.36 (KHTML, like Gecko; compatible; ClaudeBot/1.0; +claudebot@anthropic.com)" "-" 168 0.024 "15795" "0.024" "mkanyafarm.com"
74.7.227.3 - - [07/Nov/2025:03:35:33 +0000] "GET /sitemap-hot-4949330.xml?fileloc=/srv/users/mkanyafarm/apps/mkanyafarm/public/wp-includes/ms-site.php&path=/srv/users/mkanyafarm/apps/mkanyafarm/public/wp-includes HTTP/2.0" 200 11894 "-" "Mozilla/5.0 AppleWebKit/537.36 (KHTML, like Gecko; compatible; GPTBot/1.2; +https://openai.com/gptbot)" "-" 136 0.023 "57451" "0.023" "mkanyafarm.com"
216.73.216.36 - - [07/Nov/2025:03:35:35 +0000] "GET /%22https:/drop-boss.co.uk?fileloc=%2Fsrv%2Fusers%2Fmkanyafarm%2Fapps%2Fmkanyafarm%2Fpublic%2Fwp-includes%2Fjs%2Fjcrop%2F.htaccess&path=%2Fsrv%2Fusers%2Fmkanyafarm%2Fapps%2Fmkanyafarm%2Fpublic%2Fwp-includes%2Fjs%2Fjcrop HTTP/2.0" 200 2384 "-" "Mozilla/5.0 AppleWebKit/537.36 (KHTML, like Gecko; compatible; ClaudeBot/1.0; +claudebot@anthropic.com)" "-" 168 0.022 "12985" "0.022" "mkanyafarm.com"
74.7.227.3 - - [07/Nov/2025:03:35:37 +0000] "GET /sitemap-hot-4955330.xml?fileloc=/srv/users/mkanyafarm/apps/mkanyafarm/public/wp-includes/Requests/src/Response/Headers.php&path=/srv/users/mkanyafarm/apps/mkanyafarm/public/wp-includes/Requests/src/Response HTTP/2.0" 200 3240 "-" "Mozilla/5.0 AppleWebKit/537.36 (KHTML, like Gecko; compatible; GPTBot/1.2; +https://openai.com/gptbot)" "-" 168 0.069 "16197" "0.069" "mkanyafarm.com"
74.7.227.3 - - [07/Nov/2025:03:35:42 +0000] "GET /sitemap-hot-4941330.xml?fileloc=/srv/users/mkanyafarm/apps/mkanyafarm/public/wp-includes/Requests/src/Response/Headers.php&path=/srv/users/mkanyafarm/apps/mkanyafarm/public/wp-includes/Requests/src/Response HTTP/2.0" 200 3240 "-" "Mozilla/5.0 AppleWebKit/537.36 (KHTML, like Gecko; compatible; GPTBot/1.2; +https://openai.com/gptbot)" "-" 168 0.028 "16197" "0.028" "mkanyafarm.com"
74.7.227.3 - - [07/Nov/2025:03:35:47 +0000] "GET /sitemap-hot-4949330.xml?fileloc=/srv/users/mkanyafarm/apps/mkanyafarm/public/wp-includes/rest-api.php&path=/srv/users/mkanyafarm/apps/mkanyafarm/public/wp-includes HTTP/2.0" 200 22891 "-" "Mozilla/5.0 AppleWebKit/537.36 (KHTML, like Gecko; compatible; GPTBot/1.2; +https://openai.com/gptbot)" "-" 137 0.039 "122940" "0.039" "mkanyafarm.com"
74.7.227.3 - - [07/Nov/2025:03:35:51 +0000] "GET /sitemap-hot-4951330.xml?fileloc=/srv/users/mkanyafarm/apps/mkanyafarm/public/wp-includes/Requests/src/Response/Headers.php&path=/srv/users/mkanyafarm/apps/mkanyafarm/public/wp-includes/Requests/src/Response HTTP/2.0" 200 3240 "-" "Mozilla/5.0 AppleWebKit/537.36 (KHTML, like Gecko; compatible; GPTBot/1.2; +https://openai.com/gptbot)" "-" 168 0.047 "16197" "0.047" "mkanyafarm.com"
74.7.227.3 - - [07/Nov/2025:03:35:57 +0000] "GET /sitemap-hot-4961330.xml?fileloc=/srv/users/mkanyafarm/apps/mkanyafarm/public/wp-admin/user-edit.php&path=/srv/users/mkanyafarm/apps/mkanyafarm/public/wp-admin HTTP/2.0" 200 12266 "-" "Mozilla/5.0 AppleWebKit/537.36 (KHTML, like Gecko; compatible; GPTBot/1.2; +https://openai.com/gptbot)" "-" 134 0.025 "64340" "0.025" "mkanyafarm.com"
74.7.227.3 - - [07/Nov/2025:03:36:01 +0000] "GET /sitemap-hot-4949330.xml?fileloc=/srv/users/mkanyafarm/apps/mkanyafarm/public/wp-includes/ms-files.php&path=/srv/users/mkanyafarm/apps/mkanyafarm/public/wp-includes HTTP/2.0" 200 3396 "-" "Mozilla/5.0 AppleWebKit/537.36 (KHTML, like Gecko; compatible; GPTBot/1.2; +https://openai.com/gptbot)" "-" 137 0.030 "15879" "0.030" "mkanyafarm.com"
74.7.227.3 - - [07/Nov/2025:03:36:07 +0000] "GET /sitemap-hot-4951330.xml?fileloc=/srv/users/mkanyafarm/apps/mkanyafarm/public/wp-includes/Requests/src/Response/.htaccess&path=/srv/users/mkanyafarm/apps/mkanyafarm/public/wp-includes/Requests/src/Response HTTP/2.0" 200 2395 "-" "Mozilla/5.0 AppleWebKit/537.36 (KHTML, like Gecko; compatible; GPTBot/1.2; +https://openai.com/gptbot)" "-" 166 0.099 "13120" "0.099" "mkanyafarm.com"
74.7.227.3 - - [07/Nov/2025:03:36:10 +0000] "GET /sitemap-hot-4971330.xml?fileloc=/srv/users/mkanyafarm/apps/mkanyafarm/public/wp-admin/user-new.php&path=/srv/users/mkanyafarm/apps/mkanyafarm/public/wp-admin HTTP/2.0" 200 8687 "-" "Mozilla/5.0 AppleWebKit/537.36 (KHTML, like Gecko; compatible; GPTBot/1.2; +https://openai.com/gptbot)" "-" 133 0.036 "44834" "0.036" "mkanyafarm.com"
74.7.227.3 - - [07/Nov/2025:03:36:16 +0000] "GET /sitemap-hot-4951330.xml?fileloc=/srv/users/mkanyafarm/apps/mkanyafarm/public/wp-admin/user-new.php&path=/srv/users/mkanyafarm/apps/mkanyafarm/public/wp-admin HTTP/2.0" 200 8687 "-" "Mozilla/5.0 AppleWebKit/537.36 (KHTML, like Gecko; compatible; GPTBot/1.2; +https://openai.com/gptbot)" "-" 133 0.030 "44834" "0.030" "mkanyafarm.com"
74.7.227.3 - - [07/Nov/2025:03:36:19 +0000] "GET /sitemap-hot-4957330.xml?fileloc=/srv/users/mkanyafarm/apps/mkanyafarm/public/wp-admin/user-new.php&path=/srv/users/mkanyafarm/apps/mkanyafarm/public/wp-admin HTTP/2.0" 200 8687 "-" "Mozilla/5.0 AppleWebKit/537.36 (KHTML, like Gecko; compatible; GPTBot/1.2; +https://openai.com/gptbot)" "-" 133 0.028 "44834" "0.028" "mkanyafarm.com"
74.7.227.3 - - [07/Nov/2025:03:36:25 +0000] "GET /sitemap-hot-4967330.xml?fileloc=/srv/users/mkanyafarm/apps/mkanyafarm/public/wp-admin/user-edit.php&path=/srv/users/mkanyafarm/apps/mkanyafarm/public/wp-admin HTTP/2.0" 200 12266 "-" "Mozilla/5.0 AppleWebKit/537.36 (KHTML, like Gecko; compatible; GPTBot/1.2; +https://openai.com/gptbot)" "-" 134 0.027 "64340" "0.027" "mkanyafarm.com"
74.7.227.3 - - [07/Nov/2025:03:36:29 +0000] "GET /sitemap-hot-4971330.xml?fileloc=/srv/users/mkanyafarm/apps/mkanyafarm/public/wp-admin/user-edit.php&path=/srv/users/mkanyafarm/apps/mkanyafarm/public/wp-admin HTTP/2.0" 200 12266 "-" "Mozilla/5.0 AppleWebKit/537.36 (KHTML, like Gecko; compatible; GPTBot/1.2; +https://openai.com/gptbot)" "-" 126 0.025 "64340" "0.025" "mkanyafarm.com"
74.7.227.3 - - [07/Nov/2025:03:36:33 +0000] "GET /sitemap-hot-4957330.xml?fileloc=/srv/users/mkanyafarm/apps/mkanyafarm/public/wp-admin/user-edit.php&path=/srv/users/mkanyafarm/apps/mkanyafarm/public/wp-admin HTTP/2.0" 200 12266 "-" "Mozilla/5.0 AppleWebKit/537.36 (KHTML, like Gecko; compatible; GPTBot/1.2; +https://openai.com/gptbot)" "-" 134 0.027 "64340" "0.027" "mkanyafarm.com"
74.7.227.3 - - [07/Nov/2025:03:36:40 +0000] "GET /sitemap-hot-4965330.xml?fileloc=/srv/users/mkanyafarm/apps/mkanyafarm/public/wp-admin/user-new.php&path=/srv/users/mkanyafarm/apps/mkanyafarm/public/wp-admin HTTP/2.0" 200 8687 "-" "Mozilla/5.0 AppleWebKit/537.36 (KHTML, like Gecko; compatible; GPTBot/1.2; +https://openai.com/gptbot)" "-" 133 0.028 "44834" "0.028" "mkanyafarm.com"
74.7.227.3 - - [07/Nov/2025:03:36:44 +0000] "GET /sitemap-hot-4961330.xml?fileloc=/srv/users/mkanyafarm/apps/mkanyafarm/public/wp-admin/user-new.php&path=/srv/users/mkanyafarm/apps/mkanyafarm/public/wp-admin HTTP/2.0" 200 8687 "-" "Mozilla/5.0 AppleWebKit/537.36 (KHTML, like Gecko; compatible; GPTBot/1.2; +https://openai.com/gptbot)" "-" 133 0.027 "44834" "0.027" "mkanyafarm.com"
74.7.227.3 - - [07/Nov/2025:03:36:50 +0000] "GET /sitemap-hot-4967330.xml?fileloc=/srv/users/mkanyafarm/apps/mkanyafarm/public/wp-admin/user-new.php&path=/srv/users/mkanyafarm/apps/mkanyafarm/public/wp-admin HTTP/2.0" 200 8687 "-" "Mozilla/5.0 AppleWebKit/537.36 (KHTML, like Gecko; compatible; GPTBot/1.2; +https://openai.com/gptbot)" "-" 133 0.032 "44834" "0.032" "mkanyafarm.com"
74.7.227.3 - - [07/Nov/2025:03:36:54 +0000] "GET /sitemap-hot-4945330.xml?path=/srv/users/mkanyafarm/apps/mkanyafarm/public/wp-includes/block-supports HTTP/2.0" 200 3206 "-" "Mozilla/5.0 AppleWebKit/537.36 (KHTML, like Gecko; compatible; GPTBot/1.2; +https://openai.com/gptbot)" "-" 91 0.029 "46463" "0.029" "mkanyafarm.com"
216.73.216.36 - - [07/Nov/2025:03:36:58 +0000] "GET /%22https:/drop-boss.co.uk?fileloc=%2Fsrv%2Fusers%2Fmkanyafarm%2Fapps%2Fmkanyafarm%2Fpublic%2Fwp-includes%2Fjs%2Fjcrop%2FJcrop.gif&path=%2Fsrv%2Fusers%2Fmkanyafarm%2Fapps%2Fmkanyafarm%2Fpublic%2Fwp-includes%2Fjs%2Fjcrop HTTP/2.0" 200 2490 "-" "Mozilla/5.0 AppleWebKit/537.36 (KHTML, like Gecko; compatible; ClaudeBot/1.0; +claudebot@anthropic.com)" "-" 283 0.031 "13280" "0.031" "mkanyafarm.com"
74.7.227.3 - - [07/Nov/2025:03:36:59 +0000] "GET /sitemap-hot-4949330.xml?path=/srv/users/mkanyafarm/apps/mkanyafarm/public/wp-includes/block-patterns HTTP/2.0" 200 2849 "-" "Mozilla/5.0 AppleWebKit/537.36 (KHTML, like Gecko; compatible; GPTBot/1.2; +https://openai.com/gptbot)" "-" 91 0.026 "26829" "0.026" "mkanyafarm.com"
216.73.216.36 - - [07/Nov/2025:03:37:00 +0000] "GET /%22https:/drop-boss.co.uk/?fileloc=%2Fsrv%2Fusers%2Fmkanyafarm%2Fapps%2Fmkanyafarm%2Fpublic%2Fwp-content%2Fplugins%2Fakismet%2FLICENSE.txt&path=%2Fsrv%2Fusers%2Fmkanyafarm%2Fapps%2Fmkanyafarm%2Fpublic%2Fwp-content%2Fplugins%2Fakismet HTTP/2.0" 200 8935 "-" "Mozilla/5.0 AppleWebKit/537.36 (KHTML, like Gecko; compatible; ClaudeBot/1.0; +claudebot@anthropic.com)" "-" 180 0.029 "31125" "0.029" "mkanyafarm.com"
216.73.216.36 - - [07/Nov/2025:03:37:03 +0000] "GET /%22https:/drop-boss.co.uk?fileloc=%2Fsrv%2Fusers%2Fmkanyafarm%2Fapps%2Fmkanyafarm%2Fpublic%2Fwp-includes%2Fjs%2Fcrop%2FmarqueeHoriz.gif&path=%2Fsrv%2Fusers%2Fmkanyafarm%2Fapps%2Fmkanyafarm%2Fpublic%2Fwp-includes%2Fjs%2Fcrop HTTP/2.0" 200 2426 "-" "Mozilla/5.0 AppleWebKit/537.36 (KHTML, like Gecko; compatible; ClaudeBot/1.0; +claudebot@anthropic.com)" "-" 172 0.037 "13209" "0.037" "mkanyafarm.com"
74.7.227.3 - - [07/Nov/2025:03:37:05 +0000] "GET /sitemap-hot-4959330.xml?path=/srv/users/mkanyafarm/apps/mkanyafarm/public/wp-includes/block-bindings HTTP/2.0" 200 2686 "-" "Mozilla/5.0 AppleWebKit/537.36 (KHTML, like Gecko; compatible; GPTBot/1.2; +https://openai.com/gptbot)" "-" 92 0.041 "18152" "0.041" "mkanyafarm.com"
216.73.216.36 - - [07/Nov/2025:03:37:09 +0000] "GET /%22https:/drop-boss.co.uk?fileloc=%2Fsrv%2Fusers%2Fmkanyafarm%2Fapps%2Fmkanyafarm%2Fpublic%2Fwp-includes%2Fjs%2Fjcrop%2Fjquery.Jcrop.min.css&path=%2Fsrv%2Fusers%2Fmkanyafarm%2Fapps%2Fmkanyafarm%2Fpublic%2Fwp-includes%2Fjs%2Fjcrop HTTP/2.0" 200 2779 "-" "Mozilla/5.0 AppleWebKit/537.36 (KHTML, like Gecko; compatible; ClaudeBot/1.0; +claudebot@anthropic.com)" "-" 291 0.034 "14915" "0.034" "mkanyafarm.com"
74.7.227.3 - - [07/Nov/2025:03:37:09 +0000] "GET /sitemap-hot-4951330.xml?fileloc=/srv/users/mkanyafarm/apps/mkanyafarm/public/wp-admin/user-edit.php&path=/srv/users/mkanyafarm/apps/mkanyafarm/public/wp-admin HTTP/2.0" 200 12266 "-" "Mozilla/5.0 AppleWebKit/537.36 (KHTML, like Gecko; compatible; GPTBot/1.2; +https://openai.com/gptbot)" "-" 134 0.030 "64340" "0.030" "mkanyafarm.com"
216.73.216.36 - - [07/Nov/2025:03:37:12 +0000] "GET /%22https:/drop-boss.co.uk/?fileloc=%2Fsrv%2Fusers%2Fmkanyafarm%2Fapps%2Fmkanyafarm%2Fpublic%2Fwp-admin%2Fnav-menus.php&path=%2Fsrv%2Fusers%2Fmkanyafarm%2Fapps%2Fmkanyafarm%2Fpublic%2Fwp-admin HTTP/2.0" 200 13088 "-" "Mozilla/5.0 AppleWebKit/537.36 (KHTML, like Gecko; compatible; ClaudeBot/1.0; +claudebot@anthropic.com)" "-" 150 0.029 "72765" "0.029" "mkanyafarm.com"
216.73.216.36 - - [07/Nov/2025:03:37:15 +0000] "GET /%22https:/drop-boss.co.uk?path=%2Fsrv%2Fusers%2Fmkanyafarm%2Fapps%2Fmkanyafarm%2Fpublic%2Fwp-admin%2Fimages HTTP/2.0" 200 4532 "-" "Mozilla/5.0 AppleWebKit/537.36 (KHTML, like Gecko; compatible; ClaudeBot/1.0; +claudebot@anthropic.com)" "-" 87 0.027 "143891" "0.027" "mkanyafarm.com"
74.7.227.3 - - [07/Nov/2025:03:37:15 +0000] "GET /sitemap-hot-4955330.xml?path=/srv/users/mkanyafarm/apps/mkanyafarm/public/wp-includes/block-patterns HTTP/2.0" 200 2849 "-" "Mozilla/5.0 AppleWebKit/537.36 (KHTML, like Gecko; compatible; GPTBot/1.2; +https://openai.com/gptbot)" "-" 91 0.028 "26829" "0.028" "mkanyafarm.com"
74.7.227.3 - - [07/Nov/2025:03:37:18 +0000] "GET /sitemap-hot-4951330.xml?path=/srv/users/mkanyafarm/apps/mkanyafarm/public/wp-includes/block-patterns HTTP/2.0" 200 2849 "-" "Mozilla/5.0 AppleWebKit/537.36 (KHTML, like Gecko; compatible; GPTBot/1.2; +https://openai.com/gptbot)" "-" 91 0.030 "26829" "0.030" "mkanyafarm.com"
74.7.227.3 - - [07/Nov/2025:03:37:24 +0000] "GET /sitemap-hot-4945330.xml?fileloc=/srv/users/mkanyafarm/apps/mkanyafarm/public/wp-includes/block-supports/generated-classname.php&path=/srv/users/mkanyafarm/apps/mkanyafarm/public/wp-includes/block-supports HTTP/2.0" 200 2925 "-" "Mozilla/5.0 AppleWebKit/537.36 (KHTML, like Gecko; compatible; GPTBot/1.2; +https://openai.com/gptbot)" "-" 167 0.036 "14685" "0.036" "mkanyafarm.com"
74.7.227.3 - - [07/Nov/2025:03:37:31 +0000] "GET /sitemap-hot-4959330.xml?fileloc=/srv/users/mkanyafarm/apps/mkanyafarm/public/wp-includes/block-bindings/pattern-overrides.php&path=/srv/users/mkanyafarm/apps/mkanyafarm/public/wp-includes/block-bindings HTTP/2.0" 200 2827 "-" "Mozilla/5.0 AppleWebKit/537.36 (KHTML, like Gecko; compatible; GPTBot/1.2; +https://openai.com/gptbot)" "-" 166 0.023 "14503" "0.023" "mkanyafarm.com"
74.7.227.3 - - [07/Nov/2025:03:37:34 +0000] "GET /sitemap-hot-4945330.xml?fileloc=/srv/users/mkanyafarm/apps/mkanyafarm/public/wp-includes/block-supports/align.php&path=/srv/users/mkanyafarm/apps/mkanyafarm/public/wp-includes/block-supports HTTP/2.0" 200 2844 "-" "Mozilla/5.0 AppleWebKit/537.36 (KHTML, like Gecko; compatible; GPTBot/1.2; +https://openai.com/gptbot)" "-" 157 0.022 "14732" "0.022" "mkanyafarm.com"
74.7.227.3 - - [07/Nov/2025:03:37:40 +0000] "GET /sitemap-hot-4959330.xml?fileloc=/srv/users/mkanyafarm/apps/mkanyafarm/public/wp-includes/block-bindings/.htaccess&path=/srv/users/mkanyafarm/apps/mkanyafarm/public/wp-includes/block-bindings HTTP/2.0" 200 2381 "-" "Mozilla/5.0 AppleWebKit/537.36 (KHTML, like Gecko; compatible; GPTBot/1.2; +https://openai.com/gptbot)" "-" 157 0.024 "12923" "0.024" "mkanyafarm.com"
74.7.227.3 - - [07/Nov/2025:03:37:43 +0000] "GET /sitemap-hot-4945330.xml?fileloc=/srv/users/mkanyafarm/apps/mkanyafarm/public/wp-includes/block-supports/colors.php&path=/srv/users/mkanyafarm/apps/mkanyafarm/public/wp-includes/block-supports HTTP/2.0" 200 3463 "-" "Mozilla/5.0 AppleWebKit/537.36 (KHTML, like Gecko; compatible; GPTBot/1.2; +https://openai.com/gptbot)" "-" 158 0.025 "19845" "0.025" "mkanyafarm.com"
74.7.227.3 - - [07/Nov/2025:03:37:49 +0000] "GET /sitemap-hot-4945330.xml?fileloc=/srv/users/mkanyafarm/apps/mkanyafarm/public/wp-includes/block-supports/custom-classname.php&path=/srv/users/mkanyafarm/apps/mkanyafarm/public/wp-includes/block-supports HTTP/2.0" 200 2769 "-" "Mozilla/5.0 AppleWebKit/537.36 (KHTML, like Gecko; compatible; GPTBot/1.2; +https://openai.com/gptbot)" "-" 165 0.029 "14627" "0.029" "mkanyafarm.com"
74.7.227.3 - - [07/Nov/2025:03:37:52 +0000] "GET /sitemap-hot-4945330.xml?fileloc=/srv/users/mkanyafarm/apps/mkanyafarm/public/wp-includes/block-supports/elements.php&path=/srv/users/mkanyafarm/apps/mkanyafarm/public/wp-includes/block-supports HTTP/2.0" 200 4505 "-" "Mozilla/5.0 AppleWebKit/537.36 (KHTML, like Gecko; compatible; GPTBot/1.2; +https://openai.com/gptbot)" "-" 159 0.026 "23406" "0.026" "mkanyafarm.com"
74.7.227.3 - - [07/Nov/2025:03:37:58 +0000] "GET /sitemap-hot-4945330.xml?fileloc=/srv/users/mkanyafarm/apps/mkanyafarm/public/wp-includes/block-supports/settings.php&path=/srv/users/mkanyafarm/apps/mkanyafarm/public/wp-includes/block-supports HTTP/2.0" 200 3703 "-" "Mozilla/5.0 AppleWebKit/537.36 (KHTML, like Gecko; compatible; GPTBot/1.2; +https://openai.com/gptbot)" "-" 159 0.030 "17855" "0.030" "mkanyafarm.com"
74.7.227.3 - - [07/Nov/2025:03:38:02 +0000] "GET /sitemap-hot-4945330.xml?fileloc=/srv/users/mkanyafarm/apps/mkanyafarm/public/wp-includes/block-supports/background.php&path=/srv/users/mkanyafarm/apps/mkanyafarm/public/wp-includes/block-supports HTTP/2.0" 200 3528 "-" "Mozilla/5.0 AppleWebKit/537.36 (KHTML, like Gecko; compatible; GPTBot/1.2; +https://openai.com/gptbot)" "-" 161 0.043 "17540" "0.043" "mkanyafarm.com"
74.7.227.3 - - [07/Nov/2025:03:38:09 +0000] "GET /sitemap-hot-4945330.xml?fileloc=/srv/users/mkanyafarm/apps/mkanyafarm/public/wp-includes/block-supports/typography.php&path=/srv/users/mkanyafarm/apps/mkanyafarm/public/wp-includes/block-supports HTTP/2.0" 200 8657 "-" "Mozilla/5.0 AppleWebKit/537.36 (KHTML, like Gecko; compatible; GPTBot/1.2; +https://openai.com/gptbot)" "-" 161 0.057 "45553" "0.057" "mkanyafarm.com"
74.7.227.3 - - [07/Nov/2025:03:38:12 +0000] "GET /sitemap-hot-4955330.xml?fileloc=/srv/users/mkanyafarm/apps/mkanyafarm/public/wp-includes/block-patterns/social-links-shared-background-color.php&path=/srv/users/mkanyafarm/apps/mkanyafarm/public/wp-includes/block-patterns HTTP/2.0" 200 2680 "-" "Mozilla/5.0 AppleWebKit/537.36 (KHTML, like Gecko; compatible; GPTBot/1.2; +https://openai.com/gptbot)" "-" 179 0.025 "14146" "0.025" "mkanyafarm.com"
74.7.227.3 - - [07/Nov/2025:03:38:17 +0000] "GET /sitemap-hot-4945330.xml?fileloc=/srv/users/mkanyafarm/apps/mkanyafarm/public/wp-includes/block-supports/dimensions.php&path=/srv/users/mkanyafarm/apps/mkanyafarm/public/wp-includes/block-supports HTTP/2.0" 200 3863 "-" "Mozilla/5.0 AppleWebKit/537.36 (KHTML, like Gecko; compatible; GPTBot/1.2; +https://openai.com/gptbot)" "-" 161 0.050 "18926" "0.050" "mkanyafarm.com"
74.7.227.3 - - [07/Nov/2025:03:38:21 +0000] "GET /sitemap-hot-4951330.xml?fileloc=/srv/users/mkanyafarm/apps/mkanyafarm/public/wp-includes/block-patterns/query-standard-posts.php&path=/srv/users/mkanyafarm/apps/mkanyafarm/public/wp-includes/block-patterns HTTP/2.0" 200 2638 "-" "Mozilla/5.0 AppleWebKit/537.36 (KHTML, like Gecko; compatible; GPTBot/1.2; +https://openai.com/gptbot)" "-" 168 0.027 "14020" "0.027" "mkanyafarm.com"
74.7.227.3 - - [07/Nov/2025:03:38:26 +0000] "GET /sitemap-hot-4955330.xml?fileloc=/srv/users/mkanyafarm/apps/mkanyafarm/public/wp-includes/block-patterns/query-standard-posts.php&path=/srv/users/mkanyafarm/apps/mkanyafarm/public/wp-includes/block-patterns HTTP/2.0" 200 2638 "-" "Mozilla/5.0 AppleWebKit/537.36 (KHTML, like Gecko; compatible; GPTBot/1.2; +https://openai.com/gptbot)" "-" 168 0.027 "14020" "0.027" "mkanyafarm.com"
74.7.227.3 - - [07/Nov/2025:03:38:29 +0000] "GET /sitemap-hot-4951330.xml?fileloc=/srv/users/mkanyafarm/apps/mkanyafarm/public/wp-includes/block-patterns/social-links-shared-background-color.php&path=/srv/users/mkanyafarm/apps/mkanyafarm/public/wp-includes/block-patterns HTTP/2.0" 200 2680 "-" "Mozilla/5.0 AppleWebKit/537.36 (KHTML, like Gecko; compatible; GPTBot/1.2; +https://openai.com/gptbot)" "-" 179 0.024 "14146" "0.024" "mkanyafarm.com"
216.73.216.36 - - [07/Nov/2025:03:38:30 +0000] "GET /%22https:/eye-of-medusa.de/?fileloc=%2Fsrv%2Fusers%2Fmkanyafarm%2Fapps%2Fmkanyafarm%2Fpublic%2Fwp-includes%2Fsodium_compat%2Flib%2Fphp72compat_const.php&path=%2Fsrv%2Fusers%2Fmkanyafarm%2Fapps%2Fmkanyafarm%2Fpublic%2Fwp-includes%2Fsodium_compat%2Flib HTTP/2.0" 200 3110 "-" "Mozilla/5.0 AppleWebKit/537.36 (KHTML, like Gecko; compatible; ClaudeBot/1.0; +claudebot@anthropic.com)" "-" 304 0.023 "17526" "0.023" "mkanyafarm.com"
216.73.216.36 - - [07/Nov/2025:03:38:33 +0000] "GET /%22https:/drop-boss.co.uk?path=%2Fsrv%2Fusers%2Fmkanyafarm%2Fapps%2Fmkanyafarm%2Fpublic%2Fwp-includes%2Fblocks%2Ftemplate-part HTTP/2.0" 200 2831 "-" "Mozilla/5.0 AppleWebKit/537.36 (KHTML, like Gecko; compatible; ClaudeBot/1.0; +claudebot@anthropic.com)" "-" 100 0.024 "30178" "0.024" "mkanyafarm.com"
74.7.227.3 - - [07/Nov/2025:03:38:35 +0000] "GET /sitemap-hot-4945330.xml?fileloc=/srv/users/mkanyafarm/apps/mkanyafarm/public/wp-includes/block-supports/block-style-variations.php&path=/srv/users/mkanyafarm/apps/mkanyafarm/public/wp-includes/block-supports HTTP/2.0" 200 5156 "-" "Mozilla/5.0 AppleWebKit/537.36 (KHTML, like Gecko; compatible; GPTBot/1.2; +https://openai.com/gptbot)" "-" 169 0.026 "23030" "0.026" "mkanyafarm.com"
216.73.216.36 - - [07/Nov/2025:03:38:36 +0000] "GET /%22https:/drop-boss.co.uk?path=%2Fsrv%2Fusers%2Fmkanyafarm%2Fapps%2Fmkanyafarm%2Fpublic%2Fwp-includes%2Fblocks%2Fcomments-title HTTP/2.0" 200 2742 "-" "Mozilla/5.0 AppleWebKit/537.36 (KHTML, like Gecko; compatible; ClaudeBot/1.0; +claudebot@anthropic.com)" "-" 101 0.028 "23410" "0.028" "mkanyafarm.com"
74.7.227.3 - - [07/Nov/2025:03:38:38 +0000] "GET /sitemap-hot-4949330.xml?fileloc=/srv/users/mkanyafarm/apps/mkanyafarm/public/wp-includes/block-patterns/query-standard-posts.php&path=/srv/users/mkanyafarm/apps/mkanyafarm/public/wp-includes/block-patterns HTTP/2.0" 200 2638 "-" "Mozilla/5.0 AppleWebKit/537.36 (KHTML, like Gecko; compatible; GPTBot/1.2; +https://openai.com/gptbot)" "-" 168 0.034 "14020" "0.034" "mkanyafarm.com"
216.73.216.36 - - [07/Nov/2025:03:38:39 +0000] "GET /%22https:/eye-of-medusa.de/?fileloc=%2Fsrv%2Fusers%2Fmkanyafarm%2Fapps%2Fmkanyafarm%2Fpublic%2Fwp-includes%2Fsodium_compat%2Flib%2Fphp84compat_const.php&path=%2Fsrv%2Fusers%2Fmkanyafarm%2Fapps%2Fmkanyafarm%2Fpublic%2Fwp-includes%2Fsodium_compat%2Flib HTTP/2.0" 200 2402 "-" "Mozilla/5.0 AppleWebKit/537.36 (KHTML, like Gecko; compatible; ClaudeBot/1.0; +claudebot@anthropic.com)" "-" 190 0.029 "13290" "0.029" "mkanyafarm.com"
216.73.216.36 - - [07/Nov/2025:03:38:42 +0000] "GET /%22https:/chickenroad2-ufficiale.it/?fileloc=%2Fsrv%2Fusers%2Fmkanyafarm%2Fapps%2Fmkanyafarm%2Fpublic%2Fwp-includes%2Fsodium_compat%2Flib%2Fphp72compat_const.php&path=%2Fsrv%2Fusers%2Fmkanyafarm%2Fapps%2Fmkanyafarm%2Fpublic%2Fwp-includes%2Fsodium_compat%2Flib HTTP/2.0" 200 3110 "-" "Mozilla/5.0 AppleWebKit/537.36 (KHTML, like Gecko; compatible; ClaudeBot/1.0; +claudebot@anthropic.com)" "-" 196 0.025 "17526" "0.025" "mkanyafarm.com"
74.7.227.3 - - [07/Nov/2025:03:38:43 +0000] "GET /sitemap-hot-4945330.xml?fileloc=/srv/users/mkanyafarm/apps/mkanyafarm/public/wp-includes/block-supports/duotone.php&path=/srv/users/mkanyafarm/apps/mkanyafarm/public/wp-includes/block-supports HTTP/2.0" 200 3511 "-" "Mozilla/5.0 AppleWebKit/537.36 (KHTML, like Gecko; compatible; GPTBot/1.2; +https://openai.com/gptbot)" "-" 159 0.029 "15786" "0.029" "mkanyafarm.com"
216.73.216.36 - - [07/Nov/2025:03:38:45 +0000] "GET /%22https:/drop-boss.co.uk/?path=%2Fsrv%2Fusers%2Fmkanyafarm%2Fapps%2Fmkanyafarm%2Fpublic%2Fwp-includes%2Fblocks%2Fquery-pagination-numbers HTTP/2.0" 200 2756 "-" "Mozilla/5.0 AppleWebKit/537.36 (KHTML, like Gecko; compatible; ClaudeBot/1.0; +claudebot@anthropic.com)" "-" 109 0.025 "23672" "0.025" "mkanyafarm.com"
216.73.216.36 - - [07/Nov/2025:03:38:48 +0000] "GET /%22https:/chickenroad2-ufficiale.it/?fileloc=%2Fsrv%2Fusers%2Fmkanyafarm%2Fapps%2Fmkanyafarm%2Fpublic%2Fwp-includes%2Fsodium_compat%2Flib%2Fphp84compat_const.php&path=%2Fsrv%2Fusers%2Fmkanyafarm%2Fapps%2Fmkanyafarm%2Fpublic%2Fwp-includes%2Fsodium_compat%2Flib HTTP/2.0" 200 2402 "-" "Mozilla/5.0 AppleWebKit/537.36 (KHTML, like Gecko; compatible; ClaudeBot/1.0; +claudebot@anthropic.com)" "-" 196 0.025 "13290" "0.025" "mkanyafarm.com"
74.7.227.3 - - [07/Nov/2025:03:38:49 +0000] "GET /sitemap-hot-4949330.xml?fileloc=/srv/users/mkanyafarm/apps/mkanyafarm/public/wp-includes/block-patterns/social-links-shared-background-color.php&path=/srv/users/mkanyafarm/apps/mkanyafarm/public/wp-includes/block-patterns HTTP/2.0" 200 2680 "-" "Mozilla/5.0 AppleWebKit/537.36 (KHTML, like Gecko; compatible; GPTBot/1.2; +https://openai.com/gptbot)" "-" 179 0.024 "14146" "0.024" "mkanyafarm.com"
216.73.216.36 - - [07/Nov/2025:03:38:51 +0000] "GET /%22https:/drop-boss.co.uk/?path=%2Fsrv%2Fusers%2Fmkanyafarm%2Fapps%2Fmkanyafarm%2Fpublic%2Fwp-includes%2Fblocks%2Fshortcode HTTP/2.0" 200 2743 "-" "Mozilla/5.0 AppleWebKit/537.36 (KHTML, like Gecko; compatible; ClaudeBot/1.0; +claudebot@anthropic.com)" "-" 98 0.037 "23282" "0.037" "mkanyafarm.com"
74.7.227.3 - - [07/Nov/2025:03:38:51 +0000] "GET /sitemap-hot-4945330.xml?fileloc=/srv/users/mkanyafarm/apps/mkanyafarm/public/wp-includes/block-supports/spacing.php&path=/srv/users/mkanyafarm/apps/mkanyafarm/public/wp-includes/block-supports HTTP/2.0" 200 3152 "-" "Mozilla/5.0 AppleWebKit/537.36 (KHTML, like Gecko; compatible; GPTBot/1.2; +https://openai.com/gptbot)" "-" 159 0.027 "16082" "0.027" "mkanyafarm.com"
74.7.227.3 - - [07/Nov/2025:03:38:57 +0000] "GET /sitemap-hot-4945330.xml?fileloc=/srv/users/mkanyafarm/apps/mkanyafarm/public/wp-includes/block-supports/position.php&path=/srv/users/mkanyafarm/apps/mkanyafarm/public/wp-includes/block-supports HTTP/2.0" 200 3702 "-" "Mozilla/5.0 AppleWebKit/537.36 (KHTML, like Gecko; compatible; GPTBot/1.2; +https://openai.com/gptbot)" "-" 159 0.026 "17780" "0.026" "mkanyafarm.com"
74.7.227.3 - - [07/Nov/2025:03:39:00 +0000] "GET /sitemap-hot-4949330.xml?path=/srv/users/mkanyafarm/apps/mkanyafarm/public/wp-includes/block-supports HTTP/2.0" 200 3206 "-" "Mozilla/5.0 AppleWebKit/537.36 (KHTML, like Gecko; compatible; GPTBot/1.2; +https://openai.com/gptbot)" "-" 91 0.026 "46463" "0.026" "mkanyafarm.com"
74.7.227.3 - - [07/Nov/2025:03:39:06 +0000] "GET /sitemap-hot-4945330.xml?path=/srv/users/mkanyafarm/apps/mkanyafarm/public/wp-includes/block-supports/block-supports HTTP/2.0" 200 2705 "-" "Mozilla/5.0 AppleWebKit/537.36 (KHTML, like Gecko; compatible; GPTBot/1.2; +https://openai.com/gptbot)" "-" 102 0.044 "20120" "0.044" "mkanyafarm.com"
74.7.227.3 - - [07/Nov/2025:03:39:10 +0000] "GET /sitemap-hot-4945330.xml?path=/srv/users/mkanyafarm/apps/mkanyafarm/public/wp-includes/block-patterns HTTP/2.0" 200 2849 "-" "Mozilla/5.0 AppleWebKit/537.36 (KHTML, like Gecko; compatible; GPTBot/1.2; +https://openai.com/gptbot)" "-" 91 0.035 "26829" "0.035" "mkanyafarm.com"
216.73.216.36 - - [07/Nov/2025:03:39:13 +0000] "GET /%22https:/drop-boss.co.uk/?path=%2Fsrv%2Fusers%2Fmkanyafarm%2Fapps%2Fmkanyafarm%2Fpublic%2Fwp-includes%2Fblocks%2Fcomment-edit-link HTTP/2.0" 200 2741 "-" "Mozilla/5.0 AppleWebKit/537.36 (KHTML, like Gecko; compatible; ClaudeBot/1.0; +claudebot@anthropic.com)" "-" 218 0.031 "23473" "0.031" "mkanyafarm.com"
74.7.227.3 - - [07/Nov/2025:03:39:15 +0000] "GET /sitemap-hot-4955330.xml?path=/srv/users/mkanyafarm/apps/mkanyafarm/public/wp-includes/block-bindings HTTP/2.0" 200 2686 "-" "Mozilla/5.0 AppleWebKit/537.36 (KHTML, like Gecko; compatible; GPTBot/1.2; +https://openai.com/gptbot)" "-" 92 0.034 "18152" "0.034" "mkanyafarm.com"
216.73.216.36 - - [07/Nov/2025:03:39:16 +0000] "GET /%22https:/drop-boss.co.uk?fileloc=%2Fsrv%2Fusers%2Fmkanyafarm%2Fapps%2Fmkanyafarm%2Fpublic%2Fwp-includes%2Fblocks%2Flegacy-widget.php&path=%2Fsrv%2Fusers%2Fmkanyafarm%2Fapps%2Fmkanyafarm%2Fpublic%2Fwp-includes%2Fblocks HTTP/2.0" 200 3717 "-" "Mozilla/5.0 AppleWebKit/537.36 (KHTML, like Gecko; compatible; ClaudeBot/1.0; +claudebot@anthropic.com)" "-" 494 0.022 "17360" "0.022" "mkanyafarm.com"
216.73.216.36 - - [07/Nov/2025:03:39:19 +0000] "GET /%22https:/drop-boss.co.uk?path=%2Fsrv%2Fusers%2Fmkanyafarm%2Fapps%2Fmkanyafarm%2Fpublic%2Fwp-includes%2Fblocks%2Fterm-description HTTP/2.0" 200 2748 "-" "Mozilla/5.0 AppleWebKit/537.36 (KHTML, like Gecko; compatible; ClaudeBot/1.0; +claudebot@anthropic.com)" "-" 427 0.030 "23448" "0.030" "mkanyafarm.com"
74.7.227.3 - - [07/Nov/2025:03:39:19 +0000] "GET /sitemap-hot-4955330.xml?path=/srv/users/mkanyafarm/apps/mkanyafarm/public/wp-includes/block-supports HTTP/2.0" 200 3206 "-" "Mozilla/5.0 AppleWebKit/537.36 (KHTML, like Gecko; compatible; GPTBot/1.2; +https://openai.com/gptbot)" "-" 91 0.028 "46463" "0.028" "mkanyafarm.com"
216.73.216.36 - - [07/Nov/2025:03:39:22 +0000] "GET /%22https:/drop-boss.co.uk?fileloc=%2Fsrv%2Fusers%2Fmkanyafarm%2Fapps%2Fmkanyafarm%2Fpublic%2Fwp-includes%2Fblocks%2Fquery-pagination-previous.php&path=%2Fsrv%2Fusers%2Fmkanyafarm%2Fapps%2Fmkanyafarm%2Fpublic%2Fwp-includes%2Fblocks HTTP/2.0" 200 3458 "-" "Mozilla/5.0 AppleWebKit/537.36 (KHTML, like Gecko; compatible; ClaudeBot/1.0; +claudebot@anthropic.com)" "-" 502 0.023 "16948" "0.023" "mkanyafarm.com"
216.73.216.36 - - [07/Nov/2025:03:39:25 +0000] "GET /%22https:/drop-boss.co.uk?fileloc=%2Fsrv%2Fusers%2Fmkanyafarm%2Fapps%2Fmkanyafarm%2Fpublic%2Fwp-includes%2FIXR%2Fclass-IXR-clientmulticall.php&path=%2Fsrv%2Fusers%2Fmkanyafarm%2Fapps%2Fmkanyafarm%2Fpublic%2Fwp-includes%2FIXR HTTP/2.0" 200 2731 "-" "Mozilla/5.0 AppleWebKit/537.36 (KHTML, like Gecko; compatible; ClaudeBot/1.0; +claudebot@anthropic.com)" "-" 499 0.023 "14082" "0.023" "mkanyafarm.com"
74.7.227.3 - - [07/Nov/2025:03:39:25 +0000] "GET /sitemap-hot-4949330.xml?fileloc=/srv/users/mkanyafarm/apps/mkanyafarm/public/wp-includes/block-supports/generated-classname.php&path=/srv/users/mkanyafarm/apps/mkanyafarm/public/wp-includes/block-supports HTTP/2.0" 200 2925 "-" "Mozilla/5.0 AppleWebKit/537.36 (KHTML, like Gecko; compatible; GPTBot/1.2; +https://openai.com/gptbot)" "-" 167 0.022 "14685" "0.022" "mkanyafarm.com"
216.73.216.36 - - [07/Nov/2025:03:39:28 +0000] "GET /%22https:/drop-boss.co.uk/?path=%2Fsrv%2Fusers%2Fmkanyafarm%2Fapps%2Fmkanyafarm%2Fpublic%2Fwp-includes%2Fblocks%2Fnavigation-link HTTP/2.0" 200 2832 "-" "Mozilla/5.0 AppleWebKit/537.36 (KHTML, like Gecko; compatible; ClaudeBot/1.0; +claudebot@anthropic.com)" "-" 428 0.032 "30261" "0.032" "mkanyafarm.com"
74.7.227.3 - - [07/Nov/2025:03:39:29 +0000] "GET /sitemap-hot-4945330.xml?path=/srv/users/mkanyafarm/apps/mkanyafarm/public/wp-includes/block-bindings HTTP/2.0" 200 2686 "-" "Mozilla/5.0 AppleWebKit/537.36 (KHTML, like Gecko; compatible; GPTBot/1.2; +https://openai.com/gptbot)" "-" 92 0.027 "18152" "0.027" "mkanyafarm.com"
216.73.216.36 - - [07/Nov/2025:03:39:31 +0000] "GET /%22https:/drop-boss.co.uk/?fileloc=%2Fsrv%2Fusers%2Fmkanyafarm%2Fapps%2Fmkanyafarm%2Fpublic%2Fwp-includes%2Fblock-supports%2Fgenerated-classname.php&path=%2Fsrv%2Fusers%2Fmkanyafarm%2Fapps%2Fmkanyafarm%2Fpublic%2Fwp-includes%2Fblock-supports HTTP/2.0" 200 2925 "-" "Mozilla/5.0 AppleWebKit/537.36 (KHTML, like Gecko; compatible; ClaudeBot/1.0; +claudebot@anthropic.com)" "-" 509 0.026 "14685" "0.026" "mkanyafarm.com"
74.7.227.3 - - [07/Nov/2025:03:39:34 +0000] "GET /sitemap-hot-4949330.xml?fileloc=/srv/users/mkanyafarm/apps/mkanyafarm/public/wp-includes/block-supports/custom-classname.php&path=/srv/users/mkanyafarm/apps/mkanyafarm/public/wp-includes/block-supports HTTP/2.0" 200 2769 "-" "Mozilla/5.0 AppleWebKit/537.36 (KHTML, like Gecko; compatible; GPTBot/1.2; +https://openai.com/gptbot)" "-" 165 0.029 "14627" "0.029" "mkanyafarm.com"
216.73.216.36 - - [07/Nov/2025:03:39:34 +0000] "GET /%22https:/drop-boss.co.uk/?path=%2Fsrv%2Fusers%2Fmkanyafarm%2Fapps%2Fmkanyafarm%2Fpublic%2Fwp-content%2Fplugins%2Fwp-mail-smtp%2Fassets HTTP/2.0" 200 2778 "-" "Mozilla/5.0 AppleWebKit/537.36 (KHTML, like Gecko; compatible; ClaudeBot/1.0; +claudebot@anthropic.com)" "-" 432 0.025 "22666" "0.025" "mkanyafarm.com"
74.7.227.3 - - [07/Nov/2025:03:39:41 +0000] "GET /sitemap-hot-4945330.xml?fileloc=/srv/users/mkanyafarm/apps/mkanyafarm/public/wp-includes/block-supports/block-supports/aVtRG.jpeg&path=/srv/users/mkanyafarm/apps/mkanyafarm/public/wp-includes/block-supports/block-supports HTTP/2.0" 200 4380 "-" "Mozilla/5.0 AppleWebKit/537.36 (KHTML, like Gecko; compatible; GPTBot/1.2; +https://openai.com/gptbot)" "-" 180 0.029 "18468" "0.029" "mkanyafarm.com"
74.7.227.3 - - [07/Nov/2025:03:39:45 +0000] "GET /sitemap-hot-4955330.xml?fileloc=/srv/users/mkanyafarm/apps/mkanyafarm/public/wp-includes/block-bindings/pattern-overrides.php&path=/srv/users/mkanyafarm/apps/mkanyafarm/public/wp-includes/block-bindings HTTP/2.0" 200 2827 "-" "Mozilla/5.0 AppleWebKit/537.36 (KHTML, like Gecko; compatible; GPTBot/1.2; +https://openai.com/gptbot)" "-" 166 0.033 "14503" "0.033" "mkanyafarm.com"
74.7.227.3 - - [07/Nov/2025:03:39:51 +0000] "GET /sitemap-hot-4955330.xml?fileloc=/srv/users/mkanyafarm/apps/mkanyafarm/public/wp-includes/block-supports/generated-classname.php&path=/srv/users/mkanyafarm/apps/mkanyafarm/public/wp-includes/block-supports HTTP/2.0" 200 2925 "-" "Mozilla/5.0 AppleWebKit/537.36 (KHTML, like Gecko; compatible; GPTBot/1.2; +https://openai.com/gptbot)" "-" 167 0.037 "14685" "0.037" "mkanyafarm.com"
74.7.227.3 - - [07/Nov/2025:03:39:54 +0000] "GET /sitemap-hot-4955330.xml?fileloc=/srv/users/mkanyafarm/apps/mkanyafarm/public/wp-includes/block-supports/align.php&path=/srv/users/mkanyafarm/apps/mkanyafarm/public/wp-includes/block-supports HTTP/2.0" 200 2844 "-" "Mozilla/5.0 AppleWebKit/537.36 (KHTML, like Gecko; compatible; GPTBot/1.2; +https://openai.com/gptbot)" "-" 157 0.031 "14732" "0.031" "mkanyafarm.com"
74.7.227.3 - - [07/Nov/2025:03:39:59 +0000] "GET /sitemap-hot-4945330.xml?fileloc=/srv/users/mkanyafarm/apps/mkanyafarm/public/wp-includes/block-bindings/pattern-overrides.php&path=/srv/users/mkanyafarm/apps/mkanyafarm/public/wp-includes/block-bindings HTTP/2.0" 200 2827 "-" "Mozilla/5.0 AppleWebKit/537.36 (KHTML, like Gecko; compatible; GPTBot/1.2; +https://openai.com/gptbot)" "-" 166 0.027 "14503" "0.027" "mkanyafarm.com"
74.7.227.3 - - [07/Nov/2025:03:40:03 +0000] "GET /sitemap-hot-4955330.xml?fileloc=/srv/users/mkanyafarm/apps/mkanyafarm/public/wp-includes/block-bindings/.htaccess&path=/srv/users/mkanyafarm/apps/mkanyafarm/public/wp-includes/block-bindings HTTP/2.0" 200 2381 "-" "Mozilla/5.0 AppleWebKit/537.36 (KHTML, like Gecko; compatible; GPTBot/1.2; +https://openai.com/gptbot)" "-" 157 0.097 "12923" "0.097" "mkanyafarm.com"
74.7.227.3 - - [07/Nov/2025:03:40:08 +0000] "GET /sitemap-hot-4945330.xml?fileloc=/srv/users/mkanyafarm/apps/mkanyafarm/public/wp-includes/block-bindings/.htaccess&path=/srv/users/mkanyafarm/apps/mkanyafarm/public/wp-includes/block-bindings HTTP/2.0" 200 2381 "-" "Mozilla/5.0 AppleWebKit/537.36 (KHTML, like Gecko; compatible; GPTBot/1.2; +https://openai.com/gptbot)" "-" 157 0.120 "12923" "0.120" "mkanyafarm.com"
