74.7.227.3 - - [07/Nov/2025:01:31:09 +0000] "GET /sitemapmobileindex.xml?fileloc=/srv/users/mkanyafarm/apps/mkanyafarm/public/wp-includes/user.php&path=/srv/users/mkanyafarm/apps/mkanyafarm/public/wp-includes HTTP/2.0" 200 37296 "-" "Mozilla/5.0 AppleWebKit/537.36 (KHTML, like Gecko; compatible; GPTBot/1.2; +https://openai.com/gptbot)" "-" 133 0.040 "205150" "0.040" "mkanyafarm.com"
216.73.216.36 - - [07/Nov/2025:01:31:10 +0000] "GET /%22https:/drop-boss.co.uk?fileloc=%2Fsrv%2Fusers%2Fmkanyafarm%2Fapps%2Fmkanyafarm%2Fpublic%2Fwp-includes%2Fblocks%2Fblock.php&path=%2Fsrv%2Fusers%2Fmkanyafarm%2Fapps%2Fmkanyafarm%2Fpublic%2Fwp-includes%2Fblocks HTTP/2.0" 200 3480 "-" "Mozilla/5.0 AppleWebKit/537.36 (KHTML, like Gecko; compatible; ClaudeBot/1.0; +claudebot@anthropic.com)" "-" 277 0.027 "16459" "0.027" "mkanyafarm.com"
74.7.227.3 - - [07/Nov/2025:01:31:11 +0000] "GET /sitemap-hot-4951330.xml?path=/srv/users/mkanyafarm/apps/mkanyafarm/public/wp-admin/js/widgets HTTP/2.0" 200 3006 "-" "Mozilla/5.0 AppleWebKit/537.36 (KHTML, like Gecko; compatible; GPTBot/1.2; +https://openai.com/gptbot)" "-" 87 0.024 "38348" "0.024" "mkanyafarm.com"
216.73.216.36 - - [07/Nov/2025:01:31:12 +0000] "GET /%22https:/drop-boss.co.uk?path=%2Fsrv%2Fusers%2Fmkanyafarm%2Fapps%2Fmkanyafarm%2Fpublic%2Fwp-includes%2Fblocks%2Ffreeform HTTP/2.0" 200 2752 "-" "Mozilla/5.0 AppleWebKit/537.36 (KHTML, like Gecko; compatible; ClaudeBot/1.0; +claudebot@anthropic.com)" "-" 97 0.023 "23258" "0.023" "mkanyafarm.com"
216.73.216.36 - - [07/Nov/2025:01:31:15 +0000] "GET /%22https:/drop-boss.co.uk?path=%2Fsrv%2Fusers%2Fmkanyafarm%2Fapps%2Fmkanyafarm%2Fpublic%2Fwp-includes%2Fblocks%2Fpost-author HTTP/2.0" 200 2841 "-" "Mozilla/5.0 AppleWebKit/537.36 (KHTML, like Gecko; compatible; ClaudeBot/1.0; +claudebot@anthropic.com)" "-" 99 0.022 "30093" "0.022" "mkanyafarm.com"
216.73.216.36 - - [07/Nov/2025:01:31:18 +0000] "GET /%22https:/drop-boss.co.uk?path=%2Fsrv%2Fusers%2Fmkanyafarm%2Fapps%2Fmkanyafarm%2Fpublic%2Fwp-includes%2Fblocks%2Faudio HTTP/2.0" 200 2907 "-" "Mozilla/5.0 AppleWebKit/537.36 (KHTML, like Gecko; compatible; ClaudeBot/1.0; +claudebot@anthropic.com)" "-" 95 0.027 "36505" "0.027" "mkanyafarm.com"
74.7.227.3 - - [07/Nov/2025:01:31:18 +0000] "GET /sitemap-hot-4941330.xml?fileloc=/srv/users/mkanyafarm/apps/mkanyafarm/public/wp-admin/images/images/cache.php&path=/srv/users/mkanyafarm/apps/mkanyafarm/public/wp-admin/images/images HTTP/2.0" 200 6155 "-" "Mozilla/5.0 AppleWebKit/537.36 (KHTML, like Gecko; compatible; GPTBot/1.2; +https://openai.com/gptbot)" "-" 151 0.024 "17786" "0.024" "mkanyafarm.com"
216.73.216.36 - - [07/Nov/2025:01:31:21 +0000] "GET /%22https:/drop-boss.co.uk?fileloc=%2Fsrv%2Fusers%2Fmkanyafarm%2Fapps%2Fmkanyafarm%2Fpublic%2Fwp-includes%2Fblocks%2Fterm-description.php&path=%2Fsrv%2Fusers%2Fmkanyafarm%2Fapps%2Fmkanyafarm%2Fpublic%2Fwp-includes%2Fblocks HTTP/2.0" 200 2777 "-" "Mozilla/5.0 AppleWebKit/537.36 (KHTML, like Gecko; compatible; ClaudeBot/1.0; +claudebot@anthropic.com)" "-" 170 0.033 "14328" "0.033" "mkanyafarm.com"
74.7.227.3 - - [07/Nov/2025:01:31:22 +0000] "GET /sitemapmobileindex.xml?path=/srv/users/mkanyafarm/.wp-cli/cache/core HTTP/2.0" 200 2644 "-" "Mozilla/5.0 AppleWebKit/537.36 (KHTML, like Gecko; compatible; GPTBot/1.2; +https://openai.com/gptbot)" "-" 68 0.029 "17721" "0.029" "mkanyafarm.com"
74.7.227.3 - - [07/Nov/2025:01:31:25 +0000] "GET /sitemap-hot-4945330.xml?fileloc=/srv/users/mkanyafarm/apps/mkanyafarm/public/wp-admin/js/widgets/custom-html-widgets.js&path=/srv/users/mkanyafarm/apps/mkanyafarm/public/wp-admin/js/widgets HTTP/2.0" 200 6585 "-" "Mozilla/5.0 AppleWebKit/537.36 (KHTML, like Gecko; compatible; GPTBot/1.2; +https://openai.com/gptbot)" "-" 157 0.048 "29663" "0.048" "mkanyafarm.com"
74.7.227.3 - - [07/Nov/2025:01:31:28 +0000] "GET /sitemap-hot-4957330.xml?fileloc=/srv/users/mkanyafarm/apps/mkanyafarm/public/wp-admin/js/widgets/custom-html-widgets.js&path=/srv/users/mkanyafarm/apps/mkanyafarm/public/wp-admin/js/widgets HTTP/2.0" 200 6585 "-" "Mozilla/5.0 AppleWebKit/537.36 (KHTML, like Gecko; compatible; GPTBot/1.2; +https://openai.com/gptbot)" "-" 157 0.028 "29663" "0.028" "mkanyafarm.com"
74.7.227.3 - - [07/Nov/2025:01:31:34 +0000] "GET /sitemap-hot-4965330.xml?fileloc=/srv/users/mkanyafarm/apps/mkanyafarm/public/wp-admin/js/widgets/custom-html-widgets.js&path=/srv/users/mkanyafarm/apps/mkanyafarm/public/wp-admin/js/widgets HTTP/2.0" 200 6585 "-" "Mozilla/5.0 AppleWebKit/537.36 (KHTML, like Gecko; compatible; GPTBot/1.2; +https://openai.com/gptbot)" "-" 157 0.033 "29663" "0.033" "mkanyafarm.com"
74.7.227.3 - - [07/Nov/2025:01:31:36 +0000] "GET /sitemap-hot-4951330.xml?fileloc=/srv/users/mkanyafarm/apps/mkanyafarm/public/wp-admin/js/widgets/media-gallery-widget.js&path=/srv/users/mkanyafarm/apps/mkanyafarm/public/wp-admin/js/widgets HTTP/2.0" 200 4838 "-" "Mozilla/5.0 AppleWebKit/537.36 (KHTML, like Gecko; compatible; GPTBot/1.2; +https://openai.com/gptbot)" "-" 158 0.027 "23671" "0.027" "mkanyafarm.com"
74.7.227.3 - - [07/Nov/2025:01:31:42 +0000] "GET /sitemap-hot-4961330.xml?fileloc=/srv/users/mkanyafarm/apps/mkanyafarm/public/wp-admin/js/custom-header.js&path=/srv/users/mkanyafarm/apps/mkanyafarm/public/wp-admin/js HTTP/2.0" 200 3126 "-" "Mozilla/5.0 AppleWebKit/537.36 (KHTML, like Gecko; compatible; GPTBot/1.2; +https://openai.com/gptbot)" "-" 140 0.040 "14908" "0.039" "mkanyafarm.com"
74.7.227.3 - - [07/Nov/2025:01:31:47 +0000] "GET /sitemap-hot-4951330.xml?fileloc=/srv/users/mkanyafarm/apps/mkanyafarm/public/wp-admin/js/widgets/media-widgets.js&path=/srv/users/mkanyafarm/apps/mkanyafarm/public/wp-admin/js/widgets HTTP/2.0" 200 12662 "-" "Mozilla/5.0 AppleWebKit/537.36 (KHTML, like Gecko; compatible; GPTBot/1.2; +https://openai.com/gptbot)" "-" 152 0.045 "58207" "0.045" "mkanyafarm.com"
74.7.227.3 - - [07/Nov/2025:01:31:56 +0000] "GET /sitemapmobileindex.xml?fileloc=/srv/users/mkanyafarm/.wp-cli/cache/core/wordpress-6.8-en_US.zip&path=/srv/users/mkanyafarm/.wp-cli/cache/core HTTP/2.0" 200 23525680 "-" "Mozilla/5.0 AppleWebKit/537.36 (KHTML, like Gecko; compatible; GPTBot/1.2; +https://openai.com/gptbot)" "-" 121 5.228 "52272113" "5.228" "mkanyafarm.com"
103.185.74.129 - - [07/Nov/2025:01:31:58 +0000] "GET /wp-login.php HTTP/2.0" 200 3335 "-" "Mozilla/5.0 (Windows NT 10.0; WOW64; Trident/7.0; TNJB; rv:11.0) like Gecko" "-" 120 0.054 "54310" "0.054" "mkanyafarm.com"
103.185.74.129 - - [07/Nov/2025:01:31:58 +0000] "POST /wp-login.php HTTP/2.0" 200 3335 "https://mkanyafarm.com/wp-login.php" "Mozilla/5.0 (Windows NT 10.0; WOW64; Trident/7.0; TNJB; rv:11.0) like Gecko" "-" 358 0.037 "54310" "0.027" "mkanyafarm.com"
74.7.227.3 - - [07/Nov/2025:01:32:00 +0000] "GET /sitemap-hot-4951330.xml?fileloc=/srv/users/mkanyafarm/apps/mkanyafarm/public/wp-admin/js/widgets/custom-html-widgets.min.js&path=/srv/users/mkanyafarm/apps/mkanyafarm/public/wp-admin/js/widgets HTTP/2.0" 200 4173 "-" "Mozilla/5.0 AppleWebKit/537.36 (KHTML, like Gecko; compatible; GPTBot/1.2; +https://openai.com/gptbot)" "-" 160 0.032 "19467" "0.032" "mkanyafarm.com"
216.73.216.36 - - [07/Nov/2025:01:32:06 +0000] "GET /%22https:/drop-boss.co.uk/?fileloc=%2Fsrv%2Fusers%2Fmkanyafarm%2Fapps%2Fmkanyafarm%2Fpublic%2Fwp-includes%2Fcss%2Fwp-pointer-rtl.min.css&path=%2Fsrv%2Fusers%2Fmkanyafarm%2Fapps%2Fmkanyafarm%2Fpublic%2Fwp-includes%2Fcss HTTP/2.0" 200 3051 "-" "Mozilla/5.0 AppleWebKit/537.36 (KHTML, like Gecko; compatible; ClaudeBot/1.0; +claudebot@anthropic.com)" "-" 282 0.051 "16057" "0.051" "mkanyafarm.com"
74.7.227.3 - - [07/Nov/2025:01:32:06 +0000] "GET /sitemap-hot-4951330.xml?fileloc=/srv/users/mkanyafarm/apps/mkanyafarm/public/wp-admin/js/widgets/media-video-widget.js&path=/srv/users/mkanyafarm/apps/mkanyafarm/public/wp-admin/js/widgets HTTP/2.0" 200 4353 "-" "Mozilla/5.0 AppleWebKit/537.36 (KHTML, like Gecko; compatible; GPTBot/1.2; +https://openai.com/gptbot)" "-" 156 0.033 "20303" "0.033" "mkanyafarm.com"
216.73.216.36 - - [07/Nov/2025:01:32:09 +0000] "GET /%22https:/drop-boss.co.uk?path=%2Fsrv%2Fusers%2Fmkanyafarm%2Fapps%2Fmkanyafarm%2Fpublic%2Fwp-includes%2Fblocks%2Fverse HTTP/2.0" 200 2735 "-" "Mozilla/5.0 AppleWebKit/537.36 (KHTML, like Gecko; compatible; ClaudeBot/1.0; +claudebot@anthropic.com)" "-" 95 0.030 "23161" "0.030" "mkanyafarm.com"
74.7.227.3 - - [07/Nov/2025:01:32:10 +0000] "GET /sitemap-hot-4951330.xml?fileloc=/srv/users/mkanyafarm/apps/mkanyafarm/public/wp-admin/js/widgets/media-video-widget.min.js&path=/srv/users/mkanyafarm/apps/mkanyafarm/public/wp-admin/js/widgets HTTP/2.0" 200 3400 "-" "Mozilla/5.0 AppleWebKit/537.36 (KHTML, like Gecko; compatible; GPTBot/1.2; +https://openai.com/gptbot)" "-" 159 0.030 "15993" "0.030" "mkanyafarm.com"
216.73.216.36 - - [07/Nov/2025:01:32:12 +0000] "GET /%22https:/drop-boss.co.uk?path=%2Fsrv%2Fusers%2Fmkanyafarm%2Fapps%2Fmkanyafarm%2Fpublic%2Fwp-includes%2Fblocks%2Ftag-cloud HTTP/2.0" 200 2897 "-" "Mozilla/5.0 AppleWebKit/537.36 (KHTML, like Gecko; compatible; ClaudeBot/1.0; +claudebot@anthropic.com)" "-" 98 0.029 "31525" "0.029" "mkanyafarm.com"
216.73.216.36 - - [07/Nov/2025:01:32:15 +0000] "GET /%22https:/drop-boss.co.uk?path=%2Fsrv%2Fusers%2Fmkanyafarm%2Fapps%2Fmkanyafarm%2Fpublic%2Fwp-includes%2Fblocks%2Fheading HTTP/2.0" 200 2740 "-" "Mozilla/5.0 AppleWebKit/537.36 (KHTML, like Gecko; compatible; ClaudeBot/1.0; +claudebot@anthropic.com)" "-" 96 0.027 "23214" "0.027" "mkanyafarm.com"
74.7.227.3 - - [07/Nov/2025:01:32:15 +0000] "GET /sitemap-hot-4951330.xml?fileloc=/srv/users/mkanyafarm/apps/mkanyafarm/public/wp-admin/js/widgets/media-audio-widget.min.js&path=/srv/users/mkanyafarm/apps/mkanyafarm/public/wp-admin/js/widgets HTTP/2.0" 200 2932 "-" "Mozilla/5.0 AppleWebKit/537.36 (KHTML, like Gecko; compatible; GPTBot/1.2; +https://openai.com/gptbot)" "-" 159 0.034 "14488" "0.034" "mkanyafarm.com"
216.73.216.36 - - [07/Nov/2025:01:32:18 +0000] "GET /%22https:/drop-boss.co.uk?fileloc=%2Fsrv%2Fusers%2Fmkanyafarm%2Fapps%2Fmkanyafarm%2Fpublic%2Fwp-includes%2Fblocks%2Fcomments-pagination-next.php&path=%2Fsrv%2Fusers%2Fmkanyafarm%2Fapps%2Fmkanyafarm%2Fpublic%2Fwp-includes%2Fblocks HTTP/2.0" 200 2959 "-" "Mozilla/5.0 AppleWebKit/537.36 (KHTML, like Gecko; compatible; ClaudeBot/1.0; +claudebot@anthropic.com)" "-" 176 0.026 "14873" "0.026" "mkanyafarm.com"
216.73.216.36 - - [07/Nov/2025:01:32:21 +0000] "GET /%22https:/drop-boss.co.uk?fileloc=%2Fsrv%2Fusers%2Fmkanyafarm%2Fapps%2Fmkanyafarm%2Fpublic%2Fwp-admin%2Fnetwork%2Fupdate-core.php&path=%2Fsrv%2Fusers%2Fmkanyafarm%2Fapps%2Fmkanyafarm%2Fpublic%2Fwp-admin%2Fnetwork HTTP/2.0" 200 2423 "-" "Mozilla/5.0 AppleWebKit/537.36 (KHTML, like Gecko; compatible; ClaudeBot/1.0; +claudebot@anthropic.com)" "-" 165 0.622 "13023" "0.622" "mkanyafarm.com"
74.7.227.3 - - [07/Nov/2025:01:32:24 +0000] "GET /sitemapmobileindex.xml?fileloc=/srv/users/mkanyafarm/.wp-cli/cache/core/wordpress-6.8-en_US.tar.gz&path=/srv/users/mkanyafarm/.wp-cli/cache/core HTTP/2.0" 200 22597783 "-" "Mozilla/5.0 AppleWebKit/537.36 (KHTML, like Gecko; compatible; GPTBot/1.2; +https://openai.com/gptbot)" "-" 123 4.886 "49757341" "4.886" "mkanyafarm.com"
74.7.227.3 - - [07/Nov/2025:01:32:28 +0000] "GET /sitemap-hot-4951330.xml?fileloc=/srv/users/mkanyafarm/apps/mkanyafarm/public/wp-admin/js/widgets/text-widgets.js&path=/srv/users/mkanyafarm/apps/mkanyafarm/public/wp-admin/js/widgets HTTP/2.0" 200 7357 "-" "Mozilla/5.0 AppleWebKit/537.36 (KHTML, like Gecko; compatible; GPTBot/1.2; +https://openai.com/gptbot)" "-" 152 0.053 "32009" "0.053" "mkanyafarm.com"
74.7.227.3 - - [07/Nov/2025:01:32:35 +0000] "GET /sitemap-hot-4947330.xml?fileloc=/srv/users/mkanyafarm/apps/mkanyafarm/public/wp-admin/js/widgets/text-widgets.js&path=/srv/users/mkanyafarm/apps/mkanyafarm/public/wp-admin/js/widgets HTTP/2.0" 200 7357 "-" "Mozilla/5.0 AppleWebKit/537.36 (KHTML, like Gecko; compatible; GPTBot/1.2; +https://openai.com/gptbot)" "-" 152 0.035 "32009" "0.035" "mkanyafarm.com"
74.7.227.3 - - [07/Nov/2025:01:32:41 +0000] "GET /sitemap-hot-4941330.xml?fileloc=/srv/users/mkanyafarm/apps/mkanyafarm/public/wp-admin/network/setup.php&path=/srv/users/mkanyafarm/apps/mkanyafarm/public/wp-admin/network HTTP/2.0" 200 2417 "-" "Mozilla/5.0 AppleWebKit/537.36 (KHTML, like Gecko; compatible; GPTBot/1.2; +https://openai.com/gptbot)" "-" 143 0.036 "13011" "0.036" "mkanyafarm.com"
74.7.227.3 - - [07/Nov/2025:01:32:44 +0000] "GET /sitemap-hot-4951330.xml?fileloc=/srv/users/mkanyafarm/apps/mkanyafarm/public/wp-admin/js/widgets/media-audio-widget.js&path=/srv/users/mkanyafarm/apps/mkanyafarm/public/wp-admin/js/widgets HTTP/2.0" 200 3591 "-" "Mozilla/5.0 AppleWebKit/537.36 (KHTML, like Gecko; compatible; GPTBot/1.2; +https://openai.com/gptbot)" "-" 156 0.033 "17341" "0.033" "mkanyafarm.com"
74.7.227.3 - - [07/Nov/2025:01:32:50 +0000] "GET /sitemap-hot-4951330.xml?fileloc=/srv/users/mkanyafarm/apps/mkanyafarm/public/wp-admin/js/widgets/media-image-widget.min.js&path=/srv/users/mkanyafarm/apps/mkanyafarm/public/wp-admin/js/widgets HTTP/2.0" 200 3092 "-" "Mozilla/5.0 AppleWebKit/537.36 (KHTML, like Gecko; compatible; GPTBot/1.2; +https://openai.com/gptbot)" "-" 159 0.035 "15173" "0.035" "mkanyafarm.com"
74.7.227.3 - - [07/Nov/2025:01:32:54 +0000] "GET /sitemap-hot-4971330.xml?fileloc=/srv/users/mkanyafarm/apps/mkanyafarm/public/wp-admin/images/browser.png&path=/srv/users/mkanyafarm/apps/mkanyafarm/public/wp-admin/images HTTP/2.0" 200 35646 "-" "Mozilla/5.0 AppleWebKit/537.36 (KHTML, like Gecko; compatible; GPTBot/1.2; +https://openai.com/gptbot)" "-" 142 0.026 "87251" "0.026" "mkanyafarm.com"
74.7.227.3 - - [07/Nov/2025:01:33:00 +0000] "GET /sitemap-hot-4951330.xml?fileloc=/srv/users/mkanyafarm/apps/mkanyafarm/public/wp-admin/js/widgets/media-image-widget.js&path=/srv/users/mkanyafarm/apps/mkanyafarm/public/wp-admin/js/widgets HTTP/2.0" 200 3998 "-" "Mozilla/5.0 AppleWebKit/537.36 (KHTML, like Gecko; compatible; GPTBot/1.2; +https://openai.com/gptbot)" "-" 156 0.033 "18631" "0.033" "mkanyafarm.com"
216.73.216.36 - - [07/Nov/2025:01:33:01 +0000] "GET /%22https:/drop-boss.co.uk?fileloc=%2Fsrv%2Fusers%2Fmkanyafarm%2Fapps%2Fmkanyafarm%2Fpublic%2Fwp-admin%2Fnetwork%2Fplugin-install.php&path=%2Fsrv%2Fusers%2Fmkanyafarm%2Fapps%2Fmkanyafarm%2Fpublic%2Fwp-admin%2Fnetwork HTTP/2.0" 200 2506 "-" "Mozilla/5.0 AppleWebKit/537.36 (KHTML, like Gecko; compatible; ClaudeBot/1.0; +claudebot@anthropic.com)" "-" 281 0.037 "13198" "0.037" "mkanyafarm.com"
216.73.216.36 - - [07/Nov/2025:01:33:04 +0000] "GET /%22https:/drop-boss.co.uk?fileloc=%2Fsrv%2Fusers%2Fmkanyafarm%2Fapps%2Fmkanyafarm%2Fpublic%2Fwp-includes%2Fblocks%2Fread-more.php&path=%2Fsrv%2Fusers%2Fmkanyafarm%2Fapps%2Fmkanyafarm%2Fpublic%2Fwp-includes%2Fblocks HTTP/2.0" 200 2990 "-" "Mozilla/5.0 AppleWebKit/537.36 (KHTML, like Gecko; compatible; ClaudeBot/1.0; +claudebot@anthropic.com)" "-" 166 0.077 "14863" "0.077" "mkanyafarm.com"
74.7.227.3 - - [07/Nov/2025:01:33:04 +0000] "GET /sitemap-hot-4951330.xml?fileloc=/srv/users/mkanyafarm/apps/mkanyafarm/public/wp-admin/js/widgets/media-widgets.min.js&path=/srv/users/mkanyafarm/apps/mkanyafarm/public/wp-admin/js/widgets HTTP/2.0" 200 6903 "-" "Mozilla/5.0 AppleWebKit/537.36 (KHTML, like Gecko; compatible; GPTBot/1.2; +https://openai.com/gptbot)" "-" 155 0.046 "29615" "0.046" "mkanyafarm.com"
216.73.216.36 - - [07/Nov/2025:01:33:07 +0000] "GET /%22https:/drop-boss.co.uk?fileloc=%2Fsrv%2Fusers%2Fmkanyafarm%2Fapps%2Fmkanyafarm%2Fpublic%2Fwp-includes%2Fblocks%2Fquery.php&path=%2Fsrv%2Fusers%2Fmkanyafarm%2Fapps%2Fmkanyafarm%2Fpublic%2Fwp-includes%2Fblocks HTTP/2.0" 200 4008 "-" "Mozilla/5.0 AppleWebKit/537.36 (KHTML, like Gecko; compatible; ClaudeBot/1.0; +claudebot@anthropic.com)" "-" 163 0.027 "19131" "0.027" "mkanyafarm.com"
216.73.216.36 - - [07/Nov/2025:01:33:10 +0000] "GET /%22https:/drop-boss.co.uk?path=%2Fsrv%2Fusers%2Fmkanyafarm%2Fapps%2Fmkanyafarm%2Fpublic%2Fwp-includes%2Fblocks%2Fgroup HTTP/2.0" 200 2902 "-" "Mozilla/5.0 AppleWebKit/537.36 (KHTML, like Gecko; compatible; ClaudeBot/1.0; +claudebot@anthropic.com)" "-" 95 0.036 "36505" "0.036" "mkanyafarm.com"
74.7.227.3 - - [07/Nov/2025:01:33:11 +0000] "GET /sitemap-hot-4957330.xml?fileloc=/srv/users/mkanyafarm/apps/mkanyafarm/public/wp-admin/network/users.php&path=/srv/users/mkanyafarm/apps/mkanyafarm/public/wp-admin/network HTTP/2.0" 200 5175 "-" "Mozilla/5.0 AppleWebKit/537.36 (KHTML, like Gecko; compatible; GPTBot/1.2; +https://openai.com/gptbot)" "-" 143 0.026 "24516" "0.026" "mkanyafarm.com"
216.73.216.36 - - [07/Nov/2025:01:33:13 +0000] "GET /%22https:/drop-boss.co.uk/?path=%2Fsrv%2Fusers%2Fmkanyafarm%2Fapps%2Fmkanyafarm%2Fpublic%2Fwp-includes%2Fphp-compat%2Fphp-compat HTTP/2.0" 200 2667 "-" "Mozilla/5.0 AppleWebKit/537.36 (KHTML, like Gecko; compatible; ClaudeBot/1.0; +claudebot@anthropic.com)" "-" 102 0.046 "18281" "0.046" "mkanyafarm.com"
216.73.216.36 - - [07/Nov/2025:01:33:16 +0000] "GET /%22https:/drop-boss.co.uk?path=%2Fsrv%2Fusers%2Fmkanyafarm%2Fapps%2Fmkanyafarm%2Fpublic%2Fwp-includes%2Fblocks%2Fparagraph HTTP/2.0" 200 2841 "-" "Mozilla/5.0 AppleWebKit/537.36 (KHTML, like Gecko; compatible; ClaudeBot/1.0; +claudebot@anthropic.com)" "-" 98 0.034 "30009" "0.034" "mkanyafarm.com"
74.7.227.3 - - [07/Nov/2025:01:33:17 +0000] "GET /sitemap-hot-4951330.xml?fileloc=/srv/users/mkanyafarm/apps/mkanyafarm/public/wp-admin/js/widgets/media-gallery-widget.min.js&path=/srv/users/mkanyafarm/apps/mkanyafarm/public/wp-admin/js/widgets HTTP/2.0" 200 3469 "-" "Mozilla/5.0 AppleWebKit/537.36 (KHTML, like Gecko; compatible; GPTBot/1.2; +https://openai.com/gptbot)" "-" 161 0.040 "17150" "0.040" "mkanyafarm.com"
216.73.216.36 - - [07/Nov/2025:01:33:19 +0000] "GET /%22https:/drop-boss.co.uk?path=%2Fsrv%2Fusers%2Fmkanyafarm%2Fapps%2Fmkanyafarm%2Fpublic%2Fwp-includes%2Fblocks%2Fcomments HTTP/2.0" 200 2845 "-" "Mozilla/5.0 AppleWebKit/537.36 (KHTML, like Gecko; compatible; ClaudeBot/1.0; +claudebot@anthropic.com)" "-" 97 0.034 "29967" "0.034" "mkanyafarm.com"
74.7.227.3 - - [07/Nov/2025:01:33:21 +0000] "GET /sitemap-hot-4955330.xml?fileloc=/srv/users/mkanyafarm/apps/mkanyafarm/public/wp-admin/network/site-users.php&path=/srv/users/mkanyafarm/apps/mkanyafarm/public/wp-admin/network HTTP/2.0" 200 5557 "-" "Mozilla/5.0 AppleWebKit/537.36 (KHTML, like Gecko; compatible; GPTBot/1.2; +https://openai.com/gptbot)" "-" 147 0.035 "27174" "0.035" "mkanyafarm.com"
216.73.216.36 - - [07/Nov/2025:01:33:22 +0000] "GET /%22https:/drop-boss.co.uk/?fileloc=%2Fsrv%2Fusers%2Fmkanyafarm%2Fapps%2Fmkanyafarm%2Fpublic%2Fwp-includes%2Fcss%2Fwp-pointer.css&path=%2Fsrv%2Fusers%2Fmkanyafarm%2Fapps%2Fmkanyafarm%2Fpublic%2Fwp-includes%2Fcss HTTP/2.0" 200 3188 "-" "Mozilla/5.0 AppleWebKit/537.36 (KHTML, like Gecko; compatible; ClaudeBot/1.0; +claudebot@anthropic.com)" "-" 162 0.024 "16836" "0.024" "mkanyafarm.com"
216.73.216.36 - - [07/Nov/2025:01:33:25 +0000] "GET /%22https:/drop-boss.co.uk/?fileloc=%2Fsrv%2Fusers%2Fmkanyafarm%2Fapps%2Fmkanyafarm%2Fpublic%2Fwp-admin%2Fuser%2Fadmin.php&path=%2Fsrv%2Fusers%2Fmkanyafarm%2Fapps%2Fmkanyafarm%2Fpublic%2Fwp-admin%2Fuser HTTP/2.0" 200 2614 "-" "Mozilla/5.0 AppleWebKit/537.36 (KHTML, like Gecko; compatible; ClaudeBot/1.0; +claudebot@anthropic.com)" "-" 157 0.027 "13642" "0.027" "mkanyafarm.com"
74.7.227.3 - - [07/Nov/2025:01:33:27 +0000] "GET /sitemap-hot-4951330.xml?fileloc=/srv/users/mkanyafarm/apps/mkanyafarm/public/wp-admin/js/widgets/.htaccess&path=/srv/users/mkanyafarm/apps/mkanyafarm/public/wp-admin/js/widgets HTTP/2.0" 200 2384 "-" "Mozilla/5.0 AppleWebKit/537.36 (KHTML, like Gecko; compatible; GPTBot/1.2; +https://openai.com/gptbot)" "-" 147 0.029 "12976" "0.029" "mkanyafarm.com"
216.73.216.36 - - [07/Nov/2025:01:33:28 +0000] "GET /%22https:/drop-boss.co.uk?fileloc=%2Fsrv%2Fusers%2Fmkanyafarm%2Fapps%2Fmkanyafarm%2Fpublic%2Fwp-includes%2Fblocks%2Fheading.php&path=%2Fsrv%2Fusers%2Fmkanyafarm%2Fapps%2Fmkanyafarm%2Fpublic%2Fwp-includes%2Fblocks HTTP/2.0" 200 2814 "-" "Mozilla/5.0 AppleWebKit/537.36 (KHTML, like Gecko; compatible; ClaudeBot/1.0; +claudebot@anthropic.com)" "-" 164 0.050 "14235" "0.050" "mkanyafarm.com"
74.7.227.3 - - [07/Nov/2025:01:33:30 +0000] "GET /sitemap-hot-4955330.xml?fileloc=/srv/users/mkanyafarm/apps/mkanyafarm/public/wp-admin/js/widgets/custom-html-widgets.js&path=/srv/users/mkanyafarm/apps/mkanyafarm/public/wp-admin/js/widgets HTTP/2.0" 200 6585 "-" "Mozilla/5.0 AppleWebKit/537.36 (KHTML, like Gecko; compatible; GPTBot/1.2; +https://openai.com/gptbot)" "-" 157 0.033 "29663" "0.033" "mkanyafarm.com"
216.73.216.36 - - [07/Nov/2025:01:33:31 +0000] "GET /%22https:/drop-boss.co.uk?fileloc=%2Fsrv%2Fusers%2Fmkanyafarm%2Fapps%2Fmkanyafarm%2Fpublic%2Fwp-includes%2Fblocks%2Fimage.php&path=%2Fsrv%2Fusers%2Fmkanyafarm%2Fapps%2Fmkanyafarm%2Fpublic%2Fwp-includes%2Fblocks HTTP/2.0" 200 6089 "-" "Mozilla/5.0 AppleWebKit/537.36 (KHTML, like Gecko; compatible; ClaudeBot/1.0; +claudebot@anthropic.com)" "-" 163 0.027 "26919" "0.027" "mkanyafarm.com"
216.73.216.36 - - [07/Nov/2025:01:33:34 +0000] "GET /%22https:/drop-boss.co.uk/?fileloc=%2Fsrv%2Fusers%2Fmkanyafarm%2Fapps%2Fmkanyafarm%2Fpublic%2Fwp-includes%2Fphp-compat%2Freadonly.php&path=%2Fsrv%2Fusers%2Fmkanyafarm%2Fapps%2Fmkanyafarm%2Fpublic%2Fwp-includes%2Fphp-compat HTTP/2.0" 200 2777 "-" "Mozilla/5.0 AppleWebKit/537.36 (KHTML, like Gecko; compatible; ClaudeBot/1.0; +claudebot@anthropic.com)" "-" 171 0.025 "14050" "0.025" "mkanyafarm.com"
74.7.227.3 - - [07/Nov/2025:01:33:35 +0000] "GET /sitemap-hot-4951330.xml?fileloc=/srv/users/mkanyafarm/apps/mkanyafarm/public/wp-admin/js/widgets/custom-html-widgets.js&path=/srv/users/mkanyafarm/apps/mkanyafarm/public/wp-admin/js/widgets HTTP/2.0" 200 6585 "-" "Mozilla/5.0 AppleWebKit/537.36 (KHTML, like Gecko; compatible; GPTBot/1.2; +https://openai.com/gptbot)" "-" 157 0.028 "29663" "0.028" "mkanyafarm.com"
216.73.216.36 - - [07/Nov/2025:01:33:37 +0000] "GET /%22https:/drop-boss.co.uk?path=%2Fsrv%2Fusers%2Fmkanyafarm%2Fapps%2Fmkanyafarm%2Fpublic%2Fwp-includes%2Fblocks%2Flist-item HTTP/2.0" 200 2648 "-" "Mozilla/5.0 AppleWebKit/537.36 (KHTML, like Gecko; compatible; ClaudeBot/1.0; +claudebot@anthropic.com)" "-" 97 0.026 "16538" "0.026" "mkanyafarm.com"
74.7.227.3 - - [07/Nov/2025:01:33:38 +0000] "GET /sitemap-hot-4961330.xml?fileloc=/srv/users/mkanyafarm/apps/mkanyafarm/public/wp-admin/js/widgets/custom-html-widgets.js&path=/srv/users/mkanyafarm/apps/mkanyafarm/public/wp-admin/js/widgets HTTP/2.0" 200 6585 "-" "Mozilla/5.0 AppleWebKit/537.36 (KHTML, like Gecko; compatible; GPTBot/1.2; +https://openai.com/gptbot)" "-" 157 0.026 "29663" "0.026" "mkanyafarm.com"
216.73.216.36 - - [07/Nov/2025:01:33:40 +0000] "GET /%22https:/drop-boss.co.uk?fileloc=%2Fsrv%2Fusers%2Fmkanyafarm%2Fapps%2Fmkanyafarm%2Fpublic%2Fwp-includes%2Fblocks%2Fpage-list.php&path=%2Fsrv%2Fusers%2Fmkanyafarm%2Fapps%2Fmkanyafarm%2Fpublic%2Fwp-includes%2Fblocks HTTP/2.0" 200 5530 "-" "Mozilla/5.0 AppleWebKit/537.36 (KHTML, like Gecko; compatible; ClaudeBot/1.0; +claudebot@anthropic.com)" "-" 165 0.033 "28666" "0.033" "mkanyafarm.com"
74.7.227.3 - - [07/Nov/2025:01:33:43 +0000] "GET /sitemap-hot-4959330.xml?fileloc=/srv/users/mkanyafarm/apps/mkanyafarm/public/wp-admin/js/widgets/custom-html-widgets.js&path=/srv/users/mkanyafarm/apps/mkanyafarm/public/wp-admin/js/widgets HTTP/2.0" 200 6585 "-" "Mozilla/5.0 AppleWebKit/537.36 (KHTML, like Gecko; compatible; GPTBot/1.2; +https://openai.com/gptbot)" "-" 157 0.025 "29663" "0.025" "mkanyafarm.com"
74.7.227.3 - - [07/Nov/2025:01:33:47 +0000] "GET /sitemap-hot-4947330.xml?fileloc=/srv/users/mkanyafarm/apps/mkanyafarm/public/wp-admin/js/widgets/custom-html-widgets.js&path=/srv/users/mkanyafarm/apps/mkanyafarm/public/wp-admin/js/widgets HTTP/2.0" 200 6585 "-" "Mozilla/5.0 AppleWebKit/537.36 (KHTML, like Gecko; compatible; GPTBot/1.2; +https://openai.com/gptbot)" "-" 157 0.027 "29663" "0.027" "mkanyafarm.com"
74.7.227.3 - - [07/Nov/2025:01:33:52 +0000] "GET /sitemap-hot-4969330.xml?fileloc=/srv/users/mkanyafarm/apps/mkanyafarm/public/wp-admin/network/admin.php&path=/srv/users/mkanyafarm/apps/mkanyafarm/public/wp-admin/network HTTP/2.0" 200 2683 "-" "Mozilla/5.0 AppleWebKit/537.36 (KHTML, like Gecko; compatible; GPTBot/1.2; +https://openai.com/gptbot)" "-" 143 0.032 "13820" "0.032" "mkanyafarm.com"
74.7.227.3 - - [07/Nov/2025:01:33:56 +0000] "GET /sitemap-hot-4941330.xml?fileloc=/srv/users/mkanyafarm/apps/mkanyafarm/public/wp-admin/network/users.php&path=/srv/users/mkanyafarm/apps/mkanyafarm/public/wp-admin/network HTTP/2.0" 200 5175 "-" "Mozilla/5.0 AppleWebKit/537.36 (KHTML, like Gecko; compatible; GPTBot/1.2; +https://openai.com/gptbot)" "-" 143 0.026 "24516" "0.026" "mkanyafarm.com"
74.7.227.3 - - [07/Nov/2025:01:34:01 +0000] "GET /sitemap-hot-4971330.xml?fileloc=/srv/users/mkanyafarm/apps/mkanyafarm/public/wp-admin/js/widgets/custom-html-widgets.js&path=/srv/users/mkanyafarm/apps/mkanyafarm/public/wp-admin/js/widgets HTTP/2.0" 200 6585 "-" "Mozilla/5.0 AppleWebKit/537.36 (KHTML, like Gecko; compatible; GPTBot/1.2; +https://openai.com/gptbot)" "-" 157 0.041 "29663" "0.041" "mkanyafarm.com"
74.7.227.3 - - [07/Nov/2025:01:34:04 +0000] "GET /sitemap-hot-4955330.xml?fileloc=/srv/users/mkanyafarm/apps/mkanyafarm/public/wp-admin/network/users.php&path=/srv/users/mkanyafarm/apps/mkanyafarm/public/wp-admin/network HTTP/2.0" 200 5175 "-" "Mozilla/5.0 AppleWebKit/537.36 (KHTML, like Gecko; compatible; GPTBot/1.2; +https://openai.com/gptbot)" "-" 143 0.104 "24516" "0.104" "mkanyafarm.com"
74.7.227.3 - - [07/Nov/2025:01:34:09 +0000] "GET /sitemap-hot-4959330.xml?fileloc=/srv/users/mkanyafarm/apps/mkanyafarm/public/wp-admin/network/admin.php&path=/srv/users/mkanyafarm/apps/mkanyafarm/public/wp-admin/network HTTP/2.0" 200 2683 "-" "Mozilla/5.0 AppleWebKit/537.36 (KHTML, like Gecko; compatible; GPTBot/1.2; +https://openai.com/gptbot)" "-" 143 0.045 "13820" "0.045" "mkanyafarm.com"
74.7.227.3 - - [07/Nov/2025:01:34:13 +0000] "GET /sitemap-hot-4955330.xml?fileloc=/srv/users/mkanyafarm/apps/mkanyafarm/public/wp-admin/network/admin.php&path=/srv/users/mkanyafarm/apps/mkanyafarm/public/wp-admin/network HTTP/2.0" 200 2683 "-" "Mozilla/5.0 AppleWebKit/537.36 (KHTML, like Gecko; compatible; GPTBot/1.2; +https://openai.com/gptbot)" "-" 135 0.027 "13820" "0.027" "mkanyafarm.com"
74.7.227.3 - - [07/Nov/2025:01:34:18 +0000] "GET /sitemap-hot-4947330.xml?fileloc=/srv/users/mkanyafarm/apps/mkanyafarm/public/wp-admin/network/admin.php&path=/srv/users/mkanyafarm/apps/mkanyafarm/public/wp-admin/network HTTP/2.0" 200 2683 "-" "Mozilla/5.0 AppleWebKit/537.36 (KHTML, like Gecko; compatible; GPTBot/1.2; +https://openai.com/gptbot)" "-" 143 0.050 "13820" "0.050" "mkanyafarm.com"
74.7.227.3 - - [07/Nov/2025:01:34:22 +0000] "GET /sitemap-hot-4959330.xml?fileloc=/srv/users/mkanyafarm/apps/mkanyafarm/public/wp-admin/network/users.php&path=/srv/users/mkanyafarm/apps/mkanyafarm/public/wp-admin/network HTTP/2.0" 200 5175 "-" "Mozilla/5.0 AppleWebKit/537.36 (KHTML, like Gecko; compatible; GPTBot/1.2; +https://openai.com/gptbot)" "-" 143 0.034 "24516" "0.034" "mkanyafarm.com"
216.73.216.36 - - [07/Nov/2025:01:34:26 +0000] "GET /%22https:/drop-boss.co.uk/?path=%2Fsrv%2Fusers%2Fmkanyafarm%2Fapps%2Fmkanyafarm%2Fpublic%2Fwp-content%2Fthemes%2Ftwentytwentyfour HTTP/2.0" 200 2936 "-" "Mozilla/5.0 AppleWebKit/537.36 (KHTML, like Gecko; compatible; ClaudeBot/1.0; +claudebot@anthropic.com)" "-" 217 0.036 "31025" "0.036" "mkanyafarm.com"
74.7.227.3 - - [07/Nov/2025:01:34:26 +0000] "GET /sitemap-hot-4947330.xml?fileloc=/srv/users/mkanyafarm/apps/mkanyafarm/public/wp-admin/network/users.php&path=/srv/users/mkanyafarm/apps/mkanyafarm/public/wp-admin/network HTTP/2.0" 200 5175 "-" "Mozilla/5.0 AppleWebKit/537.36 (KHTML, like Gecko; compatible; GPTBot/1.2; +https://openai.com/gptbot)" "-" 143 0.027 "24516" "0.027" "mkanyafarm.com"
216.73.216.36 - - [07/Nov/2025:01:34:29 +0000] "GET /%22https:/drop-boss.co.uk/?fileloc=%2Fsrv%2Fusers%2Fmkanyafarm%2Fapps%2Fmkanyafarm%2Fpublic%2Fwp-includes%2Fcss%2Fadmin-bar-rtl.min.css&path=%2Fsrv%2Fusers%2Fmkanyafarm%2Fapps%2Fmkanyafarm%2Fpublic%2Fwp-includes%2Fcss HTTP/2.0" 200 5837 "-" "Mozilla/5.0 AppleWebKit/537.36 (KHTML, like Gecko; compatible; ClaudeBot/1.0; +claudebot@anthropic.com)" "-" 167 0.026 "33466" "0.026" "mkanyafarm.com"
74.7.227.3 - - [07/Nov/2025:01:34:30 +0000] "GET /sitemap-hot-4969330.xml?fileloc=/srv/users/mkanyafarm/apps/mkanyafarm/public/wp-admin/network/users.php&path=/srv/users/mkanyafarm/apps/mkanyafarm/public/wp-admin/network HTTP/2.0" 200 5175 "-" "Mozilla/5.0 AppleWebKit/537.36 (KHTML, like Gecko; compatible; GPTBot/1.2; +https://openai.com/gptbot)" "-" 143 0.028 "24516" "0.028" "mkanyafarm.com"
216.73.216.36 - - [07/Nov/2025:01:34:32 +0000] "GET /%22https:/eye-of-medusa.de/?fileloc=%2Fsrv%2Fusers%2Fmkanyafarm%2Fapps%2Fmkanyafarm%2Fpublic%2Fwp-admin%2Fload-scripts.php&path=%2Fsrv%2Fusers%2Fmkanyafarm%2Fapps%2Fmkanyafarm%2Fpublic%2Fwp-admin HTTP/2.0" 200 3207 "-" "Mozilla/5.0 AppleWebKit/537.36 (KHTML, like Gecko; compatible; ClaudeBot/1.0; +claudebot@anthropic.com)" "-" 152 0.024 "15068" "0.024" "mkanyafarm.com"
74.7.227.3 - - [07/Nov/2025:01:34:34 +0000] "GET /sitemap-hot-4945330.xml?fileloc=/srv/users/mkanyafarm/apps/mkanyafarm/public/wp-admin/network/users.php&path=/srv/users/mkanyafarm/apps/mkanyafarm/public/wp-admin/network HTTP/2.0" 200 5175 "-" "Mozilla/5.0 AppleWebKit/537.36 (KHTML, like Gecko; compatible; GPTBot/1.2; +https://openai.com/gptbot)" "-" 143 0.029 "24516" "0.029" "mkanyafarm.com"
216.73.216.36 - - [07/Nov/2025:01:34:35 +0000] "GET /%22https:/drop-boss.co.uk?fileloc=%2Fsrv%2Fusers%2Fmkanyafarm%2Fapps%2Fmkanyafarm%2Fpublic%2Fwp-includes%2Fl10n%2Fclass-wp-translation-file-mo.php&path=%2Fsrv%2Fusers%2Fmkanyafarm%2Fapps%2Fmkanyafarm%2Fpublic%2Fwp-includes%2Fl10n HTTP/2.0" 200 4151 "-" "Mozilla/5.0 AppleWebKit/537.36 (KHTML, like Gecko; compatible; ClaudeBot/1.0; +claudebot@anthropic.com)" "-" 176 0.029 "19800" "0.029" "mkanyafarm.com"
74.7.227.3 - - [07/Nov/2025:01:34:38 +0000] "GET /sitemap-hot-4955330.xml?fileloc=/srv/users/mkanyafarm/apps/mkanyafarm/public/wp-admin/ms-admin.php&path=/srv/users/mkanyafarm/apps/mkanyafarm/public/wp-admin HTTP/2.0" 200 2389 "-" "Mozilla/5.0 AppleWebKit/537.36 (KHTML, like Gecko; compatible; GPTBot/1.2; +https://openai.com/gptbot)" "-" 133 0.031 "12855" "0.031" "mkanyafarm.com"
216.73.216.36 - - [07/Nov/2025:01:34:38 +0000] "GET /%22https:/drop-boss.co.uk/?fileloc=%2Fsrv%2Fusers%2Fmkanyafarm%2Fapps%2Fmkanyafarm%2Fpublic%2Fwp-admin%2Fuser%2Fprofile.php&path=%2Fsrv%2Fusers%2Fmkanyafarm%2Fapps%2Fmkanyafarm%2Fpublic%2Fwp-admin%2Fuser HTTP/2.0" 200 2408 "-" "Mozilla/5.0 AppleWebKit/537.36 (KHTML, like Gecko; compatible; ClaudeBot/1.0; +claudebot@anthropic.com)" "-" 158 0.025 "13009" "0.025" "mkanyafarm.com"
216.73.216.36 - - [07/Nov/2025:01:34:41 +0000] "GET /%22https:/drop-boss.co.uk/?fileloc=%2Fsrv%2Fusers%2Fmkanyafarm%2Fapps%2Fmkanyafarm%2Fpublic%2Fwp-includes%2Fcss%2Fcustomize-preview-rtl.min.css&path=%2Fsrv%2Fusers%2Fmkanyafarm%2Fapps%2Fmkanyafarm%2Fpublic%2Fwp-includes%2Fcss HTTP/2.0" 200 2977 "-" "Mozilla/5.0 AppleWebKit/537.36 (KHTML, like Gecko; compatible; ClaudeBot/1.0; +claudebot@anthropic.com)" "-" 173 0.036 "15636" "0.036" "mkanyafarm.com"
74.7.227.3 - - [07/Nov/2025:01:34:43 +0000] "GET /sitemap-hot-4941330.xml?fileloc=/srv/users/mkanyafarm/apps/mkanyafarm/public/wp-admin/link-parse-opml.php&path=/srv/users/mkanyafarm/apps/mkanyafarm/public/wp-admin HTTP/2.0" 200 3235 "-" "Mozilla/5.0 AppleWebKit/537.36 (KHTML, like Gecko; compatible; GPTBot/1.2; +https://openai.com/gptbot)" "-" 138 0.032 "15653" "0.032" "mkanyafarm.com"
216.73.216.36 - - [07/Nov/2025:01:34:44 +0000] "GET /%22https:/drop-boss.co.uk/?fileloc=%2Fsrv%2Fusers%2Fmkanyafarm%2Fapps%2Fmkanyafarm%2Fpublic%2Fwp-includes%2Fcss%2Feditor-rtl.css&path=%2Fsrv%2Fusers%2Fmkanyafarm%2Fapps%2Fmkanyafarm%2Fpublic%2Fwp-includes%2Fcss HTTP/2.0" 200 8501 "-" "Mozilla/5.0 AppleWebKit/537.36 (KHTML, like Gecko; compatible; ClaudeBot/1.0; +claudebot@anthropic.com)" "-" 162 0.027 "46074" "0.027" "mkanyafarm.com"
216.73.216.36 - - [07/Nov/2025:01:34:47 +0000] "GET /%22https:/drop-boss.co.uk?fileloc=%2Fsrv%2Fusers%2Fmkanyafarm%2Fapps%2Fmkanyafarm%2Fpublic%2Fwp-admin%2Fnetwork%2Ftheme-install.php&path=%2Fsrv%2Fusers%2Fmkanyafarm%2Fapps%2Fmkanyafarm%2Fpublic%2Fwp-admin%2Fnetwork HTTP/2.0" 200 2504 "-" "Mozilla/5.0 AppleWebKit/537.36 (KHTML, like Gecko; compatible; ClaudeBot/1.0; +claudebot@anthropic.com)" "-" 166 0.026 "13194" "0.026" "mkanyafarm.com"
74.7.227.3 - - [07/Nov/2025:01:34:47 +0000] "GET /sitemap-hot-4965330.xml?fileloc=/srv/users/mkanyafarm/apps/mkanyafarm/public/wp-admin/ms-sites.php&path=/srv/users/mkanyafarm/apps/mkanyafarm/public/wp-admin HTTP/2.0" 200 2402 "-" "Mozilla/5.0 AppleWebKit/537.36 (KHTML, like Gecko; compatible; GPTBot/1.2; +https://openai.com/gptbot)" "-" 133 0.038 "12884" "0.038" "mkanyafarm.com"
216.73.216.36 - - [07/Nov/2025:01:34:50 +0000] "GET /%22https:/drop-boss.co.uk/?fileloc=%2Fsrv%2Fusers%2Fmkanyafarm%2Fapps%2Fmkanyafarm%2Fpublic%2Fwp-includes%2Fcss%2Fwp-embed-template-ie.css&path=%2Fsrv%2Fusers%2Fmkanyafarm%2Fapps%2Fmkanyafarm%2Fpublic%2Fwp-includes%2Fcss HTTP/2.0" 200 3047 "-" "Mozilla/5.0 AppleWebKit/537.36 (KHTML, like Gecko; compatible; ClaudeBot/1.0; +claudebot@anthropic.com)" "-" 169 0.028 "14233" "0.028" "mkanyafarm.com"
216.73.216.36 - - [07/Nov/2025:01:34:53 +0000] "GET /%22https:/drop-boss.co.uk?fileloc=%2Fsrv%2Fusers%2Fmkanyafarm%2Fapps%2Fmkanyafarm%2Fpublic%2Fwp-admin%2Fnetwork%2Fupgrade.php&path=%2Fsrv%2Fusers%2Fmkanyafarm%2Fapps%2Fmkanyafarm%2Fpublic%2Fwp-admin%2Fnetwork HTTP/2.0" 200 4312 "-" "Mozilla/5.0 AppleWebKit/537.36 (KHTML, like Gecko; compatible; ClaudeBot/1.0; +claudebot@anthropic.com)" "-" 162 0.039 "19047" "0.039" "mkanyafarm.com"
74.7.227.3 - - [07/Nov/2025:01:34:53 +0000] "GET /sitemapmobileindex.xml?fileloc=/srv/users/mkanyafarm/apps/mkanyafarm/public/wp-includes/js/mce-view.js&path=/srv/users/mkanyafarm/apps/mkanyafarm/public/wp-includes/js HTTP/2.0" 200 9033 "-" "Mozilla/5.0 AppleWebKit/537.36 (KHTML, like Gecko; compatible; GPTBot/1.2; +https://openai.com/gptbot)" "-" 140 0.032 "40816" "0.032" "mkanyafarm.com"
74.7.227.3 - - [07/Nov/2025:01:35:00 +0000] "GET /sitemapmobileindex.xml?fileloc=/srv/users/mkanyafarm/apps/mkanyafarm/public/wp-includes/class-wp-feed-cache.php&path=/srv/users/mkanyafarm/apps/mkanyafarm/public/wp-includes HTTP/2.0" 200 2739 "-" "Mozilla/5.0 AppleWebKit/537.36 (KHTML, like Gecko; compatible; GPTBot/1.2; +https://openai.com/gptbot)" "-" 144 0.030 "13688" "0.030" "mkanyafarm.com"
74.7.227.3 - - [07/Nov/2025:01:35:02 +0000] "GET /sitemapmobileindex.xml?fileloc=/srv/users/mkanyafarm/apps/mkanyafarm/public/detail/wp-conflg.php&path=/srv/users/mkanyafarm/apps/mkanyafarm/public/detail HTTP/2.0" 200 5240 "-" "Mozilla/5.0 AppleWebKit/537.36 (KHTML, like Gecko; compatible; GPTBot/1.2; +https://openai.com/gptbot)" "-" 130 0.041 "27914" "0.041" "mkanyafarm.com"
74.7.227.3 - - [07/Nov/2025:01:35:08 +0000] "GET /sitemapmobileindex.xml?path=/srv/users/mkanyafarm/apps/mkanyafarm/public/wp-content/plugins/wp-mail-smtp/src/Providers/Sendinblue HTTP/2.0" 200 2746 "-" "Mozilla/5.0 AppleWebKit/537.36 (KHTML, like Gecko; compatible; GPTBot/1.2; +https://openai.com/gptbot)" "-" 112 0.065 "20682" "0.065" "mkanyafarm.com"
74.7.227.3 - - [07/Nov/2025:01:35:14 +0000] "GET /sitemapmobileindex.xml?path=/srv/users/mkanyafarm/apps/mkanyafarm/public/wp-content/plugins/wp-mail-smtp/src/Compatibility/Plugin HTTP/2.0" 200 2848 "-" "Mozilla/5.0 AppleWebKit/537.36 (KHTML, like Gecko; compatible; GPTBot/1.2; +https://openai.com/gptbot)" "-" 112 0.030 "26164" "0.030" "mkanyafarm.com"
74.7.227.3 - - [07/Nov/2025:01:35:18 +0000] "GET /sitemapmobileindex.xml?path=/srv/users/mkanyafarm/apps/mkanyafarm/public/wp-includes/Requests HTTP/2.0" 200 2723 "-" "Mozilla/5.0 AppleWebKit/537.36 (KHTML, like Gecko; compatible; GPTBot/1.2; +https://openai.com/gptbot)" "-" 86 0.039 "19326" "0.039" "mkanyafarm.com"
216.73.216.36 - - [07/Nov/2025:01:35:19 +0000] "GET /%22https:/drop-boss.co.uk?fileloc=%2Fsrv%2Fusers%2Fmkanyafarm%2F.ssh%2Fauthorized_keys&path=%2Fsrv%2Fusers%2Fmkanyafarm%2F.ssh HTTP/2.0" 200 2242 "-" "Mozilla/5.0 AppleWebKit/537.36 (KHTML, like Gecko; compatible; ClaudeBot/1.0; +claudebot@anthropic.com)" "-" 215 0.044 "12398" "0.044" "mkanyafarm.com"
216.73.216.36 - - [07/Nov/2025:01:35:21 +0000] "GET /%22https:/drop-boss.co.uk?fileloc=%2Fsrv%2Fusers%2Fmkanyafarm%2Fapps%2Fmkanyafarm%2Fpublic%2Fwp-admin%2Fmaint%2F.htaccess&path=%2Fsrv%2Fusers%2Fmkanyafarm%2Fapps%2Fmkanyafarm%2Fpublic%2Fwp-admin%2Fmaint HTTP/2.0" 200 2377 "-" "Mozilla/5.0 AppleWebKit/537.36 (KHTML, like Gecko; compatible; ClaudeBot/1.0; +claudebot@anthropic.com)" "-" 156 0.027 "12884" "0.027" "mkanyafarm.com"
216.73.216.36 - - [07/Nov/2025:01:35:24 +0000] "GET /%22https:/drop-boss.co.uk/?fileloc=%2Fsrv%2Fusers%2Fmkanyafarm%2Fapps%2Fmkanyafarm%2Fpublic%2Fwp-includes%2Fphp-compat%2F.htaccess&path=%2Fsrv%2Fusers%2Fmkanyafarm%2Fapps%2Fmkanyafarm%2Fpublic%2Fwp-includes%2Fphp-compat HTTP/2.0" 200 2379 "-" "Mozilla/5.0 AppleWebKit/537.36 (KHTML, like Gecko; compatible; ClaudeBot/1.0; +claudebot@anthropic.com)" "-" 168 0.027 "12911" "0.027" "mkanyafarm.com"
74.7.227.3 - - [07/Nov/2025:01:35:24 +0000] "GET /sitemapmobileindex.xml?fileloc=/srv/users/mkanyafarm/apps/mkanyafarm/public/wp-includes/html-api/class-wp-html-doctype-info.php&path=/srv/users/mkanyafarm/apps/mkanyafarm/public/wp-includes/html-api HTTP/2.0" 200 7562 "-" "Mozilla/5.0 AppleWebKit/537.36 (KHTML, like Gecko; compatible; GPTBot/1.2; +https://openai.com/gptbot)" "-" 163 0.023 "40256" "0.023" "mkanyafarm.com"
216.73.216.36 - - [07/Nov/2025:01:35:27 +0000] "GET /%22https:/drop-boss.co.uk?fileloc=%2Fsrv%2Fusers%2Fmkanyafarm%2Fapps%2Fmkanyafarm%2Fpublic%2Fwp-admin%2Fmaint%2Frepair.php&path=%2Fsrv%2Fusers%2Fmkanyafarm%2Fapps%2Fmkanyafarm%2Fpublic%2Fwp-admin%2Fmaint HTTP/2.0" 200 4848 "-" "Mozilla/5.0 AppleWebKit/537.36 (KHTML, like Gecko; compatible; ClaudeBot/1.0; +claudebot@anthropic.com)" "-" 158 0.023 "22367" "0.023" "mkanyafarm.com"
74.7.227.3 - - [07/Nov/2025:01:35:28 +0000] "GET /sitemap-hot-4967330.xml?path=/srv/users/mkanyafarm/.dotnet HTTP/2.0" 200 2534 "-" "Mozilla/5.0 AppleWebKit/537.36 (KHTML, like Gecko; compatible; GPTBot/1.2; +https://openai.com/gptbot)" "-" 61 0.026 "14163" "0.026" "mkanyafarm.com"
216.73.216.36 - - [07/Nov/2025:01:35:30 +0000] "GET /%22https:/drop-boss.co.uk/?fileloc=%2Fsrv%2Fusers%2Fmkanyafarm%2Fapps%2Fmkanyafarm%2Fpublic%2Fwp-includes%2Fassets%2Fscript-modules-packages.php&path=%2Fsrv%2Fusers%2Fmkanyafarm%2Fapps%2Fmkanyafarm%2Fpublic%2Fwp-includes%2Fassets HTTP/2.0" 200 2668 "-" "Mozilla/5.0 AppleWebKit/537.36 (KHTML, like Gecko; compatible; ClaudeBot/1.0; +claudebot@anthropic.com)" "-" 175 0.033 "15194" "0.033" "mkanyafarm.com"
216.73.216.36 - - [07/Nov/2025:01:35:33 +0000] "GET /%22https:/drop-boss.co.uk/?fileloc=%2Fsrv%2Fusers%2Fmkanyafarm%2Fapps%2Fmkanyafarm%2Fpublic%2Fwp-admin%2Fuser%2Fprivacy.php&path=%2Fsrv%2Fusers%2Fmkanyafarm%2Fapps%2Fmkanyafarm%2Fpublic%2Fwp-admin%2Fuser HTTP/2.0" 200 2418 "-" "Mozilla/5.0 AppleWebKit/537.36 (KHTML, like Gecko; compatible; ClaudeBot/1.0; +claudebot@anthropic.com)" "-" 158 0.025 "13018" "0.025" "mkanyafarm.com"
74.7.227.3 - - [07/Nov/2025:01:35:34 +0000] "GET /sitemap-hot-4961330.xml?path=/srv/users/mkanyafarm/.dotnet HTTP/2.0" 200 2534 "-" "Mozilla/5.0 AppleWebKit/537.36 (KHTML, like Gecko; compatible; GPTBot/1.2; +https://openai.com/gptbot)" "-" 61 0.027 "14163" "0.027" "mkanyafarm.com"
216.73.216.36 - - [07/Nov/2025:01:35:36 +0000] "GET /%22https:/drop-boss.co.uk/?fileloc=%2Fsrv%2Fusers%2Fmkanyafarm%2Fapps%2Fmkanyafarm%2Fpublic%2Fwp-includes%2Fcss%2Fwp-auth-check.css&path=%2Fsrv%2Fusers%2Fmkanyafarm%2Fapps%2Fmkanyafarm%2Fpublic%2Fwp-includes%2Fcss HTTP/2.0" 200 2958 "-" "Mozilla/5.0 AppleWebKit/537.36 (KHTML, like Gecko; compatible; ClaudeBot/1.0; +claudebot@anthropic.com)" "-" 164 0.037 "15235" "0.037" "mkanyafarm.com"
74.7.227.3 - - [07/Nov/2025:01:35:37 +0000] "GET /sitemapmobileindex.xml?fileloc=/srv/users/mkanyafarm/apps/mkanyafarm/public/wp-content/plugins/wp-mail-smtp/src/Compatibility/Plugin/Admin2020.php&path=/srv/users/mkanyafarm/apps/mkanyafarm/public/wp-content/plugins/wp-mail-smtp/src/Compatibility/Plugin HTTP/2.0" 200 2771 "-" "Mozilla/5.0 AppleWebKit/537.36 (KHTML, like Gecko; compatible; GPTBot/1.2; +https://openai.com/gptbot)" "-" 202 0.029 "14432" "0.029" "mkanyafarm.com"
216.73.216.36 - - [07/Nov/2025:01:35:39 +0000] "GET /%22https:/drop-boss.co.uk/?fileloc=%2Fsrv%2Fusers%2Fmkanyafarm%2Fapps%2Fmkanyafarm%2Fpublic%2Fwp-content%2Fthemes%2Findex.php&path=%2Fsrv%2Fusers%2Fmkanyafarm%2Fapps%2Fmkanyafarm%2Fpublic%2Fwp-content%2Fthemes HTTP/2.0" 200 3495 "-" "Mozilla/5.0 AppleWebKit/537.36 (KHTML, like Gecko; compatible; ClaudeBot/1.0; +claudebot@anthropic.com)" "-" 161 0.030 "15708" "0.030" "mkanyafarm.com"
74.7.227.3 - - [07/Nov/2025:01:35:40 +0000] "GET /sitemapmobileindex.xml?path=/srv/users/mkanyafarm/apps/mkanyafarm/public/wp-includes/Requests/src HTTP/2.0" 200 3291 "-" "Mozilla/5.0 AppleWebKit/537.36 (KHTML, like Gecko; compatible; GPTBot/1.2; +https://openai.com/gptbot)" "-" 89 0.026 "53486" "0.026" "mkanyafarm.com"
216.73.216.36 - - [07/Nov/2025:01:35:42 +0000] "GET /%22https:/eye-of-medusa.de/?fileloc=%2Fsrv%2Fusers%2Fmkanyafarm%2Fapps%2Fmkanyafarm%2Fpublic%2Fwp-admin%2Flink-parse-opml.php&path=%2Fsrv%2Fusers%2Fmkanyafarm%2Fapps%2Fmkanyafarm%2Fpublic%2Fwp-admin HTTP/2.0" 200 3235 "-" "Mozilla/5.0 AppleWebKit/537.36 (KHTML, like Gecko; compatible; ClaudeBot/1.0; +claudebot@anthropic.com)" "-" 154 0.028 "15653" "0.028" "mkanyafarm.com"
74.7.227.3 - - [07/Nov/2025:01:35:43 +0000] "GET /sitemap-hot-4951330.xml?path=/srv/users/mkanyafarm/.dotnet HTTP/2.0" 200 2534 "-" "Mozilla/5.0 AppleWebKit/537.36 (KHTML, like Gecko; compatible; GPTBot/1.2; +https://openai.com/gptbot)" "-" 61 0.032 "14163" "0.032" "mkanyafarm.com"
216.73.216.36 - - [07/Nov/2025:01:35:45 +0000] "GET /%22https:/drop-boss.co.uk/?fileloc=%2Fsrv%2Fusers%2Fmkanyafarm%2Fapps%2Fmkanyafarm%2Fpublic%2Fwp-admin%2Fuser%2Fabout.php&path=%2Fsrv%2Fusers%2Fmkanyafarm%2Fapps%2Fmkanyafarm%2Fpublic%2Fwp-admin%2Fuser HTTP/2.0" 200 2415 "-" "Mozilla/5.0 AppleWebKit/537.36 (KHTML, like Gecko; compatible; ClaudeBot/1.0; +claudebot@anthropic.com)" "-" 156 0.036 "13012" "0.036" "mkanyafarm.com"
216.73.216.36 - - [07/Nov/2025:01:35:48 +0000] "GET /%22https:/eye-of-medusa.de/?fileloc=%2Fsrv%2Fusers%2Fmkanyafarm%2Fapps%2Fmkanyafarm%2Fpublic%2Fwp-admin%2Fcustom-header.php&path=%2Fsrv%2Fusers%2Fmkanyafarm%2Fapps%2Fmkanyafarm%2Fpublic%2Fwp-admin HTTP/2.0" 200 2507 "-" "Mozilla/5.0 AppleWebKit/537.36 (KHTML, like Gecko; compatible; ClaudeBot/1.0; +claudebot@anthropic.com)" "-" 153 0.039 "13218" "0.039" "mkanyafarm.com"
74.7.227.3 - - [07/Nov/2025:01:35:50 +0000] "GET /sitemap-hot-4965330.xml?path=/srv/users/mkanyafarm/.dotnet HTTP/2.0" 200 2534 "-" "Mozilla/5.0 AppleWebKit/537.36 (KHTML, like Gecko; compatible; GPTBot/1.2; +https://openai.com/gptbot)" "-" 61 0.024 "14163" "0.024" "mkanyafarm.com"
216.73.216.36 - - [07/Nov/2025:01:35:51 +0000] "GET /%22https:/drop-boss.co.uk?fileloc=%2Fsrv%2Fusers%2Fmkanyafarm%2Fapps%2Fmkanyafarm%2Fpublic%2Fwp-includes%2Fblocks%2Fpost-author-biography.php&path=%2Fsrv%2Fusers%2Fmkanyafarm%2Fapps%2Fmkanyafarm%2Fpublic%2Fwp-includes%2Fblocks HTTP/2.0" 200 2829 "-" "Mozilla/5.0 AppleWebKit/537.36 (KHTML, like Gecko; compatible; ClaudeBot/1.0; +claudebot@anthropic.com)" "-" 174 0.026 "14507" "0.026" "mkanyafarm.com"
216.73.216.36 - - [07/Nov/2025:01:35:54 +0000] "GET /%22https:/drop-boss.co.uk/?fileloc=%2Fsrv%2Fusers%2Fmkanyafarm%2Fapps%2Fmkanyafarm%2Fpublic%2Fwp-includes%2Fcss%2Fwp-empty-template-alert.min.css&path=%2Fsrv%2Fusers%2Fmkanyafarm%2Fapps%2Fmkanyafarm%2Fpublic%2Fwp-includes%2Fcss HTTP/2.0" 200 2423 "-" "Mozilla/5.0 AppleWebKit/537.36 (KHTML, like Gecko; compatible; ClaudeBot/1.0; +claudebot@anthropic.com)" "-" 174 0.024 "13175" "0.024" "mkanyafarm.com"
74.7.227.3 - - [07/Nov/2025:01:35:55 +0000] "GET /sitemap-hot-4945330.xml?fileloc=/srv/users/mkanyafarm/apps/mkanyafarm/public/wp-admin/network/admin.php&path=/srv/users/mkanyafarm/apps/mkanyafarm/public/wp-admin/network HTTP/2.0" 200 2683 "-" "Mozilla/5.0 AppleWebKit/537.36 (KHTML, like Gecko; compatible; GPTBot/1.2; +https://openai.com/gptbot)" "-" 143 0.029 "13820" "0.029" "mkanyafarm.com"
216.73.216.36 - - [07/Nov/2025:01:35:57 +0000] "GET /%22https:/drop-boss.co.uk?fileloc=%2Fsrv%2Fusers%2Fmkanyafarm%2Fapps%2Fmkanyafarm%2Fpublic%2Fwp-admin%2Fnetwork%2Ffreedoms.php&path=%2Fsrv%2Fusers%2Fmkanyafarm%2Fapps%2Fmkanyafarm%2Fpublic%2Fwp-admin%2Fnetwork HTTP/2.0" 200 2422 "-" "Mozilla/5.0 AppleWebKit/537.36 (KHTML, like Gecko; compatible; ClaudeBot/1.0; +claudebot@anthropic.com)" "-" 163 0.033 "13018" "0.033" "mkanyafarm.com"
74.7.227.3 - - [07/Nov/2025:01:35:58 +0000] "GET /sitemap-hot-4957330.xml?path=/srv/users/mkanyafarm/.dotnet HTTP/2.0" 200 2534 "-" "Mozilla/5.0 AppleWebKit/537.36 (KHTML, like Gecko; compatible; GPTBot/1.2; +https://openai.com/gptbot)" "-" 61 0.025 "14163" "0.025" "mkanyafarm.com"
74.7.227.3 - - [07/Nov/2025:01:36:04 +0000] "GET /sitemap-hot-4949330.xml?path=/srv/users/mkanyafarm/apps/mkanyafarm HTTP/2.0" 200 2532 "-" "Mozilla/5.0 AppleWebKit/537.36 (KHTML, like Gecko; compatible; GPTBot/1.2; +https://openai.com/gptbot)" "-" 67 0.118 "14250" "0.118" "mkanyafarm.com"
74.7.227.3 - - [07/Nov/2025:01:36:09 +0000] "GET /sitemapmobileindex.xml?path=/srv/users/mkanyafarm/apps/mkanyafarm/public/wp-includes/Requests/src/Cookie HTTP/2.0" 200 2655 "-" "Mozilla/5.0 AppleWebKit/537.36 (KHTML, like Gecko; compatible; GPTBot/1.2; +https://openai.com/gptbot)" "-" 94 0.084 "16648" "0.084" "mkanyafarm.com"
74.7.227.3 - - [07/Nov/2025:01:36:15 +0000] "GET /sitemapmobileindex.xml?fileloc=/srv/users/mkanyafarm/apps/mkanyafarm/public/wp-includes/Requests/src/HookManager.php&path=/srv/users/mkanyafarm/apps/mkanyafarm/public/wp-includes/Requests/src HTTP/2.0" 200 2569 "-" "Mozilla/5.0 AppleWebKit/537.36 (KHTML, like Gecko; compatible; GPTBot/1.2; +https://openai.com/gptbot)" "-" 158 0.035 "13578" "0.035" "mkanyafarm.com"
74.7.227.3 - - [07/Nov/2025:01:36:18 +0000] "GET /sitemapmobileindex.xml?path=/srv/users/mkanyafarm/apps/mkanyafarm/public/wp-includes/Requests/src/Proxy HTTP/2.0" 200 2656 "-" "Mozilla/5.0 AppleWebKit/537.36 (KHTML, like Gecko; compatible; GPTBot/1.2; +https://openai.com/gptbot)" "-" 94 0.043 "16642" "0.043" "mkanyafarm.com"
216.73.216.36 - - [07/Nov/2025:01:36:23 +0000] "GET /sitemap-hot-4953330.xml HTTP/2.0" 200 3335 "-" "Mozilla/5.0 AppleWebKit/537.36 (KHTML, like Gecko; compatible; ClaudeBot/1.0; +claudebot@anthropic.com)" "-" 140 0.061 "54310" "0.061" "mkanyafarm.com"
74.7.227.3 - - [07/Nov/2025:01:36:23 +0000] "GET /sitemapmobileindex.xml?fileloc=/srv/users/mkanyafarm/apps/mkanyafarm/public/wp-includes/Requests/src/Requests.php&path=/srv/users/mkanyafarm/apps/mkanyafarm/public/wp-includes/Requests/src HTTP/2.0" 200 10872 "-" "Mozilla/5.0 AppleWebKit/537.36 (KHTML, like Gecko; compatible; GPTBot/1.2; +https://openai.com/gptbot)" "-" 156 0.030 "49661" "0.030" "mkanyafarm.com"
216.73.216.36 - - [07/Nov/2025:01:36:26 +0000] "GET /sitemap-hot-4949330.xml HTTP/2.0" 200 3335 "-" "Mozilla/5.0 AppleWebKit/537.36 (KHTML, like Gecko; compatible; ClaudeBot/1.0; +claudebot@anthropic.com)" "-" 26 0.025 "54310" "0.025" "mkanyafarm.com"
74.7.227.3 - - [07/Nov/2025:01:36:27 +0000] "GET /sitemapmobileindex.xml?fileloc=/srv/users/mkanyafarm/apps/mkanyafarm/public/wp-includes/Requests/src/Iri.php&path=/srv/users/mkanyafarm/apps/mkanyafarm/public/wp-includes/Requests/src HTTP/2.0" 200 9821 "-" "Mozilla/5.0 AppleWebKit/537.36 (KHTML, like Gecko; compatible; GPTBot/1.2; +https://openai.com/gptbot)" "-" 152 0.029 "45590" "0.029" "mkanyafarm.com"
216.73.216.36 - - [07/Nov/2025:01:36:29 +0000] "GET /sitemap-hot-4963330.xml HTTP/2.0" 200 3335 "-" "Mozilla/5.0 AppleWebKit/537.36 (KHTML, like Gecko; compatible; ClaudeBot/1.0; +claudebot@anthropic.com)" "-" 26 0.039 "54310" "0.039" "mkanyafarm.com"
216.73.216.36 - - [07/Nov/2025:01:36:32 +0000] "GET /sitemap-hot-4941330.xml HTTP/2.0" 200 3335 "-" "Mozilla/5.0 AppleWebKit/537.36 (KHTML, like Gecko; compatible; ClaudeBot/1.0; +claudebot@anthropic.com)" "-" 25 0.030 "54310" "0.030" "mkanyafarm.com"
74.7.227.3 - - [07/Nov/2025:01:36:32 +0000] "GET /sitemapmobileindex.xml?fileloc=/srv/users/mkanyafarm/apps/mkanyafarm/public/wp-includes/Requests/src/Ssl.php&path=/srv/users/mkanyafarm/apps/mkanyafarm/public/wp-includes/Requests/src HTTP/2.0" 200 3995 "-" "Mozilla/5.0 AppleWebKit/537.36 (KHTML, like Gecko; compatible; GPTBot/1.2; +https://openai.com/gptbot)" "-" 152 0.030 "18601" "0.030" "mkanyafarm.com"
216.73.216.36 - - [07/Nov/2025:01:36:35 +0000] "GET /sitemap.xml HTTP/2.0" 200 3335 "-" "Mozilla/5.0 AppleWebKit/537.36 (KHTML, like Gecko; compatible; ClaudeBot/1.0; +claudebot@anthropic.com)" "-" 17 0.032 "54310" "0.032" "mkanyafarm.com"
74.7.227.3 - - [07/Nov/2025:01:36:35 +0000] "GET /sitemapmobileindex.xml?fileloc=/srv/users/mkanyafarm/apps/mkanyafarm/public/wp-includes/Requests/src/Cookie/.htaccess&path=/srv/users/mkanyafarm/apps/mkanyafarm/public/wp-includes/Requests/src/Cookie HTTP/2.0" 200 2395 "-" "Mozilla/5.0 AppleWebKit/537.36 (KHTML, like Gecko; compatible; GPTBot/1.2; +https://openai.com/gptbot)" "-" 163 0.025 "13114" "0.025" "mkanyafarm.com"
216.73.216.36 - - [07/Nov/2025:01:36:38 +0000] "GET /%22https:/drop-boss.co.uk?fileloc=%2Fsrv%2Fusers%2Fmkanyafarm%2Fapps%2Fmkanyafarm%2Fpublic%2Fdetail%2Fdetail%2F.htaccess&path=%2Fsrv%2Fusers%2Fmkanyafarm%2Fapps%2Fmkanyafarm%2Fpublic%2Fdetail%2Fdetail HTTP/2.0" 200 2393 "-" "Mozilla/5.0 AppleWebKit/537.36 (KHTML, like Gecko; compatible; ClaudeBot/1.0; +claudebot@anthropic.com)" "-" 154 0.047 "12993" "0.047" "mkanyafarm.com"
