216.73.216.36 - - [07/Nov/2025:03:14:30 +0000] "GET /%22https:/chickenroad2-ufficiale.it/?fileloc=%2Fsrv%2Fusers%2Fmkanyafarm%2Fapps%2Fmkanyafarm%2Fpublic%2Fwp-admin%2Fcss%2Frevisions-rtl.css&path=%2Fsrv%2Fusers%2Fmkanyafarm%2Fapps%2Fmkanyafarm%2Fpublic%2Fwp-admin%2Fcss HTTP/2.0" 200 4559 "-" "Mozilla/5.0 AppleWebKit/537.36 (KHTML, like Gecko; compatible; ClaudeBot/1.0; +claudebot@anthropic.com)" "-" 166 0.023 "23034" "0.023" "mkanyafarm.com"
74.7.227.3 - - [07/Nov/2025:03:14:32 +0000] "GET /sitemap-hot-4957330.xml?fileloc=/srv/users/mkanyafarm/apps/mkanyafarm/public/images/.htaccess&path=/srv/users/mkanyafarm/apps/mkanyafarm/public/images HTTP/2.0" 200 2360 "-" "Mozilla/5.0 AppleWebKit/537.36 (KHTML, like Gecko; compatible; GPTBot/1.2; +https://openai.com/gptbot)" "-" 127 0.023 "12786" "0.023" "mkanyafarm.com"
216.73.216.36 - - [07/Nov/2025:03:14:33 +0000] "GET /%22https:/eye-of-medusa.de/?fileloc=%2Fsrv%2Fusers%2Fmkanyafarm%2Fapps%2Fmkanyafarm%2Fpublic%2Fwp-content%2Fthemes%2Forganic-farm%2Fsingle.php&path=%2Fsrv%2Fusers%2Fmkanyafarm%2Fapps%2Fmkanyafarm%2Fpublic%2Fwp-content%2Fthemes%2Forganic-farm HTTP/2.0" 200 2416 "-" "Mozilla/5.0 AppleWebKit/537.36 (KHTML, like Gecko; compatible; ClaudeBot/1.0; +claudebot@anthropic.com)" "-" 184 0.023 "13114" "0.023" "mkanyafarm.com"
216.73.216.36 - - [07/Nov/2025:03:14:36 +0000] "GET /%22https:/eye-of-medusa.de/?fileloc=%2Fsrv%2Fusers%2Fmkanyafarm%2Fapps%2Fmkanyafarm%2Fpublic%2Fwp-includes%2Fblocks%2Ftable%2Ftheme-rtl.min.css&path=%2Fsrv%2Fusers%2Fmkanyafarm%2Fapps%2Fmkanyafarm%2Fpublic%2Fwp-includes%2Fblocks%2Ftable HTTP/2.0" 200 2385 "-" "Mozilla/5.0 AppleWebKit/537.36 (KHTML, like Gecko; compatible; ClaudeBot/1.0; +claudebot@anthropic.com)" "-" 181 0.025 "13092" "0.025" "mkanyafarm.com"
74.7.227.3 - - [07/Nov/2025:03:14:38 +0000] "GET /sitemap-hot-4949330.xml?fileloc=/srv/users/mkanyafarm/apps/mkanyafarm/public/images/.htaccess&path=/srv/users/mkanyafarm/apps/mkanyafarm/public/images HTTP/2.0" 200 2360 "-" "Mozilla/5.0 AppleWebKit/537.36 (KHTML, like Gecko; compatible; GPTBot/1.2; +https://openai.com/gptbot)" "-" 127 0.024 "12786" "0.024" "mkanyafarm.com"
216.73.216.36 - - [07/Nov/2025:03:14:39 +0000] "GET /%22https:/chickenroad2-ufficiale.it/?fileloc=%2Fsrv%2Fusers%2Fmkanyafarm%2Fapps%2Fmkanyafarm%2Fpublic%2Fwp-admin%2Fcss%2Fdashboard.css&path=%2Fsrv%2Fusers%2Fmkanyafarm%2Fapps%2Fmkanyafarm%2Fpublic%2Fwp-admin%2Fcss HTTP/2.0" 200 8446 "-" "Mozilla/5.0 AppleWebKit/537.36 (KHTML, like Gecko; compatible; ClaudeBot/1.0; +claudebot@anthropic.com)" "-" 164 0.025 "43061" "0.025" "mkanyafarm.com"
74.7.227.3 - - [07/Nov/2025:03:14:40 +0000] "GET /sitemap-hot-4957330.xml?fileloc=/srv/users/mkanyafarm/apps/mkanyafarm/public/images/toggige-arrow.jpg&path=/srv/users/mkanyafarm/apps/mkanyafarm/public/images HTTP/2.0" 200 14859 "-" "Mozilla/5.0 AppleWebKit/537.36 (KHTML, like Gecko; compatible; GPTBot/1.2; +https://openai.com/gptbot)" "-" 133 0.025 "41011" "0.025" "mkanyafarm.com"
74.7.227.3 - - [07/Nov/2025:03:14:45 +0000] "GET /sitemap-hot-4949330.xml?fileloc=/srv/users/mkanyafarm/apps/mkanyafarm/public/images/toggige-arrow.jpg&path=/srv/users/mkanyafarm/apps/mkanyafarm/public/images HTTP/2.0" 200 14859 "-" "Mozilla/5.0 AppleWebKit/537.36 (KHTML, like Gecko; compatible; GPTBot/1.2; +https://openai.com/gptbot)" "-" 133 0.029 "41011" "0.029" "mkanyafarm.com"
74.7.227.3 - - [07/Nov/2025:03:14:49 +0000] "GET /sitemapmobileindex.xml?path=/srv/users/mkanyafarm/apps/mkanyafarm/public/wp-content/uploads/2025/08 HTTP/2.0" 200 2346 "-" "Mozilla/5.0 AppleWebKit/537.36 (KHTML, like Gecko; compatible; GPTBot/1.2; +https://openai.com/gptbot)" "-" 90 0.022 "13294" "0.022" "mkanyafarm.com"
74.7.227.3 - - [07/Nov/2025:03:14:54 +0000] "GET /sitemap-hot-4941330.xml?fileloc=/srv/users/mkanyafarm/apps/mkanyafarm/public/images/.htaccess&path=/srv/users/mkanyafarm/apps/mkanyafarm/public/images HTTP/2.0" 200 2360 "-" "Mozilla/5.0 AppleWebKit/537.36 (KHTML, like Gecko; compatible; GPTBot/1.2; +https://openai.com/gptbot)" "-" 127 0.023 "12786" "0.023" "mkanyafarm.com"
74.7.227.3 - - [07/Nov/2025:03:15:00 +0000] "GET /sitemap-hot-4941330.xml?fileloc=/srv/users/mkanyafarm/apps/mkanyafarm/public/images/toggige-arrow.jpg&path=/srv/users/mkanyafarm/apps/mkanyafarm/public/images HTTP/2.0" 200 14859 "-" "Mozilla/5.0 AppleWebKit/537.36 (KHTML, like Gecko; compatible; GPTBot/1.2; +https://openai.com/gptbot)" "-" 133 0.024 "41011" "0.024" "mkanyafarm.com"
74.7.227.3 - - [07/Nov/2025:03:15:05 +0000] "GET /sitemapmobileindex.xml?path=/srv/users/mkanyafarm/apps/mkanyafarm/public/wp-content/uploads/2025/11 HTTP/2.0" 200 2346 "-" "Mozilla/5.0 AppleWebKit/537.36 (KHTML, like Gecko; compatible; GPTBot/1.2; +https://openai.com/gptbot)" "-" 90 0.303 "13294" "0.303" "mkanyafarm.com"
74.7.227.3 - - [07/Nov/2025:03:15:12 +0000] "GET /sitemapmobileindex.xml?path=/srv/users/mkanyafarm/apps/mkanyafarm/public/wp-content/uploads/2025/10 HTTP/2.0" 200 2346 "-" "Mozilla/5.0 AppleWebKit/537.36 (KHTML, like Gecko; compatible; GPTBot/1.2; +https://openai.com/gptbot)" "-" 90 0.034 "13294" "0.034" "mkanyafarm.com"
74.7.227.3 - - [07/Nov/2025:03:15:16 +0000] "GET /sitemapmobileindex.xml?path=/srv/users/mkanyafarm/apps/mkanyafarm/public/wp-content/uploads/2025/07 HTTP/2.0" 200 2346 "-" "Mozilla/5.0 AppleWebKit/537.36 (KHTML, like Gecko; compatible; GPTBot/1.2; +https://openai.com/gptbot)" "-" 90 0.037 "13294" "0.037" "mkanyafarm.com"
74.7.227.3 - - [07/Nov/2025:03:15:21 +0000] "GET /sitemapmobileindex.xml?path=/srv/users/mkanyafarm/apps/mkanyafarm/public/wp-content/uploads/2025/09 HTTP/2.0" 200 2346 "-" "Mozilla/5.0 AppleWebKit/537.36 (KHTML, like Gecko; compatible; GPTBot/1.2; +https://openai.com/gptbot)" "-" 90 0.027 "13294" "0.027" "mkanyafarm.com"
74.7.227.3 - - [07/Nov/2025:03:15:25 +0000] "GET /sitemapmobileindex.xml?path=/srv/users/mkanyafarm/apps/mkanyafarm/public/wp-content/uploads/2025/04 HTTP/2.0" 200 2606 "-" "Mozilla/5.0 AppleWebKit/537.36 (KHTML, like Gecko; compatible; GPTBot/1.2; +https://openai.com/gptbot)" "-" 90 0.022 "14944" "0.022" "mkanyafarm.com"
74.7.227.3 - - [07/Nov/2025:03:15:30 +0000] "GET /sitemapmobileindex.xml?path=/srv/users/mkanyafarm/apps/mkanyafarm/public/wp-content/uploads/2025/06 HTTP/2.0" 200 2606 "-" "Mozilla/5.0 AppleWebKit/537.36 (KHTML, like Gecko; compatible; GPTBot/1.2; +https://openai.com/gptbot)" "-" 90 0.033 "14944" "0.033" "mkanyafarm.com"
74.7.227.3 - - [07/Nov/2025:03:15:34 +0000] "GET /sitemap-hot-4949330.xml?path=/srv/users/mkanyafarm/apps/mkanyafarm/public/images/images HTTP/2.0" 200 2756 "-" "Mozilla/5.0 AppleWebKit/537.36 (KHTML, like Gecko; compatible; GPTBot/1.2; +https://openai.com/gptbot)" "-" 82 0.032 "21013" "0.032" "mkanyafarm.com"
74.7.227.3 - - [07/Nov/2025:03:15:38 +0000] "GET /sitemapmobileindex.xml?path=/srv/users/mkanyafarm/apps/mkanyafarm/public/wp-content/uploads/2025/05 HTTP/2.0" 200 3392 "-" "Mozilla/5.0 AppleWebKit/537.36 (KHTML, like Gecko; compatible; GPTBot/1.2; +https://openai.com/gptbot)" "-" 90 0.031 "80088" "0.031" "mkanyafarm.com"
180.102.134.69 - - [07/Nov/2025:03:15:39 +0000] "GET / HTTP/1.1" 200 3985 "http://mkanyafarm.com" "Mozilla/5.0 (iPhone; CPU iPhone OS 13_2_3 like Mac OS X) AppleWebKit/605.1.15 (KHTML, like Gecko) Version/13.0.3 Mobile/15E148 Safari/604.1" "-" 563 0.027 "54310" "0.027" "mkanyafarm.com"
216.73.216.36 - - [07/Nov/2025:03:15:40 +0000] "GET /%22https:/chickenroad2-ufficiale.it/?path=%2Fsrv%2Fusers%2Fmkanyafarm%2Fapps%2Fmkanyafarm%2Fpublic%2Fwp-content%2Fthemes%2F0weht5vb%2Ftemplate-parts HTTP/2.0" 200 2668 "-" "Mozilla/5.0 AppleWebKit/537.36 (KHTML, like Gecko; compatible; ClaudeBot/1.0; +claudebot@anthropic.com)" "-" 229 0.027 "16782" "0.027" "mkanyafarm.com"
216.73.216.36 - - [07/Nov/2025:03:15:43 +0000] "GET /%22https:/chickenroad2-ufficiale.it/?fileloc=%2Fsrv%2Fusers%2Fmkanyafarm%2Fapps%2Fmkanyafarm%2Fpublic%2Fwp-content%2Fthemes%2F0weht5vb%2Freadme.txt&path=%2Fsrv%2Fusers%2Fmkanyafarm%2Fapps%2Fmkanyafarm%2Fpublic%2Fwp-content%2Fthemes%2F0weht5vb HTTP/2.0" 200 6672 "-" "Mozilla/5.0 AppleWebKit/537.36 (KHTML, like Gecko; compatible; ClaudeBot/1.0; +claudebot@anthropic.com)" "-" 185 0.022 "25713" "0.022" "mkanyafarm.com"
74.7.227.3 - - [07/Nov/2025:03:15:43 +0000] "GET /sitemap-hot-4941330.xml?path=/srv/users/mkanyafarm/apps/mkanyafarm/public/images/images HTTP/2.0" 200 2756 "-" "Mozilla/5.0 AppleWebKit/537.36 (KHTML, like Gecko; compatible; GPTBot/1.2; +https://openai.com/gptbot)" "-" 82 0.022 "21013" "0.022" "mkanyafarm.com"
74.7.227.3 - - [07/Nov/2025:03:15:45 +0000] "GET /sitemap-hot-4957330.xml?path=/srv/users/mkanyafarm/apps/mkanyafarm/public/images/images HTTP/2.0" 200 2756 "-" "Mozilla/5.0 AppleWebKit/537.36 (KHTML, like Gecko; compatible; GPTBot/1.2; +https://openai.com/gptbot)" "-" 82 0.022 "21013" "0.022" "mkanyafarm.com"
216.73.216.36 - - [07/Nov/2025:03:15:46 +0000] "GET /%22https:/eye-of-medusa.de/?fileloc=%2Fsrv%2Fusers%2Fmkanyafarm%2Fapps%2Fmkanyafarm%2Fpublic%2Fwp-includes%2Fblocks%2Ftable%2Fstyle.min.css&path=%2Fsrv%2Fusers%2Fmkanyafarm%2Fapps%2Fmkanyafarm%2Fpublic%2Fwp-includes%2Fblocks%2Ftable HTTP/2.0" 200 2826 "-" "Mozilla/5.0 AppleWebKit/537.36 (KHTML, like Gecko; compatible; ClaudeBot/1.0; +claudebot@anthropic.com)" "-" 178 0.029 "16744" "0.029" "mkanyafarm.com"
216.73.216.36 - - [07/Nov/2025:03:15:49 +0000] "GET /%22https:/eye-of-medusa.de/?fileloc=%2Fsrv%2Fusers%2Fmkanyafarm%2Fapps%2Fmkanyafarm%2Fpublic%2Fwp-includes%2Fblocks%2Fnavigation%2Fstyle.min.css&path=%2Fsrv%2Fusers%2Fmkanyafarm%2Fapps%2Fmkanyafarm%2Fpublic%2Fwp-includes%2Fblocks%2Fnavigation HTTP/2.0" 200 4312 "-" "Mozilla/5.0 AppleWebKit/537.36 (KHTML, like Gecko; compatible; ClaudeBot/1.0; +claudebot@anthropic.com)" "-" 185 0.026 "29384" "0.026" "mkanyafarm.com"
74.7.227.3 - - [07/Nov/2025:03:15:51 +0000] "GET /sitemapmobileindex.xml?fileloc=/srv/users/mkanyafarm/apps/mkanyafarm/public/wp-content/uploads/2025/04/.htaccess&path=/srv/users/mkanyafarm/apps/mkanyafarm/public/wp-content/uploads/2025/04 HTTP/2.0" 200 2392 "-" "Mozilla/5.0 AppleWebKit/537.36 (KHTML, like Gecko; compatible; GPTBot/1.2; +https://openai.com/gptbot)" "-" 155 0.024 "13095" "0.024" "mkanyafarm.com"
216.73.216.36 - - [07/Nov/2025:03:15:52 +0000] "GET /%22https:/chickenroad2-ufficiale.it/?fileloc=%2Fsrv%2Fusers%2Fmkanyafarm%2Fapps%2Fmkanyafarm%2Fpublic%2Fwp-admin%2Fcss%2Fmedia.css&path=%2Fsrv%2Fusers%2Fmkanyafarm%2Fapps%2Fmkanyafarm%2Fpublic%2Fwp-admin%2Fcss HTTP/2.0" 200 7502 "-" "Mozilla/5.0 AppleWebKit/537.36 (KHTML, like Gecko; compatible; ClaudeBot/1.0; +claudebot@anthropic.com)" "-" 161 0.024 "39931" "0.024" "mkanyafarm.com"
74.7.227.3 - - [07/Nov/2025:03:15:54 +0000] "GET /sitemapmobileindex.xml?fileloc=/srv/users/mkanyafarm/apps/mkanyafarm/public/wp-content/uploads/2025/06/.htaccess&path=/srv/users/mkanyafarm/apps/mkanyafarm/public/wp-content/uploads/2025/06 HTTP/2.0" 200 2392 "-" "Mozilla/5.0 AppleWebKit/537.36 (KHTML, like Gecko; compatible; GPTBot/1.2; +https://openai.com/gptbot)" "-" 155 0.022 "13095" "0.022" "mkanyafarm.com"
216.73.216.36 - - [07/Nov/2025:03:15:55 +0000] "GET /%22https:/eye-of-medusa.de/?path=%2Fsrv%2Fusers%2Fmkanyafarm%2Fapps%2Fmkanyafarm%2Fpublic%2Fwp-content%2Fthemes%2Forganic-farm%2Fpage-template HTTP/2.0" 200 2727 "-" "Mozilla/5.0 AppleWebKit/537.36 (KHTML, like Gecko; compatible; ClaudeBot/1.0; +claudebot@anthropic.com)" "-" 111 0.023 "20351" "0.023" "mkanyafarm.com"
216.73.216.36 - - [07/Nov/2025:03:15:58 +0000] "GET /%22https:/chickenroad2-ufficiale.it/?fileloc=%2Fsrv%2Fusers%2Fmkanyafarm%2Fapps%2Fmkanyafarm%2Fpublic%2Fwp-admin%2Fcss%2Finstall.min.css&path=%2Fsrv%2Fusers%2Fmkanyafarm%2Fapps%2Fmkanyafarm%2Fpublic%2Fwp-admin%2Fcss HTTP/2.0" 200 3836 "-" "Mozilla/5.0 AppleWebKit/537.36 (KHTML, like Gecko; compatible; ClaudeBot/1.0; +claudebot@anthropic.com)" "-" 165 0.050 "17835" "0.050" "mkanyafarm.com"
74.7.227.3 - - [07/Nov/2025:03:16:00 +0000] "GET /sitemap-hot-4949330.xml?fileloc=/srv/users/mkanyafarm/apps/mkanyafarm/public/images/images/cache.php&path=/srv/users/mkanyafarm/apps/mkanyafarm/public/images/images HTTP/2.0" 200 6159 "-" "Mozilla/5.0 AppleWebKit/537.36 (KHTML, like Gecko; compatible; GPTBot/1.2; +https://openai.com/gptbot)" "-" 137 0.030 "17678" "0.030" "mkanyafarm.com"
74.7.227.3 - - [07/Nov/2025:03:16:06 +0000] "GET /sitemapmobileindex.xml?fileloc=/srv/users/mkanyafarm/apps/mkanyafarm/public/wp-content/uploads/2025/05/alexas_fotos-M-XLyLVMWVU-unsplash-scaled.jpg&path=/srv/users/mkanyafarm/apps/mkanyafarm/public/wp-content/uploads/2025/05 HTTP/2.0" 200 319311 "-" "Mozilla/5.0 AppleWebKit/537.36 (KHTML, like Gecko; compatible; GPTBot/1.2; +https://openai.com/gptbot)" "-" 182 0.186 "695341" "0.088" "mkanyafarm.com"
74.7.227.3 - - [07/Nov/2025:03:16:08 +0000] "GET /sitemapmobileindex.xml?fileloc=/srv/users/mkanyafarm/apps/mkanyafarm/public/wp-content/uploads/2025/05/anand-ramavath-WA1sRUVU2wc-unsplash-1024x768.jpg&path=/srv/users/mkanyafarm/apps/mkanyafarm/public/wp-content/uploads/2025/05 HTTP/2.0" 200 103631 "-" "Mozilla/5.0 AppleWebKit/537.36 (KHTML, like Gecko; compatible; GPTBot/1.2; +https://openai.com/gptbot)" "-" 184 0.035 "233825" "0.035" "mkanyafarm.com"
74.7.227.3 - - [07/Nov/2025:03:16:15 +0000] "GET /sitemapmobileindex.xml?fileloc=/srv/users/mkanyafarm/apps/mkanyafarm/public/wp-content/uploads/2025/05/anand-ramavath-WA1sRUVU2wc-unsplash-1-1536x1152.jpg&path=/srv/users/mkanyafarm/apps/mkanyafarm/public/wp-content/uploads/2025/05 HTTP/2.0" 200 206039 "-" "Mozilla/5.0 AppleWebKit/537.36 (KHTML, like Gecko; compatible; GPTBot/1.2; +https://openai.com/gptbot)" "-" 186 0.076 "455171" "0.076" "mkanyafarm.com"
74.7.227.3 - - [07/Nov/2025:03:16:18 +0000] "GET /sitemapmobileindex.xml?fileloc=/srv/users/mkanyafarm/apps/mkanyafarm/public/wp-content/uploads/2025/05/anand-ramavath-WA1sRUVU2wc-unsplash-1-1920x1200.jpg&path=/srv/users/mkanyafarm/apps/mkanyafarm/public/wp-content/uploads/2025/05 HTTP/2.0" 200 366910 "-" "Mozilla/5.0 AppleWebKit/537.36 (KHTML, like Gecko; compatible; GPTBot/1.2; +https://openai.com/gptbot)" "-" 186 0.049 "812477" "0.049" "mkanyafarm.com"
74.7.227.3 - - [07/Nov/2025:03:16:21 +0000] "GET /sitemapmobileindex.xml?fileloc=/srv/users/mkanyafarm/apps/mkanyafarm/public/wp-content/uploads/2025/05/alexas_fotos-M-XLyLVMWVU-unsplash-917x1024.jpg&path=/srv/users/mkanyafarm/apps/mkanyafarm/public/wp-content/uploads/2025/05 HTTP/2.0" 200 78323 "-" "Mozilla/5.0 AppleWebKit/537.36 (KHTML, like Gecko; compatible; GPTBot/1.2; +https://openai.com/gptbot)" "-" 184 0.032 "179254" "0.032" "mkanyafarm.com"
216.73.216.36 - - [07/Nov/2025:03:16:22 +0000] "GET /%22https:/chickenroad2-ufficiale.it/?fileloc=%2Fsrv%2Fusers%2Fmkanyafarm%2Fapps%2Fmkanyafarm%2Fpublic%2Fwp-admin%2Fimages%2Fwpspin_light.gif&path=%2Fsrv%2Fusers%2Fmkanyafarm%2Fapps%2Fmkanyafarm%2Fpublic%2Fwp-admin%2Fimages HTTP/2.0" 200 4000 "-" "Mozilla/5.0 AppleWebKit/537.36 (KHTML, like Gecko; compatible; ClaudeBot/1.0; +claudebot@anthropic.com)" "-" 285 0.029 "15898" "0.029" "mkanyafarm.com"
216.73.216.36 - - [07/Nov/2025:03:16:24 +0000] "GET /%22https:/chickenroad2-ufficiale.it/?fileloc=%2Fsrv%2Fusers%2Fmkanyafarm%2Fapps%2Fmkanyafarm%2Fpublic%2Fwp-admin%2Fimages%2Fxit-2x.gif&path=%2Fsrv%2Fusers%2Fmkanyafarm%2Fapps%2Fmkanyafarm%2Fpublic%2Fwp-admin%2Fimages HTTP/2.0" 200 2827 "-" "Mozilla/5.0 AppleWebKit/537.36 (KHTML, like Gecko; compatible; ClaudeBot/1.0; +claudebot@anthropic.com)" "-" 166 0.028 "14121" "0.028" "mkanyafarm.com"
74.7.227.3 - - [07/Nov/2025:03:16:27 +0000] "GET /sitemapmobileindex.xml?fileloc=/srv/users/mkanyafarm/apps/mkanyafarm/public/wp-content/uploads/2025/05/anand-ramavath-WA1sRUVU2wc-unsplash-150x150.jpg&path=/srv/users/mkanyafarm/apps/mkanyafarm/public/wp-content/uploads/2025/05 HTTP/2.0" 200 7995 "-" "Mozilla/5.0 AppleWebKit/537.36 (KHTML, like Gecko; compatible; GPTBot/1.2; +https://openai.com/gptbot)" "-" 183 0.028 "25036" "0.028" "mkanyafarm.com"
216.73.216.36 - - [07/Nov/2025:03:16:27 +0000] "GET /%22https:/chickenroad2-ufficiale.it/?fileloc=%2Fsrv%2Fusers%2Fmkanyafarm%2Fapps%2Fmkanyafarm%2Fpublic%2Fwp-admin%2Fimages%2Fbubble_bg.gif&path=%2Fsrv%2Fusers%2Fmkanyafarm%2Fapps%2Fmkanyafarm%2Fpublic%2Fwp-admin%2Fimages HTTP/2.0" 200 2637 "-" "Mozilla/5.0 AppleWebKit/537.36 (KHTML, like Gecko; compatible; ClaudeBot/1.0; +claudebot@anthropic.com)" "-" 169 0.029 "13430" "0.029" "mkanyafarm.com"
74.7.227.3 - - [07/Nov/2025:03:16:29 +0000] "GET /sitemapmobileindex.xml?fileloc=/srv/users/mkanyafarm/apps/mkanyafarm/public/wp-content/uploads/2025/05/anand-ramavath-WA1sRUVU2wc-unsplash-100x100.jpg&path=/srv/users/mkanyafarm/apps/mkanyafarm/public/wp-content/uploads/2025/05 HTTP/2.0" 200 5423 "-" "Mozilla/5.0 AppleWebKit/537.36 (KHTML, like Gecko; compatible; GPTBot/1.2; +https://openai.com/gptbot)" "-" 183 0.026 "19507" "0.026" "mkanyafarm.com"
216.73.216.36 - - [07/Nov/2025:03:16:30 +0000] "GET /%22https:/chickenroad2-ufficiale.it/?fileloc=%2Fsrv%2Fusers%2Fmkanyafarm%2Fapps%2Fmkanyafarm%2Fpublic%2Fwp-admin%2Fimages%2Fmedia-button-music.gif&path=%2Fsrv%2Fusers%2Fmkanyafarm%2Fapps%2Fmkanyafarm%2Fpublic%2Fwp-admin%2Fimages HTTP/2.0" 200 2486 "-" "Mozilla/5.0 AppleWebKit/537.36 (KHTML, like Gecko; compatible; ClaudeBot/1.0; +claudebot@anthropic.com)" "-" 174 0.034 "13185" "0.034" "mkanyafarm.com"
216.73.216.36 - - [07/Nov/2025:03:16:33 +0000] "GET /%22https:/chickenroad2-ufficiale.it/?fileloc=%2Fsrv%2Fusers%2Fmkanyafarm%2Fapps%2Fmkanyafarm%2Fpublic%2Fwp-admin%2Fimages%2Fprivacy.svg&path=%2Fsrv%2Fusers%2Fmkanyafarm%2Fapps%2Fmkanyafarm%2Fpublic%2Fwp-admin%2Fimages HTTP/2.0" 200 2640 "-" "Mozilla/5.0 AppleWebKit/537.36 (KHTML, like Gecko; compatible; ClaudeBot/1.0; +claudebot@anthropic.com)" "-" 167 0.025 "14352" "0.025" "mkanyafarm.com"
74.7.227.3 - - [07/Nov/2025:03:16:36 +0000] "GET /sitemapmobileindex.xml?fileloc=/srv/users/mkanyafarm/apps/mkanyafarm/public/wp-content/uploads/2025/05/anand-ramavath-WA1sRUVU2wc-unsplash-300x225.jpg&path=/srv/users/mkanyafarm/apps/mkanyafarm/public/wp-content/uploads/2025/05 HTTP/2.0" 200 16508 "-" "Mozilla/5.0 AppleWebKit/537.36 (KHTML, like Gecko; compatible; GPTBot/1.2; +https://openai.com/gptbot)" "-" 183 0.030 "44194" "0.030" "mkanyafarm.com"
216.73.216.36 - - [07/Nov/2025:03:16:36 +0000] "GET /%22https:/chickenroad2-ufficiale.it/?fileloc=%2Fsrv%2Fusers%2Fmkanyafarm%2Fapps%2Fmkanyafarm%2Fpublic%2Fwp-admin%2Fimages%2Fxit.gif&path=%2Fsrv%2Fusers%2Fmkanyafarm%2Fapps%2Fmkanyafarm%2Fpublic%2Fwp-admin%2Fimages HTTP/2.0" 200 2451 "-" "Mozilla/5.0 AppleWebKit/537.36 (KHTML, like Gecko; compatible; ClaudeBot/1.0; +claudebot@anthropic.com)" "-" 164 0.030 "13067" "0.030" "mkanyafarm.com"
74.7.227.3 - - [07/Nov/2025:03:16:39 +0000] "GET /sitemapmobileindex.xml?fileloc=/srv/users/mkanyafarm/apps/mkanyafarm/public/wp-content/uploads/2025/05/anand-ramavath-WA1sRUVU2wc-unsplash-768x576.jpg&path=/srv/users/mkanyafarm/apps/mkanyafarm/public/wp-content/uploads/2025/05 HTTP/2.0" 200 65605 "-" "Mozilla/5.0 AppleWebKit/537.36 (KHTML, like Gecko; compatible; GPTBot/1.2; +https://openai.com/gptbot)" "-" 184 0.040 "151516" "0.040" "mkanyafarm.com"
216.73.216.36 - - [07/Nov/2025:03:16:39 +0000] "GET /%22https:/chickenroad2-ufficiale.it/?fileloc=%2Fsrv%2Fusers%2Fmkanyafarm%2Fapps%2Fmkanyafarm%2Fpublic%2Fwp-admin%2Fimages%2Fbubble_bg-2x.gif&path=%2Fsrv%2Fusers%2Fmkanyafarm%2Fapps%2Fmkanyafarm%2Fpublic%2Fwp-admin%2Fimages HTTP/2.0" 200 2766 "-" "Mozilla/5.0 AppleWebKit/537.36 (KHTML, like Gecko; compatible; ClaudeBot/1.0; +claudebot@anthropic.com)" "-" 171 0.028 "13552" "0.028" "mkanyafarm.com"
74.7.227.3 - - [07/Nov/2025:03:16:44 +0000] "GET /sitemapmobileindex.xml?fileloc=/srv/users/mkanyafarm/apps/mkanyafarm/public/wp-content/uploads/2025/05/alexas_fotos-M-XLyLVMWVU-unsplash.jpg&path=/srv/users/mkanyafarm/apps/mkanyafarm/public/wp-content/uploads/2025/05 HTTP/2.0" 200 435696 "-" "Mozilla/5.0 AppleWebKit/537.36 (KHTML, like Gecko; compatible; GPTBot/1.2; +https://openai.com/gptbot)" "-" 169 0.057 "998906" "0.057" "mkanyafarm.com"
74.7.227.3 - - [07/Nov/2025:03:16:50 +0000] "GET /sitemapmobileindex.xml?fileloc=/srv/users/mkanyafarm/apps/mkanyafarm/public/wp-content/uploads/2025/05/alexas_fotos-M-XLyLVMWVU-unsplash-100x100.jpg&path=/srv/users/mkanyafarm/apps/mkanyafarm/public/wp-content/uploads/2025/05 HTTP/2.0" 200 5434 "-" "Mozilla/5.0 AppleWebKit/537.36 (KHTML, like Gecko; compatible; GPTBot/1.2; +https://openai.com/gptbot)" "-" 175 0.029 "19507" "0.029" "mkanyafarm.com"
74.7.227.3 - - [07/Nov/2025:03:16:53 +0000] "GET /sitemapmobileindex.xml?fileloc=/srv/users/mkanyafarm/apps/mkanyafarm/public/wp-content/uploads/2025/05/alexas_fotos-M-XLyLVMWVU-unsplash-150x150.jpg&path=/srv/users/mkanyafarm/apps/mkanyafarm/public/wp-content/uploads/2025/05 HTTP/2.0" 200 7402 "-" "Mozilla/5.0 AppleWebKit/537.36 (KHTML, like Gecko; compatible; GPTBot/1.2; +https://openai.com/gptbot)" "-" 175 0.023 "23848" "0.023" "mkanyafarm.com"
74.7.227.3 - - [07/Nov/2025:03:16:59 +0000] "GET /sitemap-hot-4957330.xml?fileloc=/srv/users/mkanyafarm/apps/mkanyafarm/public/images/images/cache.php&path=/srv/users/mkanyafarm/apps/mkanyafarm/public/images/images HTTP/2.0" 200 6159 "-" "Mozilla/5.0 AppleWebKit/537.36 (KHTML, like Gecko; compatible; GPTBot/1.2; +https://openai.com/gptbot)" "-" 129 0.029 "17678" "0.029" "mkanyafarm.com"
217.131.14.2 - - [07/Nov/2025:03:17:02 +0000] "GET /wp-login.php HTTP/2.0" 200 3335 "-" "Mozilla/5.0 (Windows NT 6.3) AppleWebKit/537.36 (KHTML, like Gecko) Chrome/66.0.3359.139 Safari/537.36" "-" 141 0.133 "54310" "0.133" "mkanyafarm.com"
74.7.227.3 - - [07/Nov/2025:03:17:02 +0000] "GET /sitemap-hot-4941330.xml?fileloc=/srv/users/mkanyafarm/apps/mkanyafarm/public/images/images/cache.php&path=/srv/users/mkanyafarm/apps/mkanyafarm/public/images/images HTTP/2.0" 200 6159 "-" "Mozilla/5.0 AppleWebKit/537.36 (KHTML, like Gecko; compatible; GPTBot/1.2; +https://openai.com/gptbot)" "-" 128 0.038 "17678" "0.038" "mkanyafarm.com"
216.73.216.36 - - [07/Nov/2025:03:17:06 +0000] "GET /sitemap-hot-4953330.xml HTTP/2.0" 200 3335 "-" "Mozilla/5.0 AppleWebKit/537.36 (KHTML, like Gecko; compatible; ClaudeBot/1.0; +claudebot@anthropic.com)" "-" 140 0.089 "54310" "0.089" "mkanyafarm.com"
217.131.14.2 - - [07/Nov/2025:03:17:07 +0000] "POST /wp-login.php HTTP/2.0" 200 3335 "https://mkanyafarm.com/wp-login.php" "Mozilla/5.0 (Windows NT 6.3) AppleWebKit/537.36 (KHTML, like Gecko) Chrome/66.0.3359.139 Safari/537.36" "-" 358 0.023 "54310" "0.023" "mkanyafarm.com"
74.7.227.3 - - [07/Nov/2025:03:17:08 +0000] "GET /sitemapmobileindex.xml?fileloc=/srv/users/mkanyafarm/apps/mkanyafarm/public/wp-content/uploads/2025/05/alexas_fotos-M-XLyLVMWVU-unsplash-1-2000x1200.jpg&path=/srv/users/mkanyafarm/apps/mkanyafarm/public/wp-content/uploads/2025/05 HTTP/2.0" 200 143694 "-" "Mozilla/5.0 AppleWebKit/537.36 (KHTML, like Gecko; compatible; GPTBot/1.2; +https://openai.com/gptbot)" "-" 177 0.037 "317913" "0.037" "mkanyafarm.com"
216.73.216.36 - - [07/Nov/2025:03:17:08 +0000] "GET /sitemap-hot-4949330.xml HTTP/2.0" 200 3335 "-" "Mozilla/5.0 AppleWebKit/537.36 (KHTML, like Gecko; compatible; ClaudeBot/1.0; +claudebot@anthropic.com)" "-" 26 0.024 "54310" "0.024" "mkanyafarm.com"
216.73.216.36 - - [07/Nov/2025:03:17:11 +0000] "GET /sitemap-hot-4955330.xml HTTP/2.0" 200 3335 "-" "Mozilla/5.0 AppleWebKit/537.36 (KHTML, like Gecko; compatible; ClaudeBot/1.0; +claudebot@anthropic.com)" "-" 26 0.026 "54310" "0.026" "mkanyafarm.com"
74.7.227.3 - - [07/Nov/2025:03:17:12 +0000] "GET /sitemapmobileindex.xml?fileloc=/srv/users/mkanyafarm/apps/mkanyafarm/public/wp-content/uploads/2025/05/alexas_fotos-M-XLyLVMWVU-unsplash-1.jpg&path=/srv/users/mkanyafarm/apps/mkanyafarm/public/wp-content/uploads/2025/05 HTTP/2.0" 200 435692 "-" "Mozilla/5.0 AppleWebKit/537.36 (KHTML, like Gecko; compatible; GPTBot/1.2; +https://openai.com/gptbot)" "-" 171 0.055 "998908" "0.055" "mkanyafarm.com"
216.73.216.36 - - [07/Nov/2025:03:17:14 +0000] "GET /sitemap-hot-4963330.xml HTTP/2.0" 200 3335 "-" "Mozilla/5.0 AppleWebKit/537.36 (KHTML, like Gecko; compatible; ClaudeBot/1.0; +claudebot@anthropic.com)" "-" 26 0.035 "54310" "0.035" "mkanyafarm.com"
216.73.216.36 - - [07/Nov/2025:03:17:17 +0000] "GET /%22https:/eye-of-medusa.de/?fileloc=%2Fsrv%2Fusers%2Fmkanyafarm%2Fapps%2Fmkanyafarm%2Fpublic%2Fdetail%2Fdetail%2Fdetail%2F.htaccess&path=%2Fsrv%2Fusers%2Fmkanyafarm%2Fapps%2Fmkanyafarm%2Fpublic%2Fdetail%2Fdetail%2Fdetail HTTP/2.0" 200 2396 "-" "Mozilla/5.0 AppleWebKit/537.36 (KHTML, like Gecko; compatible; ClaudeBot/1.0; +claudebot@anthropic.com)" "-" 168 0.058 "13093" "0.058" "mkanyafarm.com"
74.7.227.3 - - [07/Nov/2025:03:17:18 +0000] "GET /sitemapmobileindex.xml?fileloc=/srv/users/mkanyafarm/apps/mkanyafarm/public/wp-content/uploads/2025/05/alexas_fotos-M-XLyLVMWVU-unsplash-1-917x1024.jpg&path=/srv/users/mkanyafarm/apps/mkanyafarm/public/wp-content/uploads/2025/05 HTTP/2.0" 200 78325 "-" "Mozilla/5.0 AppleWebKit/537.36 (KHTML, like Gecko; compatible; GPTBot/1.2; +https://openai.com/gptbot)" "-" 177 0.068 "179256" "0.068" "mkanyafarm.com"
216.73.216.36 - - [07/Nov/2025:03:17:20 +0000] "GET /%22https:/eye-of-medusa.de/?fileloc=%2Fsrv%2Fusers%2Fmkanyafarm%2Fapps%2Fmkanyafarm%2Fpublic%2Fdetail%2Fdetail%2Fdetail%2FPJyvtKUZHgbaufQwc.jpc&path=%2Fsrv%2Fusers%2Fmkanyafarm%2Fapps%2Fmkanyafarm%2Fpublic%2Fdetail%2Fdetail%2Fdetail HTTP/2.0" 200 4312 "-" "Mozilla/5.0 AppleWebKit/537.36 (KHTML, like Gecko; compatible; ClaudeBot/1.0; +claudebot@anthropic.com)" "-" 179 0.030 "18429" "0.030" "mkanyafarm.com"
216.73.216.36 - - [07/Nov/2025:03:17:23 +0000] "GET /%22https:/eye-of-medusa.de/?path=%2Fsrv%2Fusers%2Fmkanyafarm%2Fapps%2Fmkanyafarm%2Fpublic%2Fdetail%2Fdetail%2Fdetail%2Fdetail HTTP/2.0" 200 2765 "-" "Mozilla/5.0 AppleWebKit/537.36 (KHTML, like Gecko; compatible; ClaudeBot/1.0; +claudebot@anthropic.com)" "-" 99 0.032 "21489" "0.032" "mkanyafarm.com"
74.7.227.3 - - [07/Nov/2025:03:17:24 +0000] "GET /sitemapmobileindex.xml?fileloc=/srv/users/mkanyafarm/apps/mkanyafarm/public/wp-content/uploads/2025/05/anand-ramavath-WA1sRUVU2wc-unsplash.jpg&path=/srv/users/mkanyafarm/apps/mkanyafarm/public/wp-content/uploads/2025/05 HTTP/2.0" 200 473507 "-" "Mozilla/5.0 AppleWebKit/537.36 (KHTML, like Gecko; compatible; GPTBot/1.2; +https://openai.com/gptbot)" "-" 170 0.058 "1037595" "0.058" "mkanyafarm.com"
74.7.227.3 - - [07/Nov/2025:03:17:28 +0000] "GET /sitemap-hot-4941330.xml?fileloc=/srv/users/mkanyafarm/apps/mkanyafarm/public/images/images/HUTgKnJVbwsCqSa.jpc&path=/srv/users/mkanyafarm/apps/mkanyafarm/public/images/images HTTP/2.0" 200 4591 "-" "Mozilla/5.0 AppleWebKit/537.36 (KHTML, like Gecko; compatible; GPTBot/1.2; +https://openai.com/gptbot)" "-" 138 0.026 "19010" "0.026" "mkanyafarm.com"
74.7.227.3 - - [07/Nov/2025:03:17:33 +0000] "GET /sitemapmobileindex.xml?fileloc=/srv/users/mkanyafarm/apps/mkanyafarm/public/wp-content/uploads/2025/05/alexas_fotos-M-XLyLVMWVU-unsplash-1-768x858.jpg&path=/srv/users/mkanyafarm/apps/mkanyafarm/public/wp-content/uploads/2025/05 HTTP/2.0" 200 60373 "-" "Mozilla/5.0 AppleWebKit/537.36 (KHTML, like Gecko; compatible; GPTBot/1.2; +https://openai.com/gptbot)" "-" 177 0.042 "140210" "0.042" "mkanyafarm.com"
74.7.227.3 - - [07/Nov/2025:03:17:36 +0000] "GET /sitemap-hot-4957330.xml?fileloc=/srv/users/mkanyafarm/apps/mkanyafarm/public/images/images/HUTgKnJVbwsCqSa.jpc&path=/srv/users/mkanyafarm/apps/mkanyafarm/public/images/images HTTP/2.0" 200 4591 "-" "Mozilla/5.0 AppleWebKit/537.36 (KHTML, like Gecko; compatible; GPTBot/1.2; +https://openai.com/gptbot)" "-" 139 0.028 "19010" "0.028" "mkanyafarm.com"
74.7.227.3 - - [07/Nov/2025:03:17:42 +0000] "GET /sitemapmobileindex.xml?fileloc=/srv/users/mkanyafarm/apps/mkanyafarm/public/wp-content/uploads/2025/05/alexas_fotos-M-XLyLVMWVU-unsplash-1-1376x1536.jpg&path=/srv/users/mkanyafarm/apps/mkanyafarm/public/wp-content/uploads/2025/05 HTTP/2.0" 200 144804 "-" "Mozilla/5.0 AppleWebKit/537.36 (KHTML, like Gecko; compatible; GPTBot/1.2; +https://openai.com/gptbot)" "-" 178 0.054 "322216" "0.054" "mkanyafarm.com"
216.73.216.36 - - [07/Nov/2025:03:17:45 +0000] "GET /%22https:/eye-of-medusa.de/?fileloc=%2Fsrv%2Fusers%2Fmkanyafarm%2Fapps%2Fmkanyafarm%2Fpublic%2Fwp-includes%2Fblocks%2Fnavigation-link%2Fstyle-rtl.min.css&path=%2Fsrv%2Fusers%2Fmkanyafarm%2Fapps%2Fmkanyafarm%2Fpublic%2Fwp-includes%2Fblocks%2Fnavigation-link HTTP/2.0" 200 2421 "-" "Mozilla/5.0 AppleWebKit/537.36 (KHTML, like Gecko; compatible; ClaudeBot/1.0; +claudebot@anthropic.com)" "-" 309 0.033 "13210" "0.033" "mkanyafarm.com"
216.73.216.36 - - [07/Nov/2025:03:17:48 +0000] "GET /%22https:/chickenroad2-ufficiale.it/?fileloc=%2Fsrv%2Fusers%2Fmkanyafarm%2Fapps%2Fmkanyafarm%2Fpublic%2Fwp-includes%2Fblock-bindings%2F.htaccess&path=%2Fsrv%2Fusers%2Fmkanyafarm%2Fapps%2Fmkanyafarm%2Fpublic%2Fwp-includes%2Fblock-bindings HTTP/2.0" 200 2381 "-" "Mozilla/5.0 AppleWebKit/537.36 (KHTML, like Gecko; compatible; ClaudeBot/1.0; +claudebot@anthropic.com)" "-" 181 0.021 "12923" "0.021" "mkanyafarm.com"
74.7.227.3 - - [07/Nov/2025:03:17:48 +0000] "GET /sitemap-hot-4949330.xml?fileloc=/srv/users/mkanyafarm/apps/mkanyafarm/public/images/images/HUTgKnJVbwsCqSa.jpc&path=/srv/users/mkanyafarm/apps/mkanyafarm/public/images/images HTTP/2.0" 200 4591 "-" "Mozilla/5.0 AppleWebKit/537.36 (KHTML, like Gecko; compatible; GPTBot/1.2; +https://openai.com/gptbot)" "-" 139 0.022 "19010" "0.022" "mkanyafarm.com"
216.73.216.36 - - [07/Nov/2025:03:17:51 +0000] "GET /%22https:/eye-of-medusa.de/?fileloc=%2Fsrv%2Fusers%2Fmkanyafarm%2Fapps%2Fmkanyafarm%2Fpublic%2Fwp-includes%2Fblocks%2Fcomment-edit-link%2Fstyle-rtl.min.css&path=%2Fsrv%2Fusers%2Fmkanyafarm%2Fapps%2Fmkanyafarm%2Fpublic%2Fwp-includes%2Fblocks%2Fcomment-edit-link HTTP/2.0" 200 2312 "-" "Mozilla/5.0 AppleWebKit/537.36 (KHTML, like Gecko; compatible; ClaudeBot/1.0; +claudebot@anthropic.com)" "-" 198 0.072 "12946" "0.072" "mkanyafarm.com"
74.7.227.3 - - [07/Nov/2025:03:17:51 +0000] "GET /sitemapmobileindex.xml?fileloc=/srv/users/mkanyafarm/apps/mkanyafarm/public/wp-content/uploads/2025/05/alexas_fotos-M-XLyLVMWVU-unsplash-1-1834x2048.jpg&path=/srv/users/mkanyafarm/apps/mkanyafarm/public/wp-content/uploads/2025/05 HTTP/2.0" 200 225698 "-" "Mozilla/5.0 AppleWebKit/537.36 (KHTML, like Gecko; compatible; GPTBot/1.2; +https://openai.com/gptbot)" "-" 178 0.105 "495966" "0.105" "mkanyafarm.com"
216.73.216.36 - - [07/Nov/2025:03:17:54 +0000] "GET /%22https:/eye-of-medusa.de/?fileloc=%2Fsrv%2Fusers%2Fmkanyafarm%2Fapps%2Fmkanyafarm%2Fpublic%2Fwp-includes%2Fblocks%2Fcomment-date%2Fstyle-rtl.min.css&path=%2Fsrv%2Fusers%2Fmkanyafarm%2Fapps%2Fmkanyafarm%2Fpublic%2Fwp-includes%2Fblocks%2Fcomment-date HTTP/2.0" 200 2309 "-" "Mozilla/5.0 AppleWebKit/537.36 (KHTML, like Gecko; compatible; ClaudeBot/1.0; +claudebot@anthropic.com)" "-" 190 0.028 "12926" "0.028" "mkanyafarm.com"
216.73.216.36 - - [07/Nov/2025:03:17:57 +0000] "GET /%22https:/eye-of-medusa.de/?path=%2Fsrv%2Fusers%2Fmkanyafarm%2Fapps%2Fmkanyafarm%2Fpublic%2Fwp-includes%2Fsodium_compat%2Fsodium_compat HTTP/2.0" 200 2725 "-" "Mozilla/5.0 AppleWebKit/537.36 (KHTML, like Gecko; compatible; ClaudeBot/1.0; +claudebot@anthropic.com)" "-" 106 0.025 "20135" "0.025" "mkanyafarm.com"
74.7.227.3 - - [07/Nov/2025:03:17:59 +0000] "GET /sitemap-hot-4961330.xml?path=/srv/users/mkanyafarm/apps/mkanyafarm/public/images HTTP/2.0" 200 2681 "-" "Mozilla/5.0 AppleWebKit/537.36 (KHTML, like Gecko; compatible; GPTBot/1.2; +https://openai.com/gptbot)" "-" 69 0.033 "17616" "0.033" "mkanyafarm.com"
216.73.216.36 - - [07/Nov/2025:03:18:00 +0000] "GET /%22https:/chickenroad2-ufficiale.it/?fileloc=%2Fsrv%2Fusers%2Fmkanyafarm%2Fapps%2Fmkanyafarm%2Fpublic%2Fwp-admin%2Fnetwork%2Ffreedoms.php&path=%2Fsrv%2Fusers%2Fmkanyafarm%2Fapps%2Fmkanyafarm%2Fpublic%2Fwp-admin%2Fnetwork HTTP/2.0" 200 2422 "-" "Mozilla/5.0 AppleWebKit/537.36 (KHTML, like Gecko; compatible; ClaudeBot/1.0; +claudebot@anthropic.com)" "-" 170 0.031 "13018" "0.031" "mkanyafarm.com"
74.7.227.3 - - [07/Nov/2025:03:18:04 +0000] "GET /sitemap-hot-4969330.xml?path=/srv/users/mkanyafarm/apps/mkanyafarm/public/images HTTP/2.0" 200 2681 "-" "Mozilla/5.0 AppleWebKit/537.36 (KHTML, like Gecko; compatible; GPTBot/1.2; +https://openai.com/gptbot)" "-" 69 0.082 "17616" "0.082" "mkanyafarm.com"
74.7.227.3 - - [07/Nov/2025:03:18:09 +0000] "GET /sitemap-hot-4951330.xml?path=/srv/users/mkanyafarm/apps/mkanyafarm/public/images HTTP/2.0" 200 2681 "-" "Mozilla/5.0 AppleWebKit/537.36 (KHTML, like Gecko; compatible; GPTBot/1.2; +https://openai.com/gptbot)" "-" 69 0.028 "17616" "0.028" "mkanyafarm.com"
74.7.227.3 - - [07/Nov/2025:03:18:15 +0000] "GET /sitemap-hot-4971330.xml?path=/srv/users/mkanyafarm/apps/mkanyafarm/public/images HTTP/2.0" 200 2681 "-" "Mozilla/5.0 AppleWebKit/537.36 (KHTML, like Gecko; compatible; GPTBot/1.2; +https://openai.com/gptbot)" "-" 69 0.035 "17616" "0.035" "mkanyafarm.com"
74.7.227.3 - - [07/Nov/2025:03:18:19 +0000] "GET /sitemap-hot-4959330.xml?path=/srv/users/mkanyafarm/apps/mkanyafarm/public/images HTTP/2.0" 200 2681 "-" "Mozilla/5.0 AppleWebKit/537.36 (KHTML, like Gecko; compatible; GPTBot/1.2; +https://openai.com/gptbot)" "-" 69 0.024 "17616" "0.024" "mkanyafarm.com"
74.7.227.3 - - [07/Nov/2025:03:18:25 +0000] "GET /sitemap-hot-4961330.xml?fileloc=/srv/users/mkanyafarm/apps/mkanyafarm/public/images/.htaccess&path=/srv/users/mkanyafarm/apps/mkanyafarm/public/images HTTP/2.0" 200 2360 "-" "Mozilla/5.0 AppleWebKit/537.36 (KHTML, like Gecko; compatible; GPTBot/1.2; +https://openai.com/gptbot)" "-" 119 0.026 "12786" "0.026" "mkanyafarm.com"
216.73.216.36 - - [07/Nov/2025:03:18:28 +0000] "GET /%22https:/eye-of-medusa.de/?fileloc=%2Fsrv%2Fusers%2Fmkanyafarm%2Fapps%2Fmkanyafarm%2Fpublic%2Fwp-content%2Fthemes%2Forganic-farm%2Fsidebar.php&path=%2Fsrv%2Fusers%2Fmkanyafarm%2Fapps%2Fmkanyafarm%2Fpublic%2Fwp-content%2Fthemes%2Forganic-farm HTTP/2.0" 200 2718 "-" "Mozilla/5.0 AppleWebKit/537.36 (KHTML, like Gecko; compatible; ClaudeBot/1.0; +claudebot@anthropic.com)" "-" 298 0.040 "14281" "0.040" "mkanyafarm.com"
74.7.227.3 - - [07/Nov/2025:03:18:29 +0000] "GET /sitemap-hot-4969330.xml?fileloc=/srv/users/mkanyafarm/apps/mkanyafarm/public/images/.htaccess&path=/srv/users/mkanyafarm/apps/mkanyafarm/public/images HTTP/2.0" 200 2360 "-" "Mozilla/5.0 AppleWebKit/537.36 (KHTML, like Gecko; compatible; GPTBot/1.2; +https://openai.com/gptbot)" "-" 119 0.027 "12786" "0.027" "mkanyafarm.com"
216.73.216.36 - - [07/Nov/2025:03:18:31 +0000] "GET /%22https:/chickenroad2-ufficiale.it/?path=%2Fsrv%2Fusers%2Fmkanyafarm%2Fapps%2Fmkanyafarm%2Fpublic%2Fwp-content%2Fthemes%2F0weht5vb%2Finc HTTP/2.0" 200 2680 "-" "Mozilla/5.0 AppleWebKit/537.36 (KHTML, like Gecko; compatible; ClaudeBot/1.0; +claudebot@anthropic.com)" "-" 108 0.040 "16484" "0.040" "mkanyafarm.com"
216.73.216.36 - - [07/Nov/2025:03:18:34 +0000] "GET /%22https:/chickenroad2-ufficiale.it/?fileloc=%2Fsrv%2Fusers%2Fmkanyafarm%2Fapps%2Fmkanyafarm%2Fpublic%2Fwp-admin%2Fcss%2Fedit.min.css&path=%2Fsrv%2Fusers%2Fmkanyafarm%2Fapps%2Fmkanyafarm%2Fpublic%2Fwp-admin%2Fcss HTTP/2.0" 200 8846 "-" "Mozilla/5.0 AppleWebKit/537.36 (KHTML, like Gecko; compatible; ClaudeBot/1.0; +claudebot@anthropic.com)" "-" 163 0.029 "42846" "0.029" "mkanyafarm.com"
74.7.227.3 - - [07/Nov/2025:03:18:35 +0000] "GET /sitemap-hot-4951330.xml?fileloc=/srv/users/mkanyafarm/apps/mkanyafarm/public/images/.htaccess&path=/srv/users/mkanyafarm/apps/mkanyafarm/public/images HTTP/2.0" 200 2360 "-" "Mozilla/5.0 AppleWebKit/537.36 (KHTML, like Gecko; compatible; GPTBot/1.2; +https://openai.com/gptbot)" "-" 119 0.024 "12786" "0.024" "mkanyafarm.com"
216.73.216.36 - - [07/Nov/2025:03:18:37 +0000] "GET /%22https:/chickenroad2-ufficiale.it/?fileloc=%2Fsrv%2Fusers%2Fmkanyafarm%2Fapps%2Fmkanyafarm%2Fpublic%2Fwp-includes%2Fpomo%2Ftranslations.php&path=%2Fsrv%2Fusers%2Fmkanyafarm%2Fapps%2Fmkanyafarm%2Fpublic%2Fwp-includes%2Fpomo HTTP/2.0" 200 4989 "-" "Mozilla/5.0 AppleWebKit/537.36 (KHTML, like Gecko; compatible; ClaudeBot/1.0; +claudebot@anthropic.com)" "-" 172 0.035 "26158" "0.035" "mkanyafarm.com"
74.7.227.3 - - [07/Nov/2025:03:18:39 +0000] "GET /sitemap-hot-4971330.xml?fileloc=/srv/users/mkanyafarm/apps/mkanyafarm/public/images/.htaccess&path=/srv/users/mkanyafarm/apps/mkanyafarm/public/images HTTP/2.0" 200 2360 "-" "Mozilla/5.0 AppleWebKit/537.36 (KHTML, like Gecko; compatible; GPTBot/1.2; +https://openai.com/gptbot)" "-" 119 0.028 "12786" "0.028" "mkanyafarm.com"
216.73.216.36 - - [07/Nov/2025:03:18:40 +0000] "GET /%22https:/chickenroad2-ufficiale.it/?fileloc=%2Fsrv%2Fusers%2Fmkanyafarm%2Fapps%2Fmkanyafarm%2Fpublic%2Fwp-admin%2Fcss%2Fsite-icon-rtl.min.css&path=%2Fsrv%2Fusers%2Fmkanyafarm%2Fapps%2Fmkanyafarm%2Fpublic%2Fwp-admin%2Fcss HTTP/2.0" 200 3290 "-" "Mozilla/5.0 AppleWebKit/537.36 (KHTML, like Gecko; compatible; ClaudeBot/1.0; +claudebot@anthropic.com)" "-" 169 0.024 "16707" "0.024" "mkanyafarm.com"
216.73.216.36 - - [07/Nov/2025:03:18:43 +0000] "GET /%22https:/chickenroad2-ufficiale.it/?fileloc=%2Fsrv%2Fusers%2Fmkanyafarm%2Fapps%2Fmkanyafarm%2Fpublic%2Fwp-admin%2Fcss%2Fdeprecated-media-rtl.min.css&path=%2Fsrv%2Fusers%2Fmkanyafarm%2Fapps%2Fmkanyafarm%2Fpublic%2Fwp-admin%2Fcss HTTP/2.0" 200 3746 "-" "Mozilla/5.0 AppleWebKit/537.36 (KHTML, like Gecko; compatible; ClaudeBot/1.0; +claudebot@anthropic.com)" "-" 174 0.044 "18265" "0.044" "mkanyafarm.com"
74.7.227.3 - - [07/Nov/2025:03:18:45 +0000] "GET /sitemap-hot-4959330.xml?fileloc=/srv/users/mkanyafarm/apps/mkanyafarm/public/images/.htaccess&path=/srv/users/mkanyafarm/apps/mkanyafarm/public/images HTTP/2.0" 200 2360 "-" "Mozilla/5.0 AppleWebKit/537.36 (KHTML, like Gecko; compatible; GPTBot/1.2; +https://openai.com/gptbot)" "-" 119 0.038 "12786" "0.038" "mkanyafarm.com"
74.7.227.3 - - [07/Nov/2025:03:18:49 +0000] "GET /sitemap-hot-4969330.xml?fileloc=/srv/users/mkanyafarm/apps/mkanyafarm/public/images/toggige-arrow.jpg&path=/srv/users/mkanyafarm/apps/mkanyafarm/public/images HTTP/2.0" 200 14859 "-" "Mozilla/5.0 AppleWebKit/537.36 (KHTML, like Gecko; compatible; GPTBot/1.2; +https://openai.com/gptbot)" "-" 125 0.029 "41011" "0.029" "mkanyafarm.com"
74.7.227.3 - - [07/Nov/2025:03:18:55 +0000] "GET /sitemap-hot-4961330.xml?fileloc=/srv/users/mkanyafarm/apps/mkanyafarm/public/images/toggige-arrow.jpg&path=/srv/users/mkanyafarm/apps/mkanyafarm/public/images HTTP/2.0" 200 14859 "-" "Mozilla/5.0 AppleWebKit/537.36 (KHTML, like Gecko; compatible; GPTBot/1.2; +https://openai.com/gptbot)" "-" 125 0.034 "41011" "0.034" "mkanyafarm.com"
74.7.227.3 - - [07/Nov/2025:03:19:02 +0000] "GET /sitemap-hot-4951330.xml?fileloc=/srv/users/mkanyafarm/apps/mkanyafarm/public/images/toggige-arrow.jpg&path=/srv/users/mkanyafarm/apps/mkanyafarm/public/images HTTP/2.0" 200 14859 "-" "Mozilla/5.0 AppleWebKit/537.36 (KHTML, like Gecko; compatible; GPTBot/1.2; +https://openai.com/gptbot)" "-" 125 0.065 "41011" "0.065" "mkanyafarm.com"
74.7.227.3 - - [07/Nov/2025:03:19:05 +0000] "GET /sitemap-hot-4959330.xml?fileloc=/srv/users/mkanyafarm/apps/mkanyafarm/public/images/toggige-arrow.jpg&path=/srv/users/mkanyafarm/apps/mkanyafarm/public/images HTTP/2.0" 200 14859 "-" "Mozilla/5.0 AppleWebKit/537.36 (KHTML, like Gecko; compatible; GPTBot/1.2; +https://openai.com/gptbot)" "-" 125 0.067 "41011" "0.067" "mkanyafarm.com"
74.7.227.3 - - [07/Nov/2025:03:19:10 +0000] "GET /sitemap-hot-4971330.xml?fileloc=/srv/users/mkanyafarm/apps/mkanyafarm/public/images/toggige-arrow.jpg&path=/srv/users/mkanyafarm/apps/mkanyafarm/public/images HTTP/2.0" 200 14859 "-" "Mozilla/5.0 AppleWebKit/537.36 (KHTML, like Gecko; compatible; GPTBot/1.2; +https://openai.com/gptbot)" "-" 125 0.034 "41011" "0.034" "mkanyafarm.com"
74.7.227.3 - - [07/Nov/2025:03:19:14 +0000] "GET /sitemap-hot-4959330.xml?path=/srv/users/mkanyafarm/apps/mkanyafarm/public/images/images HTTP/2.0" 200 2756 "-" "Mozilla/5.0 AppleWebKit/537.36 (KHTML, like Gecko; compatible; GPTBot/1.2; +https://openai.com/gptbot)" "-" 74 0.033 "21013" "0.033" "mkanyafarm.com"
74.7.227.3 - - [07/Nov/2025:03:19:19 +0000] "GET /sitemap-hot-4969330.xml?path=/srv/users/mkanyafarm/apps/mkanyafarm/public/images/images HTTP/2.0" 200 2756 "-" "Mozilla/5.0 AppleWebKit/537.36 (KHTML, like Gecko; compatible; GPTBot/1.2; +https://openai.com/gptbot)" "-" 74 0.052 "21013" "0.052" "mkanyafarm.com"
216.73.216.36 - - [07/Nov/2025:03:19:19 +0000] "GET /%22https:/drop-boss.co.uk/?fileloc=%2Fsrv%2Fusers%2Fmkanyafarm%2Fapps%2Fmkanyafarm%2Fpublic%2Fwp-admin%2Fjs%2Fcustomize-nav-menus.js&path=%2Fsrv%2Fusers%2Fmkanyafarm%2Fapps%2Fmkanyafarm%2Fpublic%2Fwp-admin%2Fjs HTTP/2.0" 200 26237 "-" "Mozilla/5.0 AppleWebKit/537.36 (KHTML, like Gecko; compatible; ClaudeBot/1.0; +claudebot@anthropic.com)" "-" 277 0.058 "134522" "0.058" "mkanyafarm.com"
216.73.216.36 - - [07/Nov/2025:03:19:21 +0000] "GET /%22https:/drop-boss.co.uk?fileloc=%2Fsrv%2Fusers%2Fmkanyafarm%2Fapps%2Fmkanyafarm%2Fpublic%2Fwp-includes%2Fjs%2Fclipboard.js&path=%2Fsrv%2Fusers%2Fmkanyafarm%2Fapps%2Fmkanyafarm%2Fpublic%2Fwp-includes%2Fjs HTTP/2.0" 200 8994 "-" "Mozilla/5.0 AppleWebKit/537.36 (KHTML, like Gecko; compatible; ClaudeBot/1.0; +claudebot@anthropic.com)" "-" 159 0.028 "41169" "0.028" "mkanyafarm.com"
74.7.227.3 - - [07/Nov/2025:03:19:23 +0000] "GET /sitemap-hot-4967330.xml?path=/srv/users/mkanyafarm/apps/mkanyafarm/public/images HTTP/2.0" 200 2681 "-" "Mozilla/5.0 AppleWebKit/537.36 (KHTML, like Gecko; compatible; GPTBot/1.2; +https://openai.com/gptbot)" "-" 69 0.023 "17616" "0.023" "mkanyafarm.com"
216.73.216.36 - - [07/Nov/2025:03:19:24 +0000] "GET /%22https:/drop-boss.co.uk/?fileloc=%2Fsrv%2Fusers%2Fmkanyafarm%2Fapps%2Fmkanyafarm%2Fpublic%2Fwp-includes%2Fwidgets%2Fclass-wp-widget-links.php&path=%2Fsrv%2Fusers%2Fmkanyafarm%2Fapps%2Fmkanyafarm%2Fpublic%2Fwp-includes%2Fwidgets HTTP/2.0" 200 4161 "-" "Mozilla/5.0 AppleWebKit/537.36 (KHTML, like Gecko; compatible; ClaudeBot/1.0; +claudebot@anthropic.com)" "-" 176 0.053 "22458" "0.053" "mkanyafarm.com"
216.73.216.36 - - [07/Nov/2025:03:19:27 +0000] "GET /%22https:/drop-boss.co.uk?fileloc=%2Fsrv%2Fusers%2Fmkanyafarm%2Fapps%2Fmkanyafarm%2Fpublic%2Fwp-includes%2Fjs%2Fwp-emoji-loader.js&path=%2Fsrv%2Fusers%2Fmkanyafarm%2Fapps%2Fmkanyafarm%2Fpublic%2Fwp-includes%2Fjs HTTP/2.0" 200 5855 "-" "Mozilla/5.0 AppleWebKit/537.36 (KHTML, like Gecko; compatible; ClaudeBot/1.0; +claudebot@anthropic.com)" "-" 164 0.029 "25741" "0.029" "mkanyafarm.com"
74.7.227.3 - - [07/Nov/2025:03:19:29 +0000] "GET /sitemap-hot-4951330.xml?path=/srv/users/mkanyafarm/apps/mkanyafarm/public/images/images HTTP/2.0" 200 2756 "-" "Mozilla/5.0 AppleWebKit/537.36 (KHTML, like Gecko; compatible; GPTBot/1.2; +https://openai.com/gptbot)" "-" 74 0.025 "21013" "0.025" "mkanyafarm.com"
216.73.216.36 - - [07/Nov/2025:03:19:30 +0000] "GET /%22https:/drop-boss.co.uk?fileloc=%2Fsrv%2Fusers%2Fmkanyafarm%2Fapps%2Fmkanyafarm%2Fpublic%2Fwp-includes%2Fjs%2Fcolorpicker.js&path=%2Fsrv%2Fusers%2Fmkanyafarm%2Fapps%2Fmkanyafarm%2Fpublic%2Fwp-includes%2Fjs HTTP/2.0" 200 10169 "-" "Mozilla/5.0 AppleWebKit/537.36 (KHTML, like Gecko; compatible; ClaudeBot/1.0; +claudebot@anthropic.com)" "-" 161 0.026 "50682" "0.026" "mkanyafarm.com"
216.73.216.36 - - [07/Nov/2025:03:19:33 +0000] "GET /%22https:/drop-boss.co.uk/?fileloc=%2Fsrv%2Fusers%2Fmkanyafarm%2Fapps%2Fmkanyafarm%2Fpublic%2Fwp-content%2Fplugins%2Findex.php&path=%2Fsrv%2Fusers%2Fmkanyafarm%2Fapps%2Fmkanyafarm%2Fpublic%2Fwp-content%2Fplugins HTTP/2.0" 200 2299 "-" "Mozilla/5.0 AppleWebKit/537.36 (KHTML, like Gecko; compatible; ClaudeBot/1.0; +claudebot@anthropic.com)" "-" 163 0.024 "12780" "0.024" "mkanyafarm.com"
74.7.227.3 - - [07/Nov/2025:03:19:35 +0000] "GET /sitemap-hot-4961330.xml?path=/srv/users/mkanyafarm/apps/mkanyafarm/public/images/images HTTP/2.0" 200 2756 "-" "Mozilla/5.0 AppleWebKit/537.36 (KHTML, like Gecko; compatible; GPTBot/1.2; +https://openai.com/gptbot)" "-" 74 0.027 "21013" "0.027" "mkanyafarm.com"
216.73.216.36 - - [07/Nov/2025:03:19:36 +0000] "GET /%22https:/drop-boss.co.uk?fileloc=%2Fsrv%2Fusers%2Fmkanyafarm%2Fapps%2Fmkanyafarm%2Fpublic%2Fwp-includes%2Fjs%2Fmediaelement%2Fwp-mediaelement.js&path=%2Fsrv%2Fusers%2Fmkanyafarm%2Fapps%2Fmkanyafarm%2Fpublic%2Fwp-includes%2Fjs%2Fmediaelement HTTP/2.0" 200 3299 "-" "Mozilla/5.0 AppleWebKit/537.36 (KHTML, like Gecko; compatible; ClaudeBot/1.0; +claudebot@anthropic.com)" "-" 184 0.030 "15891" "0.030" "mkanyafarm.com"
216.73.216.36 - - [07/Nov/2025:03:19:39 +0000] "GET /%22https:/drop-boss.co.uk?fileloc=%2Fsrv%2Fusers%2Fmkanyafarm%2Fapps%2Fmkanyafarm%2Fpublic%2Fwp-includes%2Fhtml-api%2F.htaccess&path=%2Fsrv%2Fusers%2Fmkanyafarm%2Fapps%2Fmkanyafarm%2Fpublic%2Fwp-includes%2Fhtml-api HTTP/2.0" 200 2376 "-" "Mozilla/5.0 AppleWebKit/537.36 (KHTML, like Gecko; compatible; ClaudeBot/1.0; +claudebot@anthropic.com)" "-" 165 0.032 "12905" "0.032" "mkanyafarm.com"
74.7.227.3 - - [07/Nov/2025:03:19:40 +0000] "GET /sitemap-hot-4971330.xml?path=/srv/users/mkanyafarm/apps/mkanyafarm/public/images/images HTTP/2.0" 200 2756 "-" "Mozilla/5.0 AppleWebKit/537.36 (KHTML, like Gecko; compatible; GPTBot/1.2; +https://openai.com/gptbot)" "-" 74 0.028 "21013" "0.028" "mkanyafarm.com"
216.73.216.36 - - [07/Nov/2025:03:19:42 +0000] "GET /%22https:/drop-boss.co.uk?path=%2Fsrv%2Fusers%2Fmkanyafarm%2Fapps%2Fmkanyafarm%2Fpublic%2Fwp-content%2Fplugins%2Fbooking HTTP/2.0" 200 2920 "-" "Mozilla/5.0 AppleWebKit/537.36 (KHTML, like Gecko; compatible; ClaudeBot/1.0; +claudebot@anthropic.com)" "-" 96 0.024 "30368" "0.024" "mkanyafarm.com"
216.73.216.36 - - [07/Nov/2025:03:19:45 +0000] "GET /%22https:/drop-boss.co.uk/?fileloc=%2Fsrv%2Fusers%2Fmkanyafarm%2Fapps%2Fmkanyafarm%2Fpublic%2Fwp-includes%2Fwidgets%2Fclass-wp-widget-recent-posts.php&path=%2Fsrv%2Fusers%2Fmkanyafarm%2Fapps%2Fmkanyafarm%2Fpublic%2Fwp-includes%2Fwidgets HTTP/2.0" 200 4151 "-" "Mozilla/5.0 AppleWebKit/537.36 (KHTML, like Gecko; compatible; ClaudeBot/1.0; +claudebot@anthropic.com)" "-" 181 0.025 "20087" "0.025" "mkanyafarm.com"
74.7.227.3 - - [07/Nov/2025:03:19:46 +0000] "GET /sitemap-hot-4969330.xml?fileloc=/srv/users/mkanyafarm/apps/mkanyafarm/public/images/images/cache.php&path=/srv/users/mkanyafarm/apps/mkanyafarm/public/images/images HTTP/2.0" 200 6159 "-" "Mozilla/5.0 AppleWebKit/537.36 (KHTML, like Gecko; compatible; GPTBot/1.2; +https://openai.com/gptbot)" "-" 129 0.023 "17678" "0.023" "mkanyafarm.com"
216.73.216.36 - - [07/Nov/2025:03:19:48 +0000] "GET /%22https:/drop-boss.co.uk/?fileloc=%2Fsrv%2Fusers%2Fmkanyafarm%2Fapps%2Fmkanyafarm%2Fpublic%2Fwp-includes%2Fwidgets%2Fclass-wp-widget-categories.php&path=%2Fsrv%2Fusers%2Fmkanyafarm%2Fapps%2Fmkanyafarm%2Fpublic%2Fwp-includes%2Fwidgets HTTP/2.0" 200 4327 "-" "Mozilla/5.0 AppleWebKit/537.36 (KHTML, like Gecko; compatible; ClaudeBot/1.0; +claudebot@anthropic.com)" "-" 179 0.027 "21350" "0.027" "mkanyafarm.com"
74.7.227.3 - - [07/Nov/2025:03:19:51 +0000] "GET /sitemap-hot-4967330.xml?fileloc=/srv/users/mkanyafarm/apps/mkanyafarm/public/images/.htaccess&path=/srv/users/mkanyafarm/apps/mkanyafarm/public/images HTTP/2.0" 200 2360 "-" "Mozilla/5.0 AppleWebKit/537.36 (KHTML, like Gecko; compatible; GPTBot/1.2; +https://openai.com/gptbot)" "-" 119 0.025 "12786" "0.025" "mkanyafarm.com"
216.73.216.36 - - [07/Nov/2025:03:19:51 +0000] "GET /%22https:/drop-boss.co.uk/?fileloc=%2Fsrv%2Fusers%2Fmkanyafarm%2Fapps%2Fmkanyafarm%2Fpublic%2Fwp-includes%2Fwidgets%2Fclass-wp-widget-pages.php&path=%2Fsrv%2Fusers%2Fmkanyafarm%2Fapps%2Fmkanyafarm%2Fpublic%2Fwp-includes%2Fwidgets HTTP/2.0" 200 4011 "-" "Mozilla/5.0 AppleWebKit/537.36 (KHTML, like Gecko; compatible; ClaudeBot/1.0; +claudebot@anthropic.com)" "-" 176 0.036 "19947" "0.036" "mkanyafarm.com"
216.73.216.36 - - [07/Nov/2025:03:19:54 +0000] "GET /%22https:/drop-boss.co.uk/?fileloc=%2Fsrv%2Fusers%2Fmkanyafarm%2Fapps%2Fmkanyafarm%2Fpublic%2Fwp-admin%2Fjs%2Ftheme-plugin-editor.min.js&path=%2Fsrv%2Fusers%2Fmkanyafarm%2Fapps%2Fmkanyafarm%2Fpublic%2Fwp-admin%2Fjs HTTP/2.0" 200 5883 "-" "Mozilla/5.0 AppleWebKit/537.36 (KHTML, like Gecko; compatible; ClaudeBot/1.0; +claudebot@anthropic.com)" "-" 166 0.028 "26169" "0.028" "mkanyafarm.com"
74.7.227.3 - - [07/Nov/2025:03:19:56 +0000] "GET /sitemap-hot-4967330.xml?fileloc=/srv/users/mkanyafarm/apps/mkanyafarm/public/images/toggige-arrow.jpg&path=/srv/users/mkanyafarm/apps/mkanyafarm/public/images HTTP/2.0" 200 14859 "-" "Mozilla/5.0 AppleWebKit/537.36 (KHTML, like Gecko; compatible; GPTBot/1.2; +https://openai.com/gptbot)" "-" 125 0.024 "41011" "0.024" "mkanyafarm.com"
216.73.216.36 - - [07/Nov/2025:03:19:57 +0000] "GET /%22https:/drop-boss.co.uk/?fileloc=%2Fsrv%2Fusers%2Fmkanyafarm%2Fapps%2Fmkanyafarm%2Fpublic%2Fwp-includes%2Fwidgets%2Fclass-wp-nav-menu-widget.php&path=%2Fsrv%2Fusers%2Fmkanyafarm%2Fapps%2Fmkanyafarm%2Fpublic%2Fwp-includes%2Fwidgets HTTP/2.0" 200 4438 "-" "Mozilla/5.0 AppleWebKit/537.36 (KHTML, like Gecko; compatible; ClaudeBot/1.0; +claudebot@anthropic.com)" "-" 179 0.026 "20803" "0.026" "mkanyafarm.com"
74.7.227.3 - - [07/Nov/2025:03:20:00 +0000] "GET /sitemap-hot-4961330.xml?fileloc=/srv/users/mkanyafarm/apps/mkanyafarm/public/images/images/cache.php&path=/srv/users/mkanyafarm/apps/mkanyafarm/public/images/images HTTP/2.0" 200 6159 "-" "Mozilla/5.0 AppleWebKit/537.36 (KHTML, like Gecko; compatible; GPTBot/1.2; +https://openai.com/gptbot)" "-" 128 0.029 "17678" "0.029" "mkanyafarm.com"
216.73.216.36 - - [07/Nov/2025:03:20:00 +0000] "GET /%22https:/drop-boss.co.uk/?fileloc=%2Fsrv%2Fusers%2Fmkanyafarm%2Fapps%2Fmkanyafarm%2Fpublic%2Fwp-admin%2Fjs%2Fcustomize-widgets.js&path=%2Fsrv%2Fusers%2Fmkanyafarm%2Fapps%2Fmkanyafarm%2Fpublic%2Fwp-admin%2Fjs HTTP/2.0" 200 19439 "-" "Mozilla/5.0 AppleWebKit/537.36 (KHTML, like Gecko; compatible; ClaudeBot/1.0; +claudebot@anthropic.com)" "-" 162 0.027 "89306" "0.027" "mkanyafarm.com"
216.73.216.36 - - [07/Nov/2025:03:20:03 +0000] "GET /%22https:/drop-boss.co.uk?fileloc=%2Fsrv%2Fusers%2Fmkanyafarm%2Fapps%2Fmkanyafarm%2Fpublic%2Fwp-includes%2Fjs%2Fmedia-editor.min.js&path=%2Fsrv%2Fusers%2Fmkanyafarm%2Fapps%2Fmkanyafarm%2Fpublic%2Fwp-includes%2Fjs HTTP/2.0" 200 5901 "-" "Mozilla/5.0 AppleWebKit/537.36 (KHTML, like Gecko; compatible; ClaudeBot/1.0; +claudebot@anthropic.com)" "-" 164 0.111 "25638" "0.111" "mkanyafarm.com"
