216.73.216.36 - - [07/Nov/2025:00:48:53 +0000] "GET /%22https:/eye-of-medusa.de/?fileloc=%2Fsrv%2Fusers%2Fmkanyafarm%2Fapps%2Fmkanyafarm%2Fpublic%2Fwp-includes%2Fstyle-engine%2F.htaccess&path=%2Fsrv%2Fusers%2Fmkanyafarm%2Fapps%2Fmkanyafarm%2Fpublic%2Fwp-includes%2Fstyle-engine HTTP/2.0" 200 2376 "-" "Mozilla/5.0 AppleWebKit/537.36 (KHTML, like Gecko; compatible; ClaudeBot/1.0; +claudebot@anthropic.com)" "-" 286 0.023 "12917" "0.023" "mkanyafarm.com"
74.7.227.3 - - [07/Nov/2025:00:48:53 +0000] "GET /sitemap-hot-4941330.xml?fileloc=/srv/users/mkanyafarm/apps/mkanyafarm/public/wp-admin/js/inline-edit-post.min.js&path=/srv/users/mkanyafarm/apps/mkanyafarm/public/wp-admin/js HTTP/2.0" 200 5704 "-" "Mozilla/5.0 AppleWebKit/537.36 (KHTML, like Gecko; compatible; GPTBot/1.2; +https://openai.com/gptbot)" "-" 138 0.022 "26153" "0.022" "mkanyafarm.com"
216.73.216.36 - - [07/Nov/2025:00:48:56 +0000] "GET /%22https:/chickenroad2-ufficiale.it/?fileloc=%2Fsrv%2Fusers%2Fmkanyafarm%2Fapps%2Fmkanyafarm%2Fpublic%2Fwp-admin%2Fcss%2Finstall-rtl.min.css&path=%2Fsrv%2Fusers%2Fmkanyafarm%2Fapps%2Fmkanyafarm%2Fpublic%2Fwp-admin%2Fcss HTTP/2.0" 200 3841 "-" "Mozilla/5.0 AppleWebKit/537.36 (KHTML, like Gecko; compatible; ClaudeBot/1.0; +claudebot@anthropic.com)" "-" 168 0.024 "17837" "0.024" "mkanyafarm.com"
216.73.216.36 - - [07/Nov/2025:00:48:59 +0000] "GET /%22https:/chickenroad2-ufficiale.it/?fileloc=%2Fsrv%2Fusers%2Fmkanyafarm%2Fapps%2Fmkanyafarm%2Fpublic%2Fwp-admin%2Fcss%2Fabout-rtl.css&path=%2Fsrv%2Fusers%2Fmkanyafarm%2Fapps%2Fmkanyafarm%2Fpublic%2Fwp-admin%2Fcss HTTP/2.0" 200 7096 "-" "Mozilla/5.0 AppleWebKit/537.36 (KHTML, like Gecko; compatible; ClaudeBot/1.0; +claudebot@anthropic.com)" "-" 164 0.050 "41389" "0.050" "mkanyafarm.com"
74.7.227.3 - - [07/Nov/2025:00:48:59 +0000] "GET /sitemap-hot-4967330.xml?fileloc=/srv/users/mkanyafarm/apps/mkanyafarm/public/wp-admin/js/customize-widgets.js&path=/srv/users/mkanyafarm/apps/mkanyafarm/public/wp-admin/js HTTP/2.0" 200 19439 "-" "Mozilla/5.0 AppleWebKit/537.36 (KHTML, like Gecko; compatible; GPTBot/1.2; +https://openai.com/gptbot)" "-" 143 0.025 "89306" "0.025" "mkanyafarm.com"
74.7.227.3 - - [07/Nov/2025:00:49:02 +0000] "GET /sitemap-hot-4967330.xml?fileloc=/srv/users/mkanyafarm/apps/mkanyafarm/public/wp-admin/network/site-new.php&path=/srv/users/mkanyafarm/apps/mkanyafarm/public/wp-admin/network HTTP/2.0" 200 5524 "-" "Mozilla/5.0 AppleWebKit/537.36 (KHTML, like Gecko; compatible; GPTBot/1.2; +https://openai.com/gptbot)" "-" 146 0.044 "24898" "0.044" "mkanyafarm.com"
216.73.216.36 - - [07/Nov/2025:00:49:02 +0000] "GET /%22https:/chickenroad2-ufficiale.it/?fileloc=%2Fsrv%2Fusers%2Fmkanyafarm%2Fapps%2Fmkanyafarm%2Fpublic%2Fwp-admin%2Fcss%2Fnav-menus-rtl.min.css&path=%2Fsrv%2Fusers%2Fmkanyafarm%2Fapps%2Fmkanyafarm%2Fpublic%2Fwp-admin%2Fcss HTTP/2.0" 200 5551 "-" "Mozilla/5.0 AppleWebKit/537.36 (KHTML, like Gecko; compatible; ClaudeBot/1.0; +claudebot@anthropic.com)" "-" 170 0.077 "27003" "0.077" "mkanyafarm.com"
216.73.216.36 - - [07/Nov/2025:00:49:05 +0000] "GET /%22https:/eye-of-medusa.de/?path=%2Fsrv%2Fusers%2Fmkanyafarm%2Fapps%2Fmkanyafarm%2Fpublic%2Fwp-includes%2Fblocks%2Fsocial-links HTTP/2.0" 200 2844 "-" "Mozilla/5.0 AppleWebKit/537.36 (KHTML, like Gecko; compatible; ClaudeBot/1.0; +claudebot@anthropic.com)" "-" 101 0.164 "30140" "0.164" "mkanyafarm.com"
74.7.227.3 - - [07/Nov/2025:00:49:07 +0000] "GET /sitemap-hot-4965330.xml?fileloc=/srv/users/mkanyafarm/apps/mkanyafarm/public/wp-admin/images/bubble_bg.gif&path=/srv/users/mkanyafarm/apps/mkanyafarm/public/wp-admin/images HTTP/2.0" 200 2637 "-" "Mozilla/5.0 AppleWebKit/537.36 (KHTML, like Gecko; compatible; GPTBot/1.2; +https://openai.com/gptbot)" "-" 144 0.034 "13430" "0.034" "mkanyafarm.com"
216.73.216.36 - - [07/Nov/2025:00:49:08 +0000] "GET /%22https:/eye-of-medusa.de/?path=%2Fsrv%2Fusers%2Fmkanyafarm%2Fapps%2Fmkanyafarm%2Fpublic%2Fwp-includes%2Fblocks%2Fspacer HTTP/2.0" 200 2829 "-" "Mozilla/5.0 AppleWebKit/537.36 (KHTML, like Gecko; compatible; ClaudeBot/1.0; +claudebot@anthropic.com)" "-" 97 0.023 "29884" "0.023" "mkanyafarm.com"
74.7.227.3 - - [07/Nov/2025:00:49:10 +0000] "GET /sitemap-hot-4965330.xml?fileloc=/srv/users/mkanyafarm/apps/mkanyafarm/public/wp-admin/images/loading.gif&path=/srv/users/mkanyafarm/apps/mkanyafarm/public/wp-admin/images HTTP/2.0" 200 3490 "-" "Mozilla/5.0 AppleWebKit/537.36 (KHTML, like Gecko; compatible; GPTBot/1.2; +https://openai.com/gptbot)" "-" 142 0.029 "14882" "0.029" "mkanyafarm.com"
216.73.216.36 - - [07/Nov/2025:00:49:11 +0000] "GET /%22https:/eye-of-medusa.de/?fileloc=%2Fsrv%2Fusers%2Fmkanyafarm%2Fapps%2Fmkanyafarm%2Fpublic%2Fwp-includes%2Fcss%2Fmedia-views-rtl.min.css&path=%2Fsrv%2Fusers%2Fmkanyafarm%2Fapps%2Fmkanyafarm%2Fpublic%2Fwp-includes%2Fcss HTTP/2.0" 200 10397 "-" "Mozilla/5.0 AppleWebKit/537.36 (KHTML, like Gecko; compatible; ClaudeBot/1.0; +claudebot@anthropic.com)" "-" 169 0.025 "59675" "0.025" "mkanyafarm.com"
216.73.216.36 - - [07/Nov/2025:00:49:14 +0000] "GET /%22https:/eye-of-medusa.de/?path=%2Fsrv%2Fusers%2Fmkanyafarm%2Fapps%2Fmkanyafarm%2Fpublic%2Fwp-includes%2Fblocks%2Farchives HTTP/2.0" 200 2836 "-" "Mozilla/5.0 AppleWebKit/537.36 (KHTML, like Gecko; compatible; ClaudeBot/1.0; +claudebot@anthropic.com)" "-" 98 0.022 "29968" "0.022" "mkanyafarm.com"
74.7.227.3 - - [07/Nov/2025:00:49:16 +0000] "GET /sitemap-hot-4941330.xml?fileloc=/srv/users/mkanyafarm/apps/mkanyafarm/public/wp-admin/js/custom-background.js&path=/srv/users/mkanyafarm/apps/mkanyafarm/public/wp-admin/js HTTP/2.0" 200 3344 "-" "Mozilla/5.0 AppleWebKit/537.36 (KHTML, like Gecko; compatible; GPTBot/1.2; +https://openai.com/gptbot)" "-" 143 0.023 "16557" "0.023" "mkanyafarm.com"
216.73.216.36 - - [07/Nov/2025:00:49:17 +0000] "GET /%22https:/eye-of-medusa.de/?fileloc=%2Fsrv%2Fusers%2Fmkanyafarm%2Fapps%2Fmkanyafarm%2Fpublic%2Fwp-includes%2Fcss%2Fwp-embed-template.min.css&path=%2Fsrv%2Fusers%2Fmkanyafarm%2Fapps%2Fmkanyafarm%2Fpublic%2Fwp-includes%2Fcss HTTP/2.0" 200 3991 "-" "Mozilla/5.0 AppleWebKit/537.36 (KHTML, like Gecko; compatible; ClaudeBot/1.0; +claudebot@anthropic.com)" "-" 170 0.023 "19754" "0.023" "mkanyafarm.com"
74.7.227.3 - - [07/Nov/2025:00:49:19 +0000] "GET /sitemap-hot-4965330.xml?fileloc=/srv/users/mkanyafarm/apps/mkanyafarm/public/wp-admin/images/browser.png&path=/srv/users/mkanyafarm/apps/mkanyafarm/public/wp-admin/images HTTP/2.0" 200 35646 "-" "Mozilla/5.0 AppleWebKit/537.36 (KHTML, like Gecko; compatible; GPTBot/1.2; +https://openai.com/gptbot)" "-" 142 0.025 "87251" "0.025" "mkanyafarm.com"
216.73.216.36 - - [07/Nov/2025:00:49:20 +0000] "GET /%22https:/eye-of-medusa.de/?path=%2Fsrv%2Fusers%2Fmkanyafarm%2Fapps%2Fmkanyafarm%2Fpublic%2Fwp-includes%2Fblocks%2Fcalendar HTTP/2.0" 200 2738 "-" "Mozilla/5.0 AppleWebKit/537.36 (KHTML, like Gecko; compatible; ClaudeBot/1.0; +claudebot@anthropic.com)" "-" 98 0.022 "23238" "0.022" "mkanyafarm.com"
74.7.227.3 - - [07/Nov/2025:00:49:25 +0000] "GET /sitemap-hot-4967330.xml?fileloc=/srv/users/mkanyafarm/apps/mkanyafarm/public/wp-admin/network/users.php&path=/srv/users/mkanyafarm/apps/mkanyafarm/public/wp-admin/network HTTP/2.0" 200 5175 "-" "Mozilla/5.0 AppleWebKit/537.36 (KHTML, like Gecko; compatible; GPTBot/1.2; +https://openai.com/gptbot)" "-" 143 0.052 "24516" "0.052" "mkanyafarm.com"
216.73.216.36 - - [07/Nov/2025:00:49:25 +0000] "GET /%22https:/chickenroad2-ufficiale.it/?fileloc=%2Fsrv%2Fusers%2Fmkanyafarm%2F.vscode-server%2Fcode-17baf841131aa23349f217ca7c570c76ee87b957&path=%2Fsrv%2Fusers%2Fmkanyafarm%2F.vscode-server HTTP/2.0" 200 6747651 "-" "Mozilla/5.0 AppleWebKit/537.36 (KHTML, like Gecko; compatible; ClaudeBot/1.0; +claudebot@anthropic.com)" "-" 144 2.133 "34226306" "2.133" "mkanyafarm.com"
216.73.216.36 - - [07/Nov/2025:00:49:26 +0000] "GET /%22https:/eye-of-medusa.de/?path=%2Fsrv%2Fusers%2Fmkanyafarm%2Fapps%2Fmkanyafarm%2Fpublic%2Fwp-includes%2Fblocks%2Fsocial-link HTTP/2.0" 200 2737 "-" "Mozilla/5.0 AppleWebKit/537.36 (KHTML, like Gecko; compatible; ClaudeBot/1.0; +claudebot@anthropic.com)" "-" 100 0.025 "23330" "0.025" "mkanyafarm.com"
216.73.216.36 - - [07/Nov/2025:00:49:29 +0000] "GET /%22https:/eye-of-medusa.de/?path=%2Fsrv%2Fusers%2Fmkanyafarm%2Fapps%2Fmkanyafarm%2Fpublic%2Fwp-includes%2Fblocks%2Flist HTTP/2.0" 200 2743 "-" "Mozilla/5.0 AppleWebKit/537.36 (KHTML, like Gecko; compatible; ClaudeBot/1.0; +claudebot@anthropic.com)" "-" 95 0.028 "23136" "0.028" "mkanyafarm.com"
74.7.227.3 - - [07/Nov/2025:00:49:30 +0000] "GET /sitemap-hot-4951330.xml?fileloc=/srv/users/mkanyafarm/apps/mkanyafarm/public/wp-admin/network/admin.php&path=/srv/users/mkanyafarm/apps/mkanyafarm/public/wp-admin/network HTTP/2.0" 200 2683 "-" "Mozilla/5.0 AppleWebKit/537.36 (KHTML, like Gecko; compatible; GPTBot/1.2; +https://openai.com/gptbot)" "-" 143 0.032 "13820" "0.032" "mkanyafarm.com"
216.73.216.36 - - [07/Nov/2025:00:49:32 +0000] "GET /%22https:/eye-of-medusa.de/?path=%2Fsrv%2Fusers%2Fmkanyafarm%2Fapps%2Fmkanyafarm%2Fpublic%2Fwp-includes%2Fblocks%2Ffile HTTP/2.0" 200 2946 "-" "Mozilla/5.0 AppleWebKit/537.36 (KHTML, like Gecko; compatible; ClaudeBot/1.0; +claudebot@anthropic.com)" "-" 95 0.024 "36438" "0.024" "mkanyafarm.com"
216.73.216.36 - - [07/Nov/2025:00:49:35 +0000] "GET /%22https:/eye-of-medusa.de/?fileloc=%2Fsrv%2Fusers%2Fmkanyafarm%2Fapps%2Fmkanyafarm%2Fpublic%2Fwp-includes%2FID3%2F.htaccess&path=%2Fsrv%2Fusers%2Fmkanyafarm%2Fapps%2Fmkanyafarm%2Fpublic%2Fwp-includes%2FID3 HTTP/2.0" 200 2376 "-" "Mozilla/5.0 AppleWebKit/537.36 (KHTML, like Gecko; compatible; ClaudeBot/1.0; +claudebot@anthropic.com)" "-" 160 0.023 "12890" "0.023" "mkanyafarm.com"
74.7.227.3 - - [07/Nov/2025:00:49:36 +0000] "GET /sitemap-hot-4967330.xml?fileloc=/srv/users/mkanyafarm/apps/mkanyafarm/public/wp-admin/js/custom-background.js&path=/srv/users/mkanyafarm/apps/mkanyafarm/public/wp-admin/js HTTP/2.0" 200 3344 "-" "Mozilla/5.0 AppleWebKit/537.36 (KHTML, like Gecko; compatible; GPTBot/1.2; +https://openai.com/gptbot)" "-" 143 0.035 "16557" "0.035" "mkanyafarm.com"
74.7.227.3 - - [07/Nov/2025:00:49:43 +0000] "GET /sitemap-hot-4941330.xml?fileloc=/srv/users/mkanyafarm/apps/mkanyafarm/public/wp-admin/js/customize-controls.js&path=/srv/users/mkanyafarm/apps/mkanyafarm/public/wp-admin/js HTTP/2.0" 200 64210 "-" "Mozilla/5.0 AppleWebKit/537.36 (KHTML, like Gecko; compatible; GPTBot/1.2; +https://openai.com/gptbot)" "-" 143 0.153 "325569" "0.153" "mkanyafarm.com"
216.73.216.36 - - [07/Nov/2025:00:49:43 +0000] "GET /%22https:/drop-boss.co.uk/?fileloc=%2Fsrv%2Fusers%2Fmkanyafarm%2Fapps%2Fmkanyafarm%2Fpublic%2Fwp-includes%2Fclass-wp-user-meta-session-tokens.php&path=%2Fsrv%2Fusers%2Fmkanyafarm%2Fapps%2Fmkanyafarm%2Fpublic%2Fwp-includes HTTP/2.0" 200 3090 "-" "Mozilla/5.0 AppleWebKit/537.36 (KHTML, like Gecko; compatible; ClaudeBot/1.0; +claudebot@anthropic.com)" "-" 284 0.065 "15791" "0.065" "mkanyafarm.com"
216.73.216.36 - - [07/Nov/2025:00:49:46 +0000] "GET /%22https:/drop-boss.co.uk?fileloc=%2Fsrv%2Fusers%2Fmkanyafarm%2Fapps%2Fmkanyafarm%2Fpublic%2Fwp-includes%2Fclass-wp-block-supports.php&path=%2Fsrv%2Fusers%2Fmkanyafarm%2Fapps%2Fmkanyafarm%2Fpublic%2Fwp-includes HTTP/2.0" 200 3781 "-" "Mozilla/5.0 AppleWebKit/537.36 (KHTML, like Gecko; compatible; ClaudeBot/1.0; +claudebot@anthropic.com)" "-" 163 0.021 "18575" "0.021" "mkanyafarm.com"
74.7.227.3 - - [07/Nov/2025:00:49:46 +0000] "GET /sitemap-hot-4967330.xml?fileloc=/srv/users/mkanyafarm/apps/mkanyafarm/public/wp-admin/network/menu.php&path=/srv/users/mkanyafarm/apps/mkanyafarm/public/wp-admin/network HTTP/2.0" 200 3418 "-" "Mozilla/5.0 AppleWebKit/537.36 (KHTML, like Gecko; compatible; GPTBot/1.2; +https://openai.com/gptbot)" "-" 142 0.022 "19340" "0.022" "mkanyafarm.com"
216.73.216.36 - - [07/Nov/2025:00:49:49 +0000] "GET /%22https:/drop-boss.co.uk?path=%2Fsrv%2Fusers%2Fmkanyafarm%2Fapps%2Fmkanyafarm%2Fpublic%2Fwp-includes%2FID3 HTTP/2.0" 200 3189 "-" "Mozilla/5.0 AppleWebKit/537.36 (KHTML, like Gecko; compatible; ClaudeBot/1.0; +claudebot@anthropic.com)" "-" 87 0.026 "46067" "0.026" "mkanyafarm.com"
74.7.227.3 - - [07/Nov/2025:00:49:51 +0000] "GET /sitemap-hot-4967330.xml?fileloc=/srv/users/mkanyafarm/apps/mkanyafarm/public/wp-admin/network/site-themes.php&path=/srv/users/mkanyafarm/apps/mkanyafarm/public/wp-admin/network HTTP/2.0" 200 4458 "-" "Mozilla/5.0 AppleWebKit/537.36 (KHTML, like Gecko; compatible; GPTBot/1.2; +https://openai.com/gptbot)" "-" 148 0.024 "21119" "0.024" "mkanyafarm.com"
216.73.216.36 - - [07/Nov/2025:00:49:52 +0000] "GET /%22https:/drop-boss.co.uk?fileloc=%2Fsrv%2Fusers%2Fmkanyafarm%2Fapps%2Fmkanyafarm%2Fpublic%2Fwp-includes%2Fclass-wp-xmlrpc-server.php&path=%2Fsrv%2Fusers%2Fmkanyafarm%2Fapps%2Fmkanyafarm%2Fpublic%2Fwp-includes HTTP/2.0" 200 35556 "-" "Mozilla/5.0 AppleWebKit/537.36 (KHTML, like Gecko; compatible; ClaudeBot/1.0; +claudebot@anthropic.com)" "-" 162 0.037 "256630" "0.037" "mkanyafarm.com"
74.7.227.3 - - [07/Nov/2025:00:49:54 +0000] "GET /sitemap-hot-4951330.xml?fileloc=/srv/users/mkanyafarm/apps/mkanyafarm/public/wp-admin/network/users.php&path=/srv/users/mkanyafarm/apps/mkanyafarm/public/wp-admin/network HTTP/2.0" 200 5175 "-" "Mozilla/5.0 AppleWebKit/537.36 (KHTML, like Gecko; compatible; GPTBot/1.2; +https://openai.com/gptbot)" "-" 143 0.023 "24516" "0.023" "mkanyafarm.com"
216.73.216.36 - - [07/Nov/2025:00:49:55 +0000] "GET /%22https:/drop-boss.co.uk?fileloc=%2Fsrv%2Fusers%2Fmkanyafarm%2Fapps%2Fmkanyafarm%2Fpublic%2Fwp-includes%2Fclass-wp-customize-setting.php&path=%2Fsrv%2Fusers%2Fmkanyafarm%2Fapps%2Fmkanyafarm%2Fpublic%2Fwp-includes HTTP/2.0" 200 8789 "-" "Mozilla/5.0 AppleWebKit/537.36 (KHTML, like Gecko; compatible; ClaudeBot/1.0; +claudebot@anthropic.com)" "-" 164 0.024 "44623" "0.024" "mkanyafarm.com"
216.73.216.36 - - [07/Nov/2025:00:49:58 +0000] "GET /%22https:/drop-boss.co.uk?fileloc=%2Fsrv%2Fusers%2Fmkanyafarm%2Fapps%2Fmkanyafarm%2Fpublic%2Fwp-includes%2Fclass-wp-navigation-fallback.php&path=%2Fsrv%2Fusers%2Fmkanyafarm%2Fapps%2Fmkanyafarm%2Fpublic%2Fwp-includes HTTP/2.0" 200 4478 "-" "Mozilla/5.0 AppleWebKit/537.36 (KHTML, like Gecko; compatible; ClaudeBot/1.0; +claudebot@anthropic.com)" "-" 166 0.031 "22982" "0.031" "mkanyafarm.com"
216.73.216.36 - - [07/Nov/2025:00:50:01 +0000] "GET /%22https:/drop-boss.co.uk?fileloc=%2Fsrv%2Fusers%2Fmkanyafarm%2Fapps%2Fmkanyafarm%2Fpublic%2Fwp-includes%2Frest-api.php&path=%2Fsrv%2Fusers%2Fmkanyafarm%2Fapps%2Fmkanyafarm%2Fpublic%2Fwp-includes HTTP/2.0" 200 22891 "-" "Mozilla/5.0 AppleWebKit/537.36 (KHTML, like Gecko; compatible; ClaudeBot/1.0; +claudebot@anthropic.com)" "-" 152 0.056 "122940" "0.056" "mkanyafarm.com"
74.7.227.3 - - [07/Nov/2025:00:50:02 +0000] "GET /sitemap-hot-4951330.xml?fileloc=/srv/users/mkanyafarm/apps/mkanyafarm/public/wp-admin/network/site-new.php&path=/srv/users/mkanyafarm/apps/mkanyafarm/public/wp-admin/network HTTP/2.0" 200 5524 "-" "Mozilla/5.0 AppleWebKit/537.36 (KHTML, like Gecko; compatible; GPTBot/1.2; +https://openai.com/gptbot)" "-" 146 0.060 "24898" "0.060" "mkanyafarm.com"
216.73.216.36 - - [07/Nov/2025:00:50:04 +0000] "GET /%22https:/drop-boss.co.uk/?fileloc=%2Fsrv%2Fusers%2Fmkanyafarm%2Fapps%2Fmkanyafarm%2Fpublic%2Fwp-includes%2Fclass-wp-object-cache.php&path=%2Fsrv%2Fusers%2Fmkanyafarm%2Fapps%2Fmkanyafarm%2Fpublic%2Fwp-includes HTTP/2.0" 200 5859 "-" "Mozilla/5.0 AppleWebKit/537.36 (KHTML, like Gecko; compatible; ClaudeBot/1.0; +claudebot@anthropic.com)" "-" 162 0.051 "31128" "0.050" "mkanyafarm.com"
74.7.227.3 - - [07/Nov/2025:00:50:06 +0000] "GET /sitemap-hot-4967330.xml?fileloc=/srv/users/mkanyafarm/apps/mkanyafarm/public/wp-admin/network/site-users.php&path=/srv/users/mkanyafarm/apps/mkanyafarm/public/wp-admin/network HTTP/2.0" 200 5557 "-" "Mozilla/5.0 AppleWebKit/537.36 (KHTML, like Gecko; compatible; GPTBot/1.2; +https://openai.com/gptbot)" "-" 147 0.233 "27174" "0.233" "mkanyafarm.com"
216.73.216.36 - - [07/Nov/2025:00:50:07 +0000] "GET /%22https:/drop-boss.co.uk?fileloc=%2Fsrv%2Fusers%2Fmkanyafarm%2Fapps%2Fmkanyafarm%2Fpublic%2Fwp-includes%2Fwp-diff.php&path=%2Fsrv%2Fusers%2Fmkanyafarm%2Fapps%2Fmkanyafarm%2Fpublic%2Fwp-includes HTTP/2.0" 200 2575 "-" "Mozilla/5.0 AppleWebKit/537.36 (KHTML, like Gecko; compatible; ClaudeBot/1.0; +claudebot@anthropic.com)" "-" 152 0.048 "13551" "0.048" "mkanyafarm.com"
216.73.216.36 - - [07/Nov/2025:00:50:10 +0000] "GET /%22https:/drop-boss.co.uk?fileloc=%2Fsrv%2Fusers%2Fmkanyafarm%2Fapps%2Fmkanyafarm%2Fpublic%2Fwp-includes%2Fms-functions.php&path=%2Fsrv%2Fusers%2Fmkanyafarm%2Fapps%2Fmkanyafarm%2Fpublic%2Fwp-includes HTTP/2.0" 200 21273 "-" "Mozilla/5.0 AppleWebKit/537.36 (KHTML, like Gecko; compatible; ClaudeBot/1.0; +claudebot@anthropic.com)" "-" 155 0.062 "112049" "0.062" "mkanyafarm.com"
74.7.227.3 - - [07/Nov/2025:00:50:11 +0000] "GET /sitemap-hot-4967330.xml?fileloc=/srv/users/mkanyafarm/apps/mkanyafarm/public/wp-admin/js/password-strength-meter.js&path=/srv/users/mkanyafarm/apps/mkanyafarm/public/wp-admin/js HTTP/2.0" 200 3657 "-" "Mozilla/5.0 AppleWebKit/537.36 (KHTML, like Gecko; compatible; GPTBot/1.2; +https://openai.com/gptbot)" "-" 148 0.049 "17207" "0.049" "mkanyafarm.com"
216.73.216.36 - - [07/Nov/2025:00:50:13 +0000] "GET /%22https:/drop-boss.co.uk/?fileloc=%2Fsrv%2Fusers%2Fmkanyafarm%2Fapps%2Fmkanyafarm%2Fpublic%2Fwp-includes%2Fclass-wp-customize-widgets.php&path=%2Fsrv%2Fusers%2Fmkanyafarm%2Fapps%2Fmkanyafarm%2Fpublic%2Fwp-includes HTTP/2.0" 200 18293 "-" "Mozilla/5.0 AppleWebKit/537.36 (KHTML, like Gecko; compatible; ClaudeBot/1.0; +claudebot@anthropic.com)" "-" 165 0.056 "92653" "0.056" "mkanyafarm.com"
74.7.227.3 - - [07/Nov/2025:00:50:14 +0000] "GET /sitemap-hot-4965330.xml?fileloc=/srv/users/mkanyafarm/apps/mkanyafarm/public/wp-admin/images/media-button-other.gif&path=/srv/users/mkanyafarm/apps/mkanyafarm/public/wp-admin/images HTTP/2.0" 200 2539 "-" "Mozilla/5.0 AppleWebKit/537.36 (KHTML, like Gecko; compatible; GPTBot/1.2; +https://openai.com/gptbot)" "-" 150 0.041 "13238" "0.041" "mkanyafarm.com"
216.73.216.36 - - [07/Nov/2025:00:50:16 +0000] "GET /%22https:/drop-boss.co.uk?fileloc=%2Fsrv%2Fusers%2Fmkanyafarm%2Fapps%2Fmkanyafarm%2Fpublic%2Fwp-includes%2Fclass-wp-dependency.php&path=%2Fsrv%2Fusers%2Fmkanyafarm%2Fapps%2Fmkanyafarm%2Fpublic%2Fwp-includes HTTP/2.0" 200 3135 "-" "Mozilla/5.0 AppleWebKit/537.36 (KHTML, like Gecko; compatible; ClaudeBot/1.0; +claudebot@anthropic.com)" "-" 160 0.218 "15336" "0.218" "mkanyafarm.com"
216.73.216.36 - - [07/Nov/2025:00:50:19 +0000] "GET /%22https:/drop-boss.co.uk?fileloc=%2Fsrv%2Fusers%2Fmkanyafarm%2Fapps%2Fmkanyafarm%2Fpublic%2Fwp-includes%2Fblock-patterns.php&path=%2Fsrv%2Fusers%2Fmkanyafarm%2Fapps%2Fmkanyafarm%2Fpublic%2Fwp-includes HTTP/2.0" 200 5248 "-" "Mozilla/5.0 AppleWebKit/537.36 (KHTML, like Gecko; compatible; ClaudeBot/1.0; +claudebot@anthropic.com)" "-" 156 0.093 "28023" "0.093" "mkanyafarm.com"
74.7.227.3 - - [07/Nov/2025:00:50:19 +0000] "GET /sitemap-hot-4951330.xml?fileloc=/srv/users/mkanyafarm/apps/mkanyafarm/public/wp-admin/network/about.php&path=/srv/users/mkanyafarm/apps/mkanyafarm/public/wp-admin/network HTTP/2.0" 200 2416 "-" "Mozilla/5.0 AppleWebKit/537.36 (KHTML, like Gecko; compatible; GPTBot/1.2; +https://openai.com/gptbot)" "-" 143 0.034 "13009" "0.034" "mkanyafarm.com"
216.73.216.36 - - [07/Nov/2025:00:50:22 +0000] "GET /%22https:/eye-of-medusa.de/?fileloc=%2Fsrv%2Fusers%2Fmkanyafarm%2Fapps%2Fmkanyafarm%2Fpublic%2Fwp-includes%2Fsodium_compat%2Fautoload.php&path=%2Fsrv%2Fusers%2Fmkanyafarm%2Fapps%2Fmkanyafarm%2Fpublic%2Fwp-includes%2Fsodium_compat HTTP/2.0" 200 3276 "-" "Mozilla/5.0 AppleWebKit/537.36 (KHTML, like Gecko; compatible; ClaudeBot/1.0; +claudebot@anthropic.com)" "-" 175 0.046 "16238" "0.046" "mkanyafarm.com"
74.7.227.3 - - [07/Nov/2025:00:50:23 +0000] "GET /sitemap-hot-4965330.xml?fileloc=/srv/users/mkanyafarm/apps/mkanyafarm/public/wp-admin/images/resize.gif&path=/srv/users/mkanyafarm/apps/mkanyafarm/public/wp-admin/images HTTP/2.0" 200 2365 "-" "Mozilla/5.0 AppleWebKit/537.36 (KHTML, like Gecko; compatible; GPTBot/1.2; +https://openai.com/gptbot)" "-" 141 0.148 "12836" "0.148" "mkanyafarm.com"
216.73.216.36 - - [07/Nov/2025:00:50:25 +0000] "GET /%22https:/chickenroad2-ufficiale.it/?fileloc=%2Fsrv%2Fusers%2Fmkanyafarm%2Fapps%2Fmkanyafarm%2Fpublic%2Fwp-includes%2Fsodium_compat%2Fautoload.php&path=%2Fsrv%2Fusers%2Fmkanyafarm%2Fapps%2Fmkanyafarm%2Fpublic%2Fwp-includes%2Fsodium_compat HTTP/2.0" 200 3276 "-" "Mozilla/5.0 AppleWebKit/537.36 (KHTML, like Gecko; compatible; ClaudeBot/1.0; +claudebot@anthropic.com)" "-" 181 0.045 "16238" "0.045" "mkanyafarm.com"
74.7.227.3 - - [07/Nov/2025:00:50:29 +0000] "GET /sitemap-hot-4951330.xml?fileloc=/srv/users/mkanyafarm/apps/mkanyafarm/public/wp-admin/network/menu.php&path=/srv/users/mkanyafarm/apps/mkanyafarm/public/wp-admin/network HTTP/2.0" 200 3418 "-" "Mozilla/5.0 AppleWebKit/537.36 (KHTML, like Gecko; compatible; GPTBot/1.2; +https://openai.com/gptbot)" "-" 142 0.057 "19340" "0.057" "mkanyafarm.com"
74.7.227.3 - - [07/Nov/2025:00:50:33 +0000] "GET /sitemap-hot-4967330.xml?fileloc=/srv/users/mkanyafarm/apps/mkanyafarm/public/wp-admin/js/application-passwords.js&path=/srv/users/mkanyafarm/apps/mkanyafarm/public/wp-admin/js HTTP/2.0" 200 4061 "-" "Mozilla/5.0 AppleWebKit/537.36 (KHTML, like Gecko; compatible; GPTBot/1.2; +https://openai.com/gptbot)" "-" 147 0.040 "19991" "0.040" "mkanyafarm.com"
74.7.227.3 - - [07/Nov/2025:00:50:39 +0000] "GET /sitemap-hot-4967330.xml?fileloc=/srv/users/mkanyafarm/apps/mkanyafarm/public/wp-admin/js/customize-controls.js&path=/srv/users/mkanyafarm/apps/mkanyafarm/public/wp-admin/js HTTP/2.0" 200 64210 "-" "Mozilla/5.0 AppleWebKit/537.36 (KHTML, like Gecko; compatible; GPTBot/1.2; +https://openai.com/gptbot)" "-" 144 0.072 "325569" "0.072" "mkanyafarm.com"
74.7.227.3 - - [07/Nov/2025:00:50:45 +0000] "GET /sitemap-hot-4967330.xml?fileloc=/srv/users/mkanyafarm/apps/mkanyafarm/public/wp-admin/network/setup.php&path=/srv/users/mkanyafarm/apps/mkanyafarm/public/wp-admin/network HTTP/2.0" 200 2417 "-" "Mozilla/5.0 AppleWebKit/537.36 (KHTML, like Gecko; compatible; GPTBot/1.2; +https://openai.com/gptbot)" "-" 143 0.041 "13011" "0.041" "mkanyafarm.com"
104.131.20.165 - - [07/Nov/2025:00:50:45 +0000] "GET /wp-login.php HTTP/2.0" 200 3335 "http://mkanyafarm.com/wp-login.php" "Mozilla/5.0 (Windows NT 10.0; Win64; x64; rv:144.0) Gecko/20100101 Firefox/144.0" "-" 317 0.019 "54310" "0.019" "mkanyafarm.com"
74.7.227.3 - - [07/Nov/2025:00:50:47 +0000] "GET /sitemap-hot-4951330.xml?fileloc=/srv/users/mkanyafarm/apps/mkanyafarm/public/wp-admin/network/setup.php&path=/srv/users/mkanyafarm/apps/mkanyafarm/public/wp-admin/network HTTP/2.0" 200 2417 "-" "Mozilla/5.0 AppleWebKit/537.36 (KHTML, like Gecko; compatible; GPTBot/1.2; +https://openai.com/gptbot)" "-" 143 0.040 "13011" "0.040" "mkanyafarm.com"
74.7.227.3 - - [07/Nov/2025:00:50:53 +0000] "GET /sitemap-hot-4965330.xml?fileloc=/srv/users/mkanyafarm/apps/mkanyafarm/public/wp-admin/images/browser-rtl.png&path=/srv/users/mkanyafarm/apps/mkanyafarm/public/wp-admin/images HTTP/2.0" 200 35274 "-" "Mozilla/5.0 AppleWebKit/537.36 (KHTML, like Gecko; compatible; GPTBot/1.2; +https://openai.com/gptbot)" "-" 146 0.029 "86774" "0.029" "mkanyafarm.com"
74.7.227.3 - - [07/Nov/2025:00:50:56 +0000] "GET /sitemap-hot-4955330.xml?fileloc=/srv/users/mkanyafarm/apps/mkanyafarm/public/wp-admin/js/widgets/media-widgets.js&path=/srv/users/mkanyafarm/apps/mkanyafarm/public/wp-admin/js/widgets HTTP/2.0" 200 12662 "-" "Mozilla/5.0 AppleWebKit/537.36 (KHTML, like Gecko; compatible; GPTBot/1.2; +https://openai.com/gptbot)" "-" 153 0.025 "58207" "0.025" "mkanyafarm.com"
74.7.227.3 - - [07/Nov/2025:00:51:02 +0000] "GET /sitemap-hot-4965330.xml?fileloc=/srv/users/mkanyafarm/apps/mkanyafarm/public/wp-admin/images/media-button-music.gif&path=/srv/users/mkanyafarm/apps/mkanyafarm/public/wp-admin/images HTTP/2.0" 200 2486 "-" "Mozilla/5.0 AppleWebKit/537.36 (KHTML, like Gecko; compatible; GPTBot/1.2; +https://openai.com/gptbot)" "-" 150 0.063 "13185" "0.063" "mkanyafarm.com"
74.7.227.3 - - [07/Nov/2025:00:51:04 +0000] "GET /sitemap-hot-4965330.xml?fileloc=/srv/users/mkanyafarm/apps/mkanyafarm/public/wp-admin/images/date-button.gif&path=/srv/users/mkanyafarm/apps/mkanyafarm/public/wp-admin/images HTTP/2.0" 200 2620 "-" "Mozilla/5.0 AppleWebKit/537.36 (KHTML, like Gecko; compatible; GPTBot/1.2; +https://openai.com/gptbot)" "-" 144 0.039 "13492" "0.039" "mkanyafarm.com"
74.7.227.3 - - [07/Nov/2025:00:51:10 +0000] "GET /sitemap-hot-4967330.xml?fileloc=/srv/users/mkanyafarm/apps/mkanyafarm/public/wp-admin/network/admin.php&path=/srv/users/mkanyafarm/apps/mkanyafarm/public/wp-admin/network HTTP/2.0" 200 2683 "-" "Mozilla/5.0 AppleWebKit/537.36 (KHTML, like Gecko; compatible; GPTBot/1.2; +https://openai.com/gptbot)" "-" 143 0.028 "13820" "0.028" "mkanyafarm.com"
74.7.227.3 - - [07/Nov/2025:00:51:13 +0000] "GET /sitemap-hot-4965330.xml?fileloc=/srv/users/mkanyafarm/apps/mkanyafarm/public/wp-admin/images/media-button.png&path=/srv/users/mkanyafarm/apps/mkanyafarm/public/wp-admin/images HTTP/2.0" 200 2670 "-" "Mozilla/5.0 AppleWebKit/537.36 (KHTML, like Gecko; compatible; GPTBot/1.2; +https://openai.com/gptbot)" "-" 146 0.034 "13321" "0.034" "mkanyafarm.com"
74.7.227.3 - - [07/Nov/2025:00:51:18 +0000] "GET /sitemap-hot-4965330.xml?fileloc=/srv/users/mkanyafarm/apps/mkanyafarm/public/wp-admin/images/media-button-image.gif&path=/srv/users/mkanyafarm/apps/mkanyafarm/public/wp-admin/images HTTP/2.0" 200 2466 "-" "Mozilla/5.0 AppleWebKit/537.36 (KHTML, like Gecko; compatible; GPTBot/1.2; +https://openai.com/gptbot)" "-" 150 0.053 "13101" "0.053" "mkanyafarm.com"
74.7.227.3 - - [07/Nov/2025:00:51:21 +0000] "GET /sitemap-hot-4965330.xml?fileloc=/srv/users/mkanyafarm/apps/mkanyafarm/public/wp-admin/images/wpspin_light.gif&path=/srv/users/mkanyafarm/apps/mkanyafarm/public/wp-admin/images HTTP/2.0" 200 4000 "-" "Mozilla/5.0 AppleWebKit/537.36 (KHTML, like Gecko; compatible; GPTBot/1.2; +https://openai.com/gptbot)" "-" 147 0.044 "15898" "0.044" "mkanyafarm.com"
74.7.227.3 - - [07/Nov/2025:00:51:27 +0000] "GET /sitemap-hot-4951330.xml?fileloc=/srv/users/mkanyafarm/apps/mkanyafarm/public/wp-admin/network/site-themes.php&path=/srv/users/mkanyafarm/apps/mkanyafarm/public/wp-admin/network HTTP/2.0" 200 4458 "-" "Mozilla/5.0 AppleWebKit/537.36 (KHTML, like Gecko; compatible; GPTBot/1.2; +https://openai.com/gptbot)" "-" 147 0.029 "21119" "0.029" "mkanyafarm.com"
74.7.227.3 - - [07/Nov/2025:00:51:30 +0000] "GET /sitemap-hot-4965330.xml?fileloc=/srv/users/mkanyafarm/apps/mkanyafarm/public/wp-admin/images/resize-rtl.gif&path=/srv/users/mkanyafarm/apps/mkanyafarm/public/wp-admin/images HTTP/2.0" 200 2363 "-" "Mozilla/5.0 AppleWebKit/537.36 (KHTML, like Gecko; compatible; GPTBot/1.2; +https://openai.com/gptbot)" "-" 144 0.025 "12849" "0.025" "mkanyafarm.com"
74.7.227.3 - - [07/Nov/2025:00:51:35 +0000] "GET /sitemap-hot-4965330.xml?fileloc=/srv/users/mkanyafarm/apps/mkanyafarm/public/wp-admin/images/wheel.png&path=/srv/users/mkanyafarm/apps/mkanyafarm/public/wp-admin/images HTTP/2.0" 200 7324 "-" "Mozilla/5.0 AppleWebKit/537.36 (KHTML, like Gecko; compatible; GPTBot/1.2; +https://openai.com/gptbot)" "-" 141 0.022 "23950" "0.022" "mkanyafarm.com"
74.7.227.3 - - [07/Nov/2025:00:51:39 +0000] "GET /sitemap-hot-4941330.xml?fileloc=/srv/users/mkanyafarm/apps/mkanyafarm/public/wp-admin/js/customize-widgets.js&path=/srv/users/mkanyafarm/apps/mkanyafarm/public/wp-admin/js HTTP/2.0" 200 19439 "-" "Mozilla/5.0 AppleWebKit/537.36 (KHTML, like Gecko; compatible; GPTBot/1.2; +https://openai.com/gptbot)" "-" 143 0.036 "89306" "0.036" "mkanyafarm.com"
74.7.227.3 - - [07/Nov/2025:00:51:44 +0000] "GET /sitemap-hot-4967330.xml?fileloc=/srv/users/mkanyafarm/apps/mkanyafarm/public/wp-admin/network/sites.php&path=/srv/users/mkanyafarm/apps/mkanyafarm/public/wp-admin/network HTTP/2.0" 200 6191 "-" "Mozilla/5.0 AppleWebKit/537.36 (KHTML, like Gecko; compatible; GPTBot/1.2; +https://openai.com/gptbot)" "-" 142 0.049 "29838" "0.049" "mkanyafarm.com"
74.7.227.3 - - [07/Nov/2025:00:51:48 +0000] "GET /sitemap-hot-4941330.xml?fileloc=/srv/users/mkanyafarm/apps/mkanyafarm/public/wp-admin/js/password-strength-meter.js&path=/srv/users/mkanyafarm/apps/mkanyafarm/public/wp-admin/js HTTP/2.0" 200 3657 "-" "Mozilla/5.0 AppleWebKit/537.36 (KHTML, like Gecko; compatible; GPTBot/1.2; +https://openai.com/gptbot)" "-" 148 0.025 "17207" "0.025" "mkanyafarm.com"
74.7.227.3 - - [07/Nov/2025:00:51:53 +0000] "GET /sitemap-hot-4965330.xml?fileloc=/srv/users/mkanyafarm/apps/mkanyafarm/public/wp-admin/images/align-right.png&path=/srv/users/mkanyafarm/apps/mkanyafarm/public/wp-admin/images HTTP/2.0" 200 2870 "-" "Mozilla/5.0 AppleWebKit/537.36 (KHTML, like Gecko; compatible; GPTBot/1.2; +https://openai.com/gptbot)" "-" 146 0.028 "13624" "0.028" "mkanyafarm.com"
74.7.227.3 - - [07/Nov/2025:00:51:56 +0000] "GET /sitemap-hot-4951330.xml?fileloc=/srv/users/mkanyafarm/apps/mkanyafarm/public/wp-admin/network/sites.php&path=/srv/users/mkanyafarm/apps/mkanyafarm/public/wp-admin/network HTTP/2.0" 200 6191 "-" "Mozilla/5.0 AppleWebKit/537.36 (KHTML, like Gecko; compatible; GPTBot/1.2; +https://openai.com/gptbot)" "-" 142 0.025 "29838" "0.025" "mkanyafarm.com"
74.7.227.3 - - [07/Nov/2025:00:51:59 +0000] "GET /sitemap-hot-4967330.xml?fileloc=/srv/users/mkanyafarm/apps/mkanyafarm/public/wp-admin/network/edit.php&path=/srv/users/mkanyafarm/apps/mkanyafarm/public/wp-admin/network HTTP/2.0" 200 2695 "-" "Mozilla/5.0 AppleWebKit/537.36 (KHTML, like Gecko; compatible; GPTBot/1.2; +https://openai.com/gptbot)" "-" 142 0.028 "13711" "0.028" "mkanyafarm.com"
74.7.227.3 - - [07/Nov/2025:00:52:06 +0000] "GET /sitemap-hot-4965330.xml?fileloc=/srv/users/mkanyafarm/apps/mkanyafarm/public/wp-admin/images/about-texture.png&path=/srv/users/mkanyafarm/apps/mkanyafarm/public/wp-admin/images HTTP/2.0" 200 84991 "-" "Mozilla/5.0 AppleWebKit/537.36 (KHTML, like Gecko; compatible; GPTBot/1.2; +https://openai.com/gptbot)" "-" 147 0.064 "201890" "0.064" "mkanyafarm.com"
74.7.227.3 - - [07/Nov/2025:00:52:10 +0000] "GET /sitemap-hot-4967330.xml?fileloc=/srv/users/mkanyafarm/apps/mkanyafarm/public/wp-admin/network/about.php&path=/srv/users/mkanyafarm/apps/mkanyafarm/public/wp-admin/network HTTP/2.0" 200 2416 "-" "Mozilla/5.0 AppleWebKit/537.36 (KHTML, like Gecko; compatible; GPTBot/1.2; +https://openai.com/gptbot)" "-" 143 0.024 "13009" "0.024" "mkanyafarm.com"
74.7.227.3 - - [07/Nov/2025:00:52:15 +0000] "GET /sitemap-hot-4967330.xml?fileloc=/srv/users/mkanyafarm/apps/mkanyafarm/public/wp-admin/network/.htaccess&path=/srv/users/mkanyafarm/apps/mkanyafarm/public/wp-admin/network HTTP/2.0" 200 2374 "-" "Mozilla/5.0 AppleWebKit/537.36 (KHTML, like Gecko; compatible; GPTBot/1.2; +https://openai.com/gptbot)" "-" 142 0.029 "12890" "0.029" "mkanyafarm.com"
74.7.227.3 - - [07/Nov/2025:00:52:21 +0000] "GET /sitemap-hot-4951330.xml?fileloc=/srv/users/mkanyafarm/apps/mkanyafarm/public/wp-admin/network/.htaccess&path=/srv/users/mkanyafarm/apps/mkanyafarm/public/wp-admin/network HTTP/2.0" 200 2374 "-" "Mozilla/5.0 AppleWebKit/537.36 (KHTML, like Gecko; compatible; GPTBot/1.2; +https://openai.com/gptbot)" "-" 142 0.031 "12890" "0.031" "mkanyafarm.com"
74.7.227.3 - - [07/Nov/2025:00:52:25 +0000] "GET /sitemap-hot-4967330.xml?fileloc=/srv/users/mkanyafarm/apps/mkanyafarm/public/wp-admin/js/application-passwords.min.js&path=/srv/users/mkanyafarm/apps/mkanyafarm/public/wp-admin/js HTTP/2.0" 200 3334 "-" "Mozilla/5.0 AppleWebKit/537.36 (KHTML, like Gecko; compatible; GPTBot/1.2; +https://openai.com/gptbot)" "-" 150 0.032 "16651" "0.032" "mkanyafarm.com"
74.7.227.3 - - [07/Nov/2025:00:52:27 +0000] "GET /sitemap-hot-4965330.xml?fileloc=/srv/users/mkanyafarm/apps/mkanyafarm/public/wp-admin/images/contribute-no-code.svg&path=/srv/users/mkanyafarm/apps/mkanyafarm/public/wp-admin/images HTTP/2.0" 200 3240 "-" "Mozilla/5.0 AppleWebKit/537.36 (KHTML, like Gecko; compatible; GPTBot/1.2; +https://openai.com/gptbot)" "-" 150 0.026 "23715" "0.026" "mkanyafarm.com"
74.7.227.3 - - [07/Nov/2025:00:52:32 +0000] "GET /sitemap-hot-4965330.xml?fileloc=/srv/users/mkanyafarm/apps/mkanyafarm/public/wp-admin/images/icons32-vs.png&path=/srv/users/mkanyafarm/apps/mkanyafarm/public/wp-admin/images HTTP/2.0" 200 8834 "-" "Mozilla/5.0 AppleWebKit/537.36 (KHTML, like Gecko; compatible; GPTBot/1.2; +https://openai.com/gptbot)" "-" 144 0.026 "27881" "0.026" "mkanyafarm.com"
74.7.227.3 - - [07/Nov/2025:00:52:38 +0000] "GET /sitemap-hot-4965330.xml?fileloc=/srv/users/mkanyafarm/apps/mkanyafarm/public/wp-admin/images/comment-grey-bubble-2x.png&path=/srv/users/mkanyafarm/apps/mkanyafarm/public/wp-admin/images HTTP/2.0" 200 2604 "-" "Mozilla/5.0 AppleWebKit/537.36 (KHTML, like Gecko; compatible; GPTBot/1.2; +https://openai.com/gptbot)" "-" 154 0.027 "13169" "0.027" "mkanyafarm.com"
74.7.227.3 - - [07/Nov/2025:00:52:42 +0000] "GET /sitemap-hot-4955330.xml?fileloc=/srv/users/mkanyafarm/apps/mkanyafarm/public/wp-admin/js/widgets/custom-html-widgets.min.js&path=/srv/users/mkanyafarm/apps/mkanyafarm/public/wp-admin/js/widgets HTTP/2.0" 200 4173 "-" "Mozilla/5.0 AppleWebKit/537.36 (KHTML, like Gecko; compatible; GPTBot/1.2; +https://openai.com/gptbot)" "-" 160 0.033 "19467" "0.033" "mkanyafarm.com"
74.7.227.3 - - [07/Nov/2025:00:52:48 +0000] "GET /sitemap-hot-4955330.xml?fileloc=/srv/users/mkanyafarm/apps/mkanyafarm/public/wp-admin/js/widgets/media-video-widget.js&path=/srv/users/mkanyafarm/apps/mkanyafarm/public/wp-admin/js/widgets HTTP/2.0" 200 4353 "-" "Mozilla/5.0 AppleWebKit/537.36 (KHTML, like Gecko; compatible; GPTBot/1.2; +https://openai.com/gptbot)" "-" 156 0.051 "20303" "0.051" "mkanyafarm.com"
74.7.227.3 - - [07/Nov/2025:00:52:52 +0000] "GET /sitemap-hot-4955330.xml?fileloc=/srv/users/mkanyafarm/apps/mkanyafarm/public/wp-admin/js/widgets/media-video-widget.min.js&path=/srv/users/mkanyafarm/apps/mkanyafarm/public/wp-admin/js/widgets HTTP/2.0" 200 3400 "-" "Mozilla/5.0 AppleWebKit/537.36 (KHTML, like Gecko; compatible; GPTBot/1.2; +https://openai.com/gptbot)" "-" 305 0.039 "15993" "0.039" "mkanyafarm.com"
112.213.91.118 - - [07/Nov/2025:00:52:55 +0000] "GET /wp-login.php HTTP/2.0" 200 3335 "-" "Mozilla/5.0 (Windows NT 10.0; WOW64; Trident/7.0; Touch; MDDCJS; rv:11.0) like Gecko" "-" 127 0.037 "54310" "0.037" "mkanyafarm.com"
74.7.227.3 - - [07/Nov/2025:00:52:57 +0000] "GET /sitemap-hot-4941330.xml?fileloc=/srv/users/mkanyafarm/apps/mkanyafarm/public/wp-admin/js/user-suggest.js&path=/srv/users/mkanyafarm/apps/mkanyafarm/public/wp-admin/js HTTP/2.0" 200 3173 "-" "Mozilla/5.0 AppleWebKit/537.36 (KHTML, like Gecko; compatible; GPTBot/1.2; +https://openai.com/gptbot)" "-" 139 0.023 "15273" "0.023" "mkanyafarm.com"
74.7.227.3 - - [07/Nov/2025:00:53:02 +0000] "GET /sitemap-hot-4967330.xml?fileloc=/srv/users/mkanyafarm/apps/mkanyafarm/public/wp-admin/js/user-suggest.js&path=/srv/users/mkanyafarm/apps/mkanyafarm/public/wp-admin/js HTTP/2.0" 200 3173 "-" "Mozilla/5.0 AppleWebKit/537.36 (KHTML, like Gecko; compatible; GPTBot/1.2; +https://openai.com/gptbot)" "-" 140 0.068 "15273" "0.068" "mkanyafarm.com"
74.7.227.3 - - [07/Nov/2025:00:53:05 +0000] "GET /sitemap-hot-4965330.xml?fileloc=/srv/users/mkanyafarm/apps/mkanyafarm/public/wp-admin/images/media-button-video.gif&path=/srv/users/mkanyafarm/apps/mkanyafarm/public/wp-admin/images HTTP/2.0" 200 2445 "-" "Mozilla/5.0 AppleWebKit/537.36 (KHTML, like Gecko; compatible; GPTBot/1.2; +https://openai.com/gptbot)" "-" 150 0.055 "12987" "0.055" "mkanyafarm.com"
216.73.216.36 - - [07/Nov/2025:00:53:07 +0000] "GET /robots.txt HTTP/2.0" 200 127 "-" "Mozilla/5.0 AppleWebKit/537.36 (KHTML, like Gecko; compatible; ClaudeBot/1.0; +claudebot@anthropic.com)" "-" 130 0.001 "1062" "0.001" "mkanyafarm.com"
216.73.216.36 - - [07/Nov/2025:00:53:08 +0000] "GET /%22https:/drop-boss.co.uk/?fileloc=%2Fsrv%2Fusers%2Fmkanyafarm%2Fapps%2Fmkanyafarm%2Fpublic%2Fwp-includes%2Fclass-wp-dependency.php&path=%2Fsrv%2Fusers%2Fmkanyafarm%2Fapps%2Fmkanyafarm%2Fpublic%2Fwp-includes HTTP/2.0" 200 3135 "-" "Mozilla/5.0 AppleWebKit/537.36 (KHTML, like Gecko; compatible; ClaudeBot/1.0; +claudebot@anthropic.com)" "-" 161 0.026 "15336" "0.026" "mkanyafarm.com"
112.213.91.118 - - [07/Nov/2025:00:53:08 +0000] "POST /wp-login.php HTTP/2.0" 200 3335 "https://mkanyafarm.com/wp-login.php" "Mozilla/5.0 (Windows NT 10.0; WOW64; Trident/7.0; Touch; MDDCJS; rv:11.0) like Gecko" "-" 358 0.019 "54310" "0.019" "mkanyafarm.com"
74.7.227.3 - - [07/Nov/2025:00:53:10 +0000] "GET /sitemap-hot-4965330.xml?fileloc=/srv/users/mkanyafarm/apps/mkanyafarm/public/wp-admin/images/icons32.png&path=/srv/users/mkanyafarm/apps/mkanyafarm/public/wp-admin/images HTTP/2.0" 200 8789 "-" "Mozilla/5.0 AppleWebKit/537.36 (KHTML, like Gecko; compatible; GPTBot/1.2; +https://openai.com/gptbot)" "-" 142 0.020 "27913" "0.020" "mkanyafarm.com"
216.73.216.36 - - [07/Nov/2025:00:53:11 +0000] "GET /%22https:/drop-boss.co.uk?path=%2Fsrv%2Fusers%2Fmkanyafarm%2Fapps%2Fmkanyafarm%2Fpublic%2Fwp-admin%2Fincludes HTTP/2.0" 200 5553 "-" "Mozilla/5.0 AppleWebKit/537.36 (KHTML, like Gecko; compatible; ClaudeBot/1.0; +claudebot@anthropic.com)" "-" 88 0.026 "193982" "0.026" "mkanyafarm.com"
216.73.216.36 - - [07/Nov/2025:00:53:14 +0000] "GET /%22https:/drop-boss.co.uk?fileloc=%2Fsrv%2Fusers%2Fmkanyafarm%2Fapps%2Fmkanyafarm%2Fpublic%2Fwp-includes%2Fdefault-widgets.php&path=%2Fsrv%2Fusers%2Fmkanyafarm%2Fapps%2Fmkanyafarm%2Fpublic%2Fwp-includes HTTP/2.0" 200 2704 "-" "Mozilla/5.0 AppleWebKit/537.36 (KHTML, like Gecko; compatible; ClaudeBot/1.0; +claudebot@anthropic.com)" "-" 157 0.037 "15185" "0.037" "mkanyafarm.com"
74.7.227.3 - - [07/Nov/2025:00:53:14 +0000] "GET /sitemap-hot-4941330.xml?fileloc=/srv/users/mkanyafarm/apps/mkanyafarm/public/wp-admin/js/media-gallery.min.js&path=/srv/users/mkanyafarm/apps/mkanyafarm/public/wp-admin/js HTTP/2.0" 200 2595 "-" "Mozilla/5.0 AppleWebKit/537.36 (KHTML, like Gecko; compatible; GPTBot/1.2; +https://openai.com/gptbot)" "-" 143 0.026 "13484" "0.026" "mkanyafarm.com"
216.73.216.36 - - [07/Nov/2025:00:53:17 +0000] "GET /%22https:/drop-boss.co.uk/?fileloc=%2Fsrv%2Fusers%2Fmkanyafarm%2Fapps%2Fmkanyafarm%2Fpublic%2Fwp-includes%2Fclass-wp-exception.php&path=%2Fsrv%2Fusers%2Fmkanyafarm%2Fapps%2Fmkanyafarm%2Fpublic%2Fwp-includes HTTP/2.0" 200 2384 "-" "Mozilla/5.0 AppleWebKit/537.36 (KHTML, like Gecko; compatible; ClaudeBot/1.0; +claudebot@anthropic.com)" "-" 160 0.024 "12921" "0.024" "mkanyafarm.com"
74.7.227.3 - - [07/Nov/2025:00:53:19 +0000] "GET /sitemap-hot-4941330.xml?fileloc=/srv/users/mkanyafarm/apps/mkanyafarm/public/wp-admin/js/accordion.js&path=/srv/users/mkanyafarm/apps/mkanyafarm/public/wp-admin/js HTTP/2.0" 200 3234 "-" "Mozilla/5.0 AppleWebKit/537.36 (KHTML, like Gecko; compatible; GPTBot/1.2; +https://openai.com/gptbot)" "-" 137 0.021 "16258" "0.021" "mkanyafarm.com"
216.73.216.36 - - [07/Nov/2025:00:53:20 +0000] "GET /%22https:/drop-boss.co.uk?fileloc=%2Fsrv%2Fusers%2Fmkanyafarm%2Fapps%2Fmkanyafarm%2Fpublic%2Fwp-includes%2Fshortcodes.php&path=%2Fsrv%2Fusers%2Fmkanyafarm%2Fapps%2Fmkanyafarm%2Fpublic%2Fwp-includes HTTP/2.0" 200 8693 "-" "Mozilla/5.0 AppleWebKit/537.36 (KHTML, like Gecko; compatible; ClaudeBot/1.0; +claudebot@anthropic.com)" "-" 153 0.031 "38311" "0.031" "mkanyafarm.com"
74.7.227.3 - - [07/Nov/2025:00:53:22 +0000] "GET /sitemap-hot-4941330.xml?fileloc=/srv/users/mkanyafarm/apps/mkanyafarm/public/wp-admin/js/media-gallery.js&path=/srv/users/mkanyafarm/apps/mkanyafarm/public/wp-admin/js HTTP/2.0" 200 2857 "-" "Mozilla/5.0 AppleWebKit/537.36 (KHTML, like Gecko; compatible; GPTBot/1.2; +https://openai.com/gptbot)" "-" 140 0.021 "14174" "0.021" "mkanyafarm.com"
216.73.216.36 - - [07/Nov/2025:00:53:23 +0000] "GET /%22https:/drop-boss.co.uk/?fileloc=%2Fsrv%2Fusers%2Fmkanyafarm%2Fapps%2Fmkanyafarm%2Fpublic%2Fwp-includes%2Fblock-editor.php&path=%2Fsrv%2Fusers%2Fmkanyafarm%2Fapps%2Fmkanyafarm%2Fpublic%2Fwp-includes HTTP/2.0" 200 8770 "-" "Mozilla/5.0 AppleWebKit/537.36 (KHTML, like Gecko; compatible; ClaudeBot/1.0; +claudebot@anthropic.com)" "-" 155 0.020 "45677" "0.020" "mkanyafarm.com"
216.73.216.36 - - [07/Nov/2025:00:53:26 +0000] "GET /%22https:/drop-boss.co.uk/?fileloc=%2Fsrv%2Fusers%2Fmkanyafarm%2Fapps%2Fmkanyafarm%2Fpublic%2Fwp-includes%2Fclass-wp-theme-json-schema.php&path=%2Fsrv%2Fusers%2Fmkanyafarm%2Fapps%2Fmkanyafarm%2Fpublic%2Fwp-includes HTTP/2.0" 200 4510 "-" "Mozilla/5.0 AppleWebKit/537.36 (KHTML, like Gecko; compatible; ClaudeBot/1.0; +claudebot@anthropic.com)" "-" 165 0.023 "20746" "0.023" "mkanyafarm.com"
74.7.227.3 - - [07/Nov/2025:00:53:28 +0000] "GET /sitemap-hot-4955330.xml?fileloc=/srv/users/mkanyafarm/apps/mkanyafarm/public/wp-admin/js/widgets/media-gallery-widget.min.js&path=/srv/users/mkanyafarm/apps/mkanyafarm/public/wp-admin/js/widgets HTTP/2.0" 200 3469 "-" "Mozilla/5.0 AppleWebKit/537.36 (KHTML, like Gecko; compatible; GPTBot/1.2; +https://openai.com/gptbot)" "-" 161 0.022 "17150" "0.022" "mkanyafarm.com"
216.73.216.36 - - [07/Nov/2025:00:53:29 +0000] "GET /%22https:/drop-boss.co.uk/?fileloc=%2Fsrv%2Fusers%2Fmkanyafarm%2Fapps%2Fmkanyafarm%2Fpublic%2Fwp-includes%2Fblock-patterns.php&path=%2Fsrv%2Fusers%2Fmkanyafarm%2Fapps%2Fmkanyafarm%2Fpublic%2Fwp-includes HTTP/2.0" 200 5248 "-" "Mozilla/5.0 AppleWebKit/537.36 (KHTML, like Gecko; compatible; ClaudeBot/1.0; +claudebot@anthropic.com)" "-" 157 0.020 "28023" "0.020" "mkanyafarm.com"
74.7.227.3 - - [07/Nov/2025:00:53:31 +0000] "GET /sitemap-hot-4967330.xml?fileloc=/srv/users/mkanyafarm/apps/mkanyafarm/public/wp-admin/js/media-gallery.js&path=/srv/users/mkanyafarm/apps/mkanyafarm/public/wp-admin/js HTTP/2.0" 200 2857 "-" "Mozilla/5.0 AppleWebKit/537.36 (KHTML, like Gecko; compatible; GPTBot/1.2; +https://openai.com/gptbot)" "-" 141 0.022 "14174" "0.022" "mkanyafarm.com"
216.73.216.36 - - [07/Nov/2025:00:53:32 +0000] "GET /%22https:/drop-boss.co.uk/?fileloc=%2Fsrv%2Fusers%2Fmkanyafarm%2Fapps%2Fmkanyafarm%2Fpublic%2Fwp-includes%2Fms-default-constants.php&path=%2Fsrv%2Fusers%2Fmkanyafarm%2Fapps%2Fmkanyafarm%2Fpublic%2Fwp-includes HTTP/2.0" 200 3817 "-" "Mozilla/5.0 AppleWebKit/537.36 (KHTML, like Gecko; compatible; ClaudeBot/1.0; +claudebot@anthropic.com)" "-" 161 0.022 "18314" "0.022" "mkanyafarm.com"
216.73.216.36 - - [07/Nov/2025:00:53:35 +0000] "GET /%22https:/drop-boss.co.uk?fileloc=%2Fsrv%2Fusers%2Fmkanyafarm%2Fapps%2Fmkanyafarm%2Fpublic%2Fwp-includes%2Fclass.wp-styles.php&path=%2Fsrv%2Fusers%2Fmkanyafarm%2Fapps%2Fmkanyafarm%2Fpublic%2Fwp-includes HTTP/2.0" 200 2451 "-" "Mozilla/5.0 AppleWebKit/537.36 (KHTML, like Gecko; compatible; ClaudeBot/1.0; +claudebot@anthropic.com)" "-" 157 0.048 "13043" "0.048" "mkanyafarm.com"
74.7.227.3 - - [07/Nov/2025:00:53:36 +0000] "GET /sitemap-hot-4967330.xml?fileloc=/srv/users/mkanyafarm/apps/mkanyafarm/public/wp-admin/js/media-gallery.min.js&path=/srv/users/mkanyafarm/apps/mkanyafarm/public/wp-admin/js HTTP/2.0" 200 2595 "-" "Mozilla/5.0 AppleWebKit/537.36 (KHTML, like Gecko; compatible; GPTBot/1.2; +https://openai.com/gptbot)" "-" 143 0.023 "13484" "0.023" "mkanyafarm.com"
216.73.216.36 - - [07/Nov/2025:00:53:38 +0000] "GET /%22https:/drop-boss.co.uk/?fileloc=%2Fsrv%2Fusers%2Fmkanyafarm%2Fapps%2Fmkanyafarm%2Fpublic%2Fwp-includes%2Fclass-wp-theme-json-data.php&path=%2Fsrv%2Fusers%2Fmkanyafarm%2Fapps%2Fmkanyafarm%2Fpublic%2Fwp-includes HTTP/2.0" 200 2881 "-" "Mozilla/5.0 AppleWebKit/537.36 (KHTML, like Gecko; compatible; ClaudeBot/1.0; +claudebot@anthropic.com)" "-" 164 0.034 "14543" "0.034" "mkanyafarm.com"
216.73.216.36 - - [07/Nov/2025:00:53:41 +0000] "GET /%22https:/drop-boss.co.uk?path=%2Fsrv%2Fusers%2Fmkanyafarm%2Fapps%2Fmkanyafarm%2Fpublic%2Fwp-includes%2Fsitemaps HTTP/2.0" 200 2834 "-" "Mozilla/5.0 AppleWebKit/537.36 (KHTML, like Gecko; compatible; ClaudeBot/1.0; +claudebot@anthropic.com)" "-" 90 0.024 "26494" "0.024" "mkanyafarm.com"
74.7.227.3 - - [07/Nov/2025:00:53:42 +0000] "GET /sitemap-hot-4965330.xml?fileloc=/srv/users/mkanyafarm/apps/mkanyafarm/public/wp-admin/images/post-formats32-vs.png&path=/srv/users/mkanyafarm/apps/mkanyafarm/public/wp-admin/images HTTP/2.0" 200 6594 "-" "Mozilla/5.0 AppleWebKit/537.36 (KHTML, like Gecko; compatible; GPTBot/1.2; +https://openai.com/gptbot)" "-" 150 0.034 "22396" "0.034" "mkanyafarm.com"
216.73.216.36 - - [07/Nov/2025:00:53:44 +0000] "GET /%22https:/drop-boss.co.uk/?fileloc=%2Fsrv%2Fusers%2Fmkanyafarm%2Fapps%2Fmkanyafarm%2Fpublic%2Fwp-includes%2Fclass-wp-user-query.php&path=%2Fsrv%2Fusers%2Fmkanyafarm%2Fapps%2Fmkanyafarm%2Fpublic%2Fwp-includes HTTP/2.0" 200 11606 "-" "Mozilla/5.0 AppleWebKit/537.36 (KHTML, like Gecko; compatible; ClaudeBot/1.0; +claudebot@anthropic.com)" "-" 161 0.023 "62562" "0.023" "mkanyafarm.com"
74.7.227.3 - - [07/Nov/2025:00:53:45 +0000] "GET /sitemap-hot-4967330.xml?fileloc=/srv/users/mkanyafarm/apps/mkanyafarm/public/wp-admin/js/theme-plugin-editor.min.js&path=/srv/users/mkanyafarm/apps/mkanyafarm/public/wp-admin/js HTTP/2.0" 200 5883 "-" "Mozilla/5.0 AppleWebKit/537.36 (KHTML, like Gecko; compatible; GPTBot/1.2; +https://openai.com/gptbot)" "-" 148 0.029 "26169" "0.029" "mkanyafarm.com"
216.73.216.36 - - [07/Nov/2025:00:53:47 +0000] "GET /%22https:/drop-boss.co.uk/?fileloc=%2Fsrv%2Fusers%2Fmkanyafarm%2Fapps%2Fmkanyafarm%2Fpublic%2Fwp-admin%2Fasync-upload.php&path=%2Fsrv%2Fusers%2Fmkanyafarm%2Fapps%2Fmkanyafarm%2Fpublic%2Fwp-admin HTTP/2.0" 200 4257 "-" "Mozilla/5.0 AppleWebKit/537.36 (KHTML, like Gecko; compatible; ClaudeBot/1.0; +claudebot@anthropic.com)" "-" 152 0.054 "18855" "0.054" "mkanyafarm.com"
216.73.216.36 - - [07/Nov/2025:00:53:50 +0000] "GET /%22https:/drop-boss.co.uk?path=%2Fsrv%2Fusers%2Fmkanyafarm%2Flog HTTP/2.0" 200 2537 "-" "Mozilla/5.0 AppleWebKit/537.36 (KHTML, like Gecko; compatible; ClaudeBot/1.0; +claudebot@anthropic.com)" "-" 56 0.025 "14151" "0.025" "mkanyafarm.com"
74.7.227.3 - - [07/Nov/2025:00:53:51 +0000] "GET /sitemap-hot-4965330.xml?fileloc=/srv/users/mkanyafarm/apps/mkanyafarm/public/wp-admin/images/w-logo-white.png&path=/srv/users/mkanyafarm/apps/mkanyafarm/public/wp-admin/images HTTP/2.0" 200 6300 "-" "Mozilla/5.0 AppleWebKit/537.36 (KHTML, like Gecko; compatible; GPTBot/1.2; +https://openai.com/gptbot)" "-" 147 0.025 "23697" "0.025" "mkanyafarm.com"
74.7.227.3 - - [07/Nov/2025:00:53:53 +0000] "GET /sitemap-hot-4941330.xml?fileloc=/srv/users/mkanyafarm/apps/mkanyafarm/public/wp-admin/js/language-chooser.js&path=/srv/users/mkanyafarm/apps/mkanyafarm/public/wp-admin/js HTTP/2.0" 200 2668 "-" "Mozilla/5.0 AppleWebKit/537.36 (KHTML, like Gecko; compatible; GPTBot/1.2; +https://openai.com/gptbot)" "-" 142 0.029 "13786" "0.029" "mkanyafarm.com"
74.7.227.3 - - [07/Nov/2025:00:53:59 +0000] "GET /sitemap-hot-4967330.xml?fileloc=/srv/users/mkanyafarm/apps/mkanyafarm/public/wp-admin/js/customize-nav-menus.min.js&path=/srv/users/mkanyafarm/apps/mkanyafarm/public/wp-admin/js HTTP/2.0" 200 14373 "-" "Mozilla/5.0 AppleWebKit/537.36 (KHTML, like Gecko; compatible; GPTBot/1.2; +https://openai.com/gptbot)" "-" 141 0.028 "69417" "0.028" "mkanyafarm.com"
74.7.227.3 - - [07/Nov/2025:00:54:04 +0000] "GET /sitemap-hot-4967330.xml?fileloc=/srv/users/mkanyafarm/apps/mkanyafarm/public/wp-admin/js/customize-controls.min.js&path=/srv/users/mkanyafarm/apps/mkanyafarm/public/wp-admin/js HTTP/2.0" 200 30390 "-" "Mozilla/5.0 AppleWebKit/537.36 (KHTML, like Gecko; compatible; GPTBot/1.2; +https://openai.com/gptbot)" "-" 147 0.048 "143978" "0.048" "mkanyafarm.com"
74.7.227.3 - - [07/Nov/2025:00:54:09 +0000] "GET /sitemap-hot-4955330.xml?fileloc=/srv/users/mkanyafarm/apps/mkanyafarm/public/wp-admin/js/widgets/media-audio-widget.min.js&path=/srv/users/mkanyafarm/apps/mkanyafarm/public/wp-admin/js/widgets HTTP/2.0" 200 2932 "-" "Mozilla/5.0 AppleWebKit/537.36 (KHTML, like Gecko; compatible; GPTBot/1.2; +https://openai.com/gptbot)" "-" 159 0.050 "14488" "0.050" "mkanyafarm.com"
74.7.227.3 - - [07/Nov/2025:00:54:13 +0000] "GET /sitemap-hot-4941330.xml?fileloc=/srv/users/mkanyafarm/apps/mkanyafarm/public/wp-admin/js/revisions.min.js&path=/srv/users/mkanyafarm/apps/mkanyafarm/public/wp-admin/js HTTP/2.0" 200 7179 "-" "Mozilla/5.0 AppleWebKit/537.36 (KHTML, like Gecko; compatible; GPTBot/1.2; +https://openai.com/gptbot)" "-" 140 0.026 "33687" "0.026" "mkanyafarm.com"
74.7.227.3 - - [07/Nov/2025:00:54:19 +0000] "GET /sitemap-hot-4941330.xml?fileloc=/srv/users/mkanyafarm/apps/mkanyafarm/public/wp-admin/js/password-toggle.js&path=/srv/users/mkanyafarm/apps/mkanyafarm/public/wp-admin/js HTTP/2.0" 200 2721 "-" "Mozilla/5.0 AppleWebKit/537.36 (KHTML, like Gecko; compatible; GPTBot/1.2; +https://openai.com/gptbot)" "-" 142 0.032 "14304" "0.032" "mkanyafarm.com"
74.7.227.3 - - [07/Nov/2025:00:54:23 +0000] "GET /sitemap-hot-4955330.xml?fileloc=/srv/users/mkanyafarm/apps/mkanyafarm/public/wp-admin/js/widgets/media-image-widget.min.js&path=/srv/users/mkanyafarm/apps/mkanyafarm/public/wp-admin/js/widgets HTTP/2.0" 200 3092 "-" "Mozilla/5.0 AppleWebKit/537.36 (KHTML, like Gecko; compatible; GPTBot/1.2; +https://openai.com/gptbot)" "-" 159 0.023 "15173" "0.023" "mkanyafarm.com"
74.7.227.3 - - [07/Nov/2025:00:54:28 +0000] "GET /sitemap-hot-4955330.xml?fileloc=/srv/users/mkanyafarm/apps/mkanyafarm/public/wp-admin/js/widgets/text-widgets.js&path=/srv/users/mkanyafarm/apps/mkanyafarm/public/wp-admin/js/widgets HTTP/2.0" 200 7357 "-" "Mozilla/5.0 AppleWebKit/537.36 (KHTML, like Gecko; compatible; GPTBot/1.2; +https://openai.com/gptbot)" "-" 152 0.026 "32009" "0.026" "mkanyafarm.com"
74.7.227.3 - - [07/Nov/2025:00:54:35 +0000] "GET /sitemap-hot-4967330.xml?fileloc=/srv/users/mkanyafarm/apps/mkanyafarm/public/wp-admin/js/password-toggle.js&path=/srv/users/mkanyafarm/apps/mkanyafarm/public/wp-admin/js HTTP/2.0" 200 2721 "-" "Mozilla/5.0 AppleWebKit/537.36 (KHTML, like Gecko; compatible; GPTBot/1.2; +https://openai.com/gptbot)" "-" 142 0.027 "14304" "0.027" "mkanyafarm.com"
