216.73.216.36 - - [07/Nov/2025:03:44:17 +0000] "GET /%22https:/drop-boss.co.uk/?fileloc=%2Fsrv%2Fusers%2Fmkanyafarm%2Fapps%2Fmkanyafarm%2Fpublic%2Fwp-includes%2Fblocks%2Fcomment-edit-link.php&path=%2Fsrv%2Fusers%2Fmkanyafarm%2Fapps%2Fmkanyafarm%2Fpublic%2Fwp-includes%2Fblocks HTTP/2.0" 200 2926 "-" "Mozilla/5.0 AppleWebKit/537.36 (KHTML, like Gecko; compatible; ClaudeBot/1.0; +claudebot@anthropic.com)" "-" 172 0.026 "14812" "0.026" "mkanyafarm.com"
216.73.216.36 - - [07/Nov/2025:03:44:20 +0000] "GET /%22https:/drop-boss.co.uk/?fileloc=%2Fsrv%2Fusers%2Fmkanyafarm%2Fapps%2Fmkanyafarm%2Fpublic%2Fwp-includes%2Fblocks%2Fbutton.php&path=%2Fsrv%2Fusers%2Fmkanyafarm%2Fapps%2Fmkanyafarm%2Fpublic%2Fwp-includes%2Fblocks HTTP/2.0" 200 3063 "-" "Mozilla/5.0 AppleWebKit/537.36 (KHTML, like Gecko; compatible; ClaudeBot/1.0; +claudebot@anthropic.com)" "-" 164 0.029 "14711" "0.029" "mkanyafarm.com"
74.7.227.3 - - [07/Nov/2025:03:44:21 +0000] "GET /sitemap-hot-4959330.xml?fileloc=/srv/users/mkanyafarm/apps/mkanyafarm/public/wp-includes/block-supports/duotone.php&path=/srv/users/mkanyafarm/apps/mkanyafarm/public/wp-includes/block-supports HTTP/2.0" 200 3511 "-" "Mozilla/5.0 AppleWebKit/537.36 (KHTML, like Gecko; compatible; GPTBot/1.2; +https://openai.com/gptbot)" "-" 151 0.039 "15786" "0.039" "mkanyafarm.com"
216.73.216.36 - - [07/Nov/2025:03:44:23 +0000] "GET /%22https:/drop-boss.co.uk/?fileloc=%2Fsrv%2Fusers%2Fmkanyafarm%2Fapps%2Fmkanyafarm%2Fpublic%2Fwp-includes%2Fblocks%2Fnavigation-link.php&path=%2Fsrv%2Fusers%2Fmkanyafarm%2Fapps%2Fmkanyafarm%2Fpublic%2Fwp-includes%2Fblocks HTTP/2.0" 200 6019 "-" "Mozilla/5.0 AppleWebKit/537.36 (KHTML, like Gecko; compatible; ClaudeBot/1.0; +claudebot@anthropic.com)" "-" 171 0.026 "29037" "0.026" "mkanyafarm.com"
216.73.216.36 - - [07/Nov/2025:03:44:26 +0000] "GET /%22https:/drop-boss.co.uk/?path=%2Fsrv%2Fusers%2Fmkanyafarm%2Fapps%2Fmkanyafarm%2Fpublic%2Fwp-includes%2Fblocks%2Flatest-posts HTTP/2.0" 200 2849 "-" "Mozilla/5.0 AppleWebKit/537.36 (KHTML, like Gecko; compatible; ClaudeBot/1.0; +claudebot@anthropic.com)" "-" 100 0.026 "30134" "0.026" "mkanyafarm.com"
74.7.227.3 - - [07/Nov/2025:03:44:26 +0000] "GET /sitemap-hot-4959330.xml?fileloc=/srv/users/mkanyafarm/apps/mkanyafarm/public/wp-includes/block-supports/dimensions.php&path=/srv/users/mkanyafarm/apps/mkanyafarm/public/wp-includes/block-supports HTTP/2.0" 200 3863 "-" "Mozilla/5.0 AppleWebKit/537.36 (KHTML, like Gecko; compatible; GPTBot/1.2; +https://openai.com/gptbot)" "-" 153 0.025 "18926" "0.025" "mkanyafarm.com"
216.73.216.36 - - [07/Nov/2025:03:44:29 +0000] "GET /%22https:/drop-boss.co.uk/?path=%2Fsrv%2Fusers%2Fmkanyafarm%2Fapps%2Fmkanyafarm%2Fpublic%2Fwp-includes%2Fblocks%2Fnextpage HTTP/2.0" 200 2742 "-" "Mozilla/5.0 AppleWebKit/537.36 (KHTML, like Gecko; compatible; ClaudeBot/1.0; +claudebot@anthropic.com)" "-" 98 0.025 "23256" "0.025" "mkanyafarm.com"
216.73.216.36 - - [07/Nov/2025:03:44:32 +0000] "GET /%22https:/drop-boss.co.uk/?fileloc=%2Fsrv%2Fusers%2Fmkanyafarm%2Fapps%2Fmkanyafarm%2Fpublic%2Fwp-includes%2Fblocks%2Fquery-total.php&path=%2Fsrv%2Fusers%2Fmkanyafarm%2Fapps%2Fmkanyafarm%2Fpublic%2Fwp-includes%2Fblocks HTTP/2.0" 200 3224 "-" "Mozilla/5.0 AppleWebKit/537.36 (KHTML, like Gecko; compatible; ClaudeBot/1.0; +claudebot@anthropic.com)" "-" 168 0.027 "15585" "0.027" "mkanyafarm.com"
74.7.227.3 - - [07/Nov/2025:03:44:34 +0000] "GET /sitemap-hot-4959330.xml?fileloc=/srv/users/mkanyafarm/apps/mkanyafarm/public/wp-includes/block-supports/elements.php&path=/srv/users/mkanyafarm/apps/mkanyafarm/public/wp-includes/block-supports HTTP/2.0" 200 4505 "-" "Mozilla/5.0 AppleWebKit/537.36 (KHTML, like Gecko; compatible; GPTBot/1.2; +https://openai.com/gptbot)" "-" 151 0.031 "23406" "0.031" "mkanyafarm.com"
216.73.216.36 - - [07/Nov/2025:03:44:35 +0000] "GET /%22https:/drop-boss.co.uk/?fileloc=%2Fsrv%2Fusers%2Fmkanyafarm%2Fapps%2Fmkanyafarm%2Fpublic%2Fwp-includes%2Fblocks%2Fcomment-content.php&path=%2Fsrv%2Fusers%2Fmkanyafarm%2Fapps%2Fmkanyafarm%2Fpublic%2Fwp-includes%2Fblocks HTTP/2.0" 200 3136 "-" "Mozilla/5.0 AppleWebKit/537.36 (KHTML, like Gecko; compatible; ClaudeBot/1.0; +claudebot@anthropic.com)" "-" 170 0.030 "15616" "0.030" "mkanyafarm.com"
74.7.227.3 - - [07/Nov/2025:03:44:38 +0000] "GET /sitemap-hot-4941330.xml?fileloc=/srv/users/mkanyafarm/apps/mkanyafarm/public/wp-includes/block-supports/position.php&path=/srv/users/mkanyafarm/apps/mkanyafarm/public/wp-includes/block-supports HTTP/2.0" 200 3702 "-" "Mozilla/5.0 AppleWebKit/537.36 (KHTML, like Gecko; compatible; GPTBot/1.2; +https://openai.com/gptbot)" "-" 151 0.027 "17780" "0.027" "mkanyafarm.com"
216.73.216.36 - - [07/Nov/2025:03:44:38 +0000] "GET /%22https:/drop-boss.co.uk/?fileloc=%2Fsrv%2Fusers%2Fmkanyafarm%2Fapps%2Fmkanyafarm%2Fpublic%2Fwp-admin%2Fnetwork%2Fsite-users.php&path=%2Fsrv%2Fusers%2Fmkanyafarm%2Fapps%2Fmkanyafarm%2Fpublic%2Fwp-admin%2Fnetwork HTTP/2.0" 200 5557 "-" "Mozilla/5.0 AppleWebKit/537.36 (KHTML, like Gecko; compatible; ClaudeBot/1.0; +claudebot@anthropic.com)" "-" 164 0.028 "27174" "0.028" "mkanyafarm.com"
216.73.216.36 - - [07/Nov/2025:03:44:41 +0000] "GET /%22https:/drop-boss.co.uk/?fileloc=%2Fsrv%2Fusers%2Fmkanyafarm%2Fapps%2Fmkanyafarm%2Fpublic%2Fwp-includes%2Fblock-supports%2Ftypography.php&path=%2Fsrv%2Fusers%2Fmkanyafarm%2Fapps%2Fmkanyafarm%2Fpublic%2Fwp-includes%2Fblock-supports HTTP/2.0" 200 8657 "-" "Mozilla/5.0 AppleWebKit/537.36 (KHTML, like Gecko; compatible; ClaudeBot/1.0; +claudebot@anthropic.com)" "-" 179 0.024 "45553" "0.024" "mkanyafarm.com"
216.73.216.36 - - [07/Nov/2025:03:44:44 +0000] "GET /%22https:/drop-boss.co.uk?fileloc=%2Fsrv%2Fusers%2Fmkanyafarm%2Fapps%2Fmkanyafarm%2Fpublic%2Fwp-includes%2Ftheme-compat%2Ffooter-embed.php&path=%2Fsrv%2Fusers%2Fmkanyafarm%2Fapps%2Fmkanyafarm%2Fpublic%2Fwp-includes%2Ftheme-compat HTTP/2.0" 200 2508 "-" "Mozilla/5.0 AppleWebKit/537.36 (KHTML, like Gecko; compatible; ClaudeBot/1.0; +claudebot@anthropic.com)" "-" 175 0.041 "13241" "0.041" "mkanyafarm.com"
74.7.227.3 - - [07/Nov/2025:03:44:44 +0000] "GET /sitemap-hot-4959330.xml?fileloc=/srv/users/mkanyafarm/apps/mkanyafarm/public/wp-includes/block-supports/position.php&path=/srv/users/mkanyafarm/apps/mkanyafarm/public/wp-includes/block-supports HTTP/2.0" 200 3702 "-" "Mozilla/5.0 AppleWebKit/537.36 (KHTML, like Gecko; compatible; GPTBot/1.2; +https://openai.com/gptbot)" "-" 151 0.054 "17780" "0.054" "mkanyafarm.com"
216.73.216.36 - - [07/Nov/2025:03:44:47 +0000] "GET /%22https:/drop-boss.co.uk/?fileloc=%2Fsrv%2Fusers%2Fmkanyafarm%2Fapps%2Fmkanyafarm%2Fpublic%2Fwp-admin%2Fnetwork%2Fadmin.php&path=%2Fsrv%2Fusers%2Fmkanyafarm%2Fapps%2Fmkanyafarm%2Fpublic%2Fwp-admin%2Fnetwork HTTP/2.0" 200 2683 "-" "Mozilla/5.0 AppleWebKit/537.36 (KHTML, like Gecko; compatible; ClaudeBot/1.0; +claudebot@anthropic.com)" "-" 161 0.026 "13820" "0.026" "mkanyafarm.com"
74.7.227.3 - - [07/Nov/2025:03:44:49 +0000] "GET /sitemap-hot-4941330.xml?fileloc=/srv/users/mkanyafarm/apps/mkanyafarm/public/wp-includes/block-supports/duotone.php&path=/srv/users/mkanyafarm/apps/mkanyafarm/public/wp-includes/block-supports HTTP/2.0" 200 3511 "-" "Mozilla/5.0 AppleWebKit/537.36 (KHTML, like Gecko; compatible; GPTBot/1.2; +https://openai.com/gptbot)" "-" 150 0.030 "15786" "0.030" "mkanyafarm.com"
216.73.216.36 - - [07/Nov/2025:03:44:50 +0000] "GET /%22https:/drop-boss.co.uk/?path=%2Fsrv%2Fusers%2Fmkanyafarm%2Fapps%2Fmkanyafarm%2Fpublic%2Fwp-includes%2Fblocks%2Ftable HTTP/2.0" 200 2904 "-" "Mozilla/5.0 AppleWebKit/537.36 (KHTML, like Gecko; compatible; ClaudeBot/1.0; +claudebot@anthropic.com)" "-" 95 0.029 "36504" "0.029" "mkanyafarm.com"
216.73.216.36 - - [07/Nov/2025:03:44:53 +0000] "GET /%22https:/drop-boss.co.uk?fileloc=%2Fsrv%2Fusers%2Fmkanyafarm%2Fapps%2Fmkanyafarm%2Fpublic%2Fwp-includes%2Ftheme-compat%2Fheader.php&path=%2Fsrv%2Fusers%2Fmkanyafarm%2Fapps%2Fmkanyafarm%2Fpublic%2Fwp-includes%2Ftheme-compat HTTP/2.0" 200 3100 "-" "Mozilla/5.0 AppleWebKit/537.36 (KHTML, like Gecko; compatible; ClaudeBot/1.0; +claudebot@anthropic.com)" "-" 171 0.032 "15285" "0.032" "mkanyafarm.com"
74.7.227.3 - - [07/Nov/2025:03:44:54 +0000] "GET /sitemap-hot-4959330.xml?path=/srv/users/mkanyafarm/apps/mkanyafarm/public/wp-includes/block-supports/block-supports HTTP/2.0" 200 2705 "-" "Mozilla/5.0 AppleWebKit/537.36 (KHTML, like Gecko; compatible; GPTBot/1.2; +https://openai.com/gptbot)" "-" 94 0.027 "20120" "0.027" "mkanyafarm.com"
216.73.216.36 - - [07/Nov/2025:03:44:56 +0000] "GET /%22https:/drop-boss.co.uk/?fileloc=%2Fsrv%2Fusers%2Fmkanyafarm%2Fapps%2Fmkanyafarm%2Fpublic%2Fwp-includes%2FID3%2Fgetid3.php&path=%2Fsrv%2Fusers%2Fmkanyafarm%2Fapps%2Fmkanyafarm%2Fpublic%2Fwp-includes%2FID3 HTTP/2.0" 200 22383 "-" "Mozilla/5.0 AppleWebKit/537.36 (KHTML, like Gecko; compatible; ClaudeBot/1.0; +claudebot@anthropic.com)" "-" 161 0.030 "111801" "0.030" "mkanyafarm.com"
74.7.227.3 - - [07/Nov/2025:03:44:57 +0000] "GET /sitemap-hot-4941330.xml?path=/srv/users/mkanyafarm/apps/mkanyafarm/public/wp-includes/block-supports/block-supports HTTP/2.0" 200 2705 "-" "Mozilla/5.0 AppleWebKit/537.36 (KHTML, like Gecko; compatible; GPTBot/1.2; +https://openai.com/gptbot)" "-" 94 0.027 "20120" "0.027" "mkanyafarm.com"
216.73.216.36 - - [07/Nov/2025:03:44:59 +0000] "GET /%22https:/drop-boss.co.uk/?fileloc=%2Fsrv%2Fusers%2Fmkanyafarm%2Fapps%2Fmkanyafarm%2Fpublic%2Fwp-includes%2Fblocks%2Ffootnotes.php&path=%2Fsrv%2Fusers%2Fmkanyafarm%2Fapps%2Fmkanyafarm%2Fpublic%2Fwp-includes%2Fblocks HTTP/2.0" 200 3567 "-" "Mozilla/5.0 AppleWebKit/537.36 (KHTML, like Gecko; compatible; ClaudeBot/1.0; +claudebot@anthropic.com)" "-" 166 0.030 "17013" "0.030" "mkanyafarm.com"
74.7.227.3 - - [07/Nov/2025:03:45:00 +0000] "GET /sitemap-hot-4959330.xml?fileloc=/srv/users/mkanyafarm/apps/mkanyafarm/public/wp-includes/block-supports/background.php&path=/srv/users/mkanyafarm/apps/mkanyafarm/public/wp-includes/block-supports HTTP/2.0" 200 3528 "-" "Mozilla/5.0 AppleWebKit/537.36 (KHTML, like Gecko; compatible; GPTBot/1.2; +https://openai.com/gptbot)" "-" 153 0.024 "17540" "0.024" "mkanyafarm.com"
216.73.216.36 - - [07/Nov/2025:03:45:02 +0000] "GET /%22https:/drop-boss.co.uk/?path=%2Fsrv%2Fusers%2Fmkanyafarm%2Fapps%2Fmkanyafarm%2Fpublic%2Fwp-includes%2Fblocks%2Fpost-title HTTP/2.0" 200 2737 "-" "Mozilla/5.0 AppleWebKit/537.36 (KHTML, like Gecko; compatible; ClaudeBot/1.0; +claudebot@anthropic.com)" "-" 99 0.072 "23292" "0.072" "mkanyafarm.com"
74.7.227.3 - - [07/Nov/2025:03:45:04 +0000] "GET /sitemap-hot-4951330.xml?path=/srv/users/mkanyafarm/apps/mkanyafarm/public/wp-includes/block-supports HTTP/2.0" 200 3206 "-" "Mozilla/5.0 AppleWebKit/537.36 (KHTML, like Gecko; compatible; GPTBot/1.2; +https://openai.com/gptbot)" "-" 83 0.051 "46463" "0.051" "mkanyafarm.com"
216.73.216.36 - - [07/Nov/2025:03:45:05 +0000] "GET /%22https:/drop-boss.co.uk?fileloc=%2Fsrv%2Fusers%2Fmkanyafarm%2Fapps%2Fmkanyafarm%2Fpublic%2Fwp-includes%2FPHPMailer%2FPHPMailer.php&path=%2Fsrv%2Fusers%2Fmkanyafarm%2Fapps%2Fmkanyafarm%2Fpublic%2Fwp-includes%2FPHPMailer HTTP/2.0" 200 40868 "-" "Mozilla/5.0 AppleWebKit/537.36 (KHTML, like Gecko; compatible; ClaudeBot/1.0; +claudebot@anthropic.com)" "-" 171 0.070 "213420" "0.070" "mkanyafarm.com"
74.7.227.3 - - [07/Nov/2025:03:45:06 +0000] "GET /sitemap-hot-4941330.xml?path=/srv/users/mkanyafarm/apps/mkanyafarm/public/wp-includes/block-bindings HTTP/2.0" 200 2686 "-" "Mozilla/5.0 AppleWebKit/537.36 (KHTML, like Gecko; compatible; GPTBot/1.2; +https://openai.com/gptbot)" "-" 83 0.037 "18152" "0.037" "mkanyafarm.com"
216.73.216.36 - - [07/Nov/2025:03:45:08 +0000] "GET /%22https:/drop-boss.co.uk/?fileloc=%2Fsrv%2Fusers%2Fmkanyafarm%2Fapps%2Fmkanyafarm%2Fpublic%2Fwp-includes%2Fblocks%2Fwidget-group.php&path=%2Fsrv%2Fusers%2Fmkanyafarm%2Fapps%2Fmkanyafarm%2Fpublic%2Fwp-includes%2Fblocks HTTP/2.0" 200 3004 "-" "Mozilla/5.0 AppleWebKit/537.36 (KHTML, like Gecko; compatible; ClaudeBot/1.0; +claudebot@anthropic.com)" "-" 169 0.031 "15451" "0.031" "mkanyafarm.com"
74.7.227.3 - - [07/Nov/2025:03:45:10 +0000] "GET /sitemap-hot-4951330.xml?path=/srv/users/mkanyafarm/apps/mkanyafarm/public/wp-includes/block-bindings HTTP/2.0" 200 2686 "-" "Mozilla/5.0 AppleWebKit/537.36 (KHTML, like Gecko; compatible; GPTBot/1.2; +https://openai.com/gptbot)" "-" 83 0.042 "18152" "0.042" "mkanyafarm.com"
216.73.216.36 - - [07/Nov/2025:03:45:11 +0000] "GET /%22https:/drop-boss.co.uk/?path=%2Fsrv%2Fusers%2Fmkanyafarm%2Fapps%2Fmkanyafarm%2Fpublic%2Fwp-includes%2Fblocks%2Fsite-title HTTP/2.0" 200 2831 "-" "Mozilla/5.0 AppleWebKit/537.36 (KHTML, like Gecko; compatible; ClaudeBot/1.0; +claudebot@anthropic.com)" "-" 99 0.027 "30052" "0.027" "mkanyafarm.com"
74.7.227.3 - - [07/Nov/2025:03:45:12 +0000] "GET /sitemap-hot-4959330.xml?fileloc=/srv/users/mkanyafarm/apps/mkanyafarm/public/wp-includes/block-supports/block-supports/aVtRG.jpeg&path=/srv/users/mkanyafarm/apps/mkanyafarm/public/wp-includes/block-supports/block-supports HTTP/2.0" 200 4380 "-" "Mozilla/5.0 AppleWebKit/537.36 (KHTML, like Gecko; compatible; GPTBot/1.2; +https://openai.com/gptbot)" "-" 172 0.028 "18468" "0.028" "mkanyafarm.com"
216.73.216.36 - - [07/Nov/2025:03:45:14 +0000] "GET /%22https:/drop-boss.co.uk/?fileloc=%2Fsrv%2Fusers%2Fmkanyafarm%2Fapps%2Fmkanyafarm%2Fpublic%2Fwp-content%2Fplugins%2F0weht5vb%2Freadme.txt&path=%2Fsrv%2Fusers%2Fmkanyafarm%2Fapps%2Fmkanyafarm%2Fpublic%2Fwp-content%2Fplugins%2F0weht5vb HTTP/2.0" 200 7074 "-" "Mozilla/5.0 AppleWebKit/537.36 (KHTML, like Gecko; compatible; ClaudeBot/1.0; +claudebot@anthropic.com)" "-" 180 0.039 "34567" "0.039" "mkanyafarm.com"
216.73.216.36 - - [07/Nov/2025:03:45:17 +0000] "GET /%22https:/drop-boss.co.uk/?fileloc=%2Fsrv%2Fusers%2Fmkanyafarm%2Fapps%2Fmkanyafarm%2Fpublic%2Fwp-includes%2Fblock-supports%2Fborder.php&path=%2Fsrv%2Fusers%2Fmkanyafarm%2Fapps%2Fmkanyafarm%2Fpublic%2Fwp-includes%2Fblock-supports HTTP/2.0" 200 3879 "-" "Mozilla/5.0 AppleWebKit/537.36 (KHTML, like Gecko; compatible; ClaudeBot/1.0; +claudebot@anthropic.com)" "-" 176 0.034 "20302" "0.034" "mkanyafarm.com"
74.7.227.3 - - [07/Nov/2025:03:45:18 +0000] "GET /sitemap-hot-4965330.xml?fileloc=/srv/users/mkanyafarm/apps/mkanyafarm/public/wp-admin/maint/repair.php&path=/srv/users/mkanyafarm/apps/mkanyafarm/public/wp-admin/maint HTTP/2.0" 200 4848 "-" "Mozilla/5.0 AppleWebKit/537.36 (KHTML, like Gecko; compatible; GPTBot/1.2; +https://openai.com/gptbot)" "-" 132 0.025 "22367" "0.025" "mkanyafarm.com"
216.73.216.36 - - [07/Nov/2025:03:45:20 +0000] "GET /%22https:/drop-boss.co.uk/?path=%2Fsrv%2Fusers%2Fmkanyafarm%2Fapps%2Fmkanyafarm%2Fpublic%2Fwp-includes%2Fblocks%2Fpost-featured-image HTTP/2.0" 200 2841 "-" "Mozilla/5.0 AppleWebKit/537.36 (KHTML, like Gecko; compatible; ClaudeBot/1.0; +claudebot@anthropic.com)" "-" 105 0.031 "30428" "0.031" "mkanyafarm.com"
74.7.227.3 - - [07/Nov/2025:03:45:22 +0000] "GET /sitemap-hot-4941330.xml?fileloc=/srv/users/mkanyafarm/apps/mkanyafarm/public/wp-includes/block-supports/block-supports/aVtRG.jpeg&path=/srv/users/mkanyafarm/apps/mkanyafarm/public/wp-includes/block-supports/block-supports HTTP/2.0" 200 4380 "-" "Mozilla/5.0 AppleWebKit/537.36 (KHTML, like Gecko; compatible; GPTBot/1.2; +https://openai.com/gptbot)" "-" 180 0.028 "18468" "0.028" "mkanyafarm.com"
216.73.216.36 - - [07/Nov/2025:03:45:23 +0000] "GET /%22https:/drop-boss.co.uk/?path=%2Fsrv%2Fusers%2Fmkanyafarm%2Fapps%2Fmkanyafarm%2Fpublic%2Fwp-includes%2Fblocks%2Fpullquote HTTP/2.0" 200 2906 "-" "Mozilla/5.0 AppleWebKit/537.36 (KHTML, like Gecko; compatible; ClaudeBot/1.0; +claudebot@anthropic.com)" "-" 99 0.023 "36738" "0.023" "mkanyafarm.com"
216.73.216.36 - - [07/Nov/2025:03:45:26 +0000] "GET /%22https:/drop-boss.co.uk/?path=%2Fsrv%2Fusers%2Fmkanyafarm%2Fapps%2Fmkanyafarm%2Fpublic%2Fwp-includes%2Fblocks%2Flegacy-widget HTTP/2.0" 200 2646 "-" "Mozilla/5.0 AppleWebKit/537.36 (KHTML, like Gecko; compatible; ClaudeBot/1.0; +claudebot@anthropic.com)" "-" 101 0.025 "16578" "0.025" "mkanyafarm.com"
74.7.227.3 - - [07/Nov/2025:03:45:27 +0000] "GET /sitemap-hot-4949330.xml?path=/srv/users/mkanyafarm/apps/mkanyafarm/public/wp-includes/block-bindings HTTP/2.0" 200 2686 "-" "Mozilla/5.0 AppleWebKit/537.36 (KHTML, like Gecko; compatible; GPTBot/1.2; +https://openai.com/gptbot)" "-" 92 0.025 "18152" "0.025" "mkanyafarm.com"
216.73.216.36 - - [07/Nov/2025:03:45:29 +0000] "GET /%22https:/drop-boss.co.uk/?fileloc=%2Fsrv%2Fusers%2Fmkanyafarm%2Fapps%2Fmkanyafarm%2Fpublic%2Fwp-includes%2Fblock-supports%2Fbackground.php&path=%2Fsrv%2Fusers%2Fmkanyafarm%2Fapps%2Fmkanyafarm%2Fpublic%2Fwp-includes%2Fblock-supports HTTP/2.0" 200 3528 "-" "Mozilla/5.0 AppleWebKit/537.36 (KHTML, like Gecko; compatible; ClaudeBot/1.0; +claudebot@anthropic.com)" "-" 179 0.025 "17540" "0.025" "mkanyafarm.com"
74.7.227.3 - - [07/Nov/2025:03:45:30 +0000] "GET /sitemap-hot-4951330.xml?fileloc=/srv/users/mkanyafarm/apps/mkanyafarm/public/wp-includes/block-supports/generated-classname.php&path=/srv/users/mkanyafarm/apps/mkanyafarm/public/wp-includes/block-supports HTTP/2.0" 200 2925 "-" "Mozilla/5.0 AppleWebKit/537.36 (KHTML, like Gecko; compatible; GPTBot/1.2; +https://openai.com/gptbot)" "-" 167 0.022 "14685" "0.022" "mkanyafarm.com"
216.73.216.36 - - [07/Nov/2025:03:45:32 +0000] "GET /%22https:/drop-boss.co.uk/?fileloc=%2Fsrv%2Fusers%2Fmkanyafarm%2Fapps%2Fmkanyafarm%2Fpublic%2Fwp-includes%2Fblocks%2Fcomments-pagination-numbers.php&path=%2Fsrv%2Fusers%2Fmkanyafarm%2Fapps%2Fmkanyafarm%2Fpublic%2Fwp-includes%2Fblocks HTTP/2.0" 200 2899 "-" "Mozilla/5.0 AppleWebKit/537.36 (KHTML, like Gecko; compatible; ClaudeBot/1.0; +claudebot@anthropic.com)" "-" 179 0.026 "14590" "0.026" "mkanyafarm.com"
74.7.227.3 - - [07/Nov/2025:03:45:35 +0000] "GET /sitemap-hot-4941330.xml?fileloc=/srv/users/mkanyafarm/apps/mkanyafarm/public/wp-includes/block-bindings/pattern-overrides.php&path=/srv/users/mkanyafarm/apps/mkanyafarm/public/wp-includes/block-bindings HTTP/2.0" 200 2827 "-" "Mozilla/5.0 AppleWebKit/537.36 (KHTML, like Gecko; compatible; GPTBot/1.2; +https://openai.com/gptbot)" "-" 166 0.026 "14503" "0.026" "mkanyafarm.com"
216.73.216.36 - - [07/Nov/2025:03:45:35 +0000] "GET /%22https:/drop-boss.co.uk/?path=%2Fsrv%2Fusers%2Fmkanyafarm%2Fapps%2Fmkanyafarm%2Fpublic%2Fwp-includes%2Fblocks%2Frss HTTP/2.0" 200 2827 "-" "Mozilla/5.0 AppleWebKit/537.36 (KHTML, like Gecko; compatible; ClaudeBot/1.0; +claudebot@anthropic.com)" "-" 94 0.030 "29758" "0.030" "mkanyafarm.com"
74.7.227.3 - - [07/Nov/2025:03:45:38 +0000] "GET /sitemap-hot-4951330.xml?fileloc=/srv/users/mkanyafarm/apps/mkanyafarm/public/wp-includes/block-bindings/pattern-overrides.php&path=/srv/users/mkanyafarm/apps/mkanyafarm/public/wp-includes/block-bindings HTTP/2.0" 200 2827 "-" "Mozilla/5.0 AppleWebKit/537.36 (KHTML, like Gecko; compatible; GPTBot/1.2; +https://openai.com/gptbot)" "-" 166 0.026 "14503" "0.026" "mkanyafarm.com"
216.73.216.36 - - [07/Nov/2025:03:45:38 +0000] "GET /%22https:/drop-boss.co.uk?path=%2Fsrv%2Fusers%2Fmkanyafarm%2Fapps%2Fmkanyafarm%2Fpublic%2Fwp-admin%2Fcss%2Fcolors HTTP/2.0" 200 2945 "-" "Mozilla/5.0 AppleWebKit/537.36 (KHTML, like Gecko; compatible; ClaudeBot/1.0; +claudebot@anthropic.com)" "-" 91 0.021 "33041" "0.021" "mkanyafarm.com"
216.73.216.36 - - [07/Nov/2025:03:45:41 +0000] "GET /%22https:/drop-boss.co.uk/?path=%2Fsrv%2Fusers%2Fmkanyafarm%2Fapps%2Fmkanyafarm%2Fpublic%2Fwp-includes%2FID3%2FID3 HTTP/2.0" 200 2712 "-" "Mozilla/5.0 AppleWebKit/537.36 (KHTML, like Gecko; compatible; ClaudeBot/1.0; +claudebot@anthropic.com)" "-" 93 0.040 "19745" "0.040" "mkanyafarm.com"
74.7.227.3 - - [07/Nov/2025:03:45:43 +0000] "GET /sitemap-hot-4951330.xml?fileloc=/srv/users/mkanyafarm/apps/mkanyafarm/public/wp-includes/block-supports/align.php&path=/srv/users/mkanyafarm/apps/mkanyafarm/public/wp-includes/block-supports HTTP/2.0" 200 2844 "-" "Mozilla/5.0 AppleWebKit/537.36 (KHTML, like Gecko; compatible; GPTBot/1.2; +https://openai.com/gptbot)" "-" 157 0.028 "14732" "0.028" "mkanyafarm.com"
216.73.216.36 - - [07/Nov/2025:03:45:44 +0000] "GET /%22https:/drop-boss.co.uk/?path=%2Fsrv%2Fusers%2Fmkanyafarm%2Fapps%2Fmkanyafarm%2Fpublic%2Fwp-includes%2Fblocks%2Flatest-comments HTTP/2.0" 200 2746 "-" "Mozilla/5.0 AppleWebKit/537.36 (KHTML, like Gecko; compatible; ClaudeBot/1.0; +claudebot@anthropic.com)" "-" 102 0.024 "23421" "0.024" "mkanyafarm.com"
74.7.227.3 - - [07/Nov/2025:03:45:46 +0000] "GET /sitemap-hot-4951330.xml?fileloc=/srv/users/mkanyafarm/apps/mkanyafarm/public/wp-includes/block-supports/utils.php&path=/srv/users/mkanyafarm/apps/mkanyafarm/public/wp-includes/block-supports HTTP/2.0" 200 2695 "-" "Mozilla/5.0 AppleWebKit/537.36 (KHTML, like Gecko; compatible; GPTBot/1.2; +https://openai.com/gptbot)" "-" 157 0.024 "13810" "0.024" "mkanyafarm.com"
216.73.216.36 - - [07/Nov/2025:03:45:47 +0000] "GET /%22https:/drop-boss.co.uk/?fileloc=%2Fsrv%2Fusers%2Fmkanyafarm%2Fapps%2Fmkanyafarm%2Fpublic%2Fwp-includes%2FID3%2Fmodule.audio.dts.php&path=%2Fsrv%2Fusers%2Fmkanyafarm%2Fapps%2Fmkanyafarm%2Fpublic%2Fwp-includes%2FID3 HTTP/2.0" 200 5064 "-" "Mozilla/5.0 AppleWebKit/537.36 (KHTML, like Gecko; compatible; ClaudeBot/1.0; +claudebot@anthropic.com)" "-" 168 0.035 "26197" "0.035" "mkanyafarm.com"
216.73.216.36 - - [07/Nov/2025:03:45:50 +0000] "GET /%22https:/drop-boss.co.uk/?fileloc=%2Fsrv%2Fusers%2Fmkanyafarm%2Fapps%2Fmkanyafarm%2Fpublic%2Fwp-includes%2Fblocks%2Fcomments-pagination.php&path=%2Fsrv%2Fusers%2Fmkanyafarm%2Fapps%2Fmkanyafarm%2Fpublic%2Fwp-includes%2Fblocks HTTP/2.0" 200 2741 "-" "Mozilla/5.0 AppleWebKit/537.36 (KHTML, like Gecko; compatible; ClaudeBot/1.0; +claudebot@anthropic.com)" "-" 173 0.030 "14134" "0.030" "mkanyafarm.com"
74.7.227.3 - - [07/Nov/2025:03:45:51 +0000] "GET /sitemap-hot-4949330.xml?fileloc=/srv/users/mkanyafarm/apps/mkanyafarm/public/wp-includes/block-bindings/pattern-overrides.php&path=/srv/users/mkanyafarm/apps/mkanyafarm/public/wp-includes/block-bindings HTTP/2.0" 200 2827 "-" "Mozilla/5.0 AppleWebKit/537.36 (KHTML, like Gecko; compatible; GPTBot/1.2; +https://openai.com/gptbot)" "-" 166 0.023 "14503" "0.023" "mkanyafarm.com"
216.73.216.36 - - [07/Nov/2025:03:45:53 +0000] "GET /%22https:/drop-boss.co.uk/?fileloc=%2Fsrv%2Fusers%2Fmkanyafarm%2Fapps%2Fmkanyafarm%2Fpublic%2Fwp-includes%2Fblocks%2Fcomment-date.php&path=%2Fsrv%2Fusers%2Fmkanyafarm%2Fapps%2Fmkanyafarm%2Fpublic%2Fwp-includes%2Fblocks HTTP/2.0" 200 2990 "-" "Mozilla/5.0 AppleWebKit/537.36 (KHTML, like Gecko; compatible; ClaudeBot/1.0; +claudebot@anthropic.com)" "-" 168 0.039 "14994" "0.039" "mkanyafarm.com"
74.7.227.3 - - [07/Nov/2025:03:45:55 +0000] "GET /sitemap-hot-4951330.xml?fileloc=/srv/users/mkanyafarm/apps/mkanyafarm/public/wp-includes/block-supports/duotone.php&path=/srv/users/mkanyafarm/apps/mkanyafarm/public/wp-includes/block-supports HTTP/2.0" 200 3511 "-" "Mozilla/5.0 AppleWebKit/537.36 (KHTML, like Gecko; compatible; GPTBot/1.2; +https://openai.com/gptbot)" "-" 158 0.035 "15786" "0.035" "mkanyafarm.com"
2a06:98c0:3600::103 - - [07/Nov/2025:03:45:56 +0000] "GET /wp-admin/setup-config.php HTTP/2.0" 409 2665 "-" "Mozilla/5.0 (Windows NT 10.0; Win64; x64) AppleWebKit/537.36 (KHTML, like Gecko) Chrome/140.0.0.0 Safari/537.36" "2a06:98c0:3600::103" 435 0.030 "2665" "0.030" "mkanyafarm.com"
216.73.216.36 - - [07/Nov/2025:03:45:56 +0000] "GET /%22https:/drop-boss.co.uk?path=%2Fsrv%2Fusers%2Fmkanyafarm%2Fapps%2Fmkanyafarm%2Fpublic%2Fwp-includes%2Fblocks%2Ffootnotes HTTP/2.0" 200 2748 "-" "Mozilla/5.0 AppleWebKit/537.36 (KHTML, like Gecko; compatible; ClaudeBot/1.0; +claudebot@anthropic.com)" "-" 97 0.029 "23264" "0.029" "mkanyafarm.com"
74.7.227.3 - - [07/Nov/2025:03:46:01 +0000] "GET /sitemap-hot-4951330.xml?fileloc=/srv/users/mkanyafarm/apps/mkanyafarm/public/wp-includes/block-supports/custom-classname.php&path=/srv/users/mkanyafarm/apps/mkanyafarm/public/wp-includes/block-supports HTTP/2.0" 200 2769 "-" "Mozilla/5.0 AppleWebKit/537.36 (KHTML, like Gecko; compatible; GPTBot/1.2; +https://openai.com/gptbot)" "-" 164 0.050 "14627" "0.050" "mkanyafarm.com"
74.7.227.3 - - [07/Nov/2025:03:46:04 +0000] "GET /sitemap-hot-4951330.xml?fileloc=/srv/users/mkanyafarm/apps/mkanyafarm/public/wp-includes/block-supports/spacing.php&path=/srv/users/mkanyafarm/apps/mkanyafarm/public/wp-includes/block-supports HTTP/2.0" 200 3152 "-" "Mozilla/5.0 AppleWebKit/537.36 (KHTML, like Gecko; compatible; GPTBot/1.2; +https://openai.com/gptbot)" "-" 158 0.036 "16082" "0.036" "mkanyafarm.com"
74.7.227.3 - - [07/Nov/2025:03:46:10 +0000] "GET /sitemap-hot-4951330.xml?fileloc=/srv/users/mkanyafarm/apps/mkanyafarm/public/wp-includes/block-supports/position.php&path=/srv/users/mkanyafarm/apps/mkanyafarm/public/wp-includes/block-supports HTTP/2.0" 200 3702 "-" "Mozilla/5.0 AppleWebKit/537.36 (KHTML, like Gecko; compatible; GPTBot/1.2; +https://openai.com/gptbot)" "-" 159 0.037 "17780" "0.037" "mkanyafarm.com"
74.7.227.3 - - [07/Nov/2025:03:46:12 +0000] "GET /sitemap-hot-4951330.xml?fileloc=/srv/users/mkanyafarm/apps/mkanyafarm/public/wp-includes/block-supports/dimensions.php&path=/srv/users/mkanyafarm/apps/mkanyafarm/public/wp-includes/block-supports HTTP/2.0" 200 3863 "-" "Mozilla/5.0 AppleWebKit/537.36 (KHTML, like Gecko; compatible; GPTBot/1.2; +https://openai.com/gptbot)" "-" 160 0.032 "18926" "0.032" "mkanyafarm.com"
74.7.227.3 - - [07/Nov/2025:03:46:19 +0000] "GET /sitemap-hot-4951330.xml?fileloc=/srv/users/mkanyafarm/apps/mkanyafarm/public/wp-includes/block-bindings/.htaccess&path=/srv/users/mkanyafarm/apps/mkanyafarm/public/wp-includes/block-bindings HTTP/2.0" 200 2381 "-" "Mozilla/5.0 AppleWebKit/537.36 (KHTML, like Gecko; compatible; GPTBot/1.2; +https://openai.com/gptbot)" "-" 157 0.032 "12923" "0.032" "mkanyafarm.com"
74.7.227.3 - - [07/Nov/2025:03:46:25 +0000] "GET /sitemap-hot-4951330.xml?fileloc=/srv/users/mkanyafarm/apps/mkanyafarm/public/wp-includes/block-supports/typography.php&path=/srv/users/mkanyafarm/apps/mkanyafarm/public/wp-includes/block-supports HTTP/2.0" 200 8657 "-" "Mozilla/5.0 AppleWebKit/537.36 (KHTML, like Gecko; compatible; GPTBot/1.2; +https://openai.com/gptbot)" "-" 161 0.030 "45553" "0.030" "mkanyafarm.com"
74.7.227.3 - - [07/Nov/2025:03:46:28 +0000] "GET /sitemap-hot-4951330.xml?fileloc=/srv/users/mkanyafarm/apps/mkanyafarm/public/wp-includes/block-supports/elements.php&path=/srv/users/mkanyafarm/apps/mkanyafarm/public/wp-includes/block-supports HTTP/2.0" 200 4505 "-" "Mozilla/5.0 AppleWebKit/537.36 (KHTML, like Gecko; compatible; GPTBot/1.2; +https://openai.com/gptbot)" "-" 159 0.032 "23406" "0.032" "mkanyafarm.com"
74.7.227.3 - - [07/Nov/2025:03:46:34 +0000] "GET /sitemap-hot-4951330.xml?fileloc=/srv/users/mkanyafarm/apps/mkanyafarm/public/wp-includes/block-supports/settings.php&path=/srv/users/mkanyafarm/apps/mkanyafarm/public/wp-includes/block-supports HTTP/2.0" 200 3703 "-" "Mozilla/5.0 AppleWebKit/537.36 (KHTML, like Gecko; compatible; GPTBot/1.2; +https://openai.com/gptbot)" "-" 159 0.030 "17855" "0.030" "mkanyafarm.com"
74.7.227.3 - - [07/Nov/2025:03:46:36 +0000] "GET /sitemap-hot-4951330.xml?fileloc=/srv/users/mkanyafarm/apps/mkanyafarm/public/wp-includes/block-supports/block-style-variations.php&path=/srv/users/mkanyafarm/apps/mkanyafarm/public/wp-includes/block-supports HTTP/2.0" 200 5156 "-" "Mozilla/5.0 AppleWebKit/537.36 (KHTML, like Gecko; compatible; GPTBot/1.2; +https://openai.com/gptbot)" "-" 169 0.027 "23030" "0.027" "mkanyafarm.com"
74.7.227.3 - - [07/Nov/2025:03:46:42 +0000] "GET /sitemap-hot-4951330.xml?path=/srv/users/mkanyafarm/apps/mkanyafarm/public/wp-includes/block-supports/block-supports HTTP/2.0" 200 2705 "-" "Mozilla/5.0 AppleWebKit/537.36 (KHTML, like Gecko; compatible; GPTBot/1.2; +https://openai.com/gptbot)" "-" 102 0.027 "20120" "0.027" "mkanyafarm.com"
2a06:98c0:3600::103 - - [07/Nov/2025:03:46:43 +0000] "GET /wp-admin/setup-config.php HTTP/2.0" 409 2665 "-" "Mozilla/5.0 (Windows NT 10.0; Win64; x64) AppleWebKit/537.36 (KHTML, like Gecko) Chrome/140.0.0.0 Safari/537.36" "2a06:98c0:3600::103" 435 0.034 "2665" "0.034" "mkanyafarm.com"
74.7.227.3 - - [07/Nov/2025:03:46:44 +0000] "GET /sitemapmobileindex.xml?path=/srv/users/mkanyafarm/apps/mkanyafarm/public/wp-content/plugins/booking/core/any/css HTTP/2.0" 200 2910 "-" "Mozilla/5.0 AppleWebKit/537.36 (KHTML, like Gecko; compatible; GPTBot/1.2; +https://openai.com/gptbot)" "-" 100 0.024 "29149" "0.024" "mkanyafarm.com"
74.7.227.3 - - [07/Nov/2025:03:46:50 +0000] "GET /sitemapmobileindex.xml?path=/srv/users/mkanyafarm/apps/mkanyafarm/public/wp-content/plugins/booking/css/skins HTTP/2.0" 200 3683 "-" "Mozilla/5.0 AppleWebKit/537.36 (KHTML, like Gecko; compatible; GPTBot/1.2; +https://openai.com/gptbot)" "-" 97 0.030 "96671" "0.030" "mkanyafarm.com"
74.7.227.3 - - [07/Nov/2025:03:46:53 +0000] "GET /sitemapmobileindex.xml?fileloc=/srv/users/mkanyafarm/apps/mkanyafarm/public/wp-content/plugins/wp-mail-smtp/src/Reports/.htaccess&path=/srv/users/mkanyafarm/apps/mkanyafarm/public/wp-content/plugins/wp-mail-smtp/src/Reports HTTP/2.0" 200 2410 "-" "Mozilla/5.0 AppleWebKit/537.36 (KHTML, like Gecko; compatible; GPTBot/1.2; +https://openai.com/gptbot)" "-" 180 0.030 "13255" "0.030" "mkanyafarm.com"
216.73.216.36 - - [07/Nov/2025:03:46:55 +0000] "GET /%22https:/drop-boss.co.uk/?fileloc=%2Fsrv%2Fusers%2Fmkanyafarm%2Fapps%2Fmkanyafarm%2Fpublic%2Fwp-admin%2Fnetwork%2Fprivacy.php&path=%2Fsrv%2Fusers%2Fmkanyafarm%2Fapps%2Fmkanyafarm%2Fpublic%2Fwp-admin%2Fnetwork HTTP/2.0" 200 2418 "-" "Mozilla/5.0 AppleWebKit/537.36 (KHTML, like Gecko; compatible; ClaudeBot/1.0; +claudebot@anthropic.com)" "-" 277 0.029 "13015" "0.029" "mkanyafarm.com"
216.73.216.36 - - [07/Nov/2025:03:46:58 +0000] "GET /%22https:/drop-boss.co.uk?fileloc=%2Fsrv%2Fusers%2Fmkanyafarm%2Fapps%2Fmkanyafarm%2Fpublic%2Fwp-admin%2Fcss%2Fcustomize-nav-menus.min.css&path=%2Fsrv%2Fusers%2Fmkanyafarm%2Fapps%2Fmkanyafarm%2Fpublic%2Fwp-admin%2Fcss HTTP/2.0" 200 5448 "-" "Mozilla/5.0 AppleWebKit/537.36 (KHTML, like Gecko; compatible; ClaudeBot/1.0; +claudebot@anthropic.com)" "-" 166 0.033 "31098" "0.033" "mkanyafarm.com"
74.7.227.3 - - [07/Nov/2025:03:46:59 +0000] "GET /sitemap-hot-4961330.xml?fileloc=/srv/users/mkanyafarm/apps/mkanyafarm/public/wp-admin/css/install.min.css&path=/srv/users/mkanyafarm/apps/mkanyafarm/public/wp-admin/css HTTP/2.0" 200 3836 "-" "Mozilla/5.0 AppleWebKit/537.36 (KHTML, like Gecko; compatible; GPTBot/1.2; +https://openai.com/gptbot)" "-" 140 0.026 "17835" "0.026" "mkanyafarm.com"
216.73.216.36 - - [07/Nov/2025:03:47:01 +0000] "GET /%22https:/drop-boss.co.uk/?fileloc=%2Fsrv%2Fusers%2Fmkanyafarm%2Fapps%2Fmkanyafarm%2Fpublic%2Fwp-includes%2Ftheme-compat%2Fchosen.php&path=%2Fsrv%2Fusers%2Fmkanyafarm%2Fapps%2Fmkanyafarm%2Fpublic%2Fwp-includes%2Ftheme-compat HTTP/2.0" 200 8137 "-" "Mozilla/5.0 AppleWebKit/537.36 (KHTML, like Gecko; compatible; ClaudeBot/1.0; +claudebot@anthropic.com)" "-" 172 0.026 "45029" "0.026" "mkanyafarm.com"
74.7.227.3 - - [07/Nov/2025:03:47:03 +0000] "GET /sitemap-hot-4967330.xml?fileloc=/srv/users/mkanyafarm/apps/mkanyafarm/public/wp-admin/css/install-rtl.css&path=/srv/users/mkanyafarm/apps/mkanyafarm/public/wp-admin/css HTTP/2.0" 200 4049 "-" "Mozilla/5.0 AppleWebKit/537.36 (KHTML, like Gecko; compatible; GPTBot/1.2; +https://openai.com/gptbot)" "-" 140 0.073 "18993" "0.073" "mkanyafarm.com"
216.73.216.36 - - [07/Nov/2025:03:47:04 +0000] "GET /%22https:/drop-boss.co.uk/?path=%2Fsrv%2Fusers%2Fmkanyafarm%2Fapps%2Fmkanyafarm%2Fpublic%2Fwp-includes%2Fblocks%2Fpost-author-name HTTP/2.0" 200 2744 "-" "Mozilla/5.0 AppleWebKit/537.36 (KHTML, like Gecko; compatible; ClaudeBot/1.0; +claudebot@anthropic.com)" "-" 103 0.049 "23448" "0.049" "mkanyafarm.com"
2a06:98c0:3600::103 - - [07/Nov/2025:03:47:06 +0000] "GET /wordpress/wp-admin/setup-config.php HTTP/2.0" 200 3335 "-" "Mozilla/5.0 (Windows NT 10.0; Win64; x64) AppleWebKit/537.36 (KHTML, like Gecko) Chrome/140.0.0.0 Safari/537.36" "2a06:98c0:3600::103" 442 0.022 "54310" "0.022" "mkanyafarm.com"
216.73.216.36 - - [07/Nov/2025:03:47:07 +0000] "GET /%22https:/drop-boss.co.uk?fileloc=%2Fsrv%2Fusers%2Fmkanyafarm%2Fapps%2Fmkanyafarm%2Fpublic%2Fwp-admin%2Fcss%2Fcustomize-widgets.min.css&path=%2Fsrv%2Fusers%2Fmkanyafarm%2Fapps%2Fmkanyafarm%2Fpublic%2Fwp-admin%2Fcss HTTP/2.0" 200 4108 "-" "Mozilla/5.0 AppleWebKit/537.36 (KHTML, like Gecko; compatible; ClaudeBot/1.0; +claudebot@anthropic.com)" "-" 165 0.040 "22788" "0.040" "mkanyafarm.com"
74.7.227.3 - - [07/Nov/2025:03:47:08 +0000] "GET /sitemap-hot-4951330.xml?fileloc=/srv/users/mkanyafarm/apps/mkanyafarm/public/wp-includes/block-supports/block-supports/aVtRG.jpeg&path=/srv/users/mkanyafarm/apps/mkanyafarm/public/wp-includes/block-supports/block-supports HTTP/2.0" 200 4380 "-" "Mozilla/5.0 AppleWebKit/537.36 (KHTML, like Gecko; compatible; GPTBot/1.2; +https://openai.com/gptbot)" "-" 180 0.024 "18468" "0.024" "mkanyafarm.com"
216.73.216.36 - - [07/Nov/2025:03:47:10 +0000] "GET /%22https:/drop-boss.co.uk/?fileloc=%2Fsrv%2Fusers%2Fmkanyafarm%2Fapps%2Fmkanyafarm%2Fpublic%2Fwp-admin%2Fnetwork%2Fabout.php&path=%2Fsrv%2Fusers%2Fmkanyafarm%2Fapps%2Fmkanyafarm%2Fpublic%2Fwp-admin%2Fnetwork HTTP/2.0" 200 2416 "-" "Mozilla/5.0 AppleWebKit/537.36 (KHTML, like Gecko; compatible; ClaudeBot/1.0; +claudebot@anthropic.com)" "-" 161 0.022 "13009" "0.022" "mkanyafarm.com"
216.73.216.36 - - [07/Nov/2025:03:47:13 +0000] "GET /%22https:/drop-boss.co.uk/?path=%2Fsrv%2Fusers%2Fmkanyafarm%2Fapps%2Fmkanyafarm%2Fpublic%2Fwp-includes%2Fsodium_compat%2Fnamespaced HTTP/2.0" 200 2766 "-" "Mozilla/5.0 AppleWebKit/537.36 (KHTML, like Gecko; compatible; ClaudeBot/1.0; +claudebot@anthropic.com)" "-" 103 0.022 "21540" "0.022" "mkanyafarm.com"
74.7.227.3 - - [07/Nov/2025:03:47:13 +0000] "GET /sitemapmobileindex.xml?fileloc=/srv/users/mkanyafarm/apps/mkanyafarm/public/wp-content/plugins/booking/core/any/css/wpbc_flextable.css&path=/srv/users/mkanyafarm/apps/mkanyafarm/public/wp-content/plugins/booking/core/any/css HTTP/2.0" 200 6983 "-" "Mozilla/5.0 AppleWebKit/537.36 (KHTML, like Gecko; compatible; GPTBot/1.2; +https://openai.com/gptbot)" "-" 181 0.024 "48392" "0.024" "mkanyafarm.com"
216.73.216.36 - - [07/Nov/2025:03:47:16 +0000] "GET /%22https:/drop-boss.co.uk/?fileloc=%2Fsrv%2Fusers%2Fmkanyafarm%2Fapps%2Fmkanyafarm%2Fpublic%2Fwp-includes%2Ftheme-compat%2Fsidebar.php&path=%2Fsrv%2Fusers%2Fmkanyafarm%2Fapps%2Fmkanyafarm%2Fpublic%2Fwp-includes%2Ftheme-compat HTTP/2.0" 200 3622 "-" "Mozilla/5.0 AppleWebKit/537.36 (KHTML, like Gecko; compatible; ClaudeBot/1.0; +claudebot@anthropic.com)" "-" 173 0.028 "18362" "0.028" "mkanyafarm.com"
74.7.227.3 - - [07/Nov/2025:03:47:16 +0000] "GET /sitemapmobileindex.xml?fileloc=/srv/users/mkanyafarm/apps/mkanyafarm/public/wp-content/plugins/booking/css/skins/24_9__light.css&path=/srv/users/mkanyafarm/apps/mkanyafarm/public/wp-content/plugins/booking/css/skins HTTP/2.0" 200 7394 "-" "Mozilla/5.0 AppleWebKit/537.36 (KHTML, like Gecko; compatible; GPTBot/1.2; +https://openai.com/gptbot)" "-" 174 0.033 "46558" "0.033" "mkanyafarm.com"
74.7.227.3 - - [07/Nov/2025:03:47:18 +0000] "GET /sitemapmobileindex.xml?fileloc=/srv/users/mkanyafarm/apps/mkanyafarm/public/wp-content/plugins/booking/css/skins/24_9__light_traditional_1.css&path=/srv/users/mkanyafarm/apps/mkanyafarm/public/wp-content/plugins/booking/css/skins HTTP/2.0" 200 2816 "-" "Mozilla/5.0 AppleWebKit/537.36 (KHTML, like Gecko; compatible; GPTBot/1.2; +https://openai.com/gptbot)" "-" 184 0.026 "15015" "0.026" "mkanyafarm.com"
216.73.216.36 - - [07/Nov/2025:03:47:19 +0000] "GET /%22https:/drop-boss.co.uk/?path=%2Fsrv%2Fusers%2Fmkanyafarm%2Fapps%2Fmkanyafarm%2Fpublic%2Fwp-includes%2Fblocks%2Fcomments HTTP/2.0" 200 2845 "-" "Mozilla/5.0 AppleWebKit/537.36 (KHTML, like Gecko; compatible; ClaudeBot/1.0; +claudebot@anthropic.com)" "-" 97 0.025 "29967" "0.025" "mkanyafarm.com"
216.73.216.36 - - [07/Nov/2025:03:47:22 +0000] "GET /%22https:/drop-boss.co.uk/?fileloc=%2Fsrv%2Fusers%2Fmkanyafarm%2Fapps%2Fmkanyafarm%2Fpublic%2Fwp-includes%2Fblocks%2Fsocial-link.php&path=%2Fsrv%2Fusers%2Fmkanyafarm%2Fapps%2Fmkanyafarm%2Fpublic%2Fwp-includes%2Fblocks HTTP/2.0" 200 25720 "-" "Mozilla/5.0 AppleWebKit/537.36 (KHTML, like Gecko; compatible; ClaudeBot/1.0; +claudebot@anthropic.com)" "-" 168 0.026 "86813" "0.026" "mkanyafarm.com"
74.7.227.3 - - [07/Nov/2025:03:47:24 +0000] "GET /sitemapmobileindex.xml?fileloc=/srv/users/mkanyafarm/apps/mkanyafarm/public/wp-content/plugins/booking/css/skins/premium-light-noborder.css&path=/srv/users/mkanyafarm/apps/mkanyafarm/public/wp-content/plugins/booking/css/skins HTTP/2.0" 200 5110 "-" "Mozilla/5.0 AppleWebKit/537.36 (KHTML, like Gecko; compatible; GPTBot/1.2; +https://openai.com/gptbot)" "-" 182 0.023 "29433" "0.023" "mkanyafarm.com"
216.73.216.36 - - [07/Nov/2025:03:47:25 +0000] "GET /%22https:/drop-boss.co.uk/?path=%2Fsrv%2Fusers%2Fmkanyafarm%2Fapps%2Fmkanyafarm%2Fpublic%2Fwp-includes%2Fblocks%2Fgroup HTTP/2.0" 200 2902 "-" "Mozilla/5.0 AppleWebKit/537.36 (KHTML, like Gecko; compatible; ClaudeBot/1.0; +claudebot@anthropic.com)" "-" 96 0.035 "36505" "0.035" "mkanyafarm.com"
216.73.216.36 - - [07/Nov/2025:03:47:28 +0000] "GET /%22https:/drop-boss.co.uk/?path=%2Fsrv%2Fusers%2Fmkanyafarm%2Fapps%2Fmkanyafarm%2Fpublic%2Fwp-includes%2Fblocks%2Fparagraph HTTP/2.0" 200 2841 "-" "Mozilla/5.0 AppleWebKit/537.36 (KHTML, like Gecko; compatible; ClaudeBot/1.0; +claudebot@anthropic.com)" "-" 98 0.024 "30009" "0.024" "mkanyafarm.com"
2a06:98c0:3600::103 - - [07/Nov/2025:03:47:28 +0000] "GET /wordpress/wp-admin/setup-config.php HTTP/2.0" 200 3335 "-" "Mozilla/5.0 (Windows NT 10.0; Win64; x64) AppleWebKit/537.36 (KHTML, like Gecko) Chrome/140.0.0.0 Safari/537.36" "2a06:98c0:3600::103" 443 0.032 "54310" "0.032" "mkanyafarm.com"
74.7.227.3 - - [07/Nov/2025:03:47:29 +0000] "GET /sitemapmobileindex.xml?fileloc=/srv/users/mkanyafarm/apps/mkanyafarm/public/wp-content/plugins/booking/css/skins/light__24_8.css&path=/srv/users/mkanyafarm/apps/mkanyafarm/public/wp-content/plugins/booking/css/skins HTTP/2.0" 200 2799 "-" "Mozilla/5.0 AppleWebKit/537.36 (KHTML, like Gecko; compatible; GPTBot/1.2; +https://openai.com/gptbot)" "-" 174 0.029 "14941" "0.029" "mkanyafarm.com"
216.73.216.36 - - [07/Nov/2025:03:47:31 +0000] "GET /%22https:/drop-boss.co.uk/?fileloc=%2Fsrv%2Fusers%2Fmkanyafarm%2Fapps%2Fmkanyafarm%2Fpublic%2Fwp-admin%2Fnetwork%2Fsite-info.php&path=%2Fsrv%2Fusers%2Fmkanyafarm%2Fapps%2Fmkanyafarm%2Fpublic%2Fwp-admin%2Fnetwork HTTP/2.0" 200 4858 "-" "Mozilla/5.0 AppleWebKit/537.36 (KHTML, like Gecko; compatible; ClaudeBot/1.0; +claudebot@anthropic.com)" "-" 164 0.025 "22695" "0.025" "mkanyafarm.com"
74.7.227.3 - - [07/Nov/2025:03:47:33 +0000] "GET /sitemapmobileindex.xml?fileloc=/srv/users/mkanyafarm/apps/mkanyafarm/public/wp-content/plugins/booking/css/skins/premium-light.css&path=/srv/users/mkanyafarm/apps/mkanyafarm/public/wp-content/plugins/booking/css/skins HTTP/2.0" 200 5096 "-" "Mozilla/5.0 AppleWebKit/537.36 (KHTML, like Gecko; compatible; GPTBot/1.2; +https://openai.com/gptbot)" "-" 176 0.033 "29424" "0.033" "mkanyafarm.com"
216.73.216.36 - - [07/Nov/2025:03:47:34 +0000] "GET /%22https:/drop-boss.co.uk/?fileloc=%2Fsrv%2Fusers%2Fmkanyafarm%2Fapps%2Fmkanyafarm%2Fpublic%2Fwp-includes%2Fpomo%2Fpo.php&path=%2Fsrv%2Fusers%2Fmkanyafarm%2Fapps%2Fmkanyafarm%2Fpublic%2Fwp-includes%2Fpomo HTTP/2.0" 200 6322 "-" "Mozilla/5.0 AppleWebKit/537.36 (KHTML, like Gecko; compatible; ClaudeBot/1.0; +claudebot@anthropic.com)" "-" 158 0.021 "29904" "0.021" "mkanyafarm.com"
216.73.216.36 - - [07/Nov/2025:03:47:37 +0000] "GET /%22https:/drop-boss.co.uk?fileloc=%2Fsrv%2Fusers%2Fmkanyafarm%2Fapps%2Fmkanyafarm%2Fpublic%2Fwp-admin%2Fcss%2Fwidgets-rtl.css&path=%2Fsrv%2Fusers%2Fmkanyafarm%2Fapps%2Fmkanyafarm%2Fpublic%2Fwp-admin%2Fcss HTTP/2.0" 200 5980 "-" "Mozilla/5.0 AppleWebKit/537.36 (KHTML, like Gecko; compatible; ClaudeBot/1.0; +claudebot@anthropic.com)" "-" 158 0.034 "30496" "0.034" "mkanyafarm.com"
74.7.227.3 - - [07/Nov/2025:03:47:38 +0000] "GET /sitemapmobileindex.xml?fileloc=/srv/users/mkanyafarm/apps/mkanyafarm/public/wp-content/plugins/booking/css/skins/traditional-light.css&path=/srv/users/mkanyafarm/apps/mkanyafarm/public/wp-content/plugins/booking/css/skins HTTP/2.0" 200 5159 "-" "Mozilla/5.0 AppleWebKit/537.36 (KHTML, like Gecko; compatible; GPTBot/1.2; +https://openai.com/gptbot)" "-" 178 0.034 "29746" "0.034" "mkanyafarm.com"
216.73.216.36 - - [07/Nov/2025:03:47:40 +0000] "GET /%22https:/drop-boss.co.uk/?fileloc=%2Fsrv%2Fusers%2Fmkanyafarm%2Fapps%2Fmkanyafarm%2Fpublic%2Fwp-admin%2Fnetwork%2Fuser-new.php&path=%2Fsrv%2Fusers%2Fmkanyafarm%2Fapps%2Fmkanyafarm%2Fpublic%2Fwp-admin%2Fnetwork HTTP/2.0" 200 4322 "-" "Mozilla/5.0 AppleWebKit/537.36 (KHTML, like Gecko; compatible; ClaudeBot/1.0; +claudebot@anthropic.com)" "-" 164 0.024 "19635" "0.024" "mkanyafarm.com"
74.7.227.3 - - [07/Nov/2025:03:47:41 +0000] "GET /sitemapmobileindex.xml?fileloc=/srv/users/mkanyafarm/apps/mkanyafarm/public/wp-content/plugins/booking/css/skins/premium-steel-noborder.css&path=/srv/users/mkanyafarm/apps/mkanyafarm/public/wp-content/plugins/booking/css/skins HTTP/2.0" 200 5112 "-" "Mozilla/5.0 AppleWebKit/537.36 (KHTML, like Gecko; compatible; GPTBot/1.2; +https://openai.com/gptbot)" "-" 182 0.022 "29445" "0.022" "mkanyafarm.com"
216.73.216.36 - - [07/Nov/2025:03:47:43 +0000] "GET /%22https:/drop-boss.co.uk?fileloc=%2Fsrv%2Fusers%2Fmkanyafarm%2Fapps%2Fmkanyafarm%2Fpublic%2Fwp-admin%2Fcss%2Flist-tables-rtl.css&path=%2Fsrv%2Fusers%2Fmkanyafarm%2Fapps%2Fmkanyafarm%2Fpublic%2Fwp-admin%2Fcss HTTP/2.0" 200 10724 "-" "Mozilla/5.0 AppleWebKit/537.36 (KHTML, like Gecko; compatible; ClaudeBot/1.0; +claudebot@anthropic.com)" "-" 160 0.029 "57197" "0.029" "mkanyafarm.com"
74.7.227.3 - - [07/Nov/2025:03:47:45 +0000] "GET /sitemapmobileindex.xml?fileloc=/srv/users/mkanyafarm/apps/mkanyafarm/public/wp-content/plugins/booking/core/any/css/admin-br-table.css&path=/srv/users/mkanyafarm/apps/mkanyafarm/public/wp-content/plugins/booking/core/any/css HTTP/2.0" 200 3221 "-" "Mozilla/5.0 AppleWebKit/537.36 (KHTML, like Gecko; compatible; GPTBot/1.2; +https://openai.com/gptbot)" "-" 180 0.028 "17403" "0.028" "mkanyafarm.com"
216.73.216.36 - - [07/Nov/2025:03:47:46 +0000] "GET /%22https:/drop-boss.co.uk/?fileloc=%2Fsrv%2Fusers%2Fmkanyafarm%2Fapps%2Fmkanyafarm%2Fpublic%2Fwp-admin%2Fnetwork%2Fprofile.php&path=%2Fsrv%2Fusers%2Fmkanyafarm%2Fapps%2Fmkanyafarm%2Fpublic%2Fwp-admin%2Fnetwork HTTP/2.0" 200 2421 "-" "Mozilla/5.0 AppleWebKit/537.36 (KHTML, like Gecko; compatible; ClaudeBot/1.0; +claudebot@anthropic.com)" "-" 163 0.024 "13020" "0.025" "mkanyafarm.com"
74.7.227.3 - - [07/Nov/2025:03:47:47 +0000] "GET /sitemapmobileindex.xml?fileloc=/srv/users/mkanyafarm/apps/mkanyafarm/public/wp-content/plugins/booking/css/skins/black-2.css&path=/srv/users/mkanyafarm/apps/mkanyafarm/public/wp-content/plugins/booking/css/skins HTTP/2.0" 200 5206 "-" "Mozilla/5.0 AppleWebKit/537.36 (KHTML, like Gecko; compatible; GPTBot/1.2; +https://openai.com/gptbot)" "-" 171 0.025 "29814" "0.025" "mkanyafarm.com"
216.73.216.36 - - [07/Nov/2025:03:47:49 +0000] "GET /%22https:/drop-boss.co.uk/?fileloc=%2Fsrv%2Fusers%2Fmkanyafarm%2Fapps%2Fmkanyafarm%2Fpublic%2Fwp-includes%2Fpomo%2Fentry.php&path=%2Fsrv%2Fusers%2Fmkanyafarm%2Fapps%2Fmkanyafarm%2Fpublic%2Fwp-includes%2Fpomo HTTP/2.0" 200 3509 "-" "Mozilla/5.0 AppleWebKit/537.36 (KHTML, like Gecko; compatible; ClaudeBot/1.0; +claudebot@anthropic.com)" "-" 161 0.032 "16804" "0.032" "mkanyafarm.com"
216.73.216.36 - - [07/Nov/2025:03:47:52 +0000] "GET /%22https:/drop-boss.co.uk?fileloc=%2Fsrv%2Fusers%2Fmkanyafarm%2Fapps%2Fmkanyafarm%2Fpublic%2Fwp-includes%2Fassets%2Fscript-loader-packages.min.php&path=%2Fsrv%2Fusers%2Fmkanyafarm%2Fapps%2Fmkanyafarm%2Fpublic%2Fwp-includes%2Fassets HTTP/2.0" 200 4414 "-" "Mozilla/5.0 AppleWebKit/537.36 (KHTML, like Gecko; compatible; ClaudeBot/1.0; +claudebot@anthropic.com)" "-" 176 0.071 "32806" "0.071" "mkanyafarm.com"
74.7.227.3 - - [07/Nov/2025:03:47:52 +0000] "GET /sitemapmobileindex.xml?fileloc=/srv/users/mkanyafarm/apps/mkanyafarm/public/wp-content/plugins/booking/css/skins/light-01.css&path=/srv/users/mkanyafarm/apps/mkanyafarm/public/wp-content/plugins/booking/css/skins HTTP/2.0" 200 5328 "-" "Mozilla/5.0 AppleWebKit/537.36 (KHTML, like Gecko; compatible; GPTBot/1.2; +https://openai.com/gptbot)" "-" 172 0.057 "31005" "0.057" "mkanyafarm.com"
216.73.216.36 - - [07/Nov/2025:03:47:55 +0000] "GET /%22https:/drop-boss.co.uk/?path=%2Fsrv%2Fusers%2Fmkanyafarm%2Fapps%2Fmkanyafarm%2Fpublic%2Fwp-includes%2Fblocks%2Flist-item HTTP/2.0" 200 2648 "-" "Mozilla/5.0 AppleWebKit/537.36 (KHTML, like Gecko; compatible; ClaudeBot/1.0; +claudebot@anthropic.com)" "-" 98 0.063 "16538" "0.063" "mkanyafarm.com"
74.7.227.3 - - [07/Nov/2025:03:47:56 +0000] "GET /sitemapmobileindex.xml?fileloc=/srv/users/mkanyafarm/apps/mkanyafarm/public/wp-content/plugins/booking/css/skins/green-01.css&path=/srv/users/mkanyafarm/apps/mkanyafarm/public/wp-content/plugins/booking/css/skins HTTP/2.0" 200 5401 "-" "Mozilla/5.0 AppleWebKit/537.36 (KHTML, like Gecko; compatible; GPTBot/1.2; +https://openai.com/gptbot)" "-" 172 0.041 "31575" "0.041" "mkanyafarm.com"
216.73.216.36 - - [07/Nov/2025:03:47:58 +0000] "GET /%22https:/drop-boss.co.uk/?path=%2Fsrv%2Fusers%2Fmkanyafarm%2Fapps%2Fmkanyafarm%2Fpublic%2Fwp-includes%2Fsodium_compat%2Fsodium_compat HTTP/2.0" 200 2725 "-" "Mozilla/5.0 AppleWebKit/537.36 (KHTML, like Gecko; compatible; ClaudeBot/1.0; +claudebot@anthropic.com)" "-" 106 0.062 "20135" "0.062" "mkanyafarm.com"
216.73.216.36 - - [07/Nov/2025:03:48:01 +0000] "GET /%22https:/drop-boss.co.uk/?fileloc=%2Fsrv%2Fusers%2Fmkanyafarm%2Fapps%2Fmkanyafarm%2Fpublic%2Fwp-admin%2Fnetwork%2Fsite-new.php&path=%2Fsrv%2Fusers%2Fmkanyafarm%2Fapps%2Fmkanyafarm%2Fpublic%2Fwp-admin%2Fnetwork HTTP/2.0" 200 5524 "-" "Mozilla/5.0 AppleWebKit/537.36 (KHTML, like Gecko; compatible; ClaudeBot/1.0; +claudebot@anthropic.com)" "-" 163 0.057 "24898" "0.057" "mkanyafarm.com"
74.7.227.3 - - [07/Nov/2025:03:48:01 +0000] "GET /sitemap-hot-4951330.xml?fileloc=/srv/users/mkanyafarm/apps/mkanyafarm/public/wp-includes/block-supports/background.php&path=/srv/users/mkanyafarm/apps/mkanyafarm/public/wp-includes/block-supports HTTP/2.0" 200 3528 "-" "Mozilla/5.0 AppleWebKit/537.36 (KHTML, like Gecko; compatible; GPTBot/1.2; +https://openai.com/gptbot)" "-" 161 0.059 "17540" "0.059" "mkanyafarm.com"
216.73.216.36 - - [07/Nov/2025:03:48:04 +0000] "GET /%22https:/drop-boss.co.uk?fileloc=%2Fsrv%2Fusers%2Fmkanyafarm%2Fapps%2Fmkanyafarm%2Fpublic%2Fwp-admin%2Fcss%2Fcustomize-nav-menus-rtl.min.css&path=%2Fsrv%2Fusers%2Fmkanyafarm%2Fapps%2Fmkanyafarm%2Fpublic%2Fwp-admin%2Fcss HTTP/2.0" 200 5458 "-" "Mozilla/5.0 AppleWebKit/537.36 (KHTML, like Gecko; compatible; ClaudeBot/1.0; +claudebot@anthropic.com)" "-" 169 0.084 "31113" "0.084" "mkanyafarm.com"
74.7.227.3 - - [07/Nov/2025:03:48:04 +0000] "GET /sitemapmobileindex.xml?fileloc=/srv/users/mkanyafarm/apps/mkanyafarm/public/wp-content/plugins/booking/core/any/css/admin-support.css&path=/srv/users/mkanyafarm/apps/mkanyafarm/public/wp-content/plugins/booking/core/any/css HTTP/2.0" 200 5992 "-" "Mozilla/5.0 AppleWebKit/537.36 (KHTML, like Gecko; compatible; GPTBot/1.2; +https://openai.com/gptbot)" "-" 180 0.115 "29953" "0.115" "mkanyafarm.com"
216.73.216.36 - - [07/Nov/2025:03:48:07 +0000] "GET /%22https:/drop-boss.co.uk/?fileloc=%2Fsrv%2Fusers%2Fmkanyafarm%2Fapps%2Fmkanyafarm%2Fpublic%2Fwp-admin%2Fnetwork%2Fthemes.php&path=%2Fsrv%2Fusers%2Fmkanyafarm%2Fapps%2Fmkanyafarm%2Fpublic%2Fwp-admin%2Fnetwork HTTP/2.0" 200 6442 "-" "Mozilla/5.0 AppleWebKit/537.36 (KHTML, like Gecko; compatible; ClaudeBot/1.0; +claudebot@anthropic.com)" "-" 162 0.227 "32762" "0.227" "mkanyafarm.com"
74.7.227.3 - - [07/Nov/2025:03:48:10 +0000] "GET /sitemapmobileindex.xml?fileloc=/srv/users/mkanyafarm/apps/mkanyafarm/public/wp-content/plugins/booking/css/skins/multidays.css&path=/srv/users/mkanyafarm/apps/mkanyafarm/public/wp-content/plugins/booking/css/skins HTTP/2.0" 200 5073 "-" "Mozilla/5.0 AppleWebKit/537.36 (KHTML, like Gecko; compatible; GPTBot/1.2; +https://openai.com/gptbot)" "-" 173 0.041 "29237" "0.041" "mkanyafarm.com"
216.73.216.36 - - [07/Nov/2025:03:48:10 +0000] "GET /%22https:/drop-boss.co.uk/?path=%2Fsrv%2Fusers%2Fmkanyafarm%2Fapps%2Fmkanyafarm%2Fpublic%2Fwp-includes%2Fblocks%2Fverse HTTP/2.0" 200 2735 "-" "Mozilla/5.0 AppleWebKit/537.36 (KHTML, like Gecko; compatible; ClaudeBot/1.0; +claudebot@anthropic.com)" "-" 96 0.048 "23161" "0.048" "mkanyafarm.com"
74.7.227.3 - - [07/Nov/2025:03:48:12 +0000] "GET /sitemapmobileindex.xml?fileloc=/srv/users/mkanyafarm/apps/mkanyafarm/public/wp-content/plugins/booking/css/skins/black.css&path=/srv/users/mkanyafarm/apps/mkanyafarm/public/wp-content/plugins/booking/css/skins HTTP/2.0" 200 5086 "-" "Mozilla/5.0 AppleWebKit/537.36 (KHTML, like Gecko; compatible; GPTBot/1.2; +https://openai.com/gptbot)" "-" 170 0.080 "29239" "0.080" "mkanyafarm.com"
216.73.216.36 - - [07/Nov/2025:03:48:13 +0000] "GET /%22https:/drop-boss.co.uk?fileloc=%2Fsrv%2Fusers%2Fmkanyafarm%2Fapps%2Fmkanyafarm%2Fpublic%2Fwp-admin%2Fcss%2Fcustomize-widgets-rtl.min.css&path=%2Fsrv%2Fusers%2Fmkanyafarm%2Fapps%2Fmkanyafarm%2Fpublic%2Fwp-admin%2Fcss HTTP/2.0" 200 4115 "-" "Mozilla/5.0 AppleWebKit/537.36 (KHTML, like Gecko; compatible; ClaudeBot/1.0; +claudebot@anthropic.com)" "-" 168 0.098 "22794" "0.098" "mkanyafarm.com"
216.73.216.36 - - [07/Nov/2025:03:48:16 +0000] "GET /%22https:/drop-boss.co.uk?fileloc=%2Fsrv%2Fusers%2Fmkanyafarm%2Fapps%2Fmkanyafarm%2Fpublic%2Fwp-admin%2Fcss%2Fcustomize-controls-rtl.min.css&path=%2Fsrv%2Fusers%2Fmkanyafarm%2Fapps%2Fmkanyafarm%2Fpublic%2Fwp-admin%2Fcss HTTP/2.0" 200 11918 "-" "Mozilla/5.0 AppleWebKit/537.36 (KHTML, like Gecko; compatible; ClaudeBot/1.0; +claudebot@anthropic.com)" "-" 168 0.050 "73756" "0.050" "mkanyafarm.com"
