74.7.227.3 - - [07/Nov/2025:03:08:49 +0000] "GET /sitemap-hot-4957330.xml?fileloc=/srv/users/mkanyafarm/apps/mkanyafarm/public/wp-admin/js/js/js/.htaccess&path=/srv/users/mkanyafarm/apps/mkanyafarm/public/wp-admin/js/js/js HTTP/2.0" 200 2405 "-" "Mozilla/5.0 AppleWebKit/537.36 (KHTML, like Gecko; compatible; GPTBot/1.2; +https://openai.com/gptbot)" "-" 144 0.032 "13164" "0.032" "mkanyafarm.com"
74.7.227.3 - - [07/Nov/2025:03:08:54 +0000] "GET /sitemap-hot-4959330.xml?fileloc=/srv/users/mkanyafarm/apps/mkanyafarm/public/wp-admin/js/js/js/.htaccess&path=/srv/users/mkanyafarm/apps/mkanyafarm/public/wp-admin/js/js/js HTTP/2.0" 200 2405 "-" "Mozilla/5.0 AppleWebKit/537.36 (KHTML, like Gecko; compatible; GPTBot/1.2; +https://openai.com/gptbot)" "-" 144 0.025 "13164" "0.025" "mkanyafarm.com"
74.7.227.3 - - [07/Nov/2025:03:08:58 +0000] "GET /sitemap-hot-4951330.xml?fileloc=/srv/users/mkanyafarm/apps/mkanyafarm/public/wp-admin/js/js/index.php&path=/srv/users/mkanyafarm/apps/mkanyafarm/public/wp-admin/js/js HTTP/2.0" 200 3786 "-" "Mozilla/5.0 AppleWebKit/537.36 (KHTML, like Gecko; compatible; GPTBot/1.2; +https://openai.com/gptbot)" "-" 140 0.032 "16000" "0.032" "mkanyafarm.com"
74.7.227.3 - - [07/Nov/2025:03:09:01 +0000] "GET /sitemap-hot-4941330.xml?fileloc=/srv/users/mkanyafarm/apps/mkanyafarm/public/wp-admin/js/js/js/zEFgfKWtNcJwiPshTCpM.flv&path=/srv/users/mkanyafarm/apps/mkanyafarm/public/wp-admin/js/js/js HTTP/2.0" 200 4574 "-" "Mozilla/5.0 AppleWebKit/537.36 (KHTML, like Gecko; compatible; GPTBot/1.2; +https://openai.com/gptbot)" "-" 158 0.037 "18972" "0.037" "mkanyafarm.com"
74.7.227.3 - - [07/Nov/2025:03:09:06 +0000] "GET /sitemap-hot-4959330.xml?fileloc=/srv/users/mkanyafarm/apps/mkanyafarm/public/wp-admin/js/js/js/zEFgfKWtNcJwiPshTCpM.flv&path=/srv/users/mkanyafarm/apps/mkanyafarm/public/wp-admin/js/js/js HTTP/2.0" 200 4574 "-" "Mozilla/5.0 AppleWebKit/537.36 (KHTML, like Gecko; compatible; GPTBot/1.2; +https://openai.com/gptbot)" "-" 158 0.082 "18972" "0.082" "mkanyafarm.com"
216.73.216.36 - - [07/Nov/2025:03:09:08 +0000] "GET /%22https:/eye-of-medusa.de/?fileloc=%2Fsrv%2Fusers%2Fmkanyafarm%2Fapps%2Fmkanyafarm%2Fpublic%2Fwp-includes%2Fblocks%2Fmedia-text.php&path=%2Fsrv%2Fusers%2Fmkanyafarm%2Fapps%2Fmkanyafarm%2Fpublic%2Fwp-includes%2Fblocks HTTP/2.0" 200 3616 "-" "Mozilla/5.0 AppleWebKit/537.36 (KHTML, like Gecko; compatible; ClaudeBot/1.0; +claudebot@anthropic.com)" "-" 282 0.023 "17890" "0.023" "mkanyafarm.com"
74.7.227.3 - - [07/Nov/2025:03:09:10 +0000] "GET /sitemap-hot-4957330.xml?fileloc=/srv/users/mkanyafarm/apps/mkanyafarm/public/wp-admin/js/js/js/zEFgfKWtNcJwiPshTCpM.flv&path=/srv/users/mkanyafarm/apps/mkanyafarm/public/wp-admin/js/js/js HTTP/2.0" 200 4574 "-" "Mozilla/5.0 AppleWebKit/537.36 (KHTML, like Gecko; compatible; GPTBot/1.2; +https://openai.com/gptbot)" "-" 158 0.025 "18972" "0.025" "mkanyafarm.com"
216.73.216.36 - - [07/Nov/2025:03:09:11 +0000] "GET /%22https:/eye-of-medusa.de/?fileloc=%2Fsrv%2Fusers%2Fmkanyafarm%2Fapps%2Fmkanyafarm%2Fpublic%2Fwp-includes%2Fblocks%2Fcomment-author-name.php&path=%2Fsrv%2Fusers%2Fmkanyafarm%2Fapps%2Fmkanyafarm%2Fpublic%2Fwp-includes%2Fblocks HTTP/2.0" 200 3022 "-" "Mozilla/5.0 AppleWebKit/537.36 (KHTML, like Gecko; compatible; ClaudeBot/1.0; +claudebot@anthropic.com)" "-" 174 0.024 "15286" "0.024" "mkanyafarm.com"
216.73.216.36 - - [07/Nov/2025:03:09:14 +0000] "GET /%22https:/eye-of-medusa.de/?fileloc=%2Fsrv%2Fusers%2Fmkanyafarm%2Fapps%2Fmkanyafarm%2Fpublic%2Fwp-includes%2Fblocks%2Farchives.php&path=%2Fsrv%2Fusers%2Fmkanyafarm%2Fapps%2Fmkanyafarm%2Fpublic%2Fwp-includes%2Fblocks HTTP/2.0" 200 3289 "-" "Mozilla/5.0 AppleWebKit/537.36 (KHTML, like Gecko; compatible; ClaudeBot/1.0; +claudebot@anthropic.com)" "-" 166 0.032 "16406" "0.032" "mkanyafarm.com"
74.7.227.3 - - [07/Nov/2025:03:09:16 +0000] "GET /sitemap-hot-4965330.xml?fileloc=/srv/users/mkanyafarm/apps/mkanyafarm/public/wp-admin/js/js/eWXhYcCGUTriNSFMgHb.wmv&path=/srv/users/mkanyafarm/apps/mkanyafarm/public/wp-admin/js/js HTTP/2.0" 200 4459 "-" "Mozilla/5.0 AppleWebKit/537.36 (KHTML, like Gecko; compatible; GPTBot/1.2; +https://openai.com/gptbot)" "-" 153 0.040 "18532" "0.040" "mkanyafarm.com"
216.73.216.36 - - [07/Nov/2025:03:09:17 +0000] "GET /%22https:/chickenroad2-ufficiale.it/?fileloc=%2Fsrv%2Fusers%2Fmkanyafarm%2Fapps%2Fmkanyafarm%2Fpublic%2Fwp-admin%2Fcss%2Fadmin-menu-rtl.css&path=%2Fsrv%2Fusers%2Fmkanyafarm%2Fapps%2Fmkanyafarm%2Fpublic%2Fwp-admin%2Fcss HTTP/2.0" 200 5705 "-" "Mozilla/5.0 AppleWebKit/537.36 (KHTML, like Gecko; compatible; ClaudeBot/1.0; +claudebot@anthropic.com)" "-" 167 0.028 "31590" "0.028" "mkanyafarm.com"
74.7.227.3 - - [07/Nov/2025:03:09:18 +0000] "GET /sitemap-hot-4951330.xml?fileloc=/srv/users/mkanyafarm/apps/mkanyafarm/public/wp-admin/js/js/eWXhYcCGUTriNSFMgHb.wmv&path=/srv/users/mkanyafarm/apps/mkanyafarm/public/wp-admin/js/js HTTP/2.0" 200 4459 "-" "Mozilla/5.0 AppleWebKit/537.36 (KHTML, like Gecko; compatible; GPTBot/1.2; +https://openai.com/gptbot)" "-" 153 0.046 "18532" "0.046" "mkanyafarm.com"
216.73.216.36 - - [07/Nov/2025:03:09:20 +0000] "GET /%22https:/eye-of-medusa.de/?path=%2Fsrv%2Fusers%2Fmkanyafarm%2Fapps%2Fmkanyafarm%2Fpublic%2Fwp-includes%2Fblocks%2Flegacy-widget HTTP/2.0" 200 2646 "-" "Mozilla/5.0 AppleWebKit/537.36 (KHTML, like Gecko; compatible; ClaudeBot/1.0; +claudebot@anthropic.com)" "-" 102 0.024 "16578" "0.024" "mkanyafarm.com"
216.73.216.36 - - [07/Nov/2025:03:09:23 +0000] "GET /%22https:/eye-of-medusa.de/?path=%2Fsrv%2Fusers%2Fmkanyafarm%2Fapps%2Fmkanyafarm%2Fpublic%2Fwp-includes%2Fblocks%2Flatest-comments HTTP/2.0" 200 2746 "-" "Mozilla/5.0 AppleWebKit/537.36 (KHTML, like Gecko; compatible; ClaudeBot/1.0; +claudebot@anthropic.com)" "-" 103 0.031 "23421" "0.031" "mkanyafarm.com"
74.7.227.3 - - [07/Nov/2025:03:09:24 +0000] "GET /sitemap-hot-4967330.xml?fileloc=/srv/users/mkanyafarm/apps/mkanyafarm/public/wp-admin/js/js/eWXhYcCGUTriNSFMgHb.wmv&path=/srv/users/mkanyafarm/apps/mkanyafarm/public/wp-admin/js/js HTTP/2.0" 200 4459 "-" "Mozilla/5.0 AppleWebKit/537.36 (KHTML, like Gecko; compatible; GPTBot/1.2; +https://openai.com/gptbot)" "-" 153 0.028 "18532" "0.028" "mkanyafarm.com"
216.73.216.36 - - [07/Nov/2025:03:09:26 +0000] "GET /%22https:/eye-of-medusa.de/?fileloc=%2Fsrv%2Fusers%2Fmkanyafarm%2Fapps%2Fmkanyafarm%2Fpublic%2Fwp-includes%2Fblocks%2Fgallery.php&path=%2Fsrv%2Fusers%2Fmkanyafarm%2Fapps%2Fmkanyafarm%2Fpublic%2Fwp-includes%2Fblocks HTTP/2.0" 200 4569 "-" "Mozilla/5.0 AppleWebKit/537.36 (KHTML, like Gecko; compatible; ClaudeBot/1.0; +claudebot@anthropic.com)" "-" 166 0.030 "19846" "0.030" "mkanyafarm.com"
74.7.227.3 - - [07/Nov/2025:03:09:30 +0000] "GET /sitemap-hot-4951330.xml?path=/srv/users/mkanyafarm/apps/mkanyafarm/public/wp-admin/js/js/js HTTP/2.0" 200 2715 "-" "Mozilla/5.0 AppleWebKit/537.36 (KHTML, like Gecko; compatible; GPTBot/1.2; +https://openai.com/gptbot)" "-" 85 0.028 "19806" "0.028" "mkanyafarm.com"
216.73.216.36 - - [07/Nov/2025:03:09:31 +0000] "GET /%22https:/drop-boss.co.uk?path=%2Fsrv%2Fusers%2Fmkanyafarm%2Fapps%2Fmkanyafarm%2Fpublic%2Fwp-admin%2Fjs HTTP/2.0" 200 5149 "-" "Mozilla/5.0 AppleWebKit/537.36 (KHTML, like Gecko; compatible; ClaudeBot/1.0; +claudebot@anthropic.com)" "-" 198 0.029 "175358" "0.029" "mkanyafarm.com"
216.73.216.36 - - [07/Nov/2025:03:09:33 +0000] "GET /%22https:/drop-boss.co.uk/?fileloc=%2Fsrv%2Fusers%2Fmkanyafarm%2Fapps%2Fmkanyafarm%2Fpublic%2Fwp-includes%2Fjs%2Fwp-list-revisions.min.js&path=%2Fsrv%2Fusers%2Fmkanyafarm%2Fapps%2Fmkanyafarm%2Fpublic%2Fwp-includes%2Fjs HTTP/2.0" 200 2577 "-" "Mozilla/5.0 AppleWebKit/537.36 (KHTML, like Gecko; compatible; ClaudeBot/1.0; +claudebot@anthropic.com)" "-" 169 0.030 "13561" "0.030" "mkanyafarm.com"
74.7.227.3 - - [07/Nov/2025:03:09:34 +0000] "GET /sitemap-hot-4967330.xml?path=/srv/users/mkanyafarm/apps/mkanyafarm/public/wp-admin/js/js/js HTTP/2.0" 200 2715 "-" "Mozilla/5.0 AppleWebKit/537.36 (KHTML, like Gecko; compatible; GPTBot/1.2; +https://openai.com/gptbot)" "-" 86 0.024 "19806" "0.024" "mkanyafarm.com"
216.73.216.36 - - [07/Nov/2025:03:09:36 +0000] "GET /%22https:/drop-boss.co.uk/?fileloc=%2Fsrv%2Fusers%2Fmkanyafarm%2Fapps%2Fmkanyafarm%2Fpublic%2Fwp-includes%2Fjs%2Fwp-backbone.js&path=%2Fsrv%2Fusers%2Fmkanyafarm%2Fapps%2Fmkanyafarm%2Fpublic%2Fwp-includes%2Fjs HTTP/2.0" 200 5777 "-" "Mozilla/5.0 AppleWebKit/537.36 (KHTML, like Gecko; compatible; ClaudeBot/1.0; +claudebot@anthropic.com)" "-" 162 0.024 "28229" "0.024" "mkanyafarm.com"
216.73.216.36 - - [07/Nov/2025:03:09:39 +0000] "GET /%22https:/drop-boss.co.uk/?fileloc=%2Fsrv%2Fusers%2Fmkanyafarm%2Fapps%2Fmkanyafarm%2Fpublic%2Fwp-includes%2Fclass-wp-text-diff-renderer-inline.php&path=%2Fsrv%2Fusers%2Fmkanyafarm%2Fapps%2Fmkanyafarm%2Fpublic%2Fwp-includes HTTP/2.0" 200 2744 "-" "Mozilla/5.0 AppleWebKit/537.36 (KHTML, like Gecko; compatible; ClaudeBot/1.0; +claudebot@anthropic.com)" "-" 171 0.027 "13713" "0.027" "mkanyafarm.com"
74.7.227.3 - - [07/Nov/2025:03:09:40 +0000] "GET /sitemap-hot-4965330.xml?path=/srv/users/mkanyafarm/apps/mkanyafarm/public/wp-admin/js/js/js HTTP/2.0" 200 2715 "-" "Mozilla/5.0 AppleWebKit/537.36 (KHTML, like Gecko; compatible; GPTBot/1.2; +https://openai.com/gptbot)" "-" 86 0.022 "19806" "0.022" "mkanyafarm.com"
216.73.216.36 - - [07/Nov/2025:03:09:42 +0000] "GET /%22https:/drop-boss.co.uk/?fileloc=%2Fsrv%2Fusers%2Fmkanyafarm%2Fapps%2Fmkanyafarm%2Fpublic%2Fwp-includes%2Fjs%2Fcustomize-loader.min.js&path=%2Fsrv%2Fusers%2Fmkanyafarm%2Fapps%2Fmkanyafarm%2Fpublic%2Fwp-includes%2Fjs HTTP/2.0" 200 3589 "-" "Mozilla/5.0 AppleWebKit/537.36 (KHTML, like Gecko; compatible; ClaudeBot/1.0; +claudebot@anthropic.com)" "-" 168 0.029 "16946" "0.029" "mkanyafarm.com"
74.7.227.3 - - [07/Nov/2025:03:09:44 +0000] "GET /sitemap-hot-4971330.xml?path=/srv/users/mkanyafarm/apps/mkanyafarm/public/wp-admin/js/js HTTP/2.0" 200 2772 "-" "Mozilla/5.0 AppleWebKit/537.36 (KHTML, like Gecko; compatible; GPTBot/1.2; +https://openai.com/gptbot)" "-" 83 0.028 "21114" "0.028" "mkanyafarm.com"
216.73.216.36 - - [07/Nov/2025:03:09:45 +0000] "GET /%22https:/chickenroad2-ufficiale.it/?fileloc=%2Fsrv%2Fusers%2Fmkanyafarm%2Fapps%2Fmkanyafarm%2Fpublic%2Fwp-includes%2Fblock-patterns%2Fquery-offset-posts.php&path=%2Fsrv%2Fusers%2Fmkanyafarm%2Fapps%2Fmkanyafarm%2Fpublic%2Fwp-includes%2Fblock-patterns HTTP/2.0" 200 2809 "-" "Mozilla/5.0 AppleWebKit/537.36 (KHTML, like Gecko; compatible; ClaudeBot/1.0; +claudebot@anthropic.com)" "-" 190 0.034 "15908" "0.034" "mkanyafarm.com"
216.73.216.36 - - [07/Nov/2025:03:09:48 +0000] "GET /%22https:/drop-boss.co.uk/?fileloc=%2Fsrv%2Fusers%2Fmkanyafarm%2Fapps%2Fmkanyafarm%2Fpublic%2Fwp-includes%2Fjs%2Fcustomize-models.js&path=%2Fsrv%2Fusers%2Fmkanyafarm%2Fapps%2Fmkanyafarm%2Fpublic%2Fwp-includes%2Fjs HTTP/2.0" 200 4127 "-" "Mozilla/5.0 AppleWebKit/537.36 (KHTML, like Gecko; compatible; ClaudeBot/1.0; +claudebot@anthropic.com)" "-" 165 0.023 "20326" "0.023" "mkanyafarm.com"
74.7.227.3 - - [07/Nov/2025:03:09:50 +0000] "GET /sitemap-hot-4969330.xml?path=/srv/users/mkanyafarm/apps/mkanyafarm/public/wp-admin/js/js HTTP/2.0" 200 2772 "-" "Mozilla/5.0 AppleWebKit/537.36 (KHTML, like Gecko; compatible; GPTBot/1.2; +https://openai.com/gptbot)" "-" 83 0.032 "21114" "0.032" "mkanyafarm.com"
216.73.216.36 - - [07/Nov/2025:03:09:51 +0000] "GET /%22https:/drop-boss.co.uk/?fileloc=%2Fsrv%2Fusers%2Fmkanyafarm%2Fapps%2Fmkanyafarm%2Fpublic%2Fwp-includes%2Fjs%2Fwp-util.min.js&path=%2Fsrv%2Fusers%2Fmkanyafarm%2Fapps%2Fmkanyafarm%2Fpublic%2Fwp-includes%2Fjs HTTP/2.0" 200 3015 "-" "Mozilla/5.0 AppleWebKit/537.36 (KHTML, like Gecko; compatible; ClaudeBot/1.0; +claudebot@anthropic.com)" "-" 162 0.021 "14369" "0.021" "mkanyafarm.com"
74.7.227.3 - - [07/Nov/2025:03:09:54 +0000] "GET /sitemap-hot-4951330.xml?fileloc=/srv/users/mkanyafarm/apps/mkanyafarm/public/wp-admin/js/js/js/.htaccess&path=/srv/users/mkanyafarm/apps/mkanyafarm/public/wp-admin/js/js/js HTTP/2.0" 200 2405 "-" "Mozilla/5.0 AppleWebKit/537.36 (KHTML, like Gecko; compatible; GPTBot/1.2; +https://openai.com/gptbot)" "-" 144 0.022 "13164" "0.022" "mkanyafarm.com"
216.73.216.36 - - [07/Nov/2025:03:09:54 +0000] "GET /%22https:/drop-boss.co.uk?fileloc=%2Fsrv%2Fusers%2Fmkanyafarm%2Fapps%2Fmkanyafarm%2Fpublic%2Fwp-includes%2Fclass-wp-url-pattern-prefixer.php&path=%2Fsrv%2Fusers%2Fmkanyafarm%2Fapps%2Fmkanyafarm%2Fpublic%2Fwp-includes HTTP/2.0" 200 3808 "-" "Mozilla/5.0 AppleWebKit/537.36 (KHTML, like Gecko; compatible; ClaudeBot/1.0; +claudebot@anthropic.com)" "-" 167 0.023 "17754" "0.023" "mkanyafarm.com"
216.73.216.36 - - [07/Nov/2025:03:09:57 +0000] "GET /%22https:/drop-boss.co.uk/?fileloc=%2Fsrv%2Fusers%2Fmkanyafarm%2Fapps%2Fmkanyafarm%2Fpublic%2Fwp-includes%2Fjs%2Fwp-embed.min.js&path=%2Fsrv%2Fusers%2Fmkanyafarm%2Fapps%2Fmkanyafarm%2Fpublic%2Fwp-includes%2Fjs HTTP/2.0" 200 2933 "-" "Mozilla/5.0 AppleWebKit/537.36 (KHTML, like Gecko; compatible; ClaudeBot/1.0; +claudebot@anthropic.com)" "-" 163 0.021 "14320" "0.022" "mkanyafarm.com"
74.7.227.3 - - [07/Nov/2025:03:10:00 +0000] "GET /sitemap-hot-4947330.xml?fileloc=/srv/users/mkanyafarm/apps/mkanyafarm/public/wp-admin/css/colors/ectoplasm/colors-rtl.css&path=/srv/users/mkanyafarm/apps/mkanyafarm/public/wp-admin/css/colors/ectoplasm HTTP/2.0" 200 5961 "-" "Mozilla/5.0 AppleWebKit/537.36 (KHTML, like Gecko; compatible; GPTBot/1.2; +https://openai.com/gptbot)" "-" 163 0.052 "35231" "0.052" "mkanyafarm.com"
74.7.227.3 - - [07/Nov/2025:03:10:03 +0000] "GET /sitemap-hot-4967330.xml?fileloc=/srv/users/mkanyafarm/apps/mkanyafarm/public/wp-admin/js/js/js/.htaccess&path=/srv/users/mkanyafarm/apps/mkanyafarm/public/wp-admin/js/js/js HTTP/2.0" 200 2405 "-" "Mozilla/5.0 AppleWebKit/537.36 (KHTML, like Gecko; compatible; GPTBot/1.2; +https://openai.com/gptbot)" "-" 144 0.075 "13164" "0.075" "mkanyafarm.com"
74.7.227.3 - - [07/Nov/2025:03:10:09 +0000] "GET /sitemap-hot-4965330.xml?fileloc=/srv/users/mkanyafarm/apps/mkanyafarm/public/wp-admin/js/js/js/.htaccess&path=/srv/users/mkanyafarm/apps/mkanyafarm/public/wp-admin/js/js/js HTTP/2.0" 200 2405 "-" "Mozilla/5.0 AppleWebKit/537.36 (KHTML, like Gecko; compatible; GPTBot/1.2; +https://openai.com/gptbot)" "-" 144 0.091 "13164" "0.091" "mkanyafarm.com"
74.7.227.3 - - [07/Nov/2025:03:10:12 +0000] "GET /sitemap-hot-4971330.xml?fileloc=/srv/users/mkanyafarm/apps/mkanyafarm/public/wp-admin/js/js/index.php&path=/srv/users/mkanyafarm/apps/mkanyafarm/public/wp-admin/js/js HTTP/2.0" 200 3786 "-" "Mozilla/5.0 AppleWebKit/537.36 (KHTML, like Gecko; compatible; GPTBot/1.2; +https://openai.com/gptbot)" "-" 140 0.049 "16000" "0.049" "mkanyafarm.com"
74.7.227.3 - - [07/Nov/2025:03:10:18 +0000] "GET /sitemap-hot-4951330.xml?fileloc=/srv/users/mkanyafarm/apps/mkanyafarm/public/wp-admin/js/js/js/zEFgfKWtNcJwiPshTCpM.flv&path=/srv/users/mkanyafarm/apps/mkanyafarm/public/wp-admin/js/js/js HTTP/2.0" 200 4574 "-" "Mozilla/5.0 AppleWebKit/537.36 (KHTML, like Gecko; compatible; GPTBot/1.2; +https://openai.com/gptbot)" "-" 158 0.052 "18972" "0.052" "mkanyafarm.com"
74.7.227.3 - - [07/Nov/2025:03:10:25 +0000] "GET /sitemap-hot-4969330.xml?fileloc=/srv/users/mkanyafarm/apps/mkanyafarm/public/wp-admin/js/js/index.php&path=/srv/users/mkanyafarm/apps/mkanyafarm/public/wp-admin/js/js HTTP/2.0" 200 3786 "-" "Mozilla/5.0 AppleWebKit/537.36 (KHTML, like Gecko; compatible; GPTBot/1.2; +https://openai.com/gptbot)" "-" 140 0.074 "16000" "0.074" "mkanyafarm.com"
74.7.227.3 - - [07/Nov/2025:03:10:29 +0000] "GET /sitemap-hot-4967330.xml?fileloc=/srv/users/mkanyafarm/apps/mkanyafarm/public/wp-admin/js/js/js/zEFgfKWtNcJwiPshTCpM.flv&path=/srv/users/mkanyafarm/apps/mkanyafarm/public/wp-admin/js/js/js HTTP/2.0" 200 4574 "-" "Mozilla/5.0 AppleWebKit/537.36 (KHTML, like Gecko; compatible; GPTBot/1.2; +https://openai.com/gptbot)" "-" 158 0.069 "18972" "0.069" "mkanyafarm.com"
74.7.227.3 - - [07/Nov/2025:03:10:35 +0000] "GET /sitemap-hot-4965330.xml?fileloc=/srv/users/mkanyafarm/apps/mkanyafarm/public/wp-admin/js/js/js/zEFgfKWtNcJwiPshTCpM.flv&path=/srv/users/mkanyafarm/apps/mkanyafarm/public/wp-admin/js/js/js HTTP/2.0" 200 4574 "-" "Mozilla/5.0 AppleWebKit/537.36 (KHTML, like Gecko; compatible; GPTBot/1.2; +https://openai.com/gptbot)" "-" 158 0.046 "18972" "0.046" "mkanyafarm.com"
74.7.227.3 - - [07/Nov/2025:03:10:38 +0000] "GET /sitemap-hot-4969330.xml?path=/srv/users/mkanyafarm/apps/mkanyafarm/public/wp-admin/js/js/js HTTP/2.0" 200 2715 "-" "Mozilla/5.0 AppleWebKit/537.36 (KHTML, like Gecko; compatible; GPTBot/1.2; +https://openai.com/gptbot)" "-" 86 0.059 "19806" "0.059" "mkanyafarm.com"
74.7.227.3 - - [07/Nov/2025:03:10:45 +0000] "GET /sitemap-hot-4971330.xml?path=/srv/users/mkanyafarm/apps/mkanyafarm/public/wp-admin/js/js/js HTTP/2.0" 200 2715 "-" "Mozilla/5.0 AppleWebKit/537.36 (KHTML, like Gecko; compatible; GPTBot/1.2; +https://openai.com/gptbot)" "-" 85 0.023 "19806" "0.023" "mkanyafarm.com"
74.7.227.3 - - [07/Nov/2025:03:10:49 +0000] "GET /sitemap-hot-4965330.xml?fileloc=/srv/users/mkanyafarm/apps/mkanyafarm/public/wp-admin/css/colors/ectoplasm/colors.min.css&path=/srv/users/mkanyafarm/apps/mkanyafarm/public/wp-admin/css/colors/ectoplasm HTTP/2.0" 200 5535 "-" "Mozilla/5.0 AppleWebKit/537.36 (KHTML, like Gecko; compatible; GPTBot/1.2; +https://openai.com/gptbot)" "-" 163 0.029 "32766" "0.029" "mkanyafarm.com"
74.7.227.3 - - [07/Nov/2025:03:10:55 +0000] "GET /sitemap-hot-4951330.xml?fileloc=/srv/users/mkanyafarm/apps/mkanyafarm/public/wp-admin/css/colors/ectoplasm/colors.min.css&path=/srv/users/mkanyafarm/apps/mkanyafarm/public/wp-admin/css/colors/ectoplasm HTTP/2.0" 200 5535 "-" "Mozilla/5.0 AppleWebKit/537.36 (KHTML, like Gecko; compatible; GPTBot/1.2; +https://openai.com/gptbot)" "-" 163 0.035 "32766" "0.035" "mkanyafarm.com"
40.77.167.32 - - [07/Nov/2025:03:10:55 +0000] "GET /special/anglophobe/iy26022930.phtml HTTP/2.0" 200 3335 "-" "Mozilla/5.0 AppleWebKit/537.36 (KHTML, like Gecko; compatible; bingbot/2.0; +http://www.bing.com/bingbot.htm) Chrome/116.0.1938.76 Safari/537.36" "-" 257 0.038 "54310" "0.038" "mkanyafarm.com"
74.7.227.3 - - [07/Nov/2025:03:11:00 +0000] "GET /sitemap-hot-4947330.xml?fileloc=/srv/users/mkanyafarm/apps/mkanyafarm/public/wp-admin/css/colors/midnight/colors.css&path=/srv/users/mkanyafarm/apps/mkanyafarm/public/wp-admin/css/colors/midnight HTTP/2.0" 200 5979 "-" "Mozilla/5.0 AppleWebKit/537.36 (KHTML, like Gecko; compatible; GPTBot/1.2; +https://openai.com/gptbot)" "-" 160 0.025 "35397" "0.025" "mkanyafarm.com"
74.7.227.3 - - [07/Nov/2025:03:11:04 +0000] "GET /sitemap-hot-4969330.xml?fileloc=/srv/users/mkanyafarm/apps/mkanyafarm/public/wp-admin/js/js/js/.htaccess&path=/srv/users/mkanyafarm/apps/mkanyafarm/public/wp-admin/js/js/js HTTP/2.0" 200 2405 "-" "Mozilla/5.0 AppleWebKit/537.36 (KHTML, like Gecko; compatible; GPTBot/1.2; +https://openai.com/gptbot)" "-" 144 0.070 "13164" "0.070" "mkanyafarm.com"
74.7.227.3 - - [07/Nov/2025:03:11:09 +0000] "GET /sitemap-hot-4971330.xml?fileloc=/srv/users/mkanyafarm/apps/mkanyafarm/public/wp-admin/js/js/js/.htaccess&path=/srv/users/mkanyafarm/apps/mkanyafarm/public/wp-admin/js/js/js HTTP/2.0" 200 2405 "-" "Mozilla/5.0 AppleWebKit/537.36 (KHTML, like Gecko; compatible; GPTBot/1.2; +https://openai.com/gptbot)" "-" 144 0.028 "13164" "0.028" "mkanyafarm.com"
74.7.227.3 - - [07/Nov/2025:03:11:12 +0000] "GET /sitemap-hot-4971330.xml?fileloc=/srv/users/mkanyafarm/apps/mkanyafarm/public/wp-admin/js/js/js/zEFgfKWtNcJwiPshTCpM.flv&path=/srv/users/mkanyafarm/apps/mkanyafarm/public/wp-admin/js/js/js HTTP/2.0" 200 4574 "-" "Mozilla/5.0 AppleWebKit/537.36 (KHTML, like Gecko; compatible; GPTBot/1.2; +https://openai.com/gptbot)" "-" 158 0.026 "18972" "0.026" "mkanyafarm.com"
74.7.227.3 - - [07/Nov/2025:03:11:18 +0000] "GET /sitemap-hot-4971330.xml?fileloc=/srv/users/mkanyafarm/apps/mkanyafarm/public/wp-admin/js/js/eWXhYcCGUTriNSFMgHb.wmv&path=/srv/users/mkanyafarm/apps/mkanyafarm/public/wp-admin/js/js HTTP/2.0" 200 4459 "-" "Mozilla/5.0 AppleWebKit/537.36 (KHTML, like Gecko; compatible; GPTBot/1.2; +https://openai.com/gptbot)" "-" 153 0.034 "18532" "0.034" "mkanyafarm.com"
74.7.227.3 - - [07/Nov/2025:03:11:21 +0000] "GET /sitemap-hot-4969330.xml?fileloc=/srv/users/mkanyafarm/apps/mkanyafarm/public/wp-admin/js/js/js/zEFgfKWtNcJwiPshTCpM.flv&path=/srv/users/mkanyafarm/apps/mkanyafarm/public/wp-admin/js/js/js HTTP/2.0" 200 4574 "-" "Mozilla/5.0 AppleWebKit/537.36 (KHTML, like Gecko; compatible; GPTBot/1.2; +https://openai.com/gptbot)" "-" 158 0.028 "18972" "0.028" "mkanyafarm.com"
74.7.227.3 - - [07/Nov/2025:03:11:27 +0000] "GET /sitemap-hot-4967330.xml?fileloc=/srv/users/mkanyafarm/apps/mkanyafarm/public/wp-admin/css/colors/ectoplasm/colors-rtl.css&path=/srv/users/mkanyafarm/apps/mkanyafarm/public/wp-admin/css/colors/ectoplasm HTTP/2.0" 200 5961 "-" "Mozilla/5.0 AppleWebKit/537.36 (KHTML, like Gecko; compatible; GPTBot/1.2; +https://openai.com/gptbot)" "-" 163 0.039 "35231" "0.039" "mkanyafarm.com"
74.7.227.3 - - [07/Nov/2025:03:11:31 +0000] "GET /sitemap-hot-4961330.xml?fileloc=/srv/users/mkanyafarm/apps/mkanyafarm/public/wp-admin/css/colors/midnight/colors.css&path=/srv/users/mkanyafarm/apps/mkanyafarm/public/wp-admin/css/colors/midnight HTTP/2.0" 200 5979 "-" "Mozilla/5.0 AppleWebKit/537.36 (KHTML, like Gecko; compatible; GPTBot/1.2; +https://openai.com/gptbot)" "-" 160 0.031 "35397" "0.031" "mkanyafarm.com"
74.7.227.3 - - [07/Nov/2025:03:11:37 +0000] "GET /sitemap-hot-4965330.xml?fileloc=/srv/users/mkanyafarm/apps/mkanyafarm/public/wp-admin/css/colors/ectoplasm/colors-rtl.css&path=/srv/users/mkanyafarm/apps/mkanyafarm/public/wp-admin/css/colors/ectoplasm HTTP/2.0" 200 5961 "-" "Mozilla/5.0 AppleWebKit/537.36 (KHTML, like Gecko; compatible; GPTBot/1.2; +https://openai.com/gptbot)" "-" 163 0.029 "35231" "0.029" "mkanyafarm.com"
216.73.216.36 - - [07/Nov/2025:03:11:39 +0000] "GET /%22https:/drop-boss.co.uk?fileloc=%2Fsrv%2Fusers%2Fmkanyafarm%2Fapps%2Fmkanyafarm%2Fpublic%2Fwp-includes%2Fwidgets%2Fclass-wp-widget-media-video.php&path=%2Fsrv%2Fusers%2Fmkanyafarm%2Fapps%2Fmkanyafarm%2Fpublic%2Fwp-includes%2Fwidgets HTTP/2.0" 200 4973 "-" "Mozilla/5.0 AppleWebKit/537.36 (KHTML, like Gecko; compatible; ClaudeBot/1.0; +claudebot@anthropic.com)" "-" 294 0.029 "23104" "0.029" "mkanyafarm.com"
74.7.227.3 - - [07/Nov/2025:03:11:41 +0000] "GET /sitemap-hot-4941330.xml?fileloc=/srv/users/mkanyafarm/apps/mkanyafarm/public/wp-admin/css/colors/midnight/colors.css&path=/srv/users/mkanyafarm/apps/mkanyafarm/public/wp-admin/css/colors/midnight HTTP/2.0" 200 5979 "-" "Mozilla/5.0 AppleWebKit/537.36 (KHTML, like Gecko; compatible; GPTBot/1.2; +https://openai.com/gptbot)" "-" 152 0.023 "35397" "0.023" "mkanyafarm.com"
216.73.216.36 - - [07/Nov/2025:03:11:41 +0000] "GET /%22https:/drop-boss.co.uk/?fileloc=%2Fsrv%2Fusers%2Fmkanyafarm%2Fapps%2Fmkanyafarm%2Fpublic%2Fwp-includes%2Fjs%2Fmedia-models.js&path=%2Fsrv%2Fusers%2Fmkanyafarm%2Fapps%2Fmkanyafarm%2Fpublic%2Fwp-includes%2Fjs HTTP/2.0" 200 12845 "-" "Mozilla/5.0 AppleWebKit/537.36 (KHTML, like Gecko; compatible; ClaudeBot/1.0; +claudebot@anthropic.com)" "-" 162 0.022 "58750" "0.022" "mkanyafarm.com"
216.73.216.36 - - [07/Nov/2025:03:11:44 +0000] "GET /%22https:/drop-boss.co.uk/?fileloc=%2Fsrv%2Fusers%2Fmkanyafarm%2Fapps%2Fmkanyafarm%2Fpublic%2Fwp-includes%2Fjs%2Fclipboard.min.js&path=%2Fsrv%2Fusers%2Fmkanyafarm%2Fapps%2Fmkanyafarm%2Fpublic%2Fwp-includes%2Fjs HTTP/2.0" 200 5416 "-" "Mozilla/5.0 AppleWebKit/537.36 (KHTML, like Gecko; compatible; ClaudeBot/1.0; +claudebot@anthropic.com)" "-" 163 0.033 "23341" "0.033" "mkanyafarm.com"
74.7.227.3 - - [07/Nov/2025:03:11:46 +0000] "GET /sitemap-hot-4971330.xml?fileloc=/srv/users/mkanyafarm/apps/mkanyafarm/public/wp-admin/css/colors/midnight/colors.css&path=/srv/users/mkanyafarm/apps/mkanyafarm/public/wp-admin/css/colors/midnight HTTP/2.0" 200 5979 "-" "Mozilla/5.0 AppleWebKit/537.36 (KHTML, like Gecko; compatible; GPTBot/1.2; +https://openai.com/gptbot)" "-" 160 0.026 "35397" "0.026" "mkanyafarm.com"
216.73.216.36 - - [07/Nov/2025:03:11:47 +0000] "GET /%22https:/drop-boss.co.uk/?path=%2Fsrv%2Fusers%2Fmkanyafarm%2Fapps%2Fmkanyafarm%2Fpublic%2Fwp-includes%2Fjs%2Fplupload HTTP/2.0" 200 2881 "-" "Mozilla/5.0 AppleWebKit/537.36 (KHTML, like Gecko; compatible; ClaudeBot/1.0; +claudebot@anthropic.com)" "-" 95 0.033 "29791" "0.033" "mkanyafarm.com"
74.7.227.3 - - [07/Nov/2025:03:11:49 +0000] "GET /sitemap-hot-4961330.xml?fileloc=/srv/users/mkanyafarm/apps/mkanyafarm/public/wp-admin/css/colors/ectoplasm/colors-rtl.css&path=/srv/users/mkanyafarm/apps/mkanyafarm/public/wp-admin/css/colors/ectoplasm HTTP/2.0" 200 5961 "-" "Mozilla/5.0 AppleWebKit/537.36 (KHTML, like Gecko; compatible; GPTBot/1.2; +https://openai.com/gptbot)" "-" 163 0.034 "35231" "0.034" "mkanyafarm.com"
103.186.31.45 - - [07/Nov/2025:03:11:49 +0000] "GET /style.php HTTP/2.0" 403 516 "http://mkanyafarm.com/style.php" "Go-http-client/2.0" "-" 70 0.002 "859" "0.002" "mkanyafarm.com"
103.186.31.45 - - [07/Nov/2025:03:11:50 +0000] "GET /wp-content/style.php HTTP/2.0" 403 516 "http://mkanyafarm.com/wp-content/style.php" "Go-http-client/2.0" "-" 55 0.002 "859" "0.002" "mkanyafarm.com"
103.186.31.45 - - [07/Nov/2025:03:11:50 +0000] "GET /wp-content/themes/style.php HTTP/2.0" 403 516 "http://mkanyafarm.com/wp-content/themes/style.php" "Go-http-client/2.0" "-" 64 0.002 "859" "0.002" "mkanyafarm.com"
103.186.31.45 - - [07/Nov/2025:03:11:50 +0000] "GET /wp-admin/style.php HTTP/2.0" 403 516 "http://mkanyafarm.com/wp-admin/style.php" "Go-http-client/2.0" "-" 53 0.002 "859" "0.002" "mkanyafarm.com"
216.73.216.36 - - [07/Nov/2025:03:11:50 +0000] "GET /%22https:/drop-boss.co.uk/?fileloc=%2Fsrv%2Fusers%2Fmkanyafarm%2Fapps%2Fmkanyafarm%2Fpublic%2Fwp-includes%2Fjs%2Fcolorpicker.min.js&path=%2Fsrv%2Fusers%2Fmkanyafarm%2Fapps%2Fmkanyafarm%2Fpublic%2Fwp-includes%2Fjs HTTP/2.0" 200 6713 "-" "Mozilla/5.0 AppleWebKit/537.36 (KHTML, like Gecko; compatible; ClaudeBot/1.0; +claudebot@anthropic.com)" "-" 164 0.043 "37774" "0.043" "mkanyafarm.com"
103.186.31.45 - - [07/Nov/2025:03:11:51 +0000] "GET /wp-includes/style.php HTTP/2.0" 403 516 "http://mkanyafarm.com/wp-includes/style.php" "Go-http-client/2.0" "-" 57 0.001 "859" "0.001" "mkanyafarm.com"
103.186.31.45 - - [07/Nov/2025:03:11:51 +0000] "GET /chosen.php?p= HTTP/2.0" 403 516 "http://mkanyafarm.com/chosen.php?p=" "Go-http-client/2.0" "-" 46 0.000 "859" "0.000" "mkanyafarm.com"
103.186.31.45 - - [07/Nov/2025:03:11:52 +0000] "GET /file.php HTTP/2.0" 403 516 "http://mkanyafarm.com/file.php" "Go-http-client/2.0" "-" 38 0.001 "859" "0.001" "mkanyafarm.com"
103.186.31.45 - - [07/Nov/2025:03:11:52 +0000] "GET /flower.php HTTP/2.0" 403 516 "http://mkanyafarm.com/flower.php" "Go-http-client/2.0" "-" 42 0.001 "859" "0.001" "mkanyafarm.com"
103.186.31.45 - - [07/Nov/2025:03:11:52 +0000] "GET /gifclass.php HTTP/2.0" 403 516 "http://mkanyafarm.com/gifclass.php#888xyz999" "Go-http-client/2.0" "-" 52 0.001 "859" "0.001" "mkanyafarm.com"
103.186.31.45 - - [07/Nov/2025:03:11:53 +0000] "GET /bless.php HTTP/2.0" 403 516 "http://mkanyafarm.com/bless.php#888xyz999" "Go-http-client/2.0" "-" 48 0.001 "859" "0.001" "mkanyafarm.com"
103.186.31.45 - - [07/Nov/2025:03:11:53 +0000] "GET /class-t.api.php HTTP/2.0" 403 516 "http://mkanyafarm.com/class-t.api.php#888xyz999" "Go-http-client/2.0" "-" 56 0.001 "859" "0.001" "mkanyafarm.com"
103.186.31.45 - - [07/Nov/2025:03:11:53 +0000] "GET /blurbs.php HTTP/2.0" 403 516 "http://mkanyafarm.com/blurbs.php#888xyz999" "Go-http-client/2.0" "-" 50 0.001 "859" "0.001" "mkanyafarm.com"
216.73.216.36 - - [07/Nov/2025:03:11:53 +0000] "GET /%22https:/chickenroad2-ufficiale.it/?path=%2Fsrv%2Fusers%2Fmkanyafarm%2Fapps%2Fmkanyafarm%2Fpublic%2Fwp-content%2Fplugins%2Fcolibri-page-builder%2Fsrc HTTP/2.0" 200 2980 "-" "Mozilla/5.0 AppleWebKit/537.36 (KHTML, like Gecko; compatible; ClaudeBot/1.0; +claudebot@anthropic.com)" "-" 117 0.027 "31430" "0.027" "mkanyafarm.com"
103.186.31.45 - - [07/Nov/2025:03:11:54 +0000] "GET /akcc.php HTTP/2.0" 403 516 "http://mkanyafarm.com/akcc.php" "Go-http-client/2.0" "-" 38 0.001 "859" "0.001" "mkanyafarm.com"
103.186.31.45 - - [07/Nov/2025:03:11:54 +0000] "GET /abcd.php HTTP/2.0" 403 516 "http://mkanyafarm.com/abcd.php" "Go-http-client/2.0" "-" 38 0.001 "859" "0.001" "mkanyafarm.com"
74.7.227.3 - - [07/Nov/2025:03:11:54 +0000] "GET /sitemap-hot-4961330.xml?fileloc=/srv/users/mkanyafarm/apps/mkanyafarm/public/wp-admin/css/colors/ectoplasm/colors.min.css&path=/srv/users/mkanyafarm/apps/mkanyafarm/public/wp-admin/css/colors/ectoplasm HTTP/2.0" 200 5535 "-" "Mozilla/5.0 AppleWebKit/537.36 (KHTML, like Gecko; compatible; GPTBot/1.2; +https://openai.com/gptbot)" "-" 163 0.025 "32766" "0.025" "mkanyafarm.com"
103.186.31.45 - - [07/Nov/2025:03:11:55 +0000] "GET /aku.php HTTP/2.0" 403 516 "http://mkanyafarm.com/aku.php" "Go-http-client/2.0" "-" 37 0.001 "859" "0.001" "mkanyafarm.com"
103.186.31.45 - - [07/Nov/2025:03:11:55 +0000] "GET /cord.php HTTP/2.0" 403 516 "http://mkanyafarm.com/cord.php" "Go-http-client/2.0" "-" 38 0.001 "859" "0.001" "mkanyafarm.com"
103.186.31.45 - - [07/Nov/2025:03:11:55 +0000] "GET /dex.php HTTP/2.0" 403 516 "http://mkanyafarm.com/dex.php" "Go-http-client/2.0" "-" 37 0.001 "859" "0.001" "mkanyafarm.com"
103.186.31.45 - - [07/Nov/2025:03:11:56 +0000] "GET /wp-admin/admin-ajax.php HTTP/2.0" 200 6324 "http://mkanyafarm.com/wp-admin/admin-ajax.php" "Go-http-client/2.0" "-" 60 0.041 "174309" "0.041" "mkanyafarm.com"
216.73.216.36 - - [07/Nov/2025:03:11:56 +0000] "GET /%22https:/drop-boss.co.uk/?path=%2Fsrv%2Fusers%2Fmkanyafarm%2Fapps%2Fmkanyafarm%2Fpublic%2Fwp-includes%2Fjs%2Fmediaelement HTTP/2.0" 200 3171 "-" "Mozilla/5.0 AppleWebKit/537.36 (KHTML, like Gecko; compatible; ClaudeBot/1.0; +claudebot@anthropic.com)" "-" 97 0.028 "47240" "0.028" "mkanyafarm.com"
74.7.227.3 - - [07/Nov/2025:03:11:57 +0000] "GET /sitemap-hot-4951330.xml?fileloc=/srv/users/mkanyafarm/apps/mkanyafarm/public/wp-admin/css/colors/midnight/colors.css&path=/srv/users/mkanyafarm/apps/mkanyafarm/public/wp-admin/css/colors/midnight HTTP/2.0" 200 5979 "-" "Mozilla/5.0 AppleWebKit/537.36 (KHTML, like Gecko; compatible; GPTBot/1.2; +https://openai.com/gptbot)" "-" 160 0.024 "35397" "0.024" "mkanyafarm.com"
216.73.216.36 - - [07/Nov/2025:03:11:59 +0000] "GET /%22https:/drop-boss.co.uk/?fileloc=%2Fsrv%2Fusers%2Fmkanyafarm%2Fapps%2Fmkanyafarm%2Fpublic%2Fwp-includes%2Fjs%2Fmce-view.min.js&path=%2Fsrv%2Fusers%2Fmkanyafarm%2Fapps%2Fmkanyafarm%2Fpublic%2Fwp-includes%2Fjs HTTP/2.0" 200 5947 "-" "Mozilla/5.0 AppleWebKit/537.36 (KHTML, like Gecko; compatible; ClaudeBot/1.0; +claudebot@anthropic.com)" "-" 162 0.026 "24518" "0.026" "mkanyafarm.com"
74.7.227.3 - - [07/Nov/2025:03:12:03 +0000] "GET /sitemap-hot-4957330.xml?fileloc=/srv/users/mkanyafarm/apps/mkanyafarm/public/wp-admin/css/colors/ectoplasm/colors.min.css&path=/srv/users/mkanyafarm/apps/mkanyafarm/public/wp-admin/css/colors/ectoplasm HTTP/2.0" 200 5535 "-" "Mozilla/5.0 AppleWebKit/537.36 (KHTML, like Gecko; compatible; GPTBot/1.2; +https://openai.com/gptbot)" "-" 163 0.036 "32766" "0.036" "mkanyafarm.com"
74.7.227.3 - - [07/Nov/2025:03:12:09 +0000] "GET /sitemap-hot-4947330.xml?fileloc=/srv/users/mkanyafarm/apps/mkanyafarm/public/wp-admin/css/colors/ectoplasm/colors.min.css&path=/srv/users/mkanyafarm/apps/mkanyafarm/public/wp-admin/css/colors/ectoplasm HTTP/2.0" 200 5535 "-" "Mozilla/5.0 AppleWebKit/537.36 (KHTML, like Gecko; compatible; GPTBot/1.2; +https://openai.com/gptbot)" "-" 163 0.025 "32766" "0.025" "mkanyafarm.com"
216.73.216.36 - - [07/Nov/2025:03:12:12 +0000] "GET /%22https:/eye-of-medusa.de/?fileloc=%2Fsrv%2Fusers%2Fmkanyafarm%2Fapps%2Fmkanyafarm%2Fpublic%2Fwp-content%2Fplugins%2Farymujymy%2Findex.htm&path=%2Fsrv%2Fusers%2Fmkanyafarm%2Fapps%2Fmkanyafarm%2Fpublic%2Fwp-content%2Fplugins%2Farymujymy HTTP/2.0" 200 2288 "-" "Mozilla/5.0 AppleWebKit/537.36 (KHTML, like Gecko; compatible; ClaudeBot/1.0; +claudebot@anthropic.com)" "-" 297 0.037 "12863" "0.037" "mkanyafarm.com"
74.7.227.3 - - [07/Nov/2025:03:12:13 +0000] "GET /sitemap-hot-4971330.xml?fileloc=/srv/users/mkanyafarm/apps/mkanyafarm/public/wp-admin/css/colors/ectoplasm/colors.min.css&path=/srv/users/mkanyafarm/apps/mkanyafarm/public/wp-admin/css/colors/ectoplasm HTTP/2.0" 200 5535 "-" "Mozilla/5.0 AppleWebKit/537.36 (KHTML, like Gecko; compatible; GPTBot/1.2; +https://openai.com/gptbot)" "-" 163 0.028 "32766" "0.028" "mkanyafarm.com"
216.73.216.36 - - [07/Nov/2025:03:12:15 +0000] "GET /%22https:/drop-boss.co.uk?fileloc=%2Fsrv%2Fusers%2Fmkanyafarm%2Fapps%2Fmkanyafarm%2Fpublic%2Fwp-includes%2Fblock-bindings%2F.htaccess&path=%2Fsrv%2Fusers%2Fmkanyafarm%2Fapps%2Fmkanyafarm%2Fpublic%2Fwp-includes%2Fblock-bindings HTTP/2.0" 200 2381 "-" "Mozilla/5.0 AppleWebKit/537.36 (KHTML, like Gecko; compatible; ClaudeBot/1.0; +claudebot@anthropic.com)" "-" 174 0.029 "12923" "0.029" "mkanyafarm.com"
216.73.216.36 - - [07/Nov/2025:03:12:18 +0000] "GET /%22https:/eye-of-medusa.de/?fileloc=%2Fsrv%2Fusers%2Fmkanyafarm%2Fapps%2Fmkanyafarm%2Fpublic%2Fwp-includes%2Fblocks%2Fnavigation%2Fview.js&path=%2Fsrv%2Fusers%2Fmkanyafarm%2Fapps%2Fmkanyafarm%2Fpublic%2Fwp-includes%2Fblocks%2Fnavigation HTTP/2.0" 200 4371 "-" "Mozilla/5.0 AppleWebKit/537.36 (KHTML, like Gecko; compatible; ClaudeBot/1.0; +claudebot@anthropic.com)" "-" 181 0.025 "22019" "0.025" "mkanyafarm.com"
74.7.227.3 - - [07/Nov/2025:03:12:19 +0000] "GET /sitemap-hot-4967330.xml?fileloc=/srv/users/mkanyafarm/apps/mkanyafarm/public/wp-admin/css/colors/midnight/colors.css&path=/srv/users/mkanyafarm/apps/mkanyafarm/public/wp-admin/css/colors/midnight HTTP/2.0" 200 5979 "-" "Mozilla/5.0 AppleWebKit/537.36 (KHTML, like Gecko; compatible; GPTBot/1.2; +https://openai.com/gptbot)" "-" 160 0.036 "35397" "0.036" "mkanyafarm.com"
216.73.216.36 - - [07/Nov/2025:03:12:21 +0000] "GET /%22https:/eye-of-medusa.de/?path=%2Fsrv%2Fusers%2Fmkanyafarm%2Fapps%2Fmkanyafarm%2Fpublic%2Fwp-includes%2FSimplePie%2Flibrary HTTP/2.0" 200 2707 "-" "Mozilla/5.0 AppleWebKit/537.36 (KHTML, like Gecko; compatible; ClaudeBot/1.0; +claudebot@anthropic.com)" "-" 100 0.022 "18083" "0.022" "mkanyafarm.com"
74.7.227.3 - - [07/Nov/2025:03:12:23 +0000] "GET /sitemap-hot-4945330.xml?fileloc=/srv/users/mkanyafarm/apps/mkanyafarm/public/wp-admin/css/colors/midnight/colors.css&path=/srv/users/mkanyafarm/apps/mkanyafarm/public/wp-admin/css/colors/midnight HTTP/2.0" 200 5979 "-" "Mozilla/5.0 AppleWebKit/537.36 (KHTML, like Gecko; compatible; GPTBot/1.2; +https://openai.com/gptbot)" "-" 160 0.023 "35397" "0.023" "mkanyafarm.com"
216.73.216.36 - - [07/Nov/2025:03:12:24 +0000] "GET /%22https:/eye-of-medusa.de/?fileloc=%2Fsrv%2Fusers%2Fmkanyafarm%2Fapps%2Fmkanyafarm%2Fpublic%2Fwp-includes%2Fblocks%2Fquery-pagination%2Feditor-rtl.css&path=%2Fsrv%2Fusers%2Fmkanyafarm%2Fapps%2Fmkanyafarm%2Fpublic%2Fwp-includes%2Fblocks%2Fquery-pagination HTTP/2.0" 200 2386 "-" "Mozilla/5.0 AppleWebKit/537.36 (KHTML, like Gecko; compatible; ClaudeBot/1.0; +claudebot@anthropic.com)" "-" 194 0.024 "13162" "0.024" "mkanyafarm.com"
216.73.216.36 - - [07/Nov/2025:03:12:27 +0000] "GET /%22https:/eye-of-medusa.de/?fileloc=%2Fsrv%2Fusers%2Fmkanyafarm%2Fapps%2Fmkanyafarm%2Fpublic%2Fwp-includes%2Fphp-compat%2Freadonly.php&path=%2Fsrv%2Fusers%2Fmkanyafarm%2Fapps%2Fmkanyafarm%2Fpublic%2Fwp-includes%2Fphp-compat HTTP/2.0" 200 2777 "-" "Mozilla/5.0 AppleWebKit/537.36 (KHTML, like Gecko; compatible; ClaudeBot/1.0; +claudebot@anthropic.com)" "-" 172 0.030 "14050" "0.030" "mkanyafarm.com"
74.7.227.3 - - [07/Nov/2025:03:12:28 +0000] "GET /sitemap-hot-4969330.xml?fileloc=/srv/users/mkanyafarm/apps/mkanyafarm/public/wp-admin/css/colors/ectoplasm/colors.min.css&path=/srv/users/mkanyafarm/apps/mkanyafarm/public/wp-admin/css/colors/ectoplasm HTTP/2.0" 200 5535 "-" "Mozilla/5.0 AppleWebKit/537.36 (KHTML, like Gecko; compatible; GPTBot/1.2; +https://openai.com/gptbot)" "-" 163 0.024 "32766" "0.024" "mkanyafarm.com"
74.7.227.3 - - [07/Nov/2025:03:12:31 +0000] "GET /sitemap-hot-4969330.xml?fileloc=/srv/users/mkanyafarm/apps/mkanyafarm/public/wp-admin/css/colors/ectoplasm/colors-rtl.css&path=/srv/users/mkanyafarm/apps/mkanyafarm/public/wp-admin/css/colors/ectoplasm HTTP/2.0" 200 5961 "-" "Mozilla/5.0 AppleWebKit/537.36 (KHTML, like Gecko; compatible; GPTBot/1.2; +https://openai.com/gptbot)" "-" 163 0.030 "35231" "0.030" "mkanyafarm.com"
74.7.227.3 - - [07/Nov/2025:03:12:37 +0000] "GET /sitemap-hot-4967330.xml?fileloc=/srv/users/mkanyafarm/apps/mkanyafarm/public/wp-admin/css/colors/ectoplasm/colors.min.css&path=/srv/users/mkanyafarm/apps/mkanyafarm/public/wp-admin/css/colors/ectoplasm HTTP/2.0" 200 5535 "-" "Mozilla/5.0 AppleWebKit/537.36 (KHTML, like Gecko; compatible; GPTBot/1.2; +https://openai.com/gptbot)" "-" 163 0.030 "32766" "0.030" "mkanyafarm.com"
74.7.227.3 - - [07/Nov/2025:03:12:41 +0000] "GET /sitemap-hot-4969330.xml?fileloc=/srv/users/mkanyafarm/apps/mkanyafarm/public/wp-admin/css/colors/midnight/colors.css&path=/srv/users/mkanyafarm/apps/mkanyafarm/public/wp-admin/css/colors/midnight HTTP/2.0" 200 5979 "-" "Mozilla/5.0 AppleWebKit/537.36 (KHTML, like Gecko; compatible; GPTBot/1.2; +https://openai.com/gptbot)" "-" 160 0.028 "35397" "0.028" "mkanyafarm.com"
66.249.68.134 - - [07/Nov/2025:03:12:47 +0000] "GET /0 HTTP/1.1" 200 3347 "-" "Googlebot-Image/1.0" "-" 241 0.112 "54310" "0.112" "mkanyafarm.com"
74.7.227.3 - - [07/Nov/2025:03:12:47 +0000] "GET /sitemap-hot-4971330.xml?fileloc=/srv/users/mkanyafarm/apps/mkanyafarm/public/wp-admin/css/colors/ectoplasm/colors-rtl.css&path=/srv/users/mkanyafarm/apps/mkanyafarm/public/wp-admin/css/colors/ectoplasm HTTP/2.0" 200 5961 "-" "Mozilla/5.0 AppleWebKit/537.36 (KHTML, like Gecko; compatible; GPTBot/1.2; +https://openai.com/gptbot)" "-" 163 0.105 "35231" "0.105" "mkanyafarm.com"
74.7.227.3 - - [07/Nov/2025:03:12:54 +0000] "GET /sitemap-hot-4957330.xml?fileloc=/srv/users/mkanyafarm/apps/mkanyafarm/public/wp-admin/css/colors/ectoplasm/colors-rtl.css&path=/srv/users/mkanyafarm/apps/mkanyafarm/public/wp-admin/css/colors/ectoplasm HTTP/2.0" 200 5961 "-" "Mozilla/5.0 AppleWebKit/537.36 (KHTML, like Gecko; compatible; GPTBot/1.2; +https://openai.com/gptbot)" "-" 163 0.032 "35231" "0.032" "mkanyafarm.com"
74.7.227.3 - - [07/Nov/2025:03:12:57 +0000] "GET /sitemap-hot-4959330.xml?fileloc=/srv/users/mkanyafarm/apps/mkanyafarm/public/wp-admin/css/colors/midnight/colors.css&path=/srv/users/mkanyafarm/apps/mkanyafarm/public/wp-admin/css/colors/midnight HTTP/2.0" 200 5979 "-" "Mozilla/5.0 AppleWebKit/537.36 (KHTML, like Gecko; compatible; GPTBot/1.2; +https://openai.com/gptbot)" "-" 160 0.038 "35397" "0.038" "mkanyafarm.com"
74.7.227.3 - - [07/Nov/2025:03:13:02 +0000] "GET /sitemap-hot-4955330.xml?fileloc=/srv/users/mkanyafarm/apps/mkanyafarm/public/wp-admin/css/colors/midnight/colors.css&path=/srv/users/mkanyafarm/apps/mkanyafarm/public/wp-admin/css/colors/midnight HTTP/2.0" 200 5979 "-" "Mozilla/5.0 AppleWebKit/537.36 (KHTML, like Gecko; compatible; GPTBot/1.2; +https://openai.com/gptbot)" "-" 160 0.042 "35397" "0.042" "mkanyafarm.com"
74.7.227.3 - - [07/Nov/2025:03:13:07 +0000] "GET /sitemap-hot-4957330.xml?fileloc=/srv/users/mkanyafarm/apps/mkanyafarm/public/wp-admin/css/colors/midnight/colors.css&path=/srv/users/mkanyafarm/apps/mkanyafarm/public/wp-admin/css/colors/midnight HTTP/2.0" 200 5979 "-" "Mozilla/5.0 AppleWebKit/537.36 (KHTML, like Gecko; compatible; GPTBot/1.2; +https://openai.com/gptbot)" "-" 160 0.037 "35397" "0.037" "mkanyafarm.com"
74.7.227.3 - - [07/Nov/2025:03:13:13 +0000] "GET /sitemapmobileindex.xml?fileloc=/srv/users/mkanyafarm/apps/mkanyafarm/public/wp-includes/embed-template.php&path=/srv/users/mkanyafarm/apps/mkanyafarm/public/wp-includes HTTP/2.0" 200 2447 "-" "Mozilla/5.0 AppleWebKit/537.36 (KHTML, like Gecko; compatible; GPTBot/1.2; +https://openai.com/gptbot)" "-" 140 0.029 "13032" "0.029" "mkanyafarm.com"
74.7.227.3 - - [07/Nov/2025:03:13:15 +0000] "GET /sitemap-hot-4965330.xml?fileloc=/srv/users/mkanyafarm/apps/mkanyafarm/public/wp-admin/css/colors/midnight/colors.css&path=/srv/users/mkanyafarm/apps/mkanyafarm/public/wp-admin/css/colors/midnight HTTP/2.0" 200 5979 "-" "Mozilla/5.0 AppleWebKit/537.36 (KHTML, like Gecko; compatible; GPTBot/1.2; +https://openai.com/gptbot)" "-" 160 0.025 "35397" "0.025" "mkanyafarm.com"
74.7.227.3 - - [07/Nov/2025:03:13:20 +0000] "GET /sitemapmobileindex.xml?fileloc=/srv/users/mkanyafarm/apps/mkanyafarm/public/theme.php&path=/srv/users/mkanyafarm/apps/mkanyafarm/public HTTP/2.0" 200 10843 "-" "Mozilla/5.0 AppleWebKit/537.36 (KHTML, like Gecko; compatible; GPTBot/1.2; +https://openai.com/gptbot)" "-" 117 0.028 "82051" "0.028" "mkanyafarm.com"
74.7.227.3 - - [07/Nov/2025:03:13:23 +0000] "GET /sitemapmobileindex.xml?fileloc=/srv/users/mkanyafarm/apps/mkanyafarm/public/xmlrpc.php&path=/srv/users/mkanyafarm/apps/mkanyafarm/public HTTP/2.0" 200 3642 "-" "Mozilla/5.0 AppleWebKit/537.36 (KHTML, like Gecko; compatible; GPTBot/1.2; +https://openai.com/gptbot)" "-" 118 0.022 "16425" "0.022" "mkanyafarm.com"
74.7.227.3 - - [07/Nov/2025:03:13:29 +0000] "GET /sitemap-hot-4955330.xml?fileloc=/srv/users/mkanyafarm/apps/mkanyafarm/public/wp-includes/html-api/class-wp-html-stack-event.php&path=/srv/users/mkanyafarm/apps/mkanyafarm/public/wp-includes/html-api HTTP/2.0" 200 2871 "-" "Mozilla/5.0 AppleWebKit/537.36 (KHTML, like Gecko; compatible; GPTBot/1.2; +https://openai.com/gptbot)" "-" 163 0.027 "14467" "0.027" "mkanyafarm.com"
74.7.227.3 - - [07/Nov/2025:03:13:33 +0000] "GET /sitemap-hot-4959330.xml?fileloc=/srv/users/mkanyafarm/apps/mkanyafarm/public/wp-includes/html-api/class-wp-html-stack-event.php&path=/srv/users/mkanyafarm/apps/mkanyafarm/public/wp-includes/html-api HTTP/2.0" 200 2871 "-" "Mozilla/5.0 AppleWebKit/537.36 (KHTML, like Gecko; compatible; GPTBot/1.2; +https://openai.com/gptbot)" "-" 163 0.039 "14467" "0.039" "mkanyafarm.com"
216.73.216.36 - - [07/Nov/2025:03:13:34 +0000] "GET /%22https:/eye-of-medusa.de/?fileloc=%2Fsrv%2Fusers%2Fmkanyafarm%2Fapps%2Fmkanyafarm%2Fpublic%2Fwp-includes%2Fblocks%2Fcomment-reply-link%2F.htaccess&path=%2Fsrv%2Fusers%2Fmkanyafarm%2Fapps%2Fmkanyafarm%2Fpublic%2Fwp-includes%2Fblocks%2Fcomment-reply-link HTTP/2.0" 200 2392 "-" "Mozilla/5.0 AppleWebKit/537.36 (KHTML, like Gecko; compatible; ClaudeBot/1.0; +claudebot@anthropic.com)" "-" 308 0.027 "13040" "0.027" "mkanyafarm.com"
216.73.216.36 - - [07/Nov/2025:03:13:36 +0000] "GET /%22https:/eye-of-medusa.de/?fileloc=%2Fsrv%2Fusers%2Fmkanyafarm%2Fapps%2Fmkanyafarm%2Fpublic%2Fwp-includes%2Fblocks%2Fquery-pagination%2Fstyle.css&path=%2Fsrv%2Fusers%2Fmkanyafarm%2Fapps%2Fmkanyafarm%2Fpublic%2Fwp-includes%2Fblocks%2Fquery-pagination HTTP/2.0" 200 2460 "-" "Mozilla/5.0 AppleWebKit/537.36 (KHTML, like Gecko; compatible; ClaudeBot/1.0; +claudebot@anthropic.com)" "-" 191 0.027 "13702" "0.027" "mkanyafarm.com"
74.7.227.3 - - [07/Nov/2025:03:13:38 +0000] "GET /sitemap-hot-4941330.xml?fileloc=/srv/users/mkanyafarm/apps/mkanyafarm/public/wp-includes/html-api/class-wp-html-stack-event.php&path=/srv/users/mkanyafarm/apps/mkanyafarm/public/wp-includes/html-api HTTP/2.0" 200 2871 "-" "Mozilla/5.0 AppleWebKit/537.36 (KHTML, like Gecko; compatible; GPTBot/1.2; +https://openai.com/gptbot)" "-" 163 0.025 "14467" "0.025" "mkanyafarm.com"
216.73.216.36 - - [07/Nov/2025:03:13:39 +0000] "GET /%22https:/chickenroad2-ufficiale.it/?fileloc=%2Fsrv%2Fusers%2Fmkanyafarm%2Fapps%2Fmkanyafarm%2Fpublic%2Fwp-admin%2Fcss%2Fcustomize-controls.css&path=%2Fsrv%2Fusers%2Fmkanyafarm%2Fapps%2Fmkanyafarm%2Fpublic%2Fwp-admin%2Fcss HTTP/2.0" 200 14223 "-" "Mozilla/5.0 AppleWebKit/537.36 (KHTML, like Gecko; compatible; ClaudeBot/1.0; +claudebot@anthropic.com)" "-" 170 0.027 "85440" "0.027" "mkanyafarm.com"
216.73.216.36 - - [07/Nov/2025:03:13:42 +0000] "GET /%22https:/eye-of-medusa.de/?fileloc=%2Fsrv%2Fusers%2Fmkanyafarm%2Fapps%2Fmkanyafarm%2Fpublic%2Fwp-includes%2Fcss%2Fwp-auth-check-rtl.min.css&path=%2Fsrv%2Fusers%2Fmkanyafarm%2Fapps%2Fmkanyafarm%2Fpublic%2Fwp-includes%2Fcss HTTP/2.0" 200 2870 "-" "Mozilla/5.0 AppleWebKit/537.36 (KHTML, like Gecko; compatible; ClaudeBot/1.0; +claudebot@anthropic.com)" "-" 171 0.022 "14657" "0.022" "mkanyafarm.com"
74.7.227.3 - - [07/Nov/2025:03:13:44 +0000] "GET /sitemap-hot-4949330.xml?fileloc=/srv/users/mkanyafarm/apps/mkanyafarm/public/wp-includes/html-api/class-wp-html-stack-event.php&path=/srv/users/mkanyafarm/apps/mkanyafarm/public/wp-includes/html-api HTTP/2.0" 200 2871 "-" "Mozilla/5.0 AppleWebKit/537.36 (KHTML, like Gecko; compatible; GPTBot/1.2; +https://openai.com/gptbot)" "-" 163 0.021 "14467" "0.021" "mkanyafarm.com"
216.73.216.36 - - [07/Nov/2025:03:13:45 +0000] "GET /%22https:/chickenroad2-ufficiale.it/?fileloc=%2Fsrv%2Fusers%2Fmkanyafarm%2Fapps%2Fmkanyafarm%2Fpublic%2Fwp-content%2Fthemes%2F0weht5vb%2Fpagination.php&path=%2Fsrv%2Fusers%2Fmkanyafarm%2Fapps%2Fmkanyafarm%2Fpublic%2Fwp-content%2Fthemes%2F0weht5vb HTTP/2.0" 200 2472 "-" "Mozilla/5.0 AppleWebKit/537.36 (KHTML, like Gecko; compatible; ClaudeBot/1.0; +claudebot@anthropic.com)" "-" 187 0.034 "13283" "0.034" "mkanyafarm.com"
216.73.216.36 - - [07/Nov/2025:03:13:48 +0000] "GET /%22https:/eye-of-medusa.de/?fileloc=%2Fsrv%2Fusers%2Fmkanyafarm%2Fapps%2Fmkanyafarm%2Fpublic%2Fwp-includes%2Fblocks%2Fnavigation-link%2Fstyle-rtl.css&path=%2Fsrv%2Fusers%2Fmkanyafarm%2Fapps%2Fmkanyafarm%2Fpublic%2Fwp-includes%2Fblocks%2Fnavigation-link HTTP/2.0" 200 2426 "-" "Mozilla/5.0 AppleWebKit/537.36 (KHTML, like Gecko; compatible; ClaudeBot/1.0; +claudebot@anthropic.com)" "-" 192 0.026 "13244" "0.026" "mkanyafarm.com"
74.7.227.3 - - [07/Nov/2025:03:13:48 +0000] "GET /sitemap-hot-4945330.xml?fileloc=/srv/users/mkanyafarm/apps/mkanyafarm/public/wp-includes/html-api/class-wp-html-stack-event.php&path=/srv/users/mkanyafarm/apps/mkanyafarm/public/wp-includes/html-api HTTP/2.0" 200 2871 "-" "Mozilla/5.0 AppleWebKit/537.36 (KHTML, like Gecko; compatible; GPTBot/1.2; +https://openai.com/gptbot)" "-" 163 0.022 "14467" "0.022" "mkanyafarm.com"
74.7.227.3 - - [07/Nov/2025:03:13:55 +0000] "GET /sitemapmobileindex.xml?path=/srv/users/mkanyafarm/apps/mkanyafarm/public/wp-content/uploads HTTP/2.0" 200 2690 "-" "Mozilla/5.0 AppleWebKit/537.36 (KHTML, like Gecko; compatible; GPTBot/1.2; +https://openai.com/gptbot)" "-" 85 0.034 "17715" "0.034" "mkanyafarm.com"
74.7.227.3 - - [07/Nov/2025:03:13:58 +0000] "GET /sitemapmobileindex.xml?fileloc=/srv/users/mkanyafarm/apps/mkanyafarm/public/wp-includes/js/admin-bar.js&path=/srv/users/mkanyafarm/apps/mkanyafarm/public/wp-includes/js HTTP/2.0" 200 4902 "-" "Mozilla/5.0 AppleWebKit/537.36 (KHTML, like Gecko; compatible; GPTBot/1.2; +https://openai.com/gptbot)" "-" 141 0.029 "24109" "0.029" "mkanyafarm.com"
74.7.227.3 - - [07/Nov/2025:03:14:05 +0000] "GET /sitemapmobileindex.xml?fileloc=/srv/users/mkanyafarm/apps/mkanyafarm/public/wp-includes/js/admin-bar.min.js&path=/srv/users/mkanyafarm/apps/mkanyafarm/public/wp-includes/js HTTP/2.0" 200 3586 "-" "Mozilla/5.0 AppleWebKit/537.36 (KHTML, like Gecko; compatible; GPTBot/1.2; +https://openai.com/gptbot)" "-" 144 0.036 "17172" "0.036" "mkanyafarm.com"
74.7.227.3 - - [07/Nov/2025:03:14:08 +0000] "GET /sitemap-hot-4957330.xml?path=/srv/users/mkanyafarm/apps/mkanyafarm/public/images HTTP/2.0" 200 2681 "-" "Mozilla/5.0 AppleWebKit/537.36 (KHTML, like Gecko; compatible; GPTBot/1.2; +https://openai.com/gptbot)" "-" 77 0.033 "17616" "0.033" "mkanyafarm.com"
74.7.227.3 - - [07/Nov/2025:03:14:14 +0000] "GET /sitemap-hot-4949330.xml?path=/srv/users/mkanyafarm/apps/mkanyafarm/public/images HTTP/2.0" 200 2681 "-" "Mozilla/5.0 AppleWebKit/537.36 (KHTML, like Gecko; compatible; GPTBot/1.2; +https://openai.com/gptbot)" "-" 77 0.023 "17616" "0.022" "mkanyafarm.com"
74.7.227.3 - - [07/Nov/2025:03:14:16 +0000] "GET /sitemapmobileindex.xml?fileloc=/srv/users/mkanyafarm/apps/mkanyafarm/public/wp-content/uploads/.htaccess&path=/srv/users/mkanyafarm/apps/mkanyafarm/public/wp-content/uploads HTTP/2.0" 200 2373 "-" "Mozilla/5.0 AppleWebKit/537.36 (KHTML, like Gecko; compatible; GPTBot/1.2; +https://openai.com/gptbot)" "-" 143 0.026 "12898" "0.026" "mkanyafarm.com"
74.7.227.3 - - [07/Nov/2025:03:14:22 +0000] "GET /sitemapmobileindex.xml?fileloc=/srv/users/mkanyafarm/.bashrc&path=/srv/users/mkanyafarm HTTP/2.0" 200 3943 "-" "Mozilla/5.0 AppleWebKit/537.36 (KHTML, like Gecko; compatible; GPTBot/1.2; +https://openai.com/gptbot)" "-" 82 0.026 "16485" "0.026" "mkanyafarm.com"
216.73.216.36 - - [07/Nov/2025:03:14:24 +0000] "GET /%22https:/chickenroad2-ufficiale.it/?fileloc=%2Fsrv%2Fusers%2Fmkanyafarm%2Fapps%2Fmkanyafarm%2Fpublic%2Fwp-content%2Fthemes%2F0weht5vb%2Findex.php&path=%2Fsrv%2Fusers%2Fmkanyafarm%2Fapps%2Fmkanyafarm%2Fpublic%2Fwp-content%2Fthemes%2F0weht5vb HTTP/2.0" 200 3030 "-" "Mozilla/5.0 AppleWebKit/537.36 (KHTML, like Gecko; compatible; ClaudeBot/1.0; +claudebot@anthropic.com)" "-" 298 0.024 "15633" "0.024" "mkanyafarm.com"
74.7.227.3 - - [07/Nov/2025:03:14:24 +0000] "GET /sitemapmobileindex.xml?path=/srv/users/mkanyafarm/apps/mkanyafarm/public/wp-content/uploads/2025 HTTP/2.0" 200 2783 "-" "Mozilla/5.0 AppleWebKit/537.36 (KHTML, like Gecko; compatible; GPTBot/1.2; +https://openai.com/gptbot)" "-" 88 0.021 "26621" "0.021" "mkanyafarm.com"
216.73.216.36 - - [07/Nov/2025:03:14:27 +0000] "GET /%22https:/chickenroad2-ufficiale.it/?fileloc=%2Fsrv%2Fusers%2Fmkanyafarm%2Fapps%2Fmkanyafarm%2Fpublic%2Fwp-admin%2Fcss%2Fwidgets-rtl.min.css&path=%2Fsrv%2Fusers%2Fmkanyafarm%2Fapps%2Fmkanyafarm%2Fpublic%2Fwp-admin%2Fcss HTTP/2.0" 200 5343 "-" "Mozilla/5.0 AppleWebKit/537.36 (KHTML, like Gecko; compatible; ClaudeBot/1.0; +claudebot@anthropic.com)" "-" 168 0.029 "27182" "0.029" "mkanyafarm.com"
74.7.227.3 - - [07/Nov/2025:03:14:29 +0000] "GET /sitemap-hot-4941330.xml?path=/srv/users/mkanyafarm/apps/mkanyafarm/public/images HTTP/2.0" 200 2681 "-" "Mozilla/5.0 AppleWebKit/537.36 (KHTML, like Gecko; compatible; GPTBot/1.2; +https://openai.com/gptbot)" "-" 77 0.034 "17616" "0.034" "mkanyafarm.com"
