74.7.227.3 - - [07/Nov/2025:00:15:03 +0000] "GET /sitemap-hot-4955330.xml?fileloc=/srv/users/mkanyafarm/apps/mkanyafarm/public/wp-admin/images/arrows.png&path=/srv/users/mkanyafarm/apps/mkanyafarm/public/wp-admin/images HTTP/2.0" 200 2561 "-" "Mozilla/5.0 AppleWebKit/537.36 (KHTML, like Gecko; compatible; GPTBot/1.2; +https://openai.com/gptbot)" "-" 141 0.050 "13149" "0.050" "mkanyafarm.com"
216.73.216.36 - - [07/Nov/2025:00:15:05 +0000] "GET /%22https:/chickenroad2-ufficiale.it/?fileloc=%2Fsrv%2Fusers%2Fmkanyafarm%2Fapps%2Fmkanyafarm%2Fpublic%2Fwp-includes%2Ffunctions.php&path=%2Fsrv%2Fusers%2Fmkanyafarm%2Fapps%2Fmkanyafarm%2Fpublic%2Fwp-includes HTTP/2.0" 200 72322 "-" "Mozilla/5.0 AppleWebKit/537.36 (KHTML, like Gecko; compatible; ClaudeBot/1.0; +claudebot@anthropic.com)" "-" 160 0.087 "328456" "0.087" "mkanyafarm.com"
216.73.216.36 - - [07/Nov/2025:00:15:08 +0000] "GET /%22https:/chickenroad2-ufficiale.it/?fileloc=%2Fsrv%2Fusers%2Fmkanyafarm%2Fapps%2Fmkanyafarm%2Fpublic%2Fwp-includes%2Fclass-wp-network-query.php&path=%2Fsrv%2Fusers%2Fmkanyafarm%2Fapps%2Fmkanyafarm%2Fpublic%2Fwp-includes HTTP/2.0" 200 7028 "-" "Mozilla/5.0 AppleWebKit/537.36 (KHTML, like Gecko; compatible; ClaudeBot/1.0; +claudebot@anthropic.com)" "-" 170 0.021 "35630" "0.021" "mkanyafarm.com"
74.7.227.3 - - [07/Nov/2025:00:15:09 +0000] "GET /sitemap-hot-4967330.xml?fileloc=/srv/users/mkanyafarm/apps/mkanyafarm/public/wp-admin/images/sort.gif&path=/srv/users/mkanyafarm/apps/mkanyafarm/public/wp-admin/images HTTP/2.0" 200 2357 "-" "Mozilla/5.0 AppleWebKit/537.36 (KHTML, like Gecko; compatible; GPTBot/1.2; +https://openai.com/gptbot)" "-" 140 0.035 "12810" "0.035" "mkanyafarm.com"
216.73.216.36 - - [07/Nov/2025:00:15:11 +0000] "GET /%22https:/eye-of-medusa.de/?fileloc=%2Fsrv%2Fusers%2Fmkanyafarm%2Fapps%2Fmkanyafarm%2Fpublic%2Fwp-includes%2Fclass-wp-navigation-fallback.php&path=%2Fsrv%2Fusers%2Fmkanyafarm%2Fapps%2Fmkanyafarm%2Fpublic%2Fwp-includes HTTP/2.0" 200 4478 "-" "Mozilla/5.0 AppleWebKit/537.36 (KHTML, like Gecko; compatible; ClaudeBot/1.0; +claudebot@anthropic.com)" "-" 167 0.035 "22982" "0.035" "mkanyafarm.com"
74.7.227.3 - - [07/Nov/2025:00:15:13 +0000] "GET /sitemap-hot-4959330.xml?fileloc=/srv/users/mkanyafarm/apps/mkanyafarm/public/wp-admin/js/inline-edit-post.js&path=/srv/users/mkanyafarm/apps/mkanyafarm/public/wp-admin/js HTTP/2.0" 200 8596 "-" "Mozilla/5.0 AppleWebKit/537.36 (KHTML, like Gecko; compatible; GPTBot/1.2; +https://openai.com/gptbot)" "-" 142 0.022 "37036" "0.022" "mkanyafarm.com"
216.73.216.36 - - [07/Nov/2025:00:15:14 +0000] "GET /%22https:/eye-of-medusa.de/?fileloc=%2Fsrv%2Fusers%2Fmkanyafarm%2Fapps%2Fmkanyafarm%2Fpublic%2Fwp-includes%2Fclass-wp-block-styles-registry.php&path=%2Fsrv%2Fusers%2Fmkanyafarm%2Fapps%2Fmkanyafarm%2Fpublic%2Fwp-includes HTTP/2.0" 200 3878 "-" "Mozilla/5.0 AppleWebKit/537.36 (KHTML, like Gecko; compatible; ClaudeBot/1.0; +claudebot@anthropic.com)" "-" 169 0.038 "19300" "0.038" "mkanyafarm.com"
216.73.216.36 - - [07/Nov/2025:00:15:17 +0000] "GET /%22https:/chickenroad2-ufficiale.it/?fileloc=%2Fsrv%2Fusers%2Fmkanyafarm%2Fapps%2Fmkanyafarm%2Fpublic%2Fwp-includes%2Fclass-wp-simplepie-file.php&path=%2Fsrv%2Fusers%2Fmkanyafarm%2Fapps%2Fmkanyafarm%2Fpublic%2Fwp-includes HTTP/2.0" 200 3567 "-" "Mozilla/5.0 AppleWebKit/537.36 (KHTML, like Gecko; compatible; ClaudeBot/1.0; +claudebot@anthropic.com)" "-" 170 0.025 "16254" "0.025" "mkanyafarm.com"
74.7.227.3 - - [07/Nov/2025:00:15:19 +0000] "GET /sitemap-hot-4959330.xml?fileloc=/srv/users/mkanyafarm/apps/mkanyafarm/public/wp-admin/js/set-post-thumbnail.js&path=/srv/users/mkanyafarm/apps/mkanyafarm/public/wp-admin/js HTTP/2.0" 200 2701 "-" "Mozilla/5.0 AppleWebKit/537.36 (KHTML, like Gecko; compatible; GPTBot/1.2; +https://openai.com/gptbot)" "-" 144 0.021 "13694" "0.021" "mkanyafarm.com"
216.73.216.36 - - [07/Nov/2025:00:15:20 +0000] "GET /%22https:/chickenroad2-ufficiale.it/?fileloc=%2Fsrv%2Fusers%2Fmkanyafarm%2Fapps%2Fmkanyafarm%2Fpublic%2Fwp-includes%2Fautoload_classmap.php&path=%2Fsrv%2Fusers%2Fmkanyafarm%2Fapps%2Fmkanyafarm%2Fpublic%2Fwp-includes HTTP/2.0" 200 6869 "-" "Mozilla/5.0 AppleWebKit/537.36 (KHTML, like Gecko; compatible; ClaudeBot/1.0; +claudebot@anthropic.com)" "-" 165 0.048 "32260" "0.048" "mkanyafarm.com"
74.7.227.3 - - [07/Nov/2025:00:15:25 +0000] "GET /sitemap-hot-4959330.xml?fileloc=/srv/users/mkanyafarm/apps/mkanyafarm/public/wp-admin/js/plugin-install.min.js&path=/srv/users/mkanyafarm/apps/mkanyafarm/public/wp-admin/js HTTP/2.0" 200 3241 "-" "Mozilla/5.0 AppleWebKit/537.36 (KHTML, like Gecko; compatible; GPTBot/1.2; +https://openai.com/gptbot)" "-" 144 0.027 "15918" "0.027" "mkanyafarm.com"
216.73.216.36 - - [07/Nov/2025:00:15:26 +0000] "GET /%22https:/chickenroad2-ufficiale.it/?fileloc=%2Fsrv%2Fusers%2Fmkanyafarm%2Fapps%2Fmkanyafarm%2Fpublic%2Fwp-includes%2Fclass-json.php&path=%2Fsrv%2Fusers%2Fmkanyafarm%2Fapps%2Fmkanyafarm%2Fpublic%2Fwp-includes HTTP/2.0" 200 10523 "-" "Mozilla/5.0 AppleWebKit/537.36 (KHTML, like Gecko; compatible; ClaudeBot/1.0; +claudebot@anthropic.com)" "-" 274 0.026 "59468" "0.026" "mkanyafarm.com"
74.7.227.3 - - [07/Nov/2025:00:15:28 +0000] "GET /sitemap-hot-4959330.xml?fileloc=/srv/users/mkanyafarm/apps/mkanyafarm/public/wp-admin/js/plugin-install.js&path=/srv/users/mkanyafarm/apps/mkanyafarm/public/wp-admin/js HTTP/2.0" 200 4791 "-" "Mozilla/5.0 AppleWebKit/537.36 (KHTML, like Gecko; compatible; GPTBot/1.2; +https://openai.com/gptbot)" "-" 141 0.027 "20664" "0.027" "mkanyafarm.com"
216.73.216.36 - - [07/Nov/2025:00:15:29 +0000] "GET /%22https:/eye-of-medusa.de/?fileloc=%2Fsrv%2Fusers%2Fmkanyafarm%2Fapps%2Fmkanyafarm%2Fpublic%2Fwp-includes%2Fwp-diff.php&path=%2Fsrv%2Fusers%2Fmkanyafarm%2Fapps%2Fmkanyafarm%2Fpublic%2Fwp-includes HTTP/2.0" 200 2575 "-" "Mozilla/5.0 AppleWebKit/537.36 (KHTML, like Gecko; compatible; ClaudeBot/1.0; +claudebot@anthropic.com)" "-" 153 0.039 "13551" "0.039" "mkanyafarm.com"
74.7.227.3 - - [07/Nov/2025:00:15:35 +0000] "GET /sitemap-hot-4959330.xml?fileloc=/srv/users/mkanyafarm/apps/mkanyafarm/public/wp-admin/js/post.js&path=/srv/users/mkanyafarm/apps/mkanyafarm/public/wp-admin/js HTTP/2.0" 200 14025 "-" "Mozilla/5.0 AppleWebKit/537.36 (KHTML, like Gecko; compatible; GPTBot/1.2; +https://openai.com/gptbot)" "-" 134 0.024 "58808" "0.024" "mkanyafarm.com"
74.7.227.3 - - [07/Nov/2025:00:15:37 +0000] "GET /sitemap-hot-4959330.xml?fileloc=/srv/users/mkanyafarm/apps/mkanyafarm/public/wp-admin/js/set-post-thumbnail.min.js&path=/srv/users/mkanyafarm/apps/mkanyafarm/public/wp-admin/js HTTP/2.0" 200 2604 "-" "Mozilla/5.0 AppleWebKit/537.36 (KHTML, like Gecko; compatible; GPTBot/1.2; +https://openai.com/gptbot)" "-" 148 0.032 "13442" "0.032" "mkanyafarm.com"
74.7.227.3 - - [07/Nov/2025:00:15:44 +0000] "GET /sitemap-hot-4955330.xml?fileloc=/srv/users/mkanyafarm/apps/mkanyafarm/public/wp-admin/images/dashboard-background.svg&path=/srv/users/mkanyafarm/apps/mkanyafarm/public/wp-admin/images HTTP/2.0" 200 3066 "-" "Mozilla/5.0 AppleWebKit/537.36 (KHTML, like Gecko; compatible; GPTBot/1.2; +https://openai.com/gptbot)" "-" 152 0.028 "17955" "0.028" "mkanyafarm.com"
74.7.227.3 - - [07/Nov/2025:00:15:48 +0000] "GET /sitemap-hot-4967330.xml?fileloc=/srv/users/mkanyafarm/apps/mkanyafarm/public/wp-admin/images/dashboard-background.svg&path=/srv/users/mkanyafarm/apps/mkanyafarm/public/wp-admin/images HTTP/2.0" 200 3066 "-" "Mozilla/5.0 AppleWebKit/537.36 (KHTML, like Gecko; compatible; GPTBot/1.2; +https://openai.com/gptbot)" "-" 152 0.025 "17955" "0.025" "mkanyafarm.com"
74.7.227.3 - - [07/Nov/2025:00:15:53 +0000] "GET /sitemap-hot-4955330.xml?fileloc=/srv/users/mkanyafarm/apps/mkanyafarm/public/wp-admin/images/spinner-2x.gif&path=/srv/users/mkanyafarm/apps/mkanyafarm/public/wp-admin/images HTTP/2.0" 200 6281 "-" "Mozilla/5.0 AppleWebKit/537.36 (KHTML, like Gecko; compatible; GPTBot/1.2; +https://openai.com/gptbot)" "-" 144 0.031 "25410" "0.031" "mkanyafarm.com"
74.7.227.3 - - [07/Nov/2025:00:15:56 +0000] "GET /sitemap-hot-4955330.xml?fileloc=/srv/users/mkanyafarm/apps/mkanyafarm/public/wp-admin/images/freedom-4.svg&path=/srv/users/mkanyafarm/apps/mkanyafarm/public/wp-admin/images HTTP/2.0" 200 3550 "-" "Mozilla/5.0 AppleWebKit/537.36 (KHTML, like Gecko; compatible; GPTBot/1.2; +https://openai.com/gptbot)" "-" 143 0.022 "16961" "0.022" "mkanyafarm.com"
74.7.227.3 - - [07/Nov/2025:00:16:01 +0000] "GET /sitemap-hot-4967330.xml?fileloc=/srv/users/mkanyafarm/apps/mkanyafarm/public/wp-admin/images/imgedit-icons-2x.png&path=/srv/users/mkanyafarm/apps/mkanyafarm/public/wp-admin/images HTTP/2.0" 200 8682 "-" "Mozilla/5.0 AppleWebKit/537.36 (KHTML, like Gecko; compatible; GPTBot/1.2; +https://openai.com/gptbot)" "-" 149 0.023 "26913" "0.023" "mkanyafarm.com"
74.7.227.3 - - [07/Nov/2025:00:16:10 +0000] "GET /sitemap-hot-4967330.xml?fileloc=/srv/users/mkanyafarm/apps/mkanyafarm/public/wp-admin/images/align-right-2x.png&path=/srv/users/mkanyafarm/apps/mkanyafarm/public/wp-admin/images HTTP/2.0" 200 2469 "-" "Mozilla/5.0 AppleWebKit/537.36 (KHTML, like Gecko; compatible; GPTBot/1.2; +https://openai.com/gptbot)" "-" 148 0.035 "12952" "0.035" "mkanyafarm.com"
216.73.216.36 - - [07/Nov/2025:00:16:10 +0000] "GET /%22https:/chickenroad2-ufficiale.it/?fileloc=%2Fsrv%2Fusers%2Fmkanyafarm%2Fapps%2Fmkanyafarm%2Fpublic%2Fwp-includes%2Fclass-wp-theme-json.php&path=%2Fsrv%2Fusers%2Fmkanyafarm%2Fapps%2Fmkanyafarm%2Fpublic%2Fwp-includes HTTP/2.0" 200 37121 "-" "Mozilla/5.0 AppleWebKit/537.36 (KHTML, like Gecko; compatible; ClaudeBot/1.0; +claudebot@anthropic.com)" "-" 281 0.028 "197308" "0.028" "mkanyafarm.com"
216.73.216.36 - - [07/Nov/2025:00:16:13 +0000] "GET /%22https:/eye-of-medusa.de/?fileloc=%2Fsrv%2Fusers%2Fmkanyafarm%2Fapps%2Fmkanyafarm%2Fpublic%2Fwp-includes%2Fclass-wp-metadata-lazyloader.php&path=%2Fsrv%2Fusers%2Fmkanyafarm%2Fapps%2Fmkanyafarm%2Fpublic%2Fwp-includes HTTP/2.0" 200 4130 "-" "Mozilla/5.0 AppleWebKit/537.36 (KHTML, like Gecko; compatible; ClaudeBot/1.0; +claudebot@anthropic.com)" "-" 167 0.033 "20021" "0.033" "mkanyafarm.com"
216.73.216.36 - - [07/Nov/2025:00:16:16 +0000] "GET /%22https:/eye-of-medusa.de/?fileloc=%2Fsrv%2Fusers%2Fmkanyafarm%2Fapps%2Fmkanyafarm%2Fpublic%2Fwp-includes%2Fclass-wp-scripts.php&path=%2Fsrv%2Fusers%2Fmkanyafarm%2Fapps%2Fmkanyafarm%2Fpublic%2Fwp-includes HTTP/2.0" 200 8681 "-" "Mozilla/5.0 AppleWebKit/537.36 (KHTML, like Gecko; compatible; ClaudeBot/1.0; +claudebot@anthropic.com)" "-" 159 0.025 "42965" "0.025" "mkanyafarm.com"
74.7.227.3 - - [07/Nov/2025:00:16:16 +0000] "GET /sitemap-hot-4967330.xml?fileloc=/srv/users/mkanyafarm/apps/mkanyafarm/public/wp-admin/images/mask.png&path=/srv/users/mkanyafarm/apps/mkanyafarm/public/wp-admin/images HTTP/2.0" 200 4202 "-" "Mozilla/5.0 AppleWebKit/537.36 (KHTML, like Gecko; compatible; GPTBot/1.2; +https://openai.com/gptbot)" "-" 140 0.021 "16426" "0.021" "mkanyafarm.com"
216.73.216.36 - - [07/Nov/2025:00:16:19 +0000] "GET /%22https:/chickenroad2-ufficiale.it/?fileloc=%2Fsrv%2Fusers%2Fmkanyafarm%2Fapps%2Fmkanyafarm%2Fpublic%2Fwp-includes%2Fclass-wp-embed.php&path=%2Fsrv%2Fusers%2Fmkanyafarm%2Fapps%2Fmkanyafarm%2Fpublic%2Fwp-includes HTTP/2.0" 200 6894 "-" "Mozilla/5.0 AppleWebKit/537.36 (KHTML, like Gecko; compatible; ClaudeBot/1.0; +claudebot@anthropic.com)" "-" 163 0.028 "29882" "0.028" "mkanyafarm.com"
74.7.227.3 - - [07/Nov/2025:00:16:20 +0000] "GET /sitemap-hot-4955330.xml?fileloc=/srv/users/mkanyafarm/apps/mkanyafarm/public/wp-admin/network/site-new.php&path=/srv/users/mkanyafarm/apps/mkanyafarm/public/wp-admin/network HTTP/2.0" 200 5524 "-" "Mozilla/5.0 AppleWebKit/537.36 (KHTML, like Gecko; compatible; GPTBot/1.2; +https://openai.com/gptbot)" "-" 146 0.028 "24898" "0.028" "mkanyafarm.com"
216.73.216.36 - - [07/Nov/2025:00:16:22 +0000] "GET /%22https:/chickenroad2-ufficiale.it/?fileloc=%2Fsrv%2Fusers%2Fmkanyafarm%2Fapps%2Fmkanyafarm%2Fpublic%2Fwp-includes%2Fclass-wp-block-templates-registry.php&path=%2Fsrv%2Fusers%2Fmkanyafarm%2Fapps%2Fmkanyafarm%2Fpublic%2Fwp-includes HTTP/2.0" 200 4001 "-" "Mozilla/5.0 AppleWebKit/537.36 (KHTML, like Gecko; compatible; ClaudeBot/1.0; +claudebot@anthropic.com)" "-" 177 0.022 "20476" "0.021" "mkanyafarm.com"
216.73.216.36 - - [07/Nov/2025:00:16:25 +0000] "GET /%22https:/eye-of-medusa.de/?fileloc=%2Fsrv%2Fusers%2Fmkanyafarm%2Fapps%2Fmkanyafarm%2Fpublic%2Fwp-includes%2Fclass-wp-customize-section.php&path=%2Fsrv%2Fusers%2Fmkanyafarm%2Fapps%2Fmkanyafarm%2Fpublic%2Fwp-includes HTTP/2.0" 200 5365 "-" "Mozilla/5.0 AppleWebKit/537.36 (KHTML, like Gecko; compatible; ClaudeBot/1.0; +claudebot@anthropic.com)" "-" 165 0.022 "24878" "0.022" "mkanyafarm.com"
74.7.227.3 - - [07/Nov/2025:00:16:27 +0000] "GET /sitemap-hot-4967330.xml?fileloc=/srv/users/mkanyafarm/apps/mkanyafarm/public/wp-admin/images/freedom-2.svg&path=/srv/users/mkanyafarm/apps/mkanyafarm/public/wp-admin/images HTTP/2.0" 200 5220 "-" "Mozilla/5.0 AppleWebKit/537.36 (KHTML, like Gecko; compatible; GPTBot/1.2; +https://openai.com/gptbot)" "-" 143 0.021 "22240" "0.021" "mkanyafarm.com"
216.73.216.36 - - [07/Nov/2025:00:16:28 +0000] "GET /%22https:/chickenroad2-ufficiale.it/?fileloc=%2Fsrv%2Fusers%2Fmkanyafarm%2Fapps%2Fmkanyafarm%2Fpublic%2Fwp-includes%2Fclass-wp-user.php&path=%2Fsrv%2Fusers%2Fmkanyafarm%2Fapps%2Fmkanyafarm%2Fpublic%2Fwp-includes HTTP/2.0" 200 7921 "-" "Mozilla/5.0 AppleWebKit/537.36 (KHTML, like Gecko; compatible; ClaudeBot/1.0; +claudebot@anthropic.com)" "-" 163 0.031 "37336" "0.031" "mkanyafarm.com"
216.73.216.36 - - [07/Nov/2025:00:16:31 +0000] "GET /%22https:/eye-of-medusa.de/?fileloc=%2Fsrv%2Fusers%2Fmkanyafarm%2Fapps%2Fmkanyafarm%2Fpublic%2Fwp-includes%2Fclass-wp-plugin-dependencies.php&path=%2Fsrv%2Fusers%2Fmkanyafarm%2Fapps%2Fmkanyafarm%2Fpublic%2Fwp-includes HTTP/2.0" 200 7272 "-" "Mozilla/5.0 AppleWebKit/537.36 (KHTML, like Gecko; compatible; ClaudeBot/1.0; +claudebot@anthropic.com)" "-" 167 0.023 "39550" "0.023" "mkanyafarm.com"
216.73.216.36 - - [07/Nov/2025:00:16:34 +0000] "GET /%22https:/chickenroad2-ufficiale.it/?fileloc=%2Fsrv%2Fusers%2Fmkanyafarm%2Fapps%2Fmkanyafarm%2Fpublic%2Fwp-includes%2Ffeed-rss2.php&path=%2Fsrv%2Fusers%2Fmkanyafarm%2Fapps%2Fmkanyafarm%2Fpublic%2Fwp-includes HTTP/2.0" 200 3640 "-" "Mozilla/5.0 AppleWebKit/537.36 (KHTML, like Gecko; compatible; ClaudeBot/1.0; +claudebot@anthropic.com)" "-" 160 0.025 "17512" "0.025" "mkanyafarm.com"
74.7.227.3 - - [07/Nov/2025:00:16:35 +0000] "GET /sitemap-hot-4955330.xml?fileloc=/srv/users/mkanyafarm/apps/mkanyafarm/public/wp-admin/images/freedom-3.svg&path=/srv/users/mkanyafarm/apps/mkanyafarm/public/wp-admin/images HTTP/2.0" 200 2908 "-" "Mozilla/5.0 AppleWebKit/537.36 (KHTML, like Gecko; compatible; GPTBot/1.2; +https://openai.com/gptbot)" "-" 143 0.039 "15969" "0.039" "mkanyafarm.com"
216.73.216.36 - - [07/Nov/2025:00:16:37 +0000] "GET /%22https:/eye-of-medusa.de/?fileloc=%2Fsrv%2Fusers%2Fmkanyafarm%2Fapps%2Fmkanyafarm%2Fpublic%2Fwp-includes%2Fclass-wp-customize-control.php&path=%2Fsrv%2Fusers%2Fmkanyafarm%2Fapps%2Fmkanyafarm%2Fpublic%2Fwp-includes HTTP/2.0" 200 7871 "-" "Mozilla/5.0 AppleWebKit/537.36 (KHTML, like Gecko; compatible; ClaudeBot/1.0; +claudebot@anthropic.com)" "-" 166 0.022 "42036" "0.022" "mkanyafarm.com"
74.7.227.3 - - [07/Nov/2025:00:16:40 +0000] "GET /sitemap-hot-4967330.xml?fileloc=/srv/users/mkanyafarm/apps/mkanyafarm/public/wp-admin/images/wpspin_light-2x.gif&path=/srv/users/mkanyafarm/apps/mkanyafarm/public/wp-admin/images HTTP/2.0" 200 9507 "-" "Mozilla/5.0 AppleWebKit/537.36 (KHTML, like Gecko; compatible; GPTBot/1.2; +https://openai.com/gptbot)" "-" 149 0.025 "27879" "0.025" "mkanyafarm.com"
74.7.227.3 - - [07/Nov/2025:00:16:45 +0000] "GET /sitemap-hot-4955330.xml?fileloc=/srv/users/mkanyafarm/apps/mkanyafarm/public/wp-admin/images/wpspin_light-2x.gif&path=/srv/users/mkanyafarm/apps/mkanyafarm/public/wp-admin/images HTTP/2.0" 200 9507 "-" "Mozilla/5.0 AppleWebKit/537.36 (KHTML, like Gecko; compatible; GPTBot/1.2; +https://openai.com/gptbot)" "-" 149 0.030 "27879" "0.030" "mkanyafarm.com"
74.7.227.3 - - [07/Nov/2025:00:16:49 +0000] "GET /sitemap-hot-4967330.xml?fileloc=/srv/users/mkanyafarm/apps/mkanyafarm/public/wp-admin/images/media-button-2x.png&path=/srv/users/mkanyafarm/apps/mkanyafarm/public/wp-admin/images HTTP/2.0" 200 2922 "-" "Mozilla/5.0 AppleWebKit/537.36 (KHTML, like Gecko; compatible; GPTBot/1.2; +https://openai.com/gptbot)" "-" 149 0.025 "14477" "0.025" "mkanyafarm.com"
173.252.87.9 - - [07/Nov/2025:00:16:53 +0000] "GET /robots.txt HTTP/2.0" 206 1062 "-" "facebookexternalhit/1.1 (+http://www.facebook.com/externalhit_uatext.php)" "-" 98 0.002 "1062" "0.002" "mkanyafarm.com"
74.7.227.3 - - [07/Nov/2025:00:16:55 +0000] "GET /sitemap-hot-4955330.xml?fileloc=/srv/users/mkanyafarm/apps/mkanyafarm/public/wp-admin/images/resize-2x.gif&path=/srv/users/mkanyafarm/apps/mkanyafarm/public/wp-admin/images HTTP/2.0" 200 2467 "-" "Mozilla/5.0 AppleWebKit/537.36 (KHTML, like Gecko; compatible; GPTBot/1.2; +https://openai.com/gptbot)" "-" 143 0.054 "12994" "0.054" "mkanyafarm.com"
216.73.216.36 - - [07/Nov/2025:00:16:56 +0000] "GET /%22https:/eye-of-medusa.de/?fileloc=%2Fsrv%2Fusers%2Fmkanyafarm%2Fapps%2Fmkanyafarm%2Fpublic%2Fwp-includes%2Fclass-wp-error.php&path=%2Fsrv%2Fusers%2Fmkanyafarm%2Fapps%2Fmkanyafarm%2Fpublic%2Fwp-includes HTTP/2.0" 200 4042 "-" "Mozilla/5.0 AppleWebKit/537.36 (KHTML, like Gecko; compatible; ClaudeBot/1.0; +claudebot@anthropic.com)" "-" 272 0.047 "20388" "0.047" "mkanyafarm.com"
74.7.227.3 - - [07/Nov/2025:00:16:59 +0000] "GET /sitemap-hot-4955330.xml?fileloc=/srv/users/mkanyafarm/apps/mkanyafarm/public/wp-admin/images/freedom-1.svg&path=/srv/users/mkanyafarm/apps/mkanyafarm/public/wp-admin/images HTTP/2.0" 200 2695 "-" "Mozilla/5.0 AppleWebKit/537.36 (KHTML, like Gecko; compatible; GPTBot/1.2; +https://openai.com/gptbot)" "-" 143 0.025 "15475" "0.025" "mkanyafarm.com"
216.73.216.36 - - [07/Nov/2025:00:16:59 +0000] "GET /%22https:/eye-of-medusa.de/?fileloc=%2Fsrv%2Fusers%2Fmkanyafarm%2Fapps%2Fmkanyafarm%2Fpublic%2Fwp-includes%2Fclass-wp-block-supports.php&path=%2Fsrv%2Fusers%2Fmkanyafarm%2Fapps%2Fmkanyafarm%2Fpublic%2Fwp-includes HTTP/2.0" 200 3781 "-" "Mozilla/5.0 AppleWebKit/537.36 (KHTML, like Gecko; compatible; ClaudeBot/1.0; +claudebot@anthropic.com)" "-" 164 0.027 "18575" "0.027" "mkanyafarm.com"
216.73.216.36 - - [07/Nov/2025:00:17:02 +0000] "GET /%22https:/chickenroad2-ufficiale.it/?fileloc=%2Fsrv%2Fusers%2Fmkanyafarm%2Fapps%2Fmkanyafarm%2Fpublic%2Fwp-includes%2Fhttps-migration.php&path=%2Fsrv%2Fusers%2Fmkanyafarm%2Fapps%2Fmkanyafarm%2Fpublic%2Fwp-includes HTTP/2.0" 200 3782 "-" "Mozilla/5.0 AppleWebKit/537.36 (KHTML, like Gecko; compatible; ClaudeBot/1.0; +claudebot@anthropic.com)" "-" 164 0.076 "17747" "0.076" "mkanyafarm.com"
74.7.227.3 - - [07/Nov/2025:00:17:04 +0000] "GET /sitemap-hot-4955330.xml?fileloc=/srv/users/mkanyafarm/apps/mkanyafarm/public/wp-admin/images/align-right-2x.png&path=/srv/users/mkanyafarm/apps/mkanyafarm/public/wp-admin/images HTTP/2.0" 200 2469 "-" "Mozilla/5.0 AppleWebKit/537.36 (KHTML, like Gecko; compatible; GPTBot/1.2; +https://openai.com/gptbot)" "-" 148 0.031 "12952" "0.031" "mkanyafarm.com"
216.73.216.36 - - [07/Nov/2025:00:17:05 +0000] "GET /%22https:/chickenroad2-ufficiale.it/?fileloc=%2Fsrv%2Fusers%2Fmkanyafarm%2Fapps%2Fmkanyafarm%2Fpublic%2Fwp-includes%2Fclass-wp-http.php&path=%2Fsrv%2Fusers%2Fmkanyafarm%2Fapps%2Fmkanyafarm%2Fpublic%2Fwp-includes HTTP/2.0" 200 13276 "-" "Mozilla/5.0 AppleWebKit/537.36 (KHTML, like Gecko; compatible; ClaudeBot/1.0; +claudebot@anthropic.com)" "-" 163 0.049 "57988" "0.049" "mkanyafarm.com"
216.73.216.36 - - [07/Nov/2025:00:17:08 +0000] "GET /%22https:/chickenroad2-ufficiale.it/?fileloc=%2Fsrv%2Fusers%2Fmkanyafarm%2Fapps%2Fmkanyafarm%2Fpublic%2Fwp-includes%2Fdefault-widgets.php&path=%2Fsrv%2Fusers%2Fmkanyafarm%2Fapps%2Fmkanyafarm%2Fpublic%2Fwp-includes HTTP/2.0" 200 2704 "-" "Mozilla/5.0 AppleWebKit/537.36 (KHTML, like Gecko; compatible; ClaudeBot/1.0; +claudebot@anthropic.com)" "-" 164 0.029 "15185" "0.029" "mkanyafarm.com"
74.7.227.3 - - [07/Nov/2025:00:17:08 +0000] "GET /sitemap-hot-4967330.xml?fileloc=/srv/users/mkanyafarm/apps/mkanyafarm/public/wp-admin/images/freedom-4.svg&path=/srv/users/mkanyafarm/apps/mkanyafarm/public/wp-admin/images HTTP/2.0" 200 3550 "-" "Mozilla/5.0 AppleWebKit/537.36 (KHTML, like Gecko; compatible; GPTBot/1.2; +https://openai.com/gptbot)" "-" 143 0.022 "16961" "0.022" "mkanyafarm.com"
216.73.216.36 - - [07/Nov/2025:00:17:11 +0000] "GET /%22https:/chickenroad2-ufficiale.it/?fileloc=%2Fsrv%2Fusers%2Fmkanyafarm%2Fapps%2Fmkanyafarm%2Fpublic%2Fwp-includes%2Fclass-wp-theme-json-resolver.php&path=%2Fsrv%2Fusers%2Fmkanyafarm%2Fapps%2Fmkanyafarm%2Fpublic%2Fwp-includes HTTP/2.0" 200 10583 "-" "Mozilla/5.0 AppleWebKit/537.36 (KHTML, like Gecko; compatible; ClaudeBot/1.0; +claudebot@anthropic.com)" "-" 173 0.032 "51438" "0.032" "mkanyafarm.com"
74.7.227.3 - - [07/Nov/2025:00:17:13 +0000] "GET /sitemap-hot-4955330.xml?fileloc=/srv/users/mkanyafarm/apps/mkanyafarm/public/wp-admin/images/imgedit-icons-2x.png&path=/srv/users/mkanyafarm/apps/mkanyafarm/public/wp-admin/images HTTP/2.0" 200 8682 "-" "Mozilla/5.0 AppleWebKit/537.36 (KHTML, like Gecko; compatible; GPTBot/1.2; +https://openai.com/gptbot)" "-" 149 0.027 "26913" "0.027" "mkanyafarm.com"
216.73.216.36 - - [07/Nov/2025:00:17:14 +0000] "GET /%22https:/eye-of-medusa.de/?fileloc=%2Fsrv%2Fusers%2Fmkanyafarm%2Fapps%2Fmkanyafarm%2Fpublic%2Fwp-includes%2Ffunctions.php&path=%2Fsrv%2Fusers%2Fmkanyafarm%2Fapps%2Fmkanyafarm%2Fpublic%2Fwp-includes HTTP/2.0" 200 72322 "-" "Mozilla/5.0 AppleWebKit/537.36 (KHTML, like Gecko; compatible; ClaudeBot/1.0; +claudebot@anthropic.com)" "-" 154 0.039 "328456" "0.039" "mkanyafarm.com"
216.73.216.36 - - [07/Nov/2025:00:17:17 +0000] "GET /%22https:/eye-of-medusa.de/?fileloc=%2Fsrv%2Fusers%2Fmkanyafarm%2Fapps%2Fmkanyafarm%2Fpublic%2Fwp-includes%2Fclass-wp-network-query.php&path=%2Fsrv%2Fusers%2Fmkanyafarm%2Fapps%2Fmkanyafarm%2Fpublic%2Fwp-includes HTTP/2.0" 200 7028 "-" "Mozilla/5.0 AppleWebKit/537.36 (KHTML, like Gecko; compatible; ClaudeBot/1.0; +claudebot@anthropic.com)" "-" 164 0.030 "35630" "0.030" "mkanyafarm.com"
74.7.227.3 - - [07/Nov/2025:00:17:19 +0000] "GET /sitemap-hot-4955330.xml?fileloc=/srv/users/mkanyafarm/apps/mkanyafarm/public/wp-admin/images/stars-2x.png&path=/srv/users/mkanyafarm/apps/mkanyafarm/public/wp-admin/images HTTP/2.0" 200 3589 "-" "Mozilla/5.0 AppleWebKit/537.36 (KHTML, like Gecko; compatible; GPTBot/1.2; +https://openai.com/gptbot)" "-" 143 0.029 "15005" "0.029" "mkanyafarm.com"
216.73.216.36 - - [07/Nov/2025:00:17:20 +0000] "GET /%22https:/eye-of-medusa.de/?fileloc=%2Fsrv%2Fusers%2Fmkanyafarm%2Fapps%2Fmkanyafarm%2Fpublic%2Fwp-includes%2Fclass-wp-simplepie-file.php&path=%2Fsrv%2Fusers%2Fmkanyafarm%2Fapps%2Fmkanyafarm%2Fpublic%2Fwp-includes HTTP/2.0" 200 3567 "-" "Mozilla/5.0 AppleWebKit/537.36 (KHTML, like Gecko; compatible; ClaudeBot/1.0; +claudebot@anthropic.com)" "-" 164 0.025 "16254" "0.025" "mkanyafarm.com"
216.73.216.36 - - [07/Nov/2025:00:17:23 +0000] "GET /%22https:/eye-of-medusa.de/?fileloc=%2Fsrv%2Fusers%2Fmkanyafarm%2Fapps%2Fmkanyafarm%2Fpublic%2Fwp-includes%2Fautoload_classmap.php&path=%2Fsrv%2Fusers%2Fmkanyafarm%2Fapps%2Fmkanyafarm%2Fpublic%2Fwp-includes HTTP/2.0" 200 6869 "-" "Mozilla/5.0 AppleWebKit/537.36 (KHTML, like Gecko; compatible; ClaudeBot/1.0; +claudebot@anthropic.com)" "-" 159 0.024 "32260" "0.024" "mkanyafarm.com"
74.7.227.3 - - [07/Nov/2025:00:17:23 +0000] "GET /sitemap-hot-4967330.xml?fileloc=/srv/users/mkanyafarm/apps/mkanyafarm/public/wp-admin/images/align-center-2x.png&path=/srv/users/mkanyafarm/apps/mkanyafarm/public/wp-admin/images HTTP/2.0" 200 2493 "-" "Mozilla/5.0 AppleWebKit/537.36 (KHTML, like Gecko; compatible; GPTBot/1.2; +https://openai.com/gptbot)" "-" 149 0.022 "12972" "0.022" "mkanyafarm.com"
74.7.227.3 - - [07/Nov/2025:00:17:26 +0000] "GET /sitemap-hot-4967330.xml?fileloc=/srv/users/mkanyafarm/apps/mkanyafarm/public/wp-admin/images/resize-2x.gif&path=/srv/users/mkanyafarm/apps/mkanyafarm/public/wp-admin/images HTTP/2.0" 200 2467 "-" "Mozilla/5.0 AppleWebKit/537.36 (KHTML, like Gecko; compatible; GPTBot/1.2; +https://openai.com/gptbot)" "-" 143 0.029 "12994" "0.029" "mkanyafarm.com"
216.73.216.36 - - [07/Nov/2025:00:17:28 +0000] "GET /%22https:/eye-of-medusa.de/?fileloc=%2Fsrv%2Fusers%2Fmkanyafarm%2Fapps%2Fmkanyafarm%2Fpublic%2Fwp-admin%2Fimport.php&path=%2Fsrv%2Fusers%2Fmkanyafarm%2Fapps%2Fmkanyafarm%2Fpublic%2Fwp-admin HTTP/2.0" 200 4903 "-" "Mozilla/5.0 AppleWebKit/537.36 (KHTML, like Gecko; compatible; ClaudeBot/1.0; +claudebot@anthropic.com)" "-" 262 0.027 "22286" "0.027" "mkanyafarm.com"
216.73.216.36 - - [07/Nov/2025:00:17:31 +0000] "GET /%22https:/eye-of-medusa.de/?fileloc=%2Fsrv%2Fusers%2Fmkanyafarm%2Fapps%2Fmkanyafarm%2Fpublic%2Fwp-admin%2Fupdate.php&path=%2Fsrv%2Fusers%2Fmkanyafarm%2Fapps%2Fmkanyafarm%2Fpublic%2Fwp-admin HTTP/2.0" 200 4878 "-" "Mozilla/5.0 AppleWebKit/537.36 (KHTML, like Gecko; compatible; ClaudeBot/1.0; +claudebot@anthropic.com)" "-" 148 0.034 "28470" "0.034" "mkanyafarm.com"
74.7.227.3 - - [07/Nov/2025:00:17:31 +0000] "GET /sitemap-hot-4955330.xml?fileloc=/srv/users/mkanyafarm/apps/mkanyafarm/public/wp-admin/images/align-center-2x.png&path=/srv/users/mkanyafarm/apps/mkanyafarm/public/wp-admin/images HTTP/2.0" 200 2493 "-" "Mozilla/5.0 AppleWebKit/537.36 (KHTML, like Gecko; compatible; GPTBot/1.2; +https://openai.com/gptbot)" "-" 149 0.023 "12972" "0.023" "mkanyafarm.com"
216.73.216.36 - - [07/Nov/2025:00:17:34 +0000] "GET /%22https:/chickenroad2-ufficiale.it/?fileloc=%2Fsrv%2Fusers%2Fmkanyafarm%2Fapps%2Fmkanyafarm%2Fpublic%2Fwp-includes%2Fclass-wp-comment-query.php&path=%2Fsrv%2Fusers%2Fmkanyafarm%2Fapps%2Fmkanyafarm%2Fpublic%2Fwp-includes HTTP/2.0" 200 12569 "-" "Mozilla/5.0 AppleWebKit/537.36 (KHTML, like Gecko; compatible; ClaudeBot/1.0; +claudebot@anthropic.com)" "-" 169 0.022 "67869" "0.022" "mkanyafarm.com"
95.91.110.210 - - [07/Nov/2025:00:17:36 +0000] "GET /robots.txt HTTP/1.1" 200 1062 "-" "Mozilla/5.0 (compatible; MJ12bot/v1.4.8; http://mj12bot.com/)" "-" 162 0.001 "1062" "0.001" "mkanyafarm.com"
216.73.216.36 - - [07/Nov/2025:00:17:37 +0000] "GET /%22https:/eye-of-medusa.de/?fileloc=%2Fsrv%2Fusers%2Fmkanyafarm%2Fapps%2Fmkanyafarm%2Fpublic%2Fwp-includes%2Fclass-wp-date-query.php&path=%2Fsrv%2Fusers%2Fmkanyafarm%2Fapps%2Fmkanyafarm%2Fpublic%2Fwp-includes HTTP/2.0" 200 10683 "-" "Mozilla/5.0 AppleWebKit/537.36 (KHTML, like Gecko; compatible; ClaudeBot/1.0; +claudebot@anthropic.com)" "-" 161 0.034 "53333" "0.034" "mkanyafarm.com"
74.7.227.3 - - [07/Nov/2025:00:17:37 +0000] "GET /sitemap-hot-4967330.xml?fileloc=/srv/users/mkanyafarm/apps/mkanyafarm/public/wp-admin/images/arrows-2x.png&path=/srv/users/mkanyafarm/apps/mkanyafarm/public/wp-admin/images HTTP/2.0" 200 3047 "-" "Mozilla/5.0 AppleWebKit/537.36 (KHTML, like Gecko; compatible; GPTBot/1.2; +https://openai.com/gptbot)" "-" 144 0.035 "14225" "0.035" "mkanyafarm.com"
95.91.110.210 - - [07/Nov/2025:00:17:40 +0000] "GET /?fileloc=/srv/users/mkanyafarm/apps/mkanyafarm/public/.htaccess&path=/srv/users/mkanyafarm/apps/mkanyafarm/public HTTP/1.1" 200 3028 "-" "Mozilla/5.0 (compatible; MJ12bot/v1.4.8; http://mj12bot.com/)" "-" 478 0.020 "14624" "0.020" "mkanyafarm.com"
216.73.216.36 - - [07/Nov/2025:00:17:40 +0000] "GET /%22https:/chickenroad2-ufficiale.it/?fileloc=%2Fsrv%2Fusers%2Fmkanyafarm%2Fapps%2Fmkanyafarm%2Fpublic%2Fwp-includes%2Fclass.wp-styles.php&path=%2Fsrv%2Fusers%2Fmkanyafarm%2Fapps%2Fmkanyafarm%2Fpublic%2Fwp-includes HTTP/2.0" 200 2451 "-" "Mozilla/5.0 AppleWebKit/537.36 (KHTML, like Gecko; compatible; ClaudeBot/1.0; +claudebot@anthropic.com)" "-" 164 0.022 "13043" "0.022" "mkanyafarm.com"
74.7.227.3 - - [07/Nov/2025:00:17:41 +0000] "GET /sitemap-hot-4955330.xml?fileloc=/srv/users/mkanyafarm/apps/mkanyafarm/public/wp-admin/images/date-button-2x.gif&path=/srv/users/mkanyafarm/apps/mkanyafarm/public/wp-admin/images HTTP/2.0" 200 3124 "-" "Mozilla/5.0 AppleWebKit/537.36 (KHTML, like Gecko; compatible; GPTBot/1.2; +https://openai.com/gptbot)" "-" 148 0.022 "14492" "0.022" "mkanyafarm.com"
216.73.216.36 - - [07/Nov/2025:00:17:43 +0000] "GET /%22https:/eye-of-medusa.de/?fileloc=%2Fsrv%2Fusers%2Fmkanyafarm%2Fapps%2Fmkanyafarm%2Fpublic%2Fwp-includes%2Fshortcodes.php&path=%2Fsrv%2Fusers%2Fmkanyafarm%2Fapps%2Fmkanyafarm%2Fpublic%2Fwp-includes HTTP/2.0" 200 8693 "-" "Mozilla/5.0 AppleWebKit/537.36 (KHTML, like Gecko; compatible; ClaudeBot/1.0; +claudebot@anthropic.com)" "-" 154 0.021 "38311" "0.021" "mkanyafarm.com"
95.91.110.210 - - [07/Nov/2025:00:17:43 +0000] "GET /?fileloc=/srv/users/mkanyafarm/apps/mkanyafarm/public/index.php&path=/srv/users/mkanyafarm/apps/mkanyafarm/public HTTP/1.1" 200 10477 "-" "Mozilla/5.0 (compatible; MJ12bot/v1.4.8; http://mj12bot.com/)" "-" 478 0.021 "35452" "0.021" "mkanyafarm.com"
74.7.227.3 - - [07/Nov/2025:00:17:44 +0000] "GET /sitemap-hot-4955330.xml?fileloc=/srv/users/mkanyafarm/apps/mkanyafarm/public/wp-admin/images/freedom-2.svg&path=/srv/users/mkanyafarm/apps/mkanyafarm/public/wp-admin/images HTTP/2.0" 200 5220 "-" "Mozilla/5.0 AppleWebKit/537.36 (KHTML, like Gecko; compatible; GPTBot/1.2; +https://openai.com/gptbot)" "-" 143 0.029 "22240" "0.029" "mkanyafarm.com"
95.91.110.210 - - [07/Nov/2025:00:17:47 +0000] "GET /?fileloc=/srv/users/mkanyafarm/apps/mkanyafarm/public/license.txt&path=/srv/users/mkanyafarm/apps/mkanyafarm/public HTTP/1.1" 200 9316 "-" "Mozilla/5.0 (compatible; MJ12bot/v1.4.8; http://mj12bot.com/)" "-" 480 0.028 "32635" "0.028" "mkanyafarm.com"
74.7.227.3 - - [07/Nov/2025:00:17:49 +0000] "GET /sitemap-hot-4967330.xml?fileloc=/srv/users/mkanyafarm/apps/mkanyafarm/public/wp-admin/images/date-button-2x.gif&path=/srv/users/mkanyafarm/apps/mkanyafarm/public/wp-admin/images HTTP/2.0" 200 3124 "-" "Mozilla/5.0 AppleWebKit/537.36 (KHTML, like Gecko; compatible; GPTBot/1.2; +https://openai.com/gptbot)" "-" 148 0.087 "14492" "0.087" "mkanyafarm.com"
95.91.110.210 - - [07/Nov/2025:00:17:50 +0000] "GET /?fileloc=/srv/users/mkanyafarm/apps/mkanyafarm/public/readme.html&path=/srv/users/mkanyafarm/apps/mkanyafarm/public HTTP/1.1" 200 5144 "-" "Mozilla/5.0 (compatible; MJ12bot/v1.4.8; http://mj12bot.com/)" "-" 480 0.028 "21888" "0.028" "mkanyafarm.com"
95.91.110.210 - - [07/Nov/2025:00:17:54 +0000] "GET /?fileloc=/srv/users/mkanyafarm/apps/mkanyafarm/public/robots.txt&path=/srv/users/mkanyafarm/apps/mkanyafarm/public HTTP/1.1" 200 2370 "-" "Mozilla/5.0 (compatible; MJ12bot/v1.4.8; http://mj12bot.com/)" "-" 479 0.023 "13614" "0.023" "mkanyafarm.com"
74.7.227.3 - - [07/Nov/2025:00:17:55 +0000] "GET /sitemap-hot-4967330.xml?fileloc=/srv/users/mkanyafarm/apps/mkanyafarm/public/wp-admin/images/freedom-1.svg&path=/srv/users/mkanyafarm/apps/mkanyafarm/public/wp-admin/images HTTP/2.0" 200 2695 "-" "Mozilla/5.0 AppleWebKit/537.36 (KHTML, like Gecko; compatible; GPTBot/1.2; +https://openai.com/gptbot)" "-" 143 0.026 "15475" "0.026" "mkanyafarm.com"
95.91.110.210 - - [07/Nov/2025:00:17:57 +0000] "GET /?fileloc=/srv/users/mkanyafarm/apps/mkanyafarm/public/theme.php&path=/srv/users/mkanyafarm/apps/mkanyafarm/public HTTP/1.1" 200 10863 "-" "Mozilla/5.0 (compatible; MJ12bot/v1.4.8; http://mj12bot.com/)" "-" 478 0.030 "82051" "0.030" "mkanyafarm.com"
74.7.227.3 - - [07/Nov/2025:00:17:58 +0000] "GET /sitemap-hot-4969330.xml?fileloc=/srv/users/mkanyafarm/apps/mkanyafarm/public/wp-admin/network/user-new.php&path=/srv/users/mkanyafarm/apps/mkanyafarm/public/wp-admin/network HTTP/2.0" 200 4322 "-" "Mozilla/5.0 AppleWebKit/537.36 (KHTML, like Gecko; compatible; GPTBot/1.2; +https://openai.com/gptbot)" "-" 146 0.029 "19635" "0.029" "mkanyafarm.com"
95.91.110.210 - - [07/Nov/2025:00:18:01 +0000] "GET /?fileloc=/srv/users/mkanyafarm/apps/mkanyafarm/public/uqqtj.php&path=/srv/users/mkanyafarm/apps/mkanyafarm/public HTTP/1.1" 200 5496 "-" "Mozilla/5.0 (compatible; MJ12bot/v1.4.8; http://mj12bot.com/)" "-" 478 0.028 "45033" "0.028" "mkanyafarm.com"
74.7.227.3 - - [07/Nov/2025:00:18:04 +0000] "GET /sitemap-hot-4969330.xml?fileloc=/srv/users/mkanyafarm/apps/mkanyafarm/public/wp-admin/network/user-edit.php&path=/srv/users/mkanyafarm/apps/mkanyafarm/public/wp-admin/network HTTP/2.0" 200 2419 "-" "Mozilla/5.0 AppleWebKit/537.36 (KHTML, like Gecko; compatible; GPTBot/1.2; +https://openai.com/gptbot)" "-" 146 0.032 "13021" "0.032" "mkanyafarm.com"
95.91.110.210 - - [07/Nov/2025:00:18:04 +0000] "GET /?fileloc=/srv/users/mkanyafarm/apps/mkanyafarm/public/wp-activate.php&path=/srv/users/mkanyafarm/apps/mkanyafarm/public HTTP/1.1" 200 4686 "-" "Mozilla/5.0 (compatible; MJ12bot/v1.4.8; http://mj12bot.com/)" "-" 484 0.059 "21581" "0.059" "mkanyafarm.com"
74.7.227.3 - - [07/Nov/2025:00:18:06 +0000] "GET /sitemap-hot-4969330.xml?fileloc=/srv/users/mkanyafarm/apps/mkanyafarm/public/wp-admin/network/menu.php&path=/srv/users/mkanyafarm/apps/mkanyafarm/public/wp-admin/network HTTP/2.0" 200 3418 "-" "Mozilla/5.0 AppleWebKit/537.36 (KHTML, like Gecko; compatible; GPTBot/1.2; +https://openai.com/gptbot)" "-" 142 0.048 "19340" "0.048" "mkanyafarm.com"
95.91.110.210 - - [07/Nov/2025:00:18:08 +0000] "GET /?fileloc=/srv/users/mkanyafarm/apps/mkanyafarm/public/wp-blog-header.php&path=/srv/users/mkanyafarm/apps/mkanyafarm/public HTTP/1.1" 200 2608 "-" "Mozilla/5.0 (compatible; MJ12bot/v1.4.8; http://mj12bot.com/)" "-" 487 0.031 "13121" "0.031" "mkanyafarm.com"
95.91.110.210 - - [07/Nov/2025:00:18:11 +0000] "GET /?fileloc=/srv/users/mkanyafarm/apps/mkanyafarm/public/wp-comments-post.php&path=/srv/users/mkanyafarm/apps/mkanyafarm/public HTTP/1.1" 200 3284 "-" "Mozilla/5.0 (compatible; MJ12bot/v1.4.8; http://mj12bot.com/)" "-" 489 0.022 "15231" "0.022" "mkanyafarm.com"
74.7.227.3 - - [07/Nov/2025:00:18:12 +0000] "GET /sitemap-hot-4967330.xml?fileloc=/srv/users/mkanyafarm/apps/mkanyafarm/public/wp-admin/images/xit.gif&path=/srv/users/mkanyafarm/apps/mkanyafarm/public/wp-admin/images HTTP/2.0" 200 2451 "-" "Mozilla/5.0 AppleWebKit/537.36 (KHTML, like Gecko; compatible; GPTBot/1.2; +https://openai.com/gptbot)" "-" 139 0.028 "13067" "0.028" "mkanyafarm.com"
74.7.227.3 - - [07/Nov/2025:00:18:15 +0000] "GET /sitemap-hot-4959330.xml?fileloc=/srv/users/mkanyafarm/apps/mkanyafarm/public/wp-admin/js/gallery.min.js&path=/srv/users/mkanyafarm/apps/mkanyafarm/public/wp-admin/js HTTP/2.0" 200 3642 "-" "Mozilla/5.0 AppleWebKit/537.36 (KHTML, like Gecko; compatible; GPTBot/1.2; +https://openai.com/gptbot)" "-" 139 0.027 "17799" "0.027" "mkanyafarm.com"
74.7.227.3 - - [07/Nov/2025:00:18:19 +0000] "GET /sitemap-hot-4959330.xml?fileloc=/srv/users/mkanyafarm/apps/mkanyafarm/public/wp-admin/js/gallery.js&path=/srv/users/mkanyafarm/apps/mkanyafarm/public/wp-admin/js HTTP/2.0" 200 4029 "-" "Mozilla/5.0 AppleWebKit/537.36 (KHTML, like Gecko; compatible; GPTBot/1.2; +https://openai.com/gptbot)" "-" 136 0.021 "19483" "0.021" "mkanyafarm.com"
95.91.110.210 - - [07/Nov/2025:00:18:22 +0000] "GET /?fileloc=/srv/users/mkanyafarm/apps/mkanyafarm/public/wp-config-sample.php&path=/srv/users/mkanyafarm/apps/mkanyafarm/public HTTP/1.1" 200 3494 "-" "Mozilla/5.0 (compatible; MJ12bot/v1.4.8; http://mj12bot.com/)" "-" 489 0.027 "16276" "0.027" "mkanyafarm.com"
74.7.227.3 - - [07/Nov/2025:00:18:23 +0000] "GET /sitemap-hot-4951330.xml?fileloc=/srv/users/mkanyafarm/apps/mkanyafarm/public/wp-admin/maint/.htaccess&path=/srv/users/mkanyafarm/apps/mkanyafarm/public/wp-admin/maint HTTP/2.0" 200 2377 "-" "Mozilla/5.0 AppleWebKit/537.36 (KHTML, like Gecko; compatible; GPTBot/1.2; +https://openai.com/gptbot)" "-" 139 0.028 "12884" "0.028" "mkanyafarm.com"
95.91.110.210 - - [07/Nov/2025:00:18:25 +0000] "GET /?fileloc=/srv/users/mkanyafarm/apps/mkanyafarm/public/wp-config.php&path=/srv/users/mkanyafarm/apps/mkanyafarm/public HTTP/1.1" 200 4166 "-" "Mozilla/5.0 (compatible; MJ12bot/v1.4.8; http://mj12bot.com/)" "-" 482 0.028 "16839" "0.028" "mkanyafarm.com"
74.7.227.3 - - [07/Nov/2025:00:18:28 +0000] "GET /sitemap-hot-4955330.xml?fileloc=/srv/users/mkanyafarm/apps/mkanyafarm/public/wp-admin/images/yes.png&path=/srv/users/mkanyafarm/apps/mkanyafarm/public/wp-admin/images HTTP/2.0" 200 2819 "-" "Mozilla/5.0 AppleWebKit/537.36 (KHTML, like Gecko; compatible; GPTBot/1.2; +https://openai.com/gptbot)" "-" 139 0.034 "13735" "0.034" "mkanyafarm.com"
95.91.110.210 - - [07/Nov/2025:00:18:30 +0000] "GET /?fileloc=/srv/users/mkanyafarm/apps/mkanyafarm/public/wp-cron.php&path=/srv/users/mkanyafarm/apps/mkanyafarm/public HTTP/1.1" 200 4276 "-" "Mozilla/5.0 (compatible; MJ12bot/v1.4.8; http://mj12bot.com/)" "-" 480 0.022 "18515" "0.022" "mkanyafarm.com"
95.91.110.210 - - [07/Nov/2025:00:18:33 +0000] "GET /?fileloc=/srv/users/mkanyafarm/apps/mkanyafarm/public/wp-links-opml.php&path=/srv/users/mkanyafarm/apps/mkanyafarm/public HTTP/1.1" 200 3359 "-" "Mozilla/5.0 (compatible; MJ12bot/v1.4.8; http://mj12bot.com/)" "-" 486 0.032 "15617" "0.032" "mkanyafarm.com"
74.7.227.3 - - [07/Nov/2025:00:18:34 +0000] "GET /sitemap-hot-4955330.xml?fileloc=/srv/users/mkanyafarm/apps/mkanyafarm/public/wp-admin/images/xit.gif&path=/srv/users/mkanyafarm/apps/mkanyafarm/public/wp-admin/images HTTP/2.0" 200 2451 "-" "Mozilla/5.0 AppleWebKit/537.36 (KHTML, like Gecko; compatible; GPTBot/1.2; +https://openai.com/gptbot)" "-" 131 0.024 "13067" "0.024" "mkanyafarm.com"
95.91.110.210 - - [07/Nov/2025:00:18:37 +0000] "GET /?fileloc=/srv/users/mkanyafarm/apps/mkanyafarm/public/wp-load.php&path=/srv/users/mkanyafarm/apps/mkanyafarm/public HTTP/1.1" 200 3984 "-" "Mozilla/5.0 (compatible; MJ12bot/v1.4.8; http://mj12bot.com/)" "-" 480 0.028 "17227" "0.028" "mkanyafarm.com"
74.7.227.3 - - [07/Nov/2025:00:18:37 +0000] "GET /sitemap-hot-4967330.xml?fileloc=/srv/users/mkanyafarm/apps/mkanyafarm/public/wp-admin/images/yes.png&path=/srv/users/mkanyafarm/apps/mkanyafarm/public/wp-admin/images HTTP/2.0" 200 2819 "-" "Mozilla/5.0 AppleWebKit/537.36 (KHTML, like Gecko; compatible; GPTBot/1.2; +https://openai.com/gptbot)" "-" 139 0.029 "13735" "0.029" "mkanyafarm.com"
95.91.110.210 - - [07/Nov/2025:00:18:40 +0000] "GET /?fileloc=/srv/users/mkanyafarm/apps/mkanyafarm/public/wp-mail.php&path=/srv/users/mkanyafarm/apps/mkanyafarm/public HTTP/1.1" 200 5295 "-" "Mozilla/5.0 (compatible; MJ12bot/v1.4.8; http://mj12bot.com/)" "-" 480 0.025 "22450" "0.025" "mkanyafarm.com"
95.91.110.210 - - [07/Nov/2025:00:18:44 +0000] "GET /?fileloc=/srv/users/mkanyafarm/apps/mkanyafarm/public/wp-settings.php&path=/srv/users/mkanyafarm/apps/mkanyafarm/public HTTP/1.1" 200 8234 "-" "Mozilla/5.0 (compatible; MJ12bot/v1.4.8; http://mj12bot.com/)" "-" 484 0.022 "46032" "0.022" "mkanyafarm.com"
74.7.227.3 - - [07/Nov/2025:00:18:44 +0000] "GET /sitemap-hot-4957330.xml?fileloc=/srv/users/mkanyafarm/apps/mkanyafarm/public/wp-admin/maint/.htaccess&path=/srv/users/mkanyafarm/apps/mkanyafarm/public/wp-admin/maint HTTP/2.0" 200 2377 "-" "Mozilla/5.0 AppleWebKit/537.36 (KHTML, like Gecko; compatible; GPTBot/1.2; +https://openai.com/gptbot)" "-" 139 0.021 "12884" "0.021" "mkanyafarm.com"
216.73.216.36 - - [07/Nov/2025:00:18:44 +0000] "GET /sitemap-hot-4953330.xml HTTP/2.0" 200 3335 "-" "Mozilla/5.0 AppleWebKit/537.36 (KHTML, like Gecko; compatible; ClaudeBot/1.0; +claudebot@anthropic.com)" "-" 140 0.030 "54310" "0.030" "mkanyafarm.com"
95.91.110.210 - - [07/Nov/2025:00:18:47 +0000] "GET /?fileloc=/srv/users/mkanyafarm/apps/mkanyafarm/public/wp-signup.php&path=/srv/users/mkanyafarm/apps/mkanyafarm/public HTTP/1.1" 200 10152 "-" "Mozilla/5.0 (compatible; MJ12bot/v1.4.8; http://mj12bot.com/)" "-" 482 0.032 "54083" "0.032" "mkanyafarm.com"
216.73.216.36 - - [07/Nov/2025:00:18:47 +0000] "GET /sitemap-hot-4959330.xml HTTP/2.0" 200 3335 "-" "Mozilla/5.0 AppleWebKit/537.36 (KHTML, like Gecko; compatible; ClaudeBot/1.0; +claudebot@anthropic.com)" "-" 26 0.037 "54310" "0.037" "mkanyafarm.com"
74.7.227.3 - - [07/Nov/2025:00:18:47 +0000] "GET /sitemap-hot-4967330.xml?fileloc=/srv/users/mkanyafarm/apps/mkanyafarm/public/wp-admin/images/no.png&path=/srv/users/mkanyafarm/apps/mkanyafarm/public/wp-admin/images HTTP/2.0" 200 2903 "-" "Mozilla/5.0 AppleWebKit/537.36 (KHTML, like Gecko; compatible; GPTBot/1.2; +https://openai.com/gptbot)" "-" 138 0.029 "14038" "0.029" "mkanyafarm.com"
216.73.216.36 - - [07/Nov/2025:00:18:50 +0000] "GET /sitemap-hot-4961330.xml HTTP/2.0" 200 3335 "-" "Mozilla/5.0 AppleWebKit/537.36 (KHTML, like Gecko; compatible; ClaudeBot/1.0; +claudebot@anthropic.com)" "-" 25 0.026 "54310" "0.026" "mkanyafarm.com"
95.91.110.210 - - [07/Nov/2025:00:18:51 +0000] "GET /?fileloc=/srv/users/mkanyafarm/apps/mkanyafarm/public/wp-trackback.php&path=/srv/users/mkanyafarm/apps/mkanyafarm/public HTTP/1.1" 200 4089 "-" "Mozilla/5.0 (compatible; MJ12bot/v1.4.8; http://mj12bot.com/)" "-" 485 0.024 "18556" "0.024" "mkanyafarm.com"
74.7.227.3 - - [07/Nov/2025:00:18:52 +0000] "GET /sitemap-hot-4955330.xml?fileloc=/srv/users/mkanyafarm/apps/mkanyafarm/public/wp-admin/images/no.png&path=/srv/users/mkanyafarm/apps/mkanyafarm/public/wp-admin/images HTTP/2.0" 200 2903 "-" "Mozilla/5.0 AppleWebKit/537.36 (KHTML, like Gecko; compatible; GPTBot/1.2; +https://openai.com/gptbot)" "-" 138 0.023 "14038" "0.023" "mkanyafarm.com"
216.73.216.36 - - [07/Nov/2025:00:18:53 +0000] "GET /%22https:/eye-of-medusa.de/?fileloc=%2Fsrv%2Fusers%2Fmkanyafarm%2Fapps%2Fmkanyafarm%2Fpublic%2Fwp-content%2F.htaccess&path=%2Fsrv%2Fusers%2Fmkanyafarm%2Fapps%2Fmkanyafarm%2Fpublic%2Fwp-content HTTP/2.0" 200 2364 "-" "Mozilla/5.0 AppleWebKit/537.36 (KHTML, like Gecko; compatible; ClaudeBot/1.0; +claudebot@anthropic.com)" "-" 149 0.027 "12798" "0.027" "mkanyafarm.com"
95.91.110.210 - - [07/Nov/2025:00:18:54 +0000] "GET /?path=/ HTTP/1.1" 200 2274 "-" "Mozilla/5.0 (compatible; MJ12bot/v1.4.8; http://mj12bot.com/)" "-" 372 0.028 "12614" "0.028" "mkanyafarm.com"
74.7.227.3 - - [07/Nov/2025:00:18:55 +0000] "GET /sitemap-hot-4959330.xml?fileloc=/srv/users/mkanyafarm/apps/mkanyafarm/public/wp-admin/js/inline-edit-post.min.js&path=/srv/users/mkanyafarm/apps/mkanyafarm/public/wp-admin/js HTTP/2.0" 200 5704 "-" "Mozilla/5.0 AppleWebKit/537.36 (KHTML, like Gecko; compatible; GPTBot/1.2; +https://openai.com/gptbot)" "-" 146 0.033 "26153" "0.033" "mkanyafarm.com"
216.73.216.36 - - [07/Nov/2025:00:18:56 +0000] "GET /%22https:/eye-of-medusa.de/?path=%2Fsrv%2Fusers%2Fmkanyafarm%2Frun HTTP/2.0" 200 2300 "-" "Mozilla/5.0 AppleWebKit/537.36 (KHTML, like Gecko; compatible; ClaudeBot/1.0; +claudebot@anthropic.com)" "-" 57 0.024 "12783" "0.024" "mkanyafarm.com"
95.91.110.210 - - [07/Nov/2025:00:18:58 +0000] "GET /?path=/srv HTTP/1.1" 200 2283 "-" "Mozilla/5.0 (compatible; MJ12bot/v1.4.8; http://mj12bot.com/)" "-" 375 0.024 "12643" "0.024" "mkanyafarm.com"
216.73.216.36 - - [07/Nov/2025:00:18:59 +0000] "GET /%22https:/eye-of-medusa.de/?path=%2Fsrv%2Fusers%2Fmkanyafarm%2Fapps%2Fmkanyafarm%2Fpublic%2Fwp-admin%2Fmaint HTTP/2.0" 200 2691 "-" "Mozilla/5.0 AppleWebKit/537.36 (KHTML, like Gecko; compatible; ClaudeBot/1.0; +claudebot@anthropic.com)" "-" 88 0.024 "17769" "0.024" "mkanyafarm.com"
74.7.227.3 - - [07/Nov/2025:00:19:01 +0000] "GET /sitemap-hot-4959330.xml?fileloc=/srv/users/mkanyafarm/apps/mkanyafarm/public/wp-admin/js/password-strength-meter.js&path=/srv/users/mkanyafarm/apps/mkanyafarm/public/wp-admin/js HTTP/2.0" 200 3657 "-" "Mozilla/5.0 AppleWebKit/537.36 (KHTML, like Gecko; compatible; GPTBot/1.2; +https://openai.com/gptbot)" "-" 148 0.024 "17207" "0.024" "mkanyafarm.com"
95.91.110.210 - - [07/Nov/2025:00:19:01 +0000] "GET /?path=/srv/users HTTP/1.1" 200 2294 "-" "Mozilla/5.0 (compatible; MJ12bot/v1.4.8; http://mj12bot.com/)" "-" 381 0.024 "12680" "0.024" "mkanyafarm.com"
95.91.110.210 - - [07/Nov/2025:00:19:05 +0000] "GET /?path=/srv/users/mkanyafarm HTTP/1.1" 200 2956 "-" "Mozilla/5.0 (compatible; MJ12bot/v1.4.8; http://mj12bot.com/)" "-" 392 0.037 "32131" "0.037" "mkanyafarm.com"
74.7.227.3 - - [07/Nov/2025:00:19:05 +0000] "GET /sitemap-hot-4955330.xml?fileloc=/srv/users/mkanyafarm/apps/mkanyafarm/public/wp-admin/images/about-texture.png&path=/srv/users/mkanyafarm/apps/mkanyafarm/public/wp-admin/images HTTP/2.0" 200 84991 "-" "Mozilla/5.0 AppleWebKit/537.36 (KHTML, like Gecko; compatible; GPTBot/1.2; +https://openai.com/gptbot)" "-" 147 0.062 "201890" "0.062" "mkanyafarm.com"
95.91.110.210 - - [07/Nov/2025:00:19:08 +0000] "GET /?path=/srv/users/mkanyafarm/apps HTTP/1.1" 200 2550 "-" "Mozilla/5.0 (compatible; MJ12bot/v1.4.8; http://mj12bot.com/)" "-" 397 0.020 "14164" "0.020" "mkanyafarm.com"
74.7.227.3 - - [07/Nov/2025:00:19:10 +0000] "GET /sitemap-hot-4967330.xml?fileloc=/srv/users/mkanyafarm/apps/mkanyafarm/public/wp-admin/images/resize.gif&path=/srv/users/mkanyafarm/apps/mkanyafarm/public/wp-admin/images HTTP/2.0" 200 2365 "-" "Mozilla/5.0 AppleWebKit/537.36 (KHTML, like Gecko; compatible; GPTBot/1.2; +https://openai.com/gptbot)" "-" 141 0.031 "12836" "0.031" "mkanyafarm.com"
95.91.110.210 - - [07/Nov/2025:00:19:12 +0000] "GET /?path=/srv/users/mkanyafarm/apps/mkanyafarm HTTP/1.1" 200 2544 "-" "Mozilla/5.0 (compatible; MJ12bot/v1.4.8; http://mj12bot.com/)" "-" 408 0.021 "14250" "0.021" "mkanyafarm.com"
74.7.227.3 - - [07/Nov/2025:00:19:14 +0000] "GET /sitemap-hot-4969330.xml?fileloc=/srv/users/mkanyafarm/apps/mkanyafarm/public/wp-admin/network/site-users.php&path=/srv/users/mkanyafarm/apps/mkanyafarm/public/wp-admin/network HTTP/2.0" 200 5557 "-" "Mozilla/5.0 AppleWebKit/537.36 (KHTML, like Gecko; compatible; GPTBot/1.2; +https://openai.com/gptbot)" "-" 147 0.037 "27174" "0.037" "mkanyafarm.com"
95.91.110.210 - - [07/Nov/2025:00:19:15 +0000] "GET /?path=/srv/users/mkanyafarm/apps/mkanyafarm/public HTTP/1.1" 200 3347 "-" "Mozilla/5.0 (compatible; MJ12bot/v1.4.8; http://mj12bot.com/)" "-" 415 0.040 "54310" "0.040" "mkanyafarm.com"
216.73.216.36 - - [07/Nov/2025:00:19:17 +0000] "GET /%22https:/eye-of-medusa.de/?fileloc=%2Fsrv%2Fusers%2Fmkanyafarm%2Fapps%2Fmkanyafarm%2Fpublic%2Fwp-admin%2Fjs%2Fimage-edit.js&path=%2Fsrv%2Fusers%2Fmkanyafarm%2Fapps%2Fmkanyafarm%2Fpublic%2Fwp-admin%2Fjs HTTP/2.0" 200 12143 "-" "Mozilla/5.0 AppleWebKit/537.36 (KHTML, like Gecko; compatible; ClaudeBot/1.0; +claudebot@anthropic.com)" "-" 271 0.035 "58351" "0.035" "mkanyafarm.com"
95.91.110.210 - - [07/Nov/2025:00:19:19 +0000] "GET /?path=/srv/users/mkanyafarm/apps/mkanyafarm/public/.tmb HTTP/1.1" 200 2585 "-" "Mozilla/5.0 (compatible; MJ12bot/v1.4.8; http://mj12bot.com/)" "-" 420 0.037 "14563" "0.037" "mkanyafarm.com"
216.73.216.36 - - [07/Nov/2025:00:19:19 +0000] "GET /%22https:/eye-of-medusa.de/?fileloc=%2Fsrv%2Fusers%2Fmkanyafarm%2Fapps%2Fmkanyafarm%2Fpublic%2Fwp-admin%2Fjs%2Fpassword-toggle.js&path=%2Fsrv%2Fusers%2Fmkanyafarm%2Fapps%2Fmkanyafarm%2Fpublic%2Fwp-admin%2Fjs HTTP/2.0" 200 2721 "-" "Mozilla/5.0 AppleWebKit/537.36 (KHTML, like Gecko; compatible; ClaudeBot/1.0; +claudebot@anthropic.com)" "-" 161 0.023 "14304" "0.023" "mkanyafarm.com"
74.7.227.3 - - [07/Nov/2025:00:19:20 +0000] "GET /sitemap-hot-4955330.xml?fileloc=/srv/users/mkanyafarm/apps/mkanyafarm/public/wp-admin/images/bubble_bg.gif&path=/srv/users/mkanyafarm/apps/mkanyafarm/public/wp-admin/images HTTP/2.0" 200 2637 "-" "Mozilla/5.0 AppleWebKit/537.36 (KHTML, like Gecko; compatible; GPTBot/1.2; +https://openai.com/gptbot)" "-" 144 0.043 "13430" "0.043" "mkanyafarm.com"
95.91.110.210 - - [07/Nov/2025:00:19:22 +0000] "GET /?path=/srv/users/mkanyafarm/apps/mkanyafarm/public/detail HTTP/1.1" 200 2721 "-" "Mozilla/5.0 (compatible; MJ12bot/v1.4.8; http://mj12bot.com/)" "-" 422 0.051 "19179" "0.051" "mkanyafarm.com"
216.73.216.36 - - [07/Nov/2025:00:19:22 +0000] "GET /%22https:/eye-of-medusa.de/?fileloc=%2Fsrv%2Fusers%2Fmkanyafarm%2Fapps%2Fmkanyafarm%2Fpublic%2Fwp-content%2Fplugins%2Findex.php&path=%2Fsrv%2Fusers%2Fmkanyafarm%2Fapps%2Fmkanyafarm%2Fpublic%2Fwp-content%2Fplugins HTTP/2.0" 200 2299 "-" "Mozilla/5.0 AppleWebKit/537.36 (KHTML, like Gecko; compatible; ClaudeBot/1.0; +claudebot@anthropic.com)" "-" 164 0.044 "12780" "0.044" "mkanyafarm.com"
216.73.216.36 - - [07/Nov/2025:00:19:25 +0000] "GET /%22https:/eye-of-medusa.de/?fileloc=%2Fsrv%2Fusers%2Fmkanyafarm%2Fapps%2Fmkanyafarm%2Fpublic%2Fwp-admin%2Fjs%2Fcustomize-controls.js&path=%2Fsrv%2Fusers%2Fmkanyafarm%2Fapps%2Fmkanyafarm%2Fpublic%2Fwp-admin%2Fjs HTTP/2.0" 200 64210 "-" "Mozilla/5.0 AppleWebKit/537.36 (KHTML, like Gecko; compatible; ClaudeBot/1.0; +claudebot@anthropic.com)" "-" 163 0.040 "325569" "0.040" "mkanyafarm.com"
95.91.110.210 - - [07/Nov/2025:00:19:26 +0000] "GET /?path=/srv/users/mkanyafarm/apps/mkanyafarm/public/images HTTP/1.1" 200 2693 "-" "Mozilla/5.0 (compatible; MJ12bot/v1.4.8; http://mj12bot.com/)" "-" 422 0.053 "17616" "0.053" "mkanyafarm.com"
74.7.227.3 - - [07/Nov/2025:00:19:27 +0000] "GET /sitemap-hot-4955330.xml?fileloc=/srv/users/mkanyafarm/apps/mkanyafarm/public/wp-admin/images/resize-rtl.gif&path=/srv/users/mkanyafarm/apps/mkanyafarm/public/wp-admin/images HTTP/2.0" 200 2363 "-" "Mozilla/5.0 AppleWebKit/537.36 (KHTML, like Gecko; compatible; GPTBot/1.2; +https://openai.com/gptbot)" "-" 144 0.089 "12849" "0.089" "mkanyafarm.com"
216.73.216.36 - - [07/Nov/2025:00:19:28 +0000] "GET /%22https:/eye-of-medusa.de/?fileloc=%2Fsrv%2Fusers%2Fmkanyafarm%2Fapps%2Fmkanyafarm%2Fpublic%2Fwp-admin%2Fjs%2Fcustomize-nav-menus.js&path=%2Fsrv%2Fusers%2Fmkanyafarm%2Fapps%2Fmkanyafarm%2Fpublic%2Fwp-admin%2Fjs HTTP/2.0" 200 26237 "-" "Mozilla/5.0 AppleWebKit/537.36 (KHTML, like Gecko; compatible; ClaudeBot/1.0; +claudebot@anthropic.com)" "-" 164 0.030 "134522" "0.030" "mkanyafarm.com"
74.7.227.3 - - [07/Nov/2025:00:19:29 +0000] "GET /sitemap-hot-4967330.xml?fileloc=/srv/users/mkanyafarm/apps/mkanyafarm/public/wp-admin/images/wpspin_light.gif&path=/srv/users/mkanyafarm/apps/mkanyafarm/public/wp-admin/images HTTP/2.0" 200 4000 "-" "Mozilla/5.0 AppleWebKit/537.36 (KHTML, like Gecko; compatible; GPTBot/1.2; +https://openai.com/gptbot)" "-" 147 0.026 "15898" "0.026" "mkanyafarm.com"
95.91.110.210 - - [07/Nov/2025:00:19:29 +0000] "GET /?path=/srv/users/mkanyafarm/apps/mkanyafarm/public/wp-admin HTTP/1.1" 200 5171 "-" "Mozilla/5.0 (compatible; MJ12bot/v1.4.8; http://mj12bot.com/)" "-" 424 0.031 "174309" "0.031" "mkanyafarm.com"
