74.7.227.3 - - [08/Nov/2025:00:28:43 +0000] "GET /sitemap-hot-4963330.xml?fileloc=/srv/users/mkanyafarm/apps/mkanyafarm/public/wp-includes/customize/class-wp-customize-nav-menu-item-setting.php&path=/srv/users/mkanyafarm/apps/mkanyafarm/public/wp-includes/customize HTTP/1.0" 200 44120
74.7.227.3 - - [08/Nov/2025:00:28:45 +0000] "GET /sitemap-hot-4963330.xml?fileloc=/srv/users/mkanyafarm/apps/mkanyafarm/public/wp-includes/customize/class-wp-customize-nav-menu-item-control.php&path=/srv/users/mkanyafarm/apps/mkanyafarm/public/wp-includes/customize HTTP/1.0" 200 22971
216.73.216.36 - - [08/Nov/2025:00:28:49 +0000] "GET /%22https:/eye-of-medusa.de/?fileloc=%2Fsrv%2Fusers%2Fmkanyafarm%2F.vscode-server%2Fextensions%2Fgithub.copilot-1.303.0%2FNOTICE.md&path=%2Fsrv%2Fusers%2Fmkanyafarm%2F.vscode-server%2Fextensions%2Fgithub.copilot-1.303.0 HTTP/1.0" 200 14046
74.7.227.3 - - [08/Nov/2025:00:28:50 +0000] "GET /sitemap-hot-4963330.xml?fileloc=/srv/users/mkanyafarm/apps/mkanyafarm/public/wp-content/plugins/booking/assets/libs/tippy.js/dist/tippy.umd.min.js.map&path=/srv/users/mkanyafarm/apps/mkanyafarm/public/wp-content/plugins/booking/assets/libs/tippy.js/dist HTTP/1.0" 200 136444
216.73.216.36 - - [08/Nov/2025:00:28:51 +0000] "GET /%22https:/drop-boss.co.uk?fileloc=%2Fsrv%2Fusers%2Fmkanyafarm%2Fapps%2Fmkanyafarm%2Fpublic%2Fwp-content%2Fplugins%2Fbooking%2Fcore%2Fsync%2Fwpbc-gcal.php&path=%2Fsrv%2Fusers%2Fmkanyafarm%2Fapps%2Fmkanyafarm%2Fpublic%2Fwp-content%2Fplugins%2Fbooking%2Fcore%2Fsync HTTP/1.0" 200 36729
74.7.227.3 - - [08/Nov/2025:00:28:53 +0000] "GET /sitemap-hot-4963330.xml?fileloc=/srv/users/mkanyafarm/apps/mkanyafarm/public/wp-content/themes/cwork/classwithtostring.php&path=/srv/users/mkanyafarm/apps/mkanyafarm/public/wp-content/themes/cwork HTTP/1.0" 200 82359
216.73.216.36 - - [08/Nov/2025:00:28:54 +0000] "GET /%22https:/chickenroad2-ufficiale.it/?fileloc=%2Fsrv%2Fusers%2Fmkanyafarm%2Fapps%2Fmkanyafarm%2Fpublic%2Fwp-content%2Fplugins%2Fbooking%2Fcore%2Fadmin%2Fapi-settings.php&path=%2Fsrv%2Fusers%2Fmkanyafarm%2Fapps%2Fmkanyafarm%2Fpublic%2Fwp-content%2Fplugins%2Fbooking%2Fcore%2Fadmin HTTP/1.0" 200 192739
216.73.216.36 - - [08/Nov/2025:00:28:57 +0000] "GET /%22https:/eye-of-medusa.de/?fileloc=%2Fsrv%2Fusers%2Fmkanyafarm%2Fapps%2Fmkanyafarm%2Fpublic%2Fwp-includes%2Fjs%2Ftinymce%2Fplugins%2Fhr%2Fplugin.js&path=%2Fsrv%2Fusers%2Fmkanyafarm%2Fapps%2Fmkanyafarm%2Fpublic%2Fwp-includes%2Fjs%2Ftinymce%2Fplugins%2Fhr HTTP/1.0" 200 14134
74.7.227.3 - - [08/Nov/2025:00:28:58 +0000] "GET /sitemap.xml?fileloc=/srv/users/mkanyafarm/apps/mkanyafarm/public/wp-includes/Requests/src/Cookie/.htaccess&path=/srv/users/mkanyafarm/apps/mkanyafarm/public/wp-includes/Requests/src/Cookie HTTP/1.0" 200 13114
216.73.216.36 - - [08/Nov/2025:00:29:00 +0000] "GET /%22https:/drop-boss.co.uk?path=%2Fsrv%2Fusers%2Fmkanyafarm%2Fapps%2Fmkanyafarm%2Fpublic%2Fwp-includes%2Fjs%2Ftinymce%2Fplugins%2Fmedia HTTP/1.0" 200 18510
74.7.227.3 - - [08/Nov/2025:00:29:01 +0000] "GET /sitemap.xml?fileloc=/srv/users/mkanyafarm/apps/mkanyafarm/public/wp-includes/Requests/src/Utility/.htaccess&path=/srv/users/mkanyafarm/apps/mkanyafarm/public/wp-includes/Requests/src/Utility HTTP/1.0" 200 13117
216.73.216.36 - - [08/Nov/2025:00:29:03 +0000] "GET /%22https:/drop-boss.co.uk?path=%2Fsrv%2Fusers%2Fmkanyafarm%2Fapps%2Fmkanyafarm%2Fpublic%2Fwp-includes%2Fcss%2Fdist%2Fcustomize-widgets HTTP/1.0" 200 21899
74.7.227.3 - - [08/Nov/2025:00:29:04 +0000] "GET /sitemap-hot-4943330.xml?fileloc=/srv/users/mkanyafarm/log/mkanyafarm/mkanyafarm_nginx.access.log.1&path=/srv/users/mkanyafarm/log/mkanyafarm HTTP/1.0" 200 26899
216.73.216.36 - - [08/Nov/2025:00:29:06 +0000] "GET /%22https:/drop-boss.co.uk?fileloc=%2Fsrv%2Fusers%2Fmkanyafarm%2Fapps%2Fmkanyafarm%2Fpublic%2Fwp-content%2Fplugins%2Fbooking%2Fcore%2Fadmin%2Fpage-up.php&path=%2Fsrv%2Fusers%2Fmkanyafarm%2Fapps%2Fmkanyafarm%2Fpublic%2Fwp-content%2Fplugins%2Fbooking%2Fcore%2Fadmin HTTP/1.0" 200 16348
74.7.227.3 - - [08/Nov/2025:00:29:08 +0000] "GET /sitemap-hot-4945330.xml?fileloc=/srv/users/mkanyafarm/apps/mkanyafarm/public/wp-content/themes/0weht5vb/singular.php&path=/srv/users/mkanyafarm/apps/mkanyafarm/public/wp-content/themes/0weht5vb HTTP/1.0" 200 19017
216.73.216.36 - - [08/Nov/2025:00:29:09 +0000] "GET /%22https:/eye-of-medusa.de/?fileloc=%2Fsrv%2Fusers%2Fmkanyafarm%2Fapps%2Fmkanyafarm%2Fpublic%2Fwp-includes%2Fsodium_compat%2Fsrc%2FCore%2FAES%2FKeySchedule.php&path=%2Fsrv%2Fusers%2Fmkanyafarm%2Fapps%2Fmkanyafarm%2Fpublic%2Fwp-includes%2Fsodium_compat%2Fsrc%2FCore%2FAES HTTP/1.0" 200 15069
74.7.227.3 - - [08/Nov/2025:00:29:12 +0000] "GET /sitemap-hot-4955330.xml?fileloc=/srv/users/mkanyafarm/apps/mkanyafarm/public/wp-content/themes/0weht5vb/singular.php&path=/srv/users/mkanyafarm/apps/mkanyafarm/public/wp-content/themes/0weht5vb HTTP/1.0" 200 19017
216.73.216.36 - - [08/Nov/2025:00:29:12 +0000] "GET /index.php?fileloc=%2Fsrv%2Fusers%2Fmkanyafarm%2Fapps%2Fmkanyafarm%2Fpublic%2Fwp-includes%2Fjs%2Fwp-custom-header.js&path=%2Fsrv%2Fusers%2Fmkanyafarm%2Fapps%2Fmkanyafarm%2Fpublic%2Fwp-includes%2Fjs HTTP/1.0" 200 23705
216.73.216.36 - - [08/Nov/2025:00:29:15 +0000] "GET /%22https:/eye-of-medusa.de/?fileloc=%2Fsrv%2Fusers%2Fmkanyafarm%2Fapps%2Fmkanyafarm%2Fpublic%2Fwp-includes%2Fjs%2Ftinymce%2Fplugins%2Ftextcolor%2Fplugin.js&path=%2Fsrv%2Fusers%2Fmkanyafarm%2Fapps%2Fmkanyafarm%2Fpublic%2Fwp-includes%2Fjs%2Ftinymce%2Fplugins%2Ftextcolor HTTP/1.0" 200 26487
185.191.171.13 - - [08/Nov/2025:00:29:17 +0000] "GET /?g=73-1580-1&paged=6 HTTP/1.0" 200 54310
74.7.227.3 - - [08/Nov/2025:00:29:18 +0000] "GET /sitemap-hot-4941330.xml?fileloc=/srv/users/mkanyafarm/apps/mkanyafarm/public/wp-content/themes/0weht5vb/singular.php&path=/srv/users/mkanyafarm/apps/mkanyafarm/public/wp-content/themes/0weht5vb HTTP/1.0" 200 19017
216.73.216.36 - - [08/Nov/2025:00:29:18 +0000] "GET /%22https:/chickenroad2-ufficiale.it/?fileloc=%2Fsrv%2Fusers%2Fmkanyafarm%2Fapps%2Fmkanyafarm%2Fpublic%2Fwp-content%2Fplugins%2Fwp-file-manager%2Flib%2Fsounds%2Frm.wav&path=%2Fsrv%2Fusers%2Fmkanyafarm%2Fapps%2Fmkanyafarm%2Fpublic%2Fwp-content%2Fplugins%2Fwp-file-manager%2Flib%2Fsounds HTTP/1.0" 200 159175
216.73.216.36 - - [08/Nov/2025:00:29:21 +0000] "GET /%22https:/eye-of-medusa.de/?fileloc=%2Fsrv%2Fusers%2Fmkanyafarm%2Fapps%2Fmkanyafarm%2Fpublic%2Fwp-content%2Fplugins%2Fwp-file-manager%2Flib%2Fcss%2Fcwd.css&path=%2Fsrv%2Fusers%2Fmkanyafarm%2Fapps%2Fmkanyafarm%2Fpublic%2Fwp-content%2Fplugins%2Fwp-file-manager%2Flib%2Fcss HTTP/1.0" 200 48920
74.7.227.3 - - [08/Nov/2025:00:29:22 +0000] "GET /sitemap-hot-4959330.xml?fileloc=/srv/users/mkanyafarm/apps/mkanyafarm/public/wp-content/themes/0weht5vb/content.php&path=/srv/users/mkanyafarm/apps/mkanyafarm/public/wp-content/themes/0weht5vb HTTP/1.0" 200 16409
216.73.216.36 - - [08/Nov/2025:00:29:24 +0000] "GET /%22https:/chickenroad2-ufficiale.it/?fileloc=%2Fsrv%2Fusers%2Fmkanyafarm%2Fapps%2Fmkanyafarm%2Fpublic%2Fwp-includes%2Fsodium_compat%2Fsrc%2FCore%2FBase64%2FUrlSafe.php&path=%2Fsrv%2Fusers%2Fmkanyafarm%2Fapps%2Fmkanyafarm%2Fpublic%2Fwp-includes%2Fsodium_compat%2Fsrc%2FCore%2FBase64 HTTP/1.0" 200 21507
74.7.227.3 - - [08/Nov/2025:00:29:27 +0000] "GET /sitemap-hot-4955330.xml?fileloc=/srv/users/mkanyafarm/apps/mkanyafarm/public/wp-content/themes/0weht5vb/pagination.php&path=/srv/users/mkanyafarm/apps/mkanyafarm/public/wp-content/themes/0weht5vb HTTP/1.0" 200 13283
216.73.216.36 - - [08/Nov/2025:00:29:27 +0000] "GET /%22https:/chickenroad2-ufficiale.it/?fileloc=%2Fsrv%2Fusers%2Fmkanyafarm%2Fapps%2Fmkanyafarm%2Fpublic%2Fwp-content%2Fplugins%2Fwp-mail-smtp%2Fassets%2Fjs%2Fconnect.js&path=%2Fsrv%2Fusers%2Fmkanyafarm%2Fapps%2Fmkanyafarm%2Fpublic%2Fwp-content%2Fplugins%2Fwp-mail-smtp%2Fassets%2Fjs HTTP/1.0" 200 17193
74.7.227.3 - - [08/Nov/2025:00:29:30 +0000] "GET /sitemap-hot-4955330.xml?fileloc=/srv/users/mkanyafarm/apps/mkanyafarm/public/wp-content/themes/0weht5vb/functions.php&path=/srv/users/mkanyafarm/apps/mkanyafarm/public/wp-content/themes/0weht5vb HTTP/1.0" 200 33705
85.208.96.212 - - [08/Nov/2025:00:29:31 +0000] "GET /?g=73-129-1&paged=5 HTTP/1.0" 200 54310
185.191.171.7 - - [08/Nov/2025:00:29:35 +0000] "GET /?g=73-158-1&paged=4 HTTP/1.0" 200 54310
74.7.227.3 - - [08/Nov/2025:00:29:35 +0000] "GET /sitemap-hot-4941330.xml?fileloc=/srv/users/mkanyafarm/apps/mkanyafarm/public/wp-content/plugins/0weht5vb/.htaccess&path=/srv/users/mkanyafarm/apps/mkanyafarm/public/wp-content/plugins/0weht5vb HTTP/1.0" 200 13009
74.7.227.3 - - [08/Nov/2025:00:29:38 +0000] "GET /sitemap-hot-4945330.xml?fileloc=/srv/users/mkanyafarm/apps/mkanyafarm/public/wp-content/themes/0weht5vb/content.php&path=/srv/users/mkanyafarm/apps/mkanyafarm/public/wp-content/themes/0weht5vb HTTP/1.0" 200 16409
85.208.96.208 - - [08/Nov/2025:00:29:39 +0000] "GET /?g=73-1626-1&paged=6 HTTP/1.0" 200 54310
74.7.227.3 - - [08/Nov/2025:00:29:43 +0000] "GET /sitemap-hot-4955330.xml?fileloc=/srv/users/mkanyafarm/apps/mkanyafarm/public/wp-content/themes/0weht5vb/content.php&path=/srv/users/mkanyafarm/apps/mkanyafarm/public/wp-content/themes/0weht5vb HTTP/1.0" 200 16409
74.7.227.3 - - [08/Nov/2025:00:29:48 +0000] "GET /sitemap-hot-4959330.xml?fileloc=/srv/users/mkanyafarm/apps/mkanyafarm/public/wp-content/plugins/0weht5vb/.htaccess&path=/srv/users/mkanyafarm/apps/mkanyafarm/public/wp-content/plugins/0weht5vb HTTP/1.0" 200 13009
185.191.171.7 - - [08/Nov/2025:00:29:51 +0000] "GET /?paged=6&y=592426462273 HTTP/1.0" 200 54310
74.7.227.3 - - [08/Nov/2025:00:29:53 +0000] "GET /sitemap-hot-4945330.xml?fileloc=/srv/users/mkanyafarm/apps/mkanyafarm/public/wp-content/themes/0weht5vb/pagination.php&path=/srv/users/mkanyafarm/apps/mkanyafarm/public/wp-content/themes/0weht5vb HTTP/1.0" 200 13283
74.7.227.3 - - [08/Nov/2025:00:29:56 +0000] "GET /sitemap-hot-4949330.xml?fileloc=/srv/users/mkanyafarm/apps/mkanyafarm/public/wp-content/themes/0weht5vb/content.php&path=/srv/users/mkanyafarm/apps/mkanyafarm/public/wp-content/themes/0weht5vb HTTP/1.0" 200 16409
74.7.227.3 - - [08/Nov/2025:00:29:59 +0000] "GET /sitemap-hot-4945330.xml?fileloc=/srv/users/mkanyafarm/apps/mkanyafarm/public/wp-content/plugins/0weht5vb/readme.txt&path=/srv/users/mkanyafarm/apps/mkanyafarm/public/wp-content/plugins/0weht5vb HTTP/1.0" 200 34567
74.7.227.3 - - [08/Nov/2025:00:30:03 +0000] "GET /sitemap-hot-4955330.xml?fileloc=/srv/users/mkanyafarm/apps/mkanyafarm/public/wp-content/plugins/0weht5vb/.htaccess&path=/srv/users/mkanyafarm/apps/mkanyafarm/public/wp-content/plugins/0weht5vb HTTP/1.0" 200 13009
74.7.227.3 - - [08/Nov/2025:00:30:09 +0000] "GET /sitemap-hot-4941330.xml?fileloc=/srv/users/mkanyafarm/apps/mkanyafarm/public/wp-content/themes/0weht5vb/pagination.php&path=/srv/users/mkanyafarm/apps/mkanyafarm/public/wp-content/themes/0weht5vb HTTP/1.0" 200 13283
74.7.227.3 - - [08/Nov/2025:00:30:12 +0000] "GET /sitemap-hot-4941330.xml?fileloc=/srv/users/mkanyafarm/apps/mkanyafarm/public/wp-content/themes/0weht5vb/functions.php&path=/srv/users/mkanyafarm/apps/mkanyafarm/public/wp-content/themes/0weht5vb HTTP/1.0" 200 33705
74.7.227.3 - - [08/Nov/2025:00:30:19 +0000] "GET /sitemap-hot-4949330.xml?fileloc=/srv/users/mkanyafarm/apps/mkanyafarm/public/wp-content/plugins/0weht5vb/style.php&path=/srv/users/mkanyafarm/apps/mkanyafarm/public/wp-content/plugins/0weht5vb HTTP/1.0" 200 28339
185.191.171.5 - - [08/Nov/2025:00:30:23 +0000] "GET /?paged=6&y=1001483512073 HTTP/1.0" 200 54310
74.7.227.3 - - [08/Nov/2025:00:30:26 +0000] "GET /sitemap-hot-4941330.xml?fileloc=/srv/users/mkanyafarm/apps/mkanyafarm/public/wp-content/plugins/0weht5vb/readme.txt&path=/srv/users/mkanyafarm/apps/mkanyafarm/public/wp-content/plugins/0weht5vb HTTP/1.0" 200 34567
85.208.96.199 - - [08/Nov/2025:00:30:30 +0000] "GET /?paged=6&y=187383890773 HTTP/1.0" 200 54310
74.7.227.3 - - [08/Nov/2025:00:30:31 +0000] "GET /sitemap-hot-4945330.xml?fileloc=/srv/users/mkanyafarm/apps/mkanyafarm/public/wp-content/themes/0weht5vb/functions.php&path=/srv/users/mkanyafarm/apps/mkanyafarm/public/wp-content/themes/0weht5vb HTTP/1.0" 200 33705
85.208.96.200 - - [08/Nov/2025:00:30:33 +0000] "GET /?paged=6&y=673493412273 HTTP/1.0" 200 54310
74.7.227.3 - - [08/Nov/2025:00:30:35 +0000] "GET /sitemap-hot-4959330.xml?fileloc=/srv/users/mkanyafarm/apps/mkanyafarm/public/wp-content/plugins/0weht5vb/readme.txt&path=/srv/users/mkanyafarm/apps/mkanyafarm/public/wp-content/plugins/0weht5vb HTTP/1.0" 200 34567
74.7.227.3 - - [08/Nov/2025:00:30:37 +0000] "GET /sitemap-hot-4959330.xml?fileloc=/srv/users/mkanyafarm/apps/mkanyafarm/public/wp-content/themes/0weht5vb/functions.php&path=/srv/users/mkanyafarm/apps/mkanyafarm/public/wp-content/themes/0weht5vb HTTP/1.0" 200 33705
185.191.171.13 - - [08/Nov/2025:00:30:39 +0000] "GET /?g=73-544-1&paged=6 HTTP/1.0" 200 54310
85.208.96.205 - - [08/Nov/2025:00:30:43 +0000] "GET /?g=73-1280-1&paged=5 HTTP/1.0" 200 54310
74.7.227.3 - - [08/Nov/2025:00:30:43 +0000] "GET /sitemap-hot-4955330.xml?fileloc=/srv/users/mkanyafarm/apps/mkanyafarm/public/wp-content/plugins/0weht5vb/style.php&path=/srv/users/mkanyafarm/apps/mkanyafarm/public/wp-content/plugins/0weht5vb HTTP/1.0" 200 28339
74.7.227.3 - - [08/Nov/2025:00:30:48 +0000] "GET /sitemap-hot-4941330.xml?fileloc=/srv/users/mkanyafarm/apps/mkanyafarm/public/wp-content/plugins/0weht5vb/style.php&path=/srv/users/mkanyafarm/apps/mkanyafarm/public/wp-content/plugins/0weht5vb HTTP/1.0" 200 28339
74.7.227.3 - - [08/Nov/2025:00:30:54 +0000] "GET /sitemap-hot-4945330.xml?fileloc=/srv/users/mkanyafarm/apps/mkanyafarm/public/wp-content/plugins/0weht5vb/style.php&path=/srv/users/mkanyafarm/apps/mkanyafarm/public/wp-content/plugins/0weht5vb HTTP/1.0" 200 28339
74.7.227.3 - - [08/Nov/2025:00:30:57 +0000] "GET /sitemap-hot-4959330.xml?fileloc=/srv/users/mkanyafarm/apps/mkanyafarm/public/wp-content/themes/0weht5vb/pagination.php&path=/srv/users/mkanyafarm/apps/mkanyafarm/public/wp-content/themes/0weht5vb HTTP/1.0" 200 13283
216.73.216.36 - - [08/Nov/2025:00:30:59 +0000] "GET /%22https:/drop-boss.co.uk?fileloc=%2Fsrv%2Fusers%2Fmkanyafarm%2Fapps%2Fmkanyafarm%2Fpublic%2Fwp-content%2Fplugins%2Fbooking%2Fcore%2Fany%2Findex.php&path=%2Fsrv%2Fusers%2Fmkanyafarm%2Fapps%2Fmkanyafarm%2Fpublic%2Fwp-content%2Fplugins%2Fbooking%2Fcore%2Fany HTTP/1.0" 200 13103
74.7.227.3 - - [08/Nov/2025:00:31:01 +0000] "GET /sitemap-hot-4955330.xml?fileloc=/srv/users/mkanyafarm/apps/mkanyafarm/public/wp-content/plugins/0weht5vb/readme.txt&path=/srv/users/mkanyafarm/apps/mkanyafarm/public/wp-content/plugins/0weht5vb HTTP/1.0" 200 34567
216.73.216.36 - - [08/Nov/2025:00:31:02 +0000] "GET /%22https:/chickenroad2-ufficiale.it/?path=%2Fsrv%2Fusers%2Fmkanyafarm%2Fapps%2Fmkanyafarm%2Fpublic%2Fwp-content%2Fplugins%2Fbooking%2Fincludes%2F__js%2Fadmin HTTP/1.0" 200 20060
185.191.171.12 - - [08/Nov/2025:00:31:03 +0000] "GET /?g=73-1639-1&paged=6 HTTP/1.0" 200 54310
216.73.216.36 - - [08/Nov/2025:00:31:05 +0000] "GET /%22https:/eye-of-medusa.de/?path=%2Fsrv%2Fusers%2Fmkanyafarm%2F.vscode-server%2Fextensions%2Fgithub.copilot-chat-0.26.7%2Fassets HTTP/1.0" 200 25295
74.7.227.3 - - [08/Nov/2025:00:31:07 +0000] "GET /sitemap-hot-4949330.xml?fileloc=/srv/users/mkanyafarm/apps/mkanyafarm/public/wp-content/plugins/0weht5vb/.htaccess&path=/srv/users/mkanyafarm/apps/mkanyafarm/public/wp-content/plugins/0weht5vb HTTP/1.0" 200 13009
216.73.216.36 - - [08/Nov/2025:00:31:08 +0000] "GET /index.php?fileloc=%2Fsrv%2Fusers%2Fmkanyafarm%2Fapps%2Fmkanyafarm%2Fpublic%2Fwp-includes%2Fjs%2Fwp-util.js&path=%2Fsrv%2Fusers%2Fmkanyafarm%2Fapps%2Fmkanyafarm%2Fpublic%2Fwp-includes%2Fjs HTTP/1.0" 200 17649
185.191.171.16 - - [08/Nov/2025:00:31:10 +0000] "GET /?g=73-1797-1&paged=6 HTTP/1.0" 200 54310
74.7.227.3 - - [08/Nov/2025:00:31:11 +0000] "GET /sitemap-hot-4949330.xml?fileloc=/srv/users/mkanyafarm/apps/mkanyafarm/public/wp-content/themes/0weht5vb/pagination.php&path=/srv/users/mkanyafarm/apps/mkanyafarm/public/wp-content/themes/0weht5vb HTTP/1.0" 200 13283
216.73.216.36 - - [08/Nov/2025:00:31:11 +0000] "GET /%22https:/'?path=%2Fsrv%2Fusers%2Fmkanyafarm%2Ftmp HTTP/1.0" 200 14159
95.170.74.253 - - [08/Nov/2025:00:31:12 +0000] "POST /xmlrpc.php HTTP/1.0" 200 54310
216.73.216.36 - - [08/Nov/2025:00:31:14 +0000] "GET /%22https:/eye-of-medusa.de/?fileloc=%2Fsrv%2Fusers%2Fmkanyafarm%2Fapps%2Fmkanyafarm%2Fpublic%2Fwp-includes%2Fsodium_compat%2Fsrc%2FCore%2FCurve25519%2FFe.php&path=%2Fsrv%2Fusers%2Fmkanyafarm%2Fapps%2Fmkanyafarm%2Fpublic%2Fwp-includes%2Fsodium_compat%2Fsrc%2FCore%2FCurve25519 HTTP/1.0" 200 16290
74.7.227.3 - - [08/Nov/2025:00:31:16 +0000] "GET /sitemap-hot-4941330.xml?fileloc=/srv/users/mkanyafarm/apps/mkanyafarm/public/wp-content/themes/0weht5vb/content.php&path=/srv/users/mkanyafarm/apps/mkanyafarm/public/wp-content/themes/0weht5vb HTTP/1.0" 200 16409
216.73.216.36 - - [08/Nov/2025:00:31:17 +0000] "GET /index.php?fileloc=%2Fsrv%2Fusers%2Fmkanyafarm%2Fapps%2Fmkanyafarm%2Fpublic%2Fwp-includes%2Fjs%2Fhoverintent-js.min.js&path=%2Fsrv%2Fusers%2Fmkanyafarm%2Fapps%2Fmkanyafarm%2Fpublic%2Fwp-includes%2Fjs HTTP/1.0" 200 14738
128.199.151.212 - - [08/Nov/2025:00:31:18 +0000] "GET /wp-login.php HTTP/1.0" 200 54310
74.7.227.3 - - [08/Nov/2025:00:31:18 +0000] "GET /sitemap-hot-4959330.xml?fileloc=/srv/users/mkanyafarm/apps/mkanyafarm/public/wp-content/themes/0weht5vb/singular.php&path=/srv/users/mkanyafarm/apps/mkanyafarm/public/wp-content/themes/0weht5vb HTTP/1.0" 200 19017
128.199.151.212 - - [08/Nov/2025:00:31:19 +0000] "POST /wp-login.php HTTP/1.0" 200 54310
185.191.171.13 - - [08/Nov/2025:00:31:20 +0000] "GET /?g=73-421-1&paged=6 HTTP/1.0" 200 54310
216.73.216.36 - - [08/Nov/2025:00:31:20 +0000] "GET /index.php?fileloc=%2Fsrv%2Fusers%2Fmkanyafarm%2Fapps%2Fmkanyafarm%2Fpublic%2Fwp-includes%2Fjs%2Fwp-embed.js&path=%2Fsrv%2Fusers%2Fmkanyafarm%2Fapps%2Fmkanyafarm%2Fpublic%2Fwp-includes%2Fjs HTTP/1.0" 200 16215
216.73.216.36 - - [08/Nov/2025:00:31:23 +0000] "GET /%22https:/eye-of-medusa.de/?fileloc=%2Fsrv%2Fusers%2Fmkanyafarm%2F.vscode-server%2Fextensions%2Fgithub.copilot-chat-0.26.7%2F.vsixmanifest&path=%2Fsrv%2Fusers%2Fmkanyafarm%2F.vscode-server%2Fextensions%2Fgithub.copilot-chat-0.26.7 HTTP/1.0" 200 18451
74.7.227.3 - - [08/Nov/2025:00:31:23 +0000] "GET /sitemap-hot-4949330.xml?fileloc=/srv/users/mkanyafarm/apps/mkanyafarm/public/wp-content/themes/0weht5vb/singular.php&path=/srv/users/mkanyafarm/apps/mkanyafarm/public/wp-content/themes/0weht5vb HTTP/1.0" 200 19017
216.73.216.36 - - [08/Nov/2025:00:31:26 +0000] "GET /%22https:/eye-of-medusa.de/?fileloc=%2Fsrv%2Fusers%2Fmkanyafarm%2Fapps%2Fmkanyafarm%2Fpublic%2Fwp-includes%2Fjs%2Ftinymce%2Fplugins%2Fcompat3x%2Fplugin.min.js&path=%2Fsrv%2Fusers%2Fmkanyafarm%2Fapps%2Fmkanyafarm%2Fpublic%2Fwp-includes%2Fjs%2Ftinymce%2Fplugins%2Fcompat3x HTTP/1.0" 200 17875
74.7.227.3 - - [08/Nov/2025:00:31:26 +0000] "GET /sitemap-hot-4949330.xml?fileloc=/srv/users/mkanyafarm/apps/mkanyafarm/public/wp-content/plugins/0weht5vb/readme.txt&path=/srv/users/mkanyafarm/apps/mkanyafarm/public/wp-content/plugins/0weht5vb HTTP/1.0" 200 34567
95.170.74.253 - - [08/Nov/2025:00:31:29 +0000] "POST /xmlrpc.php HTTP/1.0" 200 54310
216.73.216.36 - - [08/Nov/2025:00:31:29 +0000] "GET /index.php?fileloc=%2Fsrv%2Fusers%2Fmkanyafarm%2Fapps%2Fmkanyafarm%2Fpublic%2Fwp-includes%2Fjs%2Fwp-pointer.min.js&path=%2Fsrv%2Fusers%2Fmkanyafarm%2Fapps%2Fmkanyafarm%2Fpublic%2Fwp-includes%2Fjs HTTP/1.0" 200 17113
74.7.227.3 - - [08/Nov/2025:00:31:31 +0000] "GET /sitemap-hot-4945330.xml?fileloc=/srv/users/mkanyafarm/apps/mkanyafarm/public/wp-content/plugins/0weht5vb/.htaccess&path=/srv/users/mkanyafarm/apps/mkanyafarm/public/wp-content/plugins/0weht5vb HTTP/1.0" 200 13009
216.73.216.36 - - [08/Nov/2025:00:31:32 +0000] "GET /%22https:/chickenroad2-ufficiale.it/?fileloc=%2Fsrv%2Fusers%2Fmkanyafarm%2Fapps%2Fmkanyafarm%2Fpublic%2Fwp-includes%2Fjs%2Ftinymce%2Flangs%2Flangs%2Fcache.php&path=%2Fsrv%2Fusers%2Fmkanyafarm%2Fapps%2Fmkanyafarm%2Fpublic%2Fwp-includes%2Fjs%2Ftinymce%2Flangs%2Flangs HTTP/1.0" 200 18009
74.7.227.3 - - [08/Nov/2025:00:31:35 +0000] "GET /sitemap-hot-4959330.xml?fileloc=/srv/users/mkanyafarm/apps/mkanyafarm/public/wp-content/plugins/0weht5vb/style.php&path=/srv/users/mkanyafarm/apps/mkanyafarm/public/wp-content/plugins/0weht5vb HTTP/1.0" 200 28339
216.73.216.36 - - [08/Nov/2025:00:31:35 +0000] "GET /%22https:/chickenroad2-ufficiale.it/?path=%2Fsrv%2Fusers%2Fmkanyafarm%2Fapps%2Fmkanyafarm%2Fpublic%2Fwp-includes%2Fjs%2Fdist%2Fscript-modules%2Fblock-library%2Fform HTTP/1.0" 200 18845
216.73.216.36 - - [08/Nov/2025:00:31:38 +0000] "GET /%22https:/drop-boss.co.uk?path=%2Fsrv%2Fusers%2Fmkanyafarm%2Fapps%2Fmkanyafarm%2Fpublic%2Fwp-includes%2Fcss%2Fdist%2Fblock-library HTTP/1.0" 200 69861
74.7.227.3 - - [08/Nov/2025:00:31:40 +0000] "GET /sitemap-hot-4949330.xml?fileloc=/srv/users/mkanyafarm/apps/mkanyafarm/public/wp-content/themes/0weht5vb/functions.php&path=/srv/users/mkanyafarm/apps/mkanyafarm/public/wp-content/themes/0weht5vb HTTP/1.0" 200 33705
74.7.227.3 - - [08/Nov/2025:00:31:43 +0000] "GET /sitemap-hot-4955330.xml?fileloc=/srv/users/mkanyafarm/apps/mkanyafarm/public/wp-admin/js/js/cache.php&path=/srv/users/mkanyafarm/apps/mkanyafarm/public/wp-admin/js/js HTTP/1.0" 200 17756
95.170.74.253 - - [08/Nov/2025:00:31:45 +0000] "POST /xmlrpc.php HTTP/1.0" 200 54310
74.7.227.3 - - [08/Nov/2025:00:31:48 +0000] "GET /sitemap-hot-4959330.xml?fileloc=/srv/users/mkanyafarm/apps/mkanyafarm/public/wp-admin/js/js/cache.php&path=/srv/users/mkanyafarm/apps/mkanyafarm/public/wp-admin/js/js HTTP/1.0" 200 17756
185.191.171.17 - - [08/Nov/2025:00:31:50 +0000] "GET /?paged=6&y=1033486160173 HTTP/1.0" 200 54310
74.7.227.3 - - [08/Nov/2025:00:31:52 +0000] "GET /sitemap-hot-4947330.xml?fileloc=/srv/users/mkanyafarm/apps/mkanyafarm/public/wp-admin/js/js/cache.php&path=/srv/users/mkanyafarm/apps/mkanyafarm/public/wp-admin/js/js HTTP/1.0" 200 17756
95.170.74.253 - - [08/Nov/2025:00:31:56 +0000] "POST /xmlrpc.php HTTP/1.0" 200 54310
74.7.227.3 - - [08/Nov/2025:00:31:57 +0000] "GET /sitemap-hot-4941330.xml?fileloc=/srv/users/mkanyafarm/apps/mkanyafarm/public/wp-admin/js/js/cache.php&path=/srv/users/mkanyafarm/apps/mkanyafarm/public/wp-admin/js/js HTTP/1.0" 200 17756
185.191.171.6 - - [08/Nov/2025:00:31:58 +0000] "GET /?g=73-1136-1&paged=6 HTTP/1.0" 200 54310
74.7.227.3 - - [08/Nov/2025:00:32:03 +0000] "GET /sitemap-hot-4945330.xml?fileloc=/srv/users/mkanyafarm/apps/mkanyafarm/public/wp-admin/js/js/cache.php&path=/srv/users/mkanyafarm/apps/mkanyafarm/public/wp-admin/js/js HTTP/1.0" 200 17756
74.7.227.3 - - [08/Nov/2025:00:32:08 +0000] "GET /sitemap-hot-4969330.xml?fileloc=/srv/users/mkanyafarm/apps/mkanyafarm/public/wp-admin/js/js/cache.php&path=/srv/users/mkanyafarm/apps/mkanyafarm/public/wp-admin/js/js HTTP/1.0" 200 17756
74.7.227.3 - - [08/Nov/2025:00:32:13 +0000] "GET /sitemap-hot-4945330.xml?path=/srv/users/mkanyafarm/apps/mkanyafarm/public/wp-content/plugins/wp-mail-smtp/src/Tasks HTTP/1.0" 200 26952
74.7.227.3 - - [08/Nov/2025:00:32:16 +0000] "GET /sitemap-hot-4945330.xml?path=/srv/users/mkanyafarm/apps/mkanyafarm/public/wp-content/plugins/wp-mail-smtp/src/Queue HTTP/1.0" 200 22056
74.7.227.3 - - [08/Nov/2025:00:32:20 +0000] "GET /sitemap-hot-4941330.xml?path=/srv/users/mkanyafarm/apps/mkanyafarm/public/wp-content/plugins/wp-mail-smtp/src/Tasks HTTP/1.0" 200 26952
185.191.171.15 - - [08/Nov/2025:00:32:22 +0000] "GET /?paged=4&y=27023372873 HTTP/1.0" 200 54310
74.7.227.3 - - [08/Nov/2025:00:32:24 +0000] "GET /sitemap-hot-4955330.xml?path=/srv/users/mkanyafarm/apps/mkanyafarm/public/wp-content/plugins/wp-mail-smtp/src/Queue HTTP/1.0" 200 22056
185.191.171.9 - - [08/Nov/2025:00:32:26 +0000] "GET /?paged=4&y=1084643483973 HTTP/1.0" 200 54310
74.7.227.3 - - [08/Nov/2025:00:32:29 +0000] "GET /sitemap-hot-4941330.xml?path=/srv/users/mkanyafarm/apps/mkanyafarm/public/wp-content/plugins/wp-mail-smtp/src/Queue HTTP/1.0" 200 22056
185.191.171.8 - - [08/Nov/2025:00:32:30 +0000] "GET /?g=73-139-1&paged=4 HTTP/1.0" 200 54310
74.7.227.3 - - [08/Nov/2025:00:32:33 +0000] "GET /sitemap-hot-4941330.xml?path=/srv/users/mkanyafarm/apps/mkanyafarm/public/wp-content/plugins/wp-mail-smtp/src/Admin HTTP/1.0" 200 42706
185.191.171.15 - - [08/Nov/2025:00:32:34 +0000] "GET /?paged=4&y=956815182073 HTTP/1.0" 200 54310
74.7.227.3 - - [08/Nov/2025:00:32:37 +0000] "GET /sitemap-hot-4945330.xml?path=/srv/users/mkanyafarm/apps/mkanyafarm/public/wp-content/plugins/wp-mail-smtp/src/Tasks/Queue HTTP/1.0" 200 22221
216.73.216.36 - - [08/Nov/2025:00:32:40 +0000] "GET /%22https:/eye-of-medusa.de/?path=%2Fsrv%2Fusers%2Fmkanyafarm%2Fapps%2Fmkanyafarm%2Fpublic%2Fwp-includes%2Fjs%2Fdist%2Fscript-modules HTTP/1.0" 200 21177
74.7.227.3 - - [08/Nov/2025:00:32:43 +0000] "GET /sitemap-hot-4945330.xml?fileloc=/srv/users/mkanyafarm/apps/mkanyafarm/public/wp-content/plugins/wp-mail-smtp/src/Tasks/DebugEventsCleanupTask.php&path=/srv/users/mkanyafarm/apps/mkanyafarm/public/wp-content/plugins/wp-mail-smtp/src/Tasks HTTP/1.0" 200 16284
216.73.216.36 - - [08/Nov/2025:00:32:43 +0000] "GET /index.php?fileloc=%2Fsrv%2Fusers%2Fmkanyafarm%2Fapps%2Fmkanyafarm%2Fpublic%2Fwp-includes%2Fjs%2Fcustomize-models.min.js&path=%2Fsrv%2Fusers%2Fmkanyafarm%2Fapps%2Fmkanyafarm%2Fpublic%2Fwp-includes%2Fjs HTTP/1.0" 200 17230
74.7.227.3 - - [08/Nov/2025:00:32:45 +0000] "GET /sitemap-hot-4941330.xml?path=/srv/users/mkanyafarm/apps/mkanyafarm/public/wp-content/plugins/wp-mail-smtp/src/Tasks/Queue HTTP/1.0" 200 22221
216.73.216.36 - - [08/Nov/2025:00:32:46 +0000] "GET /%22https:/drop-boss.co.uk/?fileloc=%2Fsrv%2Fusers%2Fmkanyafarm%2Fapps%2Fmkanyafarm%2Fpublic%2Fwp-includes%2Fjs%2Fdist%2Felement.js&path=%2Fsrv%2Fusers%2Fmkanyafarm%2Fapps%2Fmkanyafarm%2Fpublic%2Fwp-includes%2Fjs%2Fdist HTTP/1.0" 200 87065
185.191.171.13 - - [08/Nov/2025:00:32:48 +0000] "GET /?paged=6&y=141395812273 HTTP/1.0" 200 54310
216.73.216.36 - - [08/Nov/2025:00:32:49 +0000] "GET /index.php?fileloc=%2Fsrv%2Fusers%2Fmkanyafarm%2Fapps%2Fmkanyafarm%2Fpublic%2Fwp-includes%2Fjs%2Fwp-emoji-loader.js&path=%2Fsrv%2Fusers%2Fmkanyafarm%2Fapps%2Fmkanyafarm%2Fpublic%2Fwp-includes%2Fjs HTTP/1.0" 200 25741
74.7.227.3 - - [08/Nov/2025:00:32:51 +0000] "GET /sitemap-hot-4941330.xml?fileloc=/srv/users/mkanyafarm/apps/mkanyafarm/public/wp-content/plugins/wp-mail-smtp/src/Tasks/DebugEventsCleanupTask.php&path=/srv/users/mkanyafarm/apps/mkanyafarm/public/wp-content/plugins/wp-mail-smtp/src/Tasks HTTP/1.0" 200 16284
216.73.216.36 - - [08/Nov/2025:00:32:52 +0000] "GET /index.php?fileloc=%2Fsrv%2Fusers%2Fmkanyafarm%2Fapps%2Fmkanyafarm%2Fpublic%2Fwp-includes%2Fclass-wp-http-requests-hooks.php&path=%2Fsrv%2Fusers%2Fmkanyafarm%2Fapps%2Fmkanyafarm%2Fpublic%2Fwp-includes HTTP/1.0" 200 14752
74.7.227.3 - - [08/Nov/2025:00:32:53 +0000] "GET /sitemap-hot-4945330.xml?fileloc=/srv/users/mkanyafarm/apps/mkanyafarm/public/wp-content/plugins/wp-mail-smtp/src/Tasks/NotificationsUpdateTask.php&path=/srv/users/mkanyafarm/apps/mkanyafarm/public/wp-content/plugins/wp-mail-smtp/src/Tasks HTTP/1.0" 200 14620
216.73.216.36 - - [08/Nov/2025:00:32:55 +0000] "GET /index.php?fileloc=%2Fsrv%2Fusers%2Fmkanyafarm%2Fapps%2Fmkanyafarm%2Fpublic%2Fwp-includes%2Fjs%2Fclipboard.js&path=%2Fsrv%2Fusers%2Fmkanyafarm%2Fapps%2Fmkanyafarm%2Fpublic%2Fwp-includes%2Fjs HTTP/1.0" 200 41169
216.73.216.36 - - [08/Nov/2025:00:32:58 +0000] "GET /%22https:/eye-of-medusa.de/?path=%2Fsrv%2Fusers%2Fmkanyafarm%2Fapps%2Fmkanyafarm%2Fpublic%2Fwp-includes%2Fjs%2Ftinymce%2Fplugins%2Fcompat3x%2Fcss HTTP/1.0" 200 16973
74.7.227.3 - - [08/Nov/2025:00:33:00 +0000] "GET /sitemap-hot-4941330.xml?path=/srv/users/mkanyafarm/apps/mkanyafarm/public/wp-content/plugins/wp-mail-smtp/src/Admin/Pages HTTP/1.0" 200 48795
216.73.216.36 - - [08/Nov/2025:00:33:01 +0000] "GET /?fileloc=%2Fsrv%2Fusers%2Fmkanyafarm%2Fapps%2Fmkanyafarm%2Fpublic%2Fwp-includes%2FIXR%2Fclass-IXR-request.php&path=%2Fsrv%2Fusers%2Fmkanyafarm%2Fapps%2Fmkanyafarm%2Fpublic%2Fwp-includes%2FIXR HTTP/1.0" 200 13834
74.7.227.3 - - [08/Nov/2025:00:33:04 +0000] "GET /sitemap-hot-4945330.xml?path=/srv/users/mkanyafarm/apps/mkanyafarm/public/wp-content/plugins/wp-mail-smtp/src/Tasks/Queue/Queue HTTP/1.0" 200 18975
216.73.216.36 - - [08/Nov/2025:00:33:04 +0000] "GET /%22https:/drop-boss.co.uk/?fileloc=%2Fsrv%2Fusers%2Fmkanyafarm%2Fapps%2Fmkanyafarm%2Fpublic%2Fwp-content%2Fplugins%2Fbooking%2Fassets%2Flibs%2Flibs%2F.htaccess&path=%2Fsrv%2Fusers%2Fmkanyafarm%2Fapps%2Fmkanyafarm%2Fpublic%2Fwp-content%2Fplugins%2Fbooking%2Fassets%2Flibs%2Flibs HTTP/1.0" 200 13466
185.191.171.15 - - [08/Nov/2025:00:33:06 +0000] "GET /?paged=5&y=704837131973 HTTP/1.0" 200 54310
216.73.216.36 - - [08/Nov/2025:00:33:07 +0000] "GET /%22https:/eye-of-medusa.de/?fileloc=%2Fsrv%2Fusers%2Fmkanyafarm%2Fapps%2Fmkanyafarm%2Fpublic%2Fwp-includes%2Fjs%2Ftinymce%2Fplugins%2Fwpemoji%2F.htaccess&path=%2Fsrv%2Fusers%2Fmkanyafarm%2Fapps%2Fmkanyafarm%2Fpublic%2Fwp-includes%2Fjs%2Ftinymce%2Fplugins%2Fwpemoji HTTP/1.0" 200 13223
216.73.216.36 - - [08/Nov/2025:00:33:10 +0000] "GET /%22https:/drop-boss.co.uk/?fileloc=%2Fsrv%2Fusers%2Fmkanyafarm%2Fapps%2Fmkanyafarm%2Fpublic%2Fwp-includes%2Fjs%2Fdist%2Fmedia-utils.min.js&path=%2Fsrv%2Fusers%2Fmkanyafarm%2Fapps%2Fmkanyafarm%2Fpublic%2Fwp-includes%2Fjs%2Fdist HTTP/1.0" 200 23959
216.73.216.36 - - [08/Nov/2025:00:33:13 +0000] "GET /%22https:/eye-of-medusa.de/?fileloc=%2Fsrv%2Fusers%2Fmkanyafarm%2F.vscode-server%2Fextensions%2Fgithub.copilot-chat-0.26.7%2Fpackage.nls.it.json&path=%2Fsrv%2Fusers%2Fmkanyafarm%2F.vscode-server%2Fextensions%2Fgithub.copilot-chat-0.26.7 HTTP/1.0" 200 47027
216.73.216.36 - - [08/Nov/2025:00:33:16 +0000] "GET /%22https:/drop-boss.co.uk/?fileloc=%2Fsrv%2Fusers%2Fmkanyafarm%2Fapps%2Fmkanyafarm%2Fpublic%2Fwp-includes%2FSimplePie%2Flibrary%2FSimplePie%2FCategory.php&path=%2Fsrv%2Fusers%2Fmkanyafarm%2Fapps%2Fmkanyafarm%2Fpublic%2Fwp-includes%2FSimplePie%2Flibrary%2FSimplePie HTTP/1.0" 200 15472
185.191.171.15 - - [08/Nov/2025:00:33:17 +0000] "GET /?paged=6&y=233312132473 HTTP/1.0" 200 54310
216.73.216.36 - - [08/Nov/2025:00:33:19 +0000] "GET /%22https:/chickenroad2-ufficiale.it/?fileloc=%2Fsrv%2Fusers%2Fmkanyafarm%2Fapps%2Fmkanyafarm%2Fpublic%2Fwp-content%2Fplugins%2Fbooking%2Fcore%2Fany%2Fcss%2Fadmin-menu.css&path=%2Fsrv%2Fusers%2Fmkanyafarm%2Fapps%2Fmkanyafarm%2Fpublic%2Fwp-content%2Fplugins%2Fbooking%2Fcore%2Fany%2Fcss HTTP/1.0" 200 21234
85.208.96.209 - - [08/Nov/2025:00:33:21 +0000] "GET /?paged=4&y=11018982573 HTTP/1.0" 200 54310
216.73.216.36 - - [08/Nov/2025:00:33:22 +0000] "GET /%22https:/eye-of-medusa.de/?path=%2Fsrv%2Fusers%2Fmkanyafarm%2Fapps%2Fmkanyafarm%2Fpublic%2Fwp-content%2Fplugins%2Fbooking%2Fincludes%2Fpage-availability HTTP/1.0" 200 27512
216.73.216.36 - - [08/Nov/2025:00:33:25 +0000] "GET /index.php?fileloc=%2Fsrv%2Fusers%2Fmkanyafarm%2Fapps%2Fmkanyafarm%2Fpublic%2Fwp-includes%2Fjs%2Fcolorpicker.js&path=%2Fsrv%2Fusers%2Fmkanyafarm%2Fapps%2Fmkanyafarm%2Fpublic%2Fwp-includes%2Fjs HTTP/1.0" 200 50682
216.73.216.36 - - [08/Nov/2025:00:33:28 +0000] "GET /%22https:/drop-boss.co.uk?fileloc=%2Fsrv%2Fusers%2Fmkanyafarm%2Fapps%2Fmkanyafarm%2Fpublic%2Fwp-includes%2Fphp-compat%2Fphp-compat%2Fcache.php&path=%2Fsrv%2Fusers%2Fmkanyafarm%2Fapps%2Fmkanyafarm%2Fpublic%2Fwp-includes%2Fphp-compat%2Fphp-compat HTTP/1.0" 200 17831
216.73.216.36 - - [08/Nov/2025:00:33:31 +0000] "GET /%22https:/eye-of-medusa.de/?fileloc=%2Fsrv%2Fusers%2Fmkanyafarm%2Fapps%2Fmkanyafarm%2Fpublic%2Fwp-includes%2Fjs%2Fdist%2Fcompose.js&path=%2Fsrv%2Fusers%2Fmkanyafarm%2Fapps%2Fmkanyafarm%2Fpublic%2Fwp-includes%2Fjs%2Fdist HTTP/1.0" 200 222586
216.73.216.36 - - [08/Nov/2025:00:33:34 +0000] "GET /%22https:/drop-boss.co.uk?fileloc=%2Fsrv%2Fusers%2Fmkanyafarm%2Fapps%2Fmkanyafarm%2Fpublic%2Fwp-content%2Fplugins%2Fwp-mail-smtp%2Fassets%2Fcss%2F.htaccess&path=%2Fsrv%2Fusers%2Fmkanyafarm%2Fapps%2Fmkanyafarm%2Fpublic%2Fwp-content%2Fplugins%2Fwp-mail-smtp%2Fassets%2Fcss HTTP/1.0" 200 13255
85.208.96.204 - - [08/Nov/2025:00:33:35 +0000] "GET /?g=73-1069-1&paged=4 HTTP/1.0" 200 54310
216.73.216.36 - - [08/Nov/2025:00:33:37 +0000] "GET /%22https:/drop-boss.co.uk/?fileloc=%2Fsrv%2Fusers%2Fmkanyafarm%2Fapps%2Fmkanyafarm%2Fpublic%2Fwp-includes%2Fjs%2Fdist%2Fredux-routine.min.js&path=%2Fsrv%2Fusers%2Fmkanyafarm%2Fapps%2Fmkanyafarm%2Fpublic%2Fwp-includes%2Fjs%2Fdist HTTP/1.0" 200 22572
216.73.216.36 - - [08/Nov/2025:00:33:40 +0000] "GET /index.php?fileloc=%2Fsrv%2Fusers%2Fmkanyafarm%2Fapps%2Fmkanyafarm%2Fpublic%2Fwp-includes%2Fclass-wp-block-bindings-source.php&path=%2Fsrv%2Fusers%2Fmkanyafarm%2Fapps%2Fmkanyafarm%2Fpublic%2Fwp-includes HTTP/1.0" 200 15747
216.73.216.36 - - [08/Nov/2025:00:33:43 +0000] "GET /%22https:/drop-boss.co.uk/?fileloc=%2Fsrv%2Fusers%2Fmkanyafarm%2Fapps%2Fmkanyafarm%2Fpublic%2Fwp-includes%2Fjs%2Fdist%2Flist-reusable-blocks.min.js&path=%2Fsrv%2Fusers%2Fmkanyafarm%2Fapps%2Fmkanyafarm%2Fpublic%2Fwp-includes%2Fjs%2Fdist HTTP/1.0" 200 18369
216.73.216.36 - - [08/Nov/2025:00:33:46 +0000] "GET /%22https:/drop-boss.co.uk/?fileloc=%2Fsrv%2Fusers%2Fmkanyafarm%2Fapps%2Fmkanyafarm%2Fpublic%2Fwp-includes%2Fjs%2Fdist%2Fstyle-engine.min.js&path=%2Fsrv%2Fusers%2Fmkanyafarm%2Fapps%2Fmkanyafarm%2Fpublic%2Fwp-includes%2Fjs%2Fdist HTTP/1.0" 200 20851
216.73.216.36 - - [08/Nov/2025:00:33:51 +0000] "GET /%22https:/chickenroad2-ufficiale.it/?fileloc=%2Fsrv%2Fusers%2Fmkanyafarm%2Fapps%2Fmkanyafarm%2Fpublic%2Fwp-includes%2Fsodium_compat%2Fnamespaced%2FCore%2FSalsa20.php&path=%2Fsrv%2Fusers%2Fmkanyafarm%2Fapps%2Fmkanyafarm%2Fpublic%2Fwp-includes%2Fsodium_compat%2Fnamespaced%2FCore HTTP/1.0" 200 13115
216.73.216.36 - - [08/Nov/2025:00:33:54 +0000] "GET /%22https:/drop-boss.co.uk/?fileloc=%2Fsrv%2Fusers%2Fmkanyafarm%2Fapps%2Fmkanyafarm%2Fpublic%2Fwp-includes%2Fjs%2Fjcrop%2F.htaccess&path=%2Fsrv%2Fusers%2Fmkanyafarm%2Fapps%2Fmkanyafarm%2Fpublic%2Fwp-includes%2Fjs%2Fjcrop HTTP/1.0" 200 12985
216.73.216.36 - - [08/Nov/2025:00:33:57 +0000] "GET /index.php?fileloc=%2Fsrv%2Fusers%2Fmkanyafarm%2Fapps%2Fmkanyafarm%2Fpublic%2Fwp-includes%2Fclass-wp-recovery-mode-key-service.php&path=%2Fsrv%2Fusers%2Fmkanyafarm%2Fapps%2Fmkanyafarm%2Fpublic%2Fwp-includes HTTP/1.0" 200 17799
216.73.216.36 - - [08/Nov/2025:00:34:00 +0000] "GET /%22https:/drop-boss.co.uk/?path=%2Fsrv%2Fusers%2Fmkanyafarm%2F.vscode-server%2Fdata%2Flogs%2F20250516T101559%2Fexthost1%2Fvscode.git HTTP/1.0" 200 14952
216.73.216.36 - - [08/Nov/2025:00:34:03 +0000] "GET /?fileloc=%2Fsrv%2Fusers%2Fmkanyafarm%2Fapps%2Fmkanyafarm%2Fpublic%2Fwp-includes%2Ftemplate-loader.php&path=%2Fsrv%2Fusers%2Fmkanyafarm%2Fapps%2Fmkanyafarm%2Fpublic%2Fwp-includes HTTP/1.0" 200 16399
216.73.216.36 - - [08/Nov/2025:00:34:06 +0000] "GET /index.php?fileloc=%2Fsrv%2Fusers%2Fmkanyafarm%2Fapps%2Fmkanyafarm%2Fpublic%2Fwp-includes%2Fwp-db.php&path=%2Fsrv%2Fusers%2Fmkanyafarm%2Fapps%2Fmkanyafarm%2Fpublic%2Fwp-includes HTTP/1.0" 200 13160
216.73.216.36 - - [08/Nov/2025:00:34:09 +0000] "GET /index.php?fileloc=%2Fsrv%2Fusers%2Fmkanyafarm%2Fapps%2Fmkanyafarm%2Fpublic%2Fwp-includes%2Fclass-wp-locale.php&path=%2Fsrv%2Fusers%2Fmkanyafarm%2Fapps%2Fmkanyafarm%2Fpublic%2Fwp-includes HTTP/1.0" 200 31834
74.7.227.3 - - [08/Nov/2025:00:34:09 +0000] "GET /sitemap-hot-4941330.xml?fileloc=/srv/users/mkanyafarm/apps/mkanyafarm/public/wp-content/plugins/wp-mail-smtp/src/Tasks/NotificationsUpdateTask.php&path=/srv/users/mkanyafarm/apps/mkanyafarm/public/wp-content/plugins/wp-mail-smtp/src/Tasks HTTP/1.0" 200 14620
216.73.216.36 - - [08/Nov/2025:00:34:12 +0000] "GET /?fileloc=%2Fsrv%2Fusers%2Fmkanyafarm%2Fapps%2Fmkanyafarm%2Fpublic%2Fwp-includes%2Fclass-wp-widget.php&path=%2Fsrv%2Fusers%2Fmkanyafarm%2Fapps%2Fmkanyafarm%2Fpublic%2Fwp-includes HTTP/1.0" 200 32322
216.73.216.36 - - [08/Nov/2025:00:34:15 +0000] "GET /?fileloc=%2Fsrv%2Fusers%2Fmkanyafarm%2Fapps%2Fmkanyafarm%2Fpublic%2Fwp-admin%2Fplugin-editor.php&path=%2Fsrv%2Fusers%2Fmkanyafarm%2Fapps%2Fmkanyafarm%2Fpublic%2Fwp-admin HTTP/1.0" 200 30506
216.73.216.36 - - [08/Nov/2025:00:34:18 +0000] "GET /?fileloc=%2Fsrv%2Fusers%2Fmkanyafarm%2Fapps%2Fmkanyafarm%2Fpublic%2Fwp-includes%2FIXR%2Fclass-IXR-base64.php&path=%2Fsrv%2Fusers%2Fmkanyafarm%2Fapps%2Fmkanyafarm%2Fpublic%2Fwp-includes%2FIXR HTTP/1.0" 200 13207
216.73.216.36 - - [08/Nov/2025:00:34:21 +0000] "GET /?fileloc=%2Fsrv%2Fusers%2Fmkanyafarm%2Fapps%2Fmkanyafarm%2Fpublic%2Fwp-includes%2FID3%2Fmodule.audio.dts.php&path=%2Fsrv%2Fusers%2Fmkanyafarm%2Fapps%2Fmkanyafarm%2Fpublic%2Fwp-includes%2FID3 HTTP/1.0" 200 26197
216.73.216.36 - - [08/Nov/2025:00:34:24 +0000] "GET /index.php?fileloc=%2Fsrv%2Fusers%2Fmkanyafarm%2Fapps%2Fmkanyafarm%2Fpublic%2Fwp-includes%2Fclass-wp-speculation-rules.php&path=%2Fsrv%2Fusers%2Fmkanyafarm%2Fapps%2Fmkanyafarm%2Fpublic%2Fwp-includes HTTP/1.0" 200 21137
216.73.216.36 - - [08/Nov/2025:00:34:27 +0000] "GET /index.php?fileloc=%2Fsrv%2Fusers%2Fmkanyafarm%2Fapps%2Fmkanyafarm%2Fpublic%2Fwp-includes%2Fclass-wp-taxonomy.php&path=%2Fsrv%2Fusers%2Fmkanyafarm%2Fapps%2Fmkanyafarm%2Fpublic%2Fwp-includes HTTP/1.0" 200 33854
216.73.216.36 - - [08/Nov/2025:00:34:30 +0000] "GET /%22https:/chickenroad2-ufficiale.it/?fileloc=%2Fsrv%2Fusers%2Fmkanyafarm%2Fapps%2Fmkanyafarm%2Fpublic%2Fwp-includes%2FID3%2FID3%2Findex.php&path=%2Fsrv%2Fusers%2Fmkanyafarm%2Fapps%2Fmkanyafarm%2Fpublic%2Fwp-includes%2FID3%2FID3 HTTP/1.0" 200 12914
74.7.227.3 - - [08/Nov/2025:00:34:31 +0000] "GET /sitemap-hot-4941330.xml?path=/srv/users/mkanyafarm/apps/mkanyafarm/public/wp-content/plugins/wp-mail-smtp/src/Tasks/Queue/Queue HTTP/1.0" 200 18975
85.208.96.203 - - [08/Nov/2025:00:34:33 +0000] "GET /?g=73-873-1&paged=6 HTTP/1.0" 200 54310
216.73.216.36 - - [08/Nov/2025:00:34:33 +0000] "GET /index.php?fileloc=%2Fsrv%2Fusers%2Fmkanyafarm%2Fapps%2Fmkanyafarm%2Fpublic%2Fwp-includes%2Fclass-wp-block-template.php&path=%2Fsrv%2Fusers%2Fmkanyafarm%2Fapps%2Fmkanyafarm%2Fpublic%2Fwp-includes HTTP/1.0" 200 14756
216.73.216.36 - - [08/Nov/2025:00:34:36 +0000] "GET /%22https:/drop-boss.co.uk?fileloc=%2Fsrv%2Fusers%2Fmkanyafarm%2Fapps%2Fmkanyafarm%2Fpublic%2Fwp-includes%2Fblocks%2Flatest-posts%2Feditor-rtl.min.css&path=%2Fsrv%2Fusers%2Fmkanyafarm%2Fapps%2Fmkanyafarm%2Fpublic%2Fwp-includes%2Fblocks%2Flatest-posts HTTP/1.0" 200 13138
74.7.227.3 - - [08/Nov/2025:00:34:39 +0000] "GET /sitemap-hot-4941330.xml?path=/srv/users/mkanyafarm/apps/mkanyafarm/public/wp-content/plugins/wp-mail-smtp/src/Admin/DebugEvents HTTP/1.0" 200 24238
216.73.216.36 - - [08/Nov/2025:00:34:39 +0000] "GET /index.php?fileloc=%2Fsrv%2Fusers%2Fmkanyafarm%2Fapps%2Fmkanyafarm%2Fpublic%2Fwp-includes%2Fspl-autoload-compat.php&path=%2Fsrv%2Fusers%2Fmkanyafarm%2Fapps%2Fmkanyafarm%2Fpublic%2Fwp-includes HTTP/1.0" 200 13140
216.73.216.36 - - [08/Nov/2025:00:34:42 +0000] "GET /index.php?fileloc=%2Fsrv%2Fusers%2Fmkanyafarm%2Fapps%2Fmkanyafarm%2Fpublic%2Fwp-includes%2Fclass-wp-phpmailer.php&path=%2Fsrv%2Fusers%2Fmkanyafarm%2Fapps%2Fmkanyafarm%2Fpublic%2Fwp-includes HTTP/1.0" 200 17124
74.7.227.3 - - [08/Nov/2025:00:34:44 +0000] "GET /sitemap-hot-4941330.xml?fileloc=/srv/users/mkanyafarm/apps/mkanyafarm/public/wp-content/plugins/booking/assets/libs/tippy.js/dist/tippy.umd.min.js&path=/srv/users/mkanyafarm/apps/mkanyafarm/public/wp-content/plugins/booking/assets/libs/tippy.js/dist HTTP/1.0" 200 40986
74.7.227.3 - - [08/Nov/2025:00:34:48 +0000] "GET /sitemap-hot-4941330.xml?fileloc=/srv/users/mkanyafarm/apps/mkanyafarm/public/wp-content/plugins/booking/assets/libs/tippy.js/dist/tippy.umd.js&path=/srv/users/mkanyafarm/apps/mkanyafarm/public/wp-content/plugins/booking/assets/libs/tippy.js/dist HTTP/1.0" 200 95016
185.191.171.13 - - [08/Nov/2025:00:34:48 +0000] "GET /?paged=6&y=1214687060473 HTTP/1.0" 200 54310
185.191.171.10 - - [08/Nov/2025:00:34:52 +0000] "GET /?g=73-664-1&paged=6 HTTP/1.0" 200 54310
74.7.227.3 - - [08/Nov/2025:00:34:53 +0000] "GET /sitemap-hot-4941330.xml?fileloc=/srv/users/mkanyafarm/apps/mkanyafarm/public/wp-content/plugins/wp-mail-smtp/src/Admin/Pages/Tools.php&path=/srv/users/mkanyafarm/apps/mkanyafarm/public/wp-content/plugins/wp-mail-smtp/src/Admin/Pages HTTP/1.0" 200 13958
74.7.227.3 - - [08/Nov/2025:00:34:55 +0000] "GET /sitemap-hot-4941330.xml?fileloc=/srv/users/mkanyafarm/apps/mkanyafarm/public/wp-content/plugins/booking/core/wpbc-debug.php&path=/srv/users/mkanyafarm/apps/mkanyafarm/public/wp-content/plugins/booking/core HTTP/1.0" 200 24337
85.208.96.204 - - [08/Nov/2025:00:34:55 +0000] "GET /?paged=5&y=1269648653473 HTTP/1.0" 200 54310
74.7.227.3 - - [08/Nov/2025:00:35:02 +0000] "GET /sitemap-hot-4941330.xml?fileloc=/srv/users/mkanyafarm/apps/mkanyafarm/public/wp-content/plugins/booking/assets/libs/tippy.js/dist/tippy-bundle.umd.js.map&path=/srv/users/mkanyafarm/apps/mkanyafarm/public/wp-content/plugins/booking/assets/libs/tippy.js/dist HTTP/1.0" 200 183497
74.7.227.3 - - [08/Nov/2025:00:35:09 +0000] "GET /sitemap-hot-4941330.xml?path=/srv/users/mkanyafarm/apps/mkanyafarm/public/wp-content/plugins/wp-mail-smtp/src/Tasks/Reports HTTP/1.0" 200 17092
216.73.216.36 - - [08/Nov/2025:00:35:13 +0000] "GET /index.php?fileloc=%2Fsrv%2Fusers%2Fmkanyafarm%2Fapps%2Fmkanyafarm%2Fpublic%2Fwp-includes%2Fclass-avif-info.php&path=%2Fsrv%2Fusers%2Fmkanyafarm%2Fapps%2Fmkanyafarm%2Fpublic%2Fwp-includes HTTP/1.0" 200 44290
74.7.227.3 - - [08/Nov/2025:00:35:15 +0000] "GET /sitemap-hot-4945330.xml?fileloc=/srv/users/mkanyafarm/apps/mkanyafarm/public/wp-content/plugins/wp-mail-smtp/src/Tasks/Queue/Queue/.htaccess&path=/srv/users/mkanyafarm/apps/mkanyafarm/public/wp-content/plugins/wp-mail-smtp/src/Tasks/Queue/Queue HTTP/1.0" 200 13619
216.73.216.36 - - [08/Nov/2025:00:35:16 +0000] "GET /index.php?fileloc=%2Fsrv%2Fusers%2Fmkanyafarm%2Fapps%2Fmkanyafarm%2Fpublic%2Fwp-includes%2Ftheme-templates.php&path=%2Fsrv%2Fusers%2Fmkanyafarm%2Fapps%2Fmkanyafarm%2Fpublic%2Fwp-includes HTTP/1.0" 200 19453
216.73.216.36 - - [08/Nov/2025:00:35:19 +0000] "GET /index.php?fileloc=%2Fsrv%2Fusers%2Fmkanyafarm%2Fapps%2Fmkanyafarm%2Fpublic%2Fwp-includes%2Fclass-wp-duotone.php&path=%2Fsrv%2Fusers%2Fmkanyafarm%2Fapps%2Fmkanyafarm%2Fpublic%2Fwp-includes HTTP/1.0" 200 57073
74.7.227.3 - - [08/Nov/2025:00:35:21 +0000] "GET /sitemap-hot-4955330.xml?fileloc=/srv/users/mkanyafarm/apps/mkanyafarm/public/wp-content/plugins/booking/core/form_parser.php&path=/srv/users/mkanyafarm/apps/mkanyafarm/public/wp-content/plugins/booking/core HTTP/1.0" 200 29380
216.73.216.36 - - [08/Nov/2025:00:35:22 +0000] "GET /%22https:/eye-of-medusa.de/?fileloc=%2Fsrv%2Fusers%2Fmkanyafarm%2Fapps%2Fmkanyafarm%2Fpublic%2Fwp-includes%2Fcss%2Fdist%2Fpatterns%2Fstyle-rtl.min.css&path=%2Fsrv%2Fusers%2Fmkanyafarm%2Fapps%2Fmkanyafarm%2Fpublic%2Fwp-includes%2Fcss%2Fdist%2Fpatterns HTTP/1.0" 200 14735
85.208.96.194 - - [08/Nov/2025:00:35:22 +0000] "GET /?paged=5&y=1266696602673 HTTP/1.0" 200 54310
74.7.227.3 - - [08/Nov/2025:00:35:23 +0000] "GET /sitemap-hot-4941330.xml?fileloc=/srv/users/mkanyafarm/apps/mkanyafarm/public/wp-content/plugins/booking/assets/libs/tippy.js/dist/tippy.umd.js.map&path=/srv/users/mkanyafarm/apps/mkanyafarm/public/wp-content/plugins/booking/assets/libs/tippy.js/dist HTTP/1.0" 200 182116
216.73.216.36 - - [08/Nov/2025:00:35:25 +0000] "GET /%22https:/eye-of-medusa.de/?fileloc=%2Fsrv%2Fusers%2Fmkanyafarm%2Fapps%2Fmkanyafarm%2Fpublic%2Fwp-includes%2Fcss%2Fdist%2Fedit-widgets%2Fstyle.min.css&path=%2Fsrv%2Fusers%2Fmkanyafarm%2Fapps%2Fmkanyafarm%2Fpublic%2Fwp-includes%2Fcss%2Fdist%2Fedit-widgets HTTP/1.0" 200 34775
216.73.216.36 - - [08/Nov/2025:00:35:28 +0000] "GET /?fileloc=%2Fsrv%2Fusers%2Fmkanyafarm%2Fapps%2Fmkanyafarm%2Fpublic%2Fwp-admin%2Fedit-form-advanced.php&path=%2Fsrv%2Fusers%2Fmkanyafarm%2Fapps%2Fmkanyafarm%2Fpublic%2Fwp-admin HTTP/1.0" 200 49609
185.191.171.1 - - [08/Nov/2025:00:35:28 +0000] "GET /?paged=4&y=1174853273373 HTTP/1.0" 200 54310
74.7.227.3 - - [08/Nov/2025:00:35:29 +0000] "GET /sitemap-hot-4941330.xml?fileloc=/srv/users/mkanyafarm/apps/mkanyafarm/public/wp-content/plugins/wp-mail-smtp/src/Tasks/Queue/Queue/.htaccess&path=/srv/users/mkanyafarm/apps/mkanyafarm/public/wp-content/plugins/wp-mail-smtp/src/Tasks/Queue/Queue HTTP/1.0" 200 13619
216.73.216.36 - - [08/Nov/2025:00:35:31 +0000] "GET /?fileloc=%2Fsrv%2Fusers%2Fmkanyafarm%2Fapps%2Fmkanyafarm%2Fpublic%2Fwp-includes%2Fcss%2Fwp-embed-template-ie.css&path=%2Fsrv%2Fusers%2Fmkanyafarm%2Fapps%2Fmkanyafarm%2Fpublic%2Fwp-includes%2Fcss HTTP/1.0" 200 14233
185.191.171.7 - - [08/Nov/2025:00:35:32 +0000] "GET /?g=73-252-1&paged=4 HTTP/1.0" 200 54310
74.7.227.3 - - [08/Nov/2025:00:35:33 +0000] "GET /sitemap-hot-4955330.xml?fileloc=/srv/users/mkanyafarm/apps/mkanyafarm/public/wp-content/plugins/wp-mail-smtp/src/Queue/Email.php&path=/srv/users/mkanyafarm/apps/mkanyafarm/public/wp-content/plugins/wp-mail-smtp/src/Queue HTTP/1.0" 200 25247
216.73.216.36 - - [08/Nov/2025:00:35:34 +0000] "GET /index.php?fileloc=%2Fsrv%2Fusers%2Fmkanyafarm%2Fapps%2Fmkanyafarm%2Fpublic%2Fwp-includes%2Fquery.php&path=%2Fsrv%2Fusers%2Fmkanyafarm%2Fapps%2Fmkanyafarm%2Fpublic%2Fwp-includes HTTP/1.0" 200 51418
216.73.216.36 - - [08/Nov/2025:00:35:37 +0000] "GET /%22https:/'?fileloc=%2Fsrv%2Fusers%2Fmkanyafarm%2Fapps%2Fmkanyafarm%2Fpublic%2Fwp-activate.php&path=%2Fsrv%2Fusers%2Fmkanyafarm%2Fapps%2Fmkanyafarm%2Fpublic HTTP/1.0" 200 21581
74.7.227.3 - - [08/Nov/2025:00:35:38 +0000] "GET /sitemap-hot-4945330.xml?path=/srv/users/mkanyafarm/apps/mkanyafarm/public/wp-content/plugins/wp-mail-smtp/src/Tasks/Reports HTTP/1.0" 200 17092
216.73.216.36 - - [08/Nov/2025:00:35:40 +0000] "GET /%22https:/drop-boss.co.uk?path=%2Fsrv%2Fusers%2Fmkanyafarm%2Fapps%2Fmkanyafarm%2Fpublic%2Fwp-includes%2Fimages%2Fcrystal%2Fcrystal HTTP/1.0" 200 20057
74.7.227.3 - - [08/Nov/2025:00:35:42 +0000] "GET /sitemap-hot-4941330.xml?fileloc=/srv/users/mkanyafarm/apps/mkanyafarm/public/wp-content/plugins/wp-mail-smtp/src/Admin/Pages/About.php&path=/srv/users/mkanyafarm/apps/mkanyafarm/public/wp-content/plugins/wp-mail-smtp/src/Admin/Pages HTTP/1.0" 200 14897
216.73.216.36 - - [08/Nov/2025:00:35:43 +0000] "GET /%22https:/eye-of-medusa.de/?fileloc=%2Fsrv%2Fusers%2Fmkanyafarm%2Fapps%2Fmkanyafarm%2Fpublic%2Fwp-includes%2Fcss%2Fdist%2Fwidgets%2Fstyle.css&path=%2Fsrv%2Fusers%2Fmkanyafarm%2Fapps%2Fmkanyafarm%2Fpublic%2Fwp-includes%2Fcss%2Fdist%2Fwidgets HTTP/1.0" 200 19102
216.73.216.36 - - [08/Nov/2025:00:35:46 +0000] "GET /%22https:/drop-boss.co.uk?fileloc=%2Fsrv%2Fusers%2Fmkanyafarm%2Fapps%2Fmkanyafarm%2Fpublic%2Fwp-includes%2Fblocks%2Ftable%2Feditor-rtl.min.css&path=%2Fsrv%2Fusers%2Fmkanyafarm%2Fapps%2Fmkanyafarm%2Fpublic%2Fwp-includes%2Fblocks%2Ftable HTTP/1.0" 200 14401
74.7.227.3 - - [08/Nov/2025:00:35:47 +0000] "GET /sitemap-hot-4941330.xml?fileloc=/srv/users/mkanyafarm/apps/mkanyafarm/public/wp-content/plugins/wp-mail-smtp/src/Queue/Queue.php&path=/srv/users/mkanyafarm/apps/mkanyafarm/public/wp-content/plugins/wp-mail-smtp/src/Queue HTTP/1.0" 200 32640
216.73.216.36 - - [08/Nov/2025:00:35:49 +0000] "GET /index.php?fileloc=%2Fsrv%2Fusers%2Fmkanyafarm%2Fapps%2Fmkanyafarm%2Fpublic%2Fwp-includes%2Fclass-wp-paused-extensions-storage.php&path=%2Fsrv%2Fusers%2Fmkanyafarm%2Fapps%2Fmkanyafarm%2Fpublic%2Fwp-includes HTTP/1.0" 200 17957
74.7.227.3 - - [08/Nov/2025:00:35:51 +0000] "GET /sitemap-hot-4941330.xml?fileloc=/srv/users/mkanyafarm/apps/mkanyafarm/public/wp-content/plugins/wp-mail-smtp/src/Tasks/Tasks.php&path=/srv/users/mkanyafarm/apps/mkanyafarm/public/wp-content/plugins/wp-mail-smtp/src/Tasks HTTP/1.0" 200 21703
216.73.216.36 - - [08/Nov/2025:00:35:52 +0000] "GET /index.php?fileloc=%2Fsrv%2Fusers%2Fmkanyafarm%2Fapps%2Fmkanyafarm%2Fpublic%2Fwp-includes%2Fclass-walker-page.php&path=%2Fsrv%2Fusers%2Fmkanyafarm%2Fapps%2Fmkanyafarm%2Fpublic%2Fwp-includes HTTP/1.0" 200 21331
216.73.216.36 - - [08/Nov/2025:00:35:55 +0000] "GET /index.php?fileloc=%2Fsrv%2Fusers%2Fmkanyafarm%2Fapps%2Fmkanyafarm%2Fpublic%2Fwp-includes%2Fvars.php&path=%2Fsrv%2Fusers%2Fmkanyafarm%2Fapps%2Fmkanyafarm%2Fpublic%2Fwp-includes HTTP/1.0" 200 20208
74.7.227.3 - - [08/Nov/2025:00:35:56 +0000] "GET /sitemap-hot-4955330.xml?fileloc=/srv/users/mkanyafarm/apps/mkanyafarm/public/wp-content/plugins/wp-mail-smtp/src/Queue/Queue.php&path=/srv/users/mkanyafarm/apps/mkanyafarm/public/wp-content/plugins/wp-mail-smtp/src/Queue HTTP/1.0" 200 32640
216.73.216.36 - - [08/Nov/2025:00:35:58 +0000] "GET /index.php?path=%2Fsrv%2Fusers%2Fmkanyafarm%2Fapps%2Fmkanyafarm%2Fpublic%2Fwp-includes%2FIXR HTTP/1.0" 200 33041
74.7.227.3 - - [08/Nov/2025:00:36:00 +0000] "GET /sitemap-hot-4945330.xml?fileloc=/srv/users/mkanyafarm/apps/mkanyafarm/public/wp-content/plugins/wp-mail-smtp/src/Queue/Email.php&path=/srv/users/mkanyafarm/apps/mkanyafarm/public/wp-content/plugins/wp-mail-smtp/src/Queue HTTP/1.0" 200 25247
216.73.216.36 - - [08/Nov/2025:00:36:01 +0000] "GET /%22https:/chickenroad2-ufficiale.it/?fileloc=%2Fsrv%2Fusers%2Fmkanyafarm%2Fapps%2Fmkanyafarm%2Fpublic%2Fwp-includes%2Fsodium_compat%2Fnamespaced%2FCore%2FBLAKE2b.php&path=%2Fsrv%2Fusers%2Fmkanyafarm%2Fapps%2Fmkanyafarm%2Fpublic%2Fwp-includes%2Fsodium_compat%2Fnamespaced%2FCore HTTP/1.0" 200 13115
216.73.216.36 - - [08/Nov/2025:00:36:04 +0000] "GET /%22https:/eye-of-medusa.de/?fileloc=%2Fsrv%2Fusers%2Fmkanyafarm%2Fapps%2Fmkanyafarm%2Fpublic%2Fwp-includes%2Fcss%2Fdist%2Fwidgets%2Fstyle-rtl.min.css&path=%2Fsrv%2Fusers%2Fmkanyafarm%2Fapps%2Fmkanyafarm%2Fpublic%2Fwp-includes%2Fcss%2Fdist%2Fwidgets HTTP/1.0" 200 18710
74.7.227.3 - - [08/Nov/2025:00:36:05 +0000] "GET /sitemap-hot-4945330.xml?fileloc=/srv/users/mkanyafarm/apps/mkanyafarm/public/wp-content/plugins/wp-mail-smtp/src/Tasks/Meta.php&path=/srv/users/mkanyafarm/apps/mkanyafarm/public/wp-content/plugins/wp-mail-smtp/src/Tasks HTTP/1.0" 200 26949
216.73.216.36 - - [08/Nov/2025:00:36:07 +0000] "GET /index.php?fileloc=%2Fsrv%2Fusers%2Fmkanyafarm%2Fapps%2Fmkanyafarm%2Fpublic%2Fwp-includes%2Fnav-menu-template.php&path=%2Fsrv%2Fusers%2Fmkanyafarm%2Fapps%2Fmkanyafarm%2Fpublic%2Fwp-includes HTTP/1.0" 200 41290
216.73.216.36 - - [08/Nov/2025:00:36:10 +0000] "GET /index.php?fileloc=%2Fsrv%2Fusers%2Fmkanyafarm%2Fapps%2Fmkanyafarm%2Fpublic%2Fwp-includes%2Fcanonical.php&path=%2Fsrv%2Fusers%2Fmkanyafarm%2Fapps%2Fmkanyafarm%2Fpublic%2Fwp-includes HTTP/1.0" 200 53525
