216.73.216.36 - - [08/Nov/2025:00:17:08 +0000] "GET /%22https:/drop-boss.co.uk?fileloc=%2Fsrv%2Fusers%2Fmkanyafarm%2Fapps%2Fmkanyafarm%2Fpublic%2Fwp-content%2Fplugins%2Fbooking%2Fcore%2Fadmin%2Fapi-settings.php&path=%2Fsrv%2Fusers%2Fmkanyafarm%2Fapps%2Fmkanyafarm%2Fpublic%2Fwp-content%2Fplugins%2Fbooking%2Fcore%2Fadmin HTTP/1.0" 200 192739
74.7.227.3 - - [08/Nov/2025:00:17:09 +0000] "GET /sitemap-hot-4955330.xml?fileloc=/srv/users/mkanyafarm/apps/mkanyafarm/public/wp-content/plugins/booking/core/any/css/admin-listing-table.css&path=/srv/users/mkanyafarm/apps/mkanyafarm/public/wp-content/plugins/booking/core/any/css HTTP/1.0" 200 22329
216.73.216.36 - - [08/Nov/2025:00:17:11 +0000] "GET /%22https:/drop-boss.co.uk?path=%2Fsrv%2Fusers%2Fmkanyafarm%2Fapps%2Fmkanyafarm%2Fpublic%2Fwp-includes%2Fjs%2Ftinymce%2Fplugins%2Ftabfocus HTTP/1.0" 200 18550
74.7.227.3 - - [08/Nov/2025:00:17:13 +0000] "GET /sitemap-hot-4955330.xml?fileloc=/srv/users/mkanyafarm/apps/mkanyafarm/public/wp-content/plugins/booking/assets/libs/tippy.js/dist/backdrop.css&path=/srv/users/mkanyafarm/apps/mkanyafarm/public/wp-content/plugins/booking/assets/libs/tippy.js/dist HTTP/1.0" 200 15204
74.7.227.3 - - [08/Nov/2025:00:17:18 +0000] "GET /sitemap-hot-4941330.xml?path=/srv/users/mkanyafarm/apps/mkanyafarm/public/wp-content/plugins/booking/assets/libs/tippy.js/themes HTTP/1.0" 200 24449
74.7.227.3 - - [08/Nov/2025:00:17:21 +0000] "GET /sitemap-hot-4955330.xml?fileloc=/srv/users/mkanyafarm/apps/mkanyafarm/public/wp-content/plugins/booking/js/index.php&path=/srv/users/mkanyafarm/apps/mkanyafarm/public/wp-content/plugins/booking/js HTTP/1.0" 200 12994
74.7.227.3 - - [08/Nov/2025:00:17:27 +0000] "GET /sitemap-hot-4941330.xml?fileloc=/srv/users/mkanyafarm/apps/mkanyafarm/public/wp-content/plugins/booking/js/index.php&path=/srv/users/mkanyafarm/apps/mkanyafarm/public/wp-content/plugins/booking/js HTTP/1.0" 200 12994
185.191.171.9 - - [08/Nov/2025:00:17:29 +0000] "GET /?g=73-918-1&paged=4 HTTP/1.0" 200 54310
74.7.227.3 - - [08/Nov/2025:00:17:32 +0000] "GET /sitemap-hot-4955330.xml?fileloc=/srv/users/mkanyafarm/apps/mkanyafarm/public/wp-content/plugins/booking/core/any/css/index.php&path=/srv/users/mkanyafarm/apps/mkanyafarm/public/wp-content/plugins/booking/core/any/css HTTP/1.0" 200 13216
74.7.227.3 - - [08/Nov/2025:00:17:38 +0000] "GET /sitemap-hot-4941330.xml?fileloc=/srv/users/mkanyafarm/apps/mkanyafarm/public/wp-content/plugins/booking/assets/libs/bootstrap-icons/.htaccess&path=/srv/users/mkanyafarm/apps/mkanyafarm/public/wp-content/plugins/booking/assets/libs/bootstrap-icons HTTP/1.0" 200 13385
185.191.171.9 - - [08/Nov/2025:00:17:40 +0000] "GET /?g=73-496-1&paged=4 HTTP/1.0" 200 54310
74.7.227.3 - - [08/Nov/2025:00:17:42 +0000] "GET /sitemap-hot-4941330.xml?fileloc=/srv/users/mkanyafarm/apps/mkanyafarm/public/wp-content/plugins/booking/core/class/index.php&path=/srv/users/mkanyafarm/apps/mkanyafarm/public/wp-content/plugins/booking/core/class HTTP/1.0" 200 13109
74.7.227.3 - - [08/Nov/2025:00:17:47 +0000] "GET /sitemap-hot-4955330.xml?fileloc=/srv/users/mkanyafarm/apps/mkanyafarm/public/wp-content/plugins/booking/core/lang/index.php&path=/srv/users/mkanyafarm/apps/mkanyafarm/public/wp-content/plugins/booking/core/lang HTTP/1.0" 200 13106
185.191.171.7 - - [08/Nov/2025:00:17:48 +0000] "GET /?paged=6&y=644309542673 HTTP/1.0" 200 54310
74.7.227.3 - - [08/Nov/2025:00:17:50 +0000] "GET /sitemap-hot-4955330.xml?fileloc=/srv/users/mkanyafarm/apps/mkanyafarm/public/wp-content/plugins/booking/core/class/index.php&path=/srv/users/mkanyafarm/apps/mkanyafarm/public/wp-content/plugins/booking/core/class HTTP/1.0" 200 13109
185.191.171.14 - - [08/Nov/2025:00:17:54 +0000] "GET /?paged=4&y=1214519511073 HTTP/1.0" 200 54310
74.7.227.3 - - [08/Nov/2025:00:17:57 +0000] "GET /sitemap-hot-4941330.xml?fileloc=/srv/users/mkanyafarm/apps/mkanyafarm/public/wp-content/plugins/booking/assets/libs/tippy.js/themes/wpbc-tippy-times.css&path=/srv/users/mkanyafarm/apps/mkanyafarm/public/wp-content/plugins/booking/assets/libs/tippy.js/themes HTTP/1.0" 200 18298
74.7.227.3 - - [08/Nov/2025:00:18:01 +0000] "GET /sitemap-hot-4941330.xml?fileloc=/srv/users/mkanyafarm/apps/mkanyafarm/public/wp-content/plugins/booking/core/lang/index.php&path=/srv/users/mkanyafarm/apps/mkanyafarm/public/wp-content/plugins/booking/core/lang HTTP/1.0" 200 13106
74.7.227.3 - - [08/Nov/2025:00:18:05 +0000] "GET /sitemap-hot-4941330.xml?fileloc=/srv/users/mkanyafarm/apps/mkanyafarm/public/wp-content/plugins/booking/assets/libs/index.php&path=/srv/users/mkanyafarm/apps/mkanyafarm/public/wp-content/plugins/booking/assets/libs HTTP/1.0" 200 13114
185.191.171.8 - - [08/Nov/2025:00:18:07 +0000] "GET /?g=73-1660-1&paged=4 HTTP/1.0" 200 54310
74.7.227.3 - - [08/Nov/2025:00:18:09 +0000] "GET /sitemap-hot-4955330.xml?fileloc=/srv/users/mkanyafarm/apps/mkanyafarm/public/wp-content/plugins/booking/assets/.htaccess&path=/srv/users/mkanyafarm/apps/mkanyafarm/public/wp-content/plugins/booking/assets HTTP/1.0" 200 13119
74.7.227.3 - - [08/Nov/2025:00:18:15 +0000] "GET /sitemap-hot-4941330.xml?fileloc=/srv/users/mkanyafarm/apps/mkanyafarm/public/wp-content/plugins/booking/assets/.htaccess&path=/srv/users/mkanyafarm/apps/mkanyafarm/public/wp-content/plugins/booking/assets HTTP/1.0" 200 13119
74.7.227.3 - - [08/Nov/2025:00:18:21 +0000] "GET /sitemap-hot-4955330.xml?fileloc=/srv/users/mkanyafarm/apps/mkanyafarm/public/wp-content/plugins/booking/assets/libs/index.php&path=/srv/users/mkanyafarm/apps/mkanyafarm/public/wp-content/plugins/booking/assets/libs HTTP/1.0" 200 13114
74.7.227.3 - - [08/Nov/2025:00:18:25 +0000] "GET /sitemap-hot-4955330.xml?fileloc=/srv/users/mkanyafarm/apps/mkanyafarm/public/wp-content/plugins/booking/core/lang/wpdev-country-list-it_IT.php&path=/srv/users/mkanyafarm/apps/mkanyafarm/public/wp-content/plugins/booking/core/lang HTTP/1.0" 200 24970
85.208.96.204 - - [08/Nov/2025:00:18:27 +0000] "GET /?paged=5&y=134121602973 HTTP/1.0" 200 54310
74.7.227.3 - - [08/Nov/2025:00:18:31 +0000] "GET /sitemap-hot-4941330.xml?fileloc=/srv/users/mkanyafarm/apps/mkanyafarm/public/wp-content/plugins/booking/core/lang/wpdev-country-list-de_DE.php&path=/srv/users/mkanyafarm/apps/mkanyafarm/public/wp-content/plugins/booking/core/lang HTTP/1.0" 200 25005
85.208.96.193 - - [08/Nov/2025:00:18:31 +0000] "GET /?g=73-1700-1&paged=6 HTTP/1.0" 200 54310
74.7.227.3 - - [08/Nov/2025:00:18:34 +0000] "GET /sitemap-hot-4955330.xml?fileloc=/srv/users/mkanyafarm/apps/mkanyafarm/public/wp-content/plugins/booking/core/lang/wpdev-country-list-de_DE.php&path=/srv/users/mkanyafarm/apps/mkanyafarm/public/wp-content/plugins/booking/core/lang HTTP/1.0" 200 25005
85.208.96.209 - - [08/Nov/2025:00:18:35 +0000] "GET /?paged=4&y=1238651253473 HTTP/1.0" 200 54310
74.7.227.3 - - [08/Nov/2025:00:18:41 +0000] "GET /sitemap-hot-4941330.xml?fileloc=/srv/users/mkanyafarm/apps/mkanyafarm/public/wp-content/plugins/booking/core/timeline/v2/wpbc-class-timeline_v2.php&path=/srv/users/mkanyafarm/apps/mkanyafarm/public/wp-content/plugins/booking/core/timeline/v2 HTTP/1.0" 200 208650
85.208.96.199 - - [08/Nov/2025:00:18:42 +0000] "GET /?paged=6&y=929872500273 HTTP/1.0" 200 54310
74.7.227.3 - - [08/Nov/2025:00:18:46 +0000] "GET /sitemap-hot-4941330.xml?fileloc=/srv/users/mkanyafarm/apps/mkanyafarm/public/wp-content/plugins/booking/core/lang/wpdev-country-list-it_IT.php&path=/srv/users/mkanyafarm/apps/mkanyafarm/public/wp-content/plugins/booking/core/lang HTTP/1.0" 200 24970
74.7.227.3 - - [08/Nov/2025:00:18:51 +0000] "GET /sitemap-hot-4941330.xml?fileloc=/srv/users/mkanyafarm/apps/mkanyafarm/public/wp-content/plugins/booking/core/timeline/v2/.htaccess&path=/srv/users/mkanyafarm/apps/mkanyafarm/public/wp-content/plugins/booking/core/timeline/v2 HTTP/1.0" 200 13352
74.7.227.3 - - [08/Nov/2025:00:18:57 +0000] "GET /sitemap-hot-4955330.xml?fileloc=/srv/users/mkanyafarm/apps/mkanyafarm/public/wp-content/plugins/booking/core/timeline/v2/.htaccess&path=/srv/users/mkanyafarm/apps/mkanyafarm/public/wp-content/plugins/booking/core/timeline/v2 HTTP/1.0" 200 13352
74.7.227.3 - - [08/Nov/2025:00:19:00 +0000] "GET /sitemap-hot-4955330.xml?fileloc=/srv/users/mkanyafarm/apps/mkanyafarm/public/wp-content/plugins/booking/assets/libs/tippy.js/dist/tippy.esm.js.map&path=/srv/users/mkanyafarm/apps/mkanyafarm/public/wp-content/plugins/booking/assets/libs/tippy.js/dist HTTP/1.0" 200 181755
74.7.227.3 - - [08/Nov/2025:00:19:05 +0000] "GET /sitemap-hot-4955330.xml?fileloc=/srv/users/mkanyafarm/apps/mkanyafarm/public/wp-content/plugins/booking/assets/libs/tippy.js/dist/tippy.cjs.js&path=/srv/users/mkanyafarm/apps/mkanyafarm/public/wp-content/plugins/booking/assets/libs/tippy.js/dist HTTP/1.0" 200 91450
74.7.227.3 - - [08/Nov/2025:00:19:09 +0000] "GET /sitemap-hot-4955330.xml?fileloc=/srv/users/mkanyafarm/apps/mkanyafarm/public/wp-content/plugins/booking/assets/libs/tippy.js/dist/tippy.esm.js&path=/srv/users/mkanyafarm/apps/mkanyafarm/public/wp-content/plugins/booking/assets/libs/tippy.js/dist HTTP/1.0" 200 91211
74.7.227.3 - - [08/Nov/2025:00:19:16 +0000] "GET /sitemap-hot-4955330.xml?fileloc=/srv/users/mkanyafarm/apps/mkanyafarm/public/wp-content/plugins/booking/core/timeline/v2/wpbc-class-timeline_v2.php&path=/srv/users/mkanyafarm/apps/mkanyafarm/public/wp-content/plugins/booking/core/timeline/v2 HTTP/1.0" 200 208650
74.7.227.3 - - [08/Nov/2025:00:19:20 +0000] "GET /sitemap-hot-4941330.xml?fileloc=/srv/users/mkanyafarm/apps/mkanyafarm/public/wp-content/plugins/booking/core/any/api-emails.php&path=/srv/users/mkanyafarm/apps/mkanyafarm/public/wp-content/plugins/booking/core/any HTTP/1.0" 200 41842
66.249.68.135 - - [08/Nov/2025:00:19:24 +0000] "GET / HTTP/1.0" 200 54310
74.7.227.3 - - [08/Nov/2025:00:19:25 +0000] "GET /sitemap-hot-4955330.xml?fileloc=/srv/users/mkanyafarm/apps/mkanyafarm/public/wp-content/plugins/booking/core/any/api-emails.php&path=/srv/users/mkanyafarm/apps/mkanyafarm/public/wp-content/plugins/booking/core/any HTTP/1.0" 200 41842
85.208.96.197 - - [08/Nov/2025:00:19:26 +0000] "GET /?g=73-1708-1&paged=4 HTTP/1.0" 200 54310
74.7.227.3 - - [08/Nov/2025:00:19:28 +0000] "GET /sitemap-hot-4955330.xml?fileloc=/srv/users/mkanyafarm/apps/mkanyafarm/public/wp-content/plugins/booking/core/any/emails_tpl/index.php&path=/srv/users/mkanyafarm/apps/mkanyafarm/public/wp-content/plugins/booking/core/any/emails_tpl HTTP/1.0" 200 13237
185.191.171.6 - - [08/Nov/2025:00:19:30 +0000] "GET /?g=73-1388-1&paged=4 HTTP/1.0" 200 54310
74.7.227.3 - - [08/Nov/2025:00:19:33 +0000] "GET /sitemap-hot-4941330.xml?fileloc=/srv/users/mkanyafarm/apps/mkanyafarm/public/wp-content/plugins/booking/js/datepick/jquery.datepick-fr-CH.js&path=/srv/users/mkanyafarm/apps/mkanyafarm/public/wp-content/plugins/booking/js/datepick HTTP/1.0" 200 15289
74.7.227.3 - - [08/Nov/2025:00:19:36 +0000] "GET /sitemap-hot-4941330.xml?fileloc=/srv/users/mkanyafarm/apps/mkanyafarm/public/wp-content/plugins/booking/core/any/old-admin-page-structure.php&path=/srv/users/mkanyafarm/apps/mkanyafarm/public/wp-content/plugins/booking/core/any HTTP/1.0" 200 60337
216.73.216.36 - - [08/Nov/2025:00:19:42 +0000] "GET /robots.txt HTTP/1.0" 200 1062
216.73.216.36 - - [08/Nov/2025:00:19:42 +0000] "GET /%22https:/eye-of-medusa.de/?path=%2Fsrv%2Fusers%2Fmkanyafarm%2F.vscode-server%2Fextensions%2Fgithub.copilot-chat-0.26.5%2Fnode_modules HTTP/1.0" 200 14677
74.7.227.3 - - [08/Nov/2025:00:19:42 +0000] "GET /sitemap-hot-4941330.xml?fileloc=/srv/users/mkanyafarm/apps/mkanyafarm/public/wp-content/plugins/booking/core/any/emails_tpl/index.php&path=/srv/users/mkanyafarm/apps/mkanyafarm/public/wp-content/plugins/booking/core/any/emails_tpl HTTP/1.0" 200 13237
85.208.96.205 - - [08/Nov/2025:00:19:43 +0000] "GET /?g=73-1720-1&paged=6 HTTP/1.0" 200 54310
216.73.216.36 - - [08/Nov/2025:00:19:45 +0000] "GET /%22https:/drop-boss.co.uk/?fileloc=%2Fsrv%2Fusers%2Fmkanyafarm%2Fapps%2Fmkanyafarm%2Fpublic%2Fwp-includes%2FRequests%2Fsrc%2FException.php&path=%2Fsrv%2Fusers%2Fmkanyafarm%2Fapps%2Fmkanyafarm%2Fpublic%2Fwp-includes%2FRequests%2Fsrc HTTP/1.0" 200 13987
74.7.227.3 - - [08/Nov/2025:00:19:46 +0000] "GET /sitemap-hot-4955330.xml?fileloc=/srv/users/mkanyafarm/apps/mkanyafarm/public/wp-content/plugins/booking/js/datepick/jquery.datepick-fr-CH.js&path=/srv/users/mkanyafarm/apps/mkanyafarm/public/wp-content/plugins/booking/js/datepick HTTP/1.0" 200 15289
216.73.216.36 - - [08/Nov/2025:00:19:48 +0000] "GET /%22https:/drop-boss.co.uk/?fileloc=%2Fsrv%2Fusers%2Fmkanyafarm%2Fapps%2Fmkanyafarm%2Fpublic%2Fwp-includes%2FRequests%2Fsrc%2FCapability.php&path=%2Fsrv%2Fusers%2Fmkanyafarm%2Fapps%2Fmkanyafarm%2Fpublic%2Fwp-includes%2FRequests%2Fsrc HTTP/1.0" 200 13524
216.73.216.36 - - [08/Nov/2025:00:19:51 +0000] "GET /%22https:/drop-boss.co.uk?path=%2Fsrv%2Fusers%2Fmkanyafarm%2Fapps%2Fmkanyafarm%2Fpublic%2Fwp-includes%2Fjs%2Ftinymce%2Fplugins%2Ftextcolor HTTP/1.0" 200 18565
74.7.227.3 - - [08/Nov/2025:00:19:51 +0000] "GET /sitemap-hot-4955330.xml?fileloc=/srv/users/mkanyafarm/apps/mkanyafarm/public/wp-content/plugins/booking/js/datepick/jquery.datepick.wpbc.9.0.js&path=/srv/users/mkanyafarm/apps/mkanyafarm/public/wp-content/plugins/booking/js/datepick HTTP/1.0" 200 130091
216.73.216.36 - - [08/Nov/2025:00:19:54 +0000] "GET /%22https:/drop-boss.co.uk?path=%2Fsrv%2Fusers%2Fmkanyafarm%2Fapps%2Fmkanyafarm%2Fpublic%2Fwp-content%2Fplugins%2Fbooking%2Fincludes%2F__css%2Fadmin HTTP/1.0" 200 18439
216.73.216.36 - - [08/Nov/2025:00:19:57 +0000] "GET /%22https:/chickenroad2-ufficiale.it/?fileloc=%2Fsrv%2Fusers%2Fmkanyafarm%2Fapps%2Fmkanyafarm%2Fpublic%2Fwp-content%2Fplugins%2Fbooking%2Fcore%2Fany%2Fclass-css-js.php&path=%2Fsrv%2Fusers%2Fmkanyafarm%2Fapps%2Fmkanyafarm%2Fpublic%2Fwp-content%2Fplugins%2Fbooking%2Fcore%2Fany HTTP/1.0" 200 19507
74.7.227.3 - - [08/Nov/2025:00:19:57 +0000] "GET /sitemap-hot-4941330.xml?fileloc=/srv/users/mkanyafarm/apps/mkanyafarm/public/wp-content/plugins/booking/js/datepick/jquery.datepick.wpbc.9.0.js&path=/srv/users/mkanyafarm/apps/mkanyafarm/public/wp-content/plugins/booking/js/datepick HTTP/1.0" 200 130091
74.7.227.3 - - [08/Nov/2025:00:20:01 +0000] "GET /sitemap-hot-4941330.xml?fileloc=/srv/users/mkanyafarm/apps/mkanyafarm/public/wp-content/plugins/booking/core/wpbc-dev-api.php&path=/srv/users/mkanyafarm/apps/mkanyafarm/public/wp-content/plugins/booking/core HTTP/1.0" 200 58516
74.7.227.3 - - [08/Nov/2025:00:20:06 +0000] "GET /sitemap-hot-4955330.xml?fileloc=/srv/users/mkanyafarm/apps/mkanyafarm/public/wp-content/plugins/booking/core/wpbc-dev-api.php&path=/srv/users/mkanyafarm/apps/mkanyafarm/public/wp-content/plugins/booking/core HTTP/1.0" 200 58516
74.7.227.3 - - [08/Nov/2025:00:20:11 +0000] "GET /sitemap-hot-4959330.xml?fileloc=/srv/users/mkanyafarm/apps/mkanyafarm/public/wp-content/plugins/akismet/views/.htaccess&path=/srv/users/mkanyafarm/apps/mkanyafarm/public/wp-content/plugins/akismet/views HTTP/1.0" 200 13116
74.7.227.3 - - [08/Nov/2025:00:20:16 +0000] "GET /sitemap-hot-4941330.xml?fileloc=/srv/users/mkanyafarm/apps/mkanyafarm/public/wp-content/plugins/booking/assets/libs/.htaccess&path=/srv/users/mkanyafarm/apps/mkanyafarm/public/wp-content/plugins/booking/assets/libs HTTP/1.0" 200 13233
74.7.227.3 - - [08/Nov/2025:00:20:21 +0000] "GET /sitemap-hot-4955330.xml?fileloc=/srv/users/mkanyafarm/apps/mkanyafarm/public/wp-content/plugins/booking/assets/libs/.htaccess&path=/srv/users/mkanyafarm/apps/mkanyafarm/public/wp-content/plugins/booking/assets/libs HTTP/1.0" 200 13233
185.191.171.13 - - [08/Nov/2025:00:20:23 +0000] "GET /?g=73-980-1&paged=6 HTTP/1.0" 200 54310
74.7.227.3 - - [08/Nov/2025:00:20:27 +0000] "GET /sitemap-hot-4941330.xml?fileloc=/srv/users/mkanyafarm/apps/mkanyafarm/public/wp-content/plugins/booking/core/lang/.htaccess&path=/srv/users/mkanyafarm/apps/mkanyafarm/public/wp-content/plugins/booking/core/lang HTTP/1.0" 200 13225
85.208.96.211 - - [08/Nov/2025:00:20:30 +0000] "GET /?paged=6&y=275154950373 HTTP/1.0" 200 54310
74.7.227.3 - - [08/Nov/2025:00:20:33 +0000] "GET /sitemap-hot-4955330.xml?fileloc=/srv/users/mkanyafarm/apps/mkanyafarm/public/wp-content/plugins/booking/core/class/.htaccess&path=/srv/users/mkanyafarm/apps/mkanyafarm/public/wp-content/plugins/booking/core/class HTTP/1.0" 200 13228
185.191.171.4 - - [08/Nov/2025:00:20:33 +0000] "GET /?paged=4&y=144398441973 HTTP/1.0" 200 54310
74.7.227.3 - - [08/Nov/2025:00:20:36 +0000] "GET /sitemap-hot-4955330.xml?fileloc=/srv/users/mkanyafarm/apps/mkanyafarm/public/wp-content/plugins/booking/core/lang/.htaccess&path=/srv/users/mkanyafarm/apps/mkanyafarm/public/wp-content/plugins/booking/core/lang HTTP/1.0" 200 13225
74.7.227.3 - - [08/Nov/2025:00:20:41 +0000] "GET /sitemap-hot-4941330.xml?fileloc=/srv/users/mkanyafarm/apps/mkanyafarm/public/wp-content/plugins/akismet/views/.htaccess&path=/srv/users/mkanyafarm/apps/mkanyafarm/public/wp-content/plugins/akismet/views HTTP/1.0" 200 13116
185.191.171.8 - - [08/Nov/2025:00:20:45 +0000] "GET /?paged=6&y=456324042673 HTTP/1.0" 200 54310
74.7.227.3 - - [08/Nov/2025:00:20:45 +0000] "GET /sitemap-hot-4955330.xml?fileloc=/srv/users/mkanyafarm/apps/mkanyafarm/public/wp-content/plugins/booking/core/sync/.htaccess&path=/srv/users/mkanyafarm/apps/mkanyafarm/public/wp-content/plugins/booking/core/sync HTTP/1.0" 200 13225
216.73.216.36 - - [08/Nov/2025:00:20:50 +0000] "GET /%22https:/drop-boss.co.uk?path=%2Fsrv%2Fusers%2Fmkanyafarm%2Fapps%2Fmkanyafarm%2Fpublic%2Fwp-includes%2Fjs%2Ftinymce%2Fplugins%2Fcharmap HTTP/1.0" 200 18537
74.7.227.3 - - [08/Nov/2025:00:20:50 +0000] "GET /sitemap-hot-4941330.xml?fileloc=/srv/users/mkanyafarm/apps/mkanyafarm/public/wp-content/plugins/booking/core/class/.htaccess&path=/srv/users/mkanyafarm/apps/mkanyafarm/public/wp-content/plugins/booking/core/class HTTP/1.0" 200 13228
216.73.216.36 - - [08/Nov/2025:00:20:52 +0000] "GET /%22https:/drop-boss.co.uk?fileloc=%2Fsrv%2Fusers%2Fmkanyafarm%2Fapps%2Fmkanyafarm%2Fpublic%2Fwp-includes%2Fsodium_compat%2Fsrc%2FCore32%2FUtil.php&path=%2Fsrv%2Fusers%2Fmkanyafarm%2Fapps%2Fmkanyafarm%2Fpublic%2Fwp-includes%2Fsodium_compat%2Fsrc%2FCore32 HTTP/1.0" 200 13211
74.7.227.3 - - [08/Nov/2025:00:20:55 +0000] "GET /sitemap-hot-4945330.xml?fileloc=/srv/users/mkanyafarm/apps/mkanyafarm/public/wp-content/plugins/akismet/views/.htaccess&path=/srv/users/mkanyafarm/apps/mkanyafarm/public/wp-content/plugins/akismet/views HTTP/1.0" 200 13116
216.73.216.36 - - [08/Nov/2025:00:20:55 +0000] "GET /%22https:/drop-boss.co.uk/?path=%2Fsrv%2Fusers%2Fmkanyafarm%2Fapps%2Fmkanyafarm%2Fpublic%2Fwp-includes%2FRequests%2Fsrc%2FException HTTP/1.0" 200 24887
216.73.216.36 - - [08/Nov/2025:00:20:58 +0000] "GET /%22https:/drop-boss.co.uk?fileloc=%2Fsrv%2Fusers%2Fmkanyafarm%2Fapps%2Fmkanyafarm%2Fpublic%2Fwp-includes%2Fsodium_compat%2Fsrc%2FCore32%2FSipHash.php&path=%2Fsrv%2Fusers%2Fmkanyafarm%2Fapps%2Fmkanyafarm%2Fpublic%2Fwp-includes%2Fsodium_compat%2Fsrc%2FCore32 HTTP/1.0" 200 19827
185.191.171.11 - - [08/Nov/2025:00:20:59 +0000] "GET /?g=73-564-1&paged=4 HTTP/1.0" 200 54310
74.7.227.3 - - [08/Nov/2025:00:21:00 +0000] "GET /sitemap-hot-4959330.xml?fileloc=/srv/users/mkanyafarm/apps/mkanyafarm/public/wp-content/plugins/akismet/akismet.php&path=/srv/users/mkanyafarm/apps/mkanyafarm/public/wp-content/plugins/akismet HTTP/1.0" 200 15809
216.73.216.36 - - [08/Nov/2025:00:21:01 +0000] "GET /%22https:/drop-boss.co.uk?path=%2Fsrv%2Fusers%2Fmkanyafarm%2Fapps%2Fmkanyafarm%2Fpublic%2Fwp-includes%2Fjs%2Ftinymce%2Fplugins%2Fdirectionality HTTP/1.0" 200 20221
74.7.227.3 - - [08/Nov/2025:00:21:04 +0000] "GET /sitemap-hot-4945330.xml?fileloc=/srv/users/mkanyafarm/apps/mkanyafarm/public/wp-content/plugins/akismet/wrapper.php&path=/srv/users/mkanyafarm/apps/mkanyafarm/public/wp-content/plugins/akismet HTTP/1.0" 200 19536
216.73.216.36 - - [08/Nov/2025:00:21:04 +0000] "GET /%22https:/drop-boss.co.uk?path=%2Fsrv%2Fusers%2Fmkanyafarm%2Fapps%2Fmkanyafarm%2Fpublic%2Fwp-content%2Fplugins%2Fbooking%2Fcore%2Fany%2Fjs HTTP/1.0" 200 18658
74.7.227.3 - - [08/Nov/2025:00:21:08 +0000] "GET /sitemap-hot-4945330.xml?fileloc=/srv/users/mkanyafarm/apps/mkanyafarm/public/wp-content/plugins/akismet/akismet.php&path=/srv/users/mkanyafarm/apps/mkanyafarm/public/wp-content/plugins/akismet HTTP/1.0" 200 15809
74.7.227.3 - - [08/Nov/2025:00:21:13 +0000] "GET /sitemap-hot-4959330.xml?fileloc=/srv/users/mkanyafarm/apps/mkanyafarm/public/wp-content/plugins/akismet/wrapper.php&path=/srv/users/mkanyafarm/apps/mkanyafarm/public/wp-content/plugins/akismet HTTP/1.0" 200 19536
85.208.96.197 - - [08/Nov/2025:00:21:18 +0000] "GET /?paged=6&y=1211499451273 HTTP/1.0" 200 54310
74.7.227.3 - - [08/Nov/2025:00:21:18 +0000] "GET /sitemap-hot-4941330.xml?fileloc=/srv/users/mkanyafarm/apps/mkanyafarm/public/wp-content/plugins/akismet/akismet.php&path=/srv/users/mkanyafarm/apps/mkanyafarm/public/wp-content/plugins/akismet HTTP/1.0" 200 15809
74.7.227.3 - - [08/Nov/2025:00:21:22 +0000] "GET /sitemap-hot-4941330.xml?fileloc=/srv/users/mkanyafarm/apps/mkanyafarm/public/wp-content/plugins/akismet/wrapper.php&path=/srv/users/mkanyafarm/apps/mkanyafarm/public/wp-content/plugins/akismet HTTP/1.0" 200 19536
74.7.227.3 - - [08/Nov/2025:00:21:27 +0000] "GET /sitemap-hot-4955330.xml?fileloc=/srv/users/mkanyafarm/apps/mkanyafarm/public/wp-content/plugins/booking/core/any/emails_tpl/standard-html-tpl.php&path=/srv/users/mkanyafarm/apps/mkanyafarm/public/wp-content/plugins/booking/core/any/emails_tpl HTTP/1.0" 200 48091
74.7.227.3 - - [08/Nov/2025:00:21:34 +0000] "GET /sitemap-hot-4941330.xml?fileloc=/srv/users/mkanyafarm/apps/mkanyafarm/public/wp-content/plugins/booking/core/any/emails_tpl/standard-html-tpl.php&path=/srv/users/mkanyafarm/apps/mkanyafarm/public/wp-content/plugins/booking/core/any/emails_tpl HTTP/1.0" 200 48091
85.208.96.200 - - [08/Nov/2025:00:21:36 +0000] "GET /?paged=5&y=359967361573 HTTP/1.0" 200 54310
74.7.227.3 - - [08/Nov/2025:00:21:38 +0000] "GET /sitemap-hot-4955330.xml?fileloc=/srv/users/mkanyafarm/apps/mkanyafarm/public/wp-content/plugins/booking/assets/libs/material-design-icons/.htaccess&path=/srv/users/mkanyafarm/apps/mkanyafarm/public/wp-content/plugins/booking/assets/libs/material-design-icons HTTP/1.0" 200 13403
74.7.227.3 - - [08/Nov/2025:00:21:43 +0000] "GET /sitemap-hot-4941330.xml?fileloc=/srv/users/mkanyafarm/apps/mkanyafarm/public/wp-content/plugins/booking/assets/libs/material-design-icons/.htaccess&path=/srv/users/mkanyafarm/apps/mkanyafarm/public/wp-content/plugins/booking/assets/libs/material-design-icons HTTP/1.0" 200 13403
74.7.227.3 - - [08/Nov/2025:00:21:46 +0000] "GET /sitemap-hot-4941330.xml?fileloc=/srv/users/mkanyafarm/apps/mkanyafarm/public/wp-content/plugins/booking/assets/libs/material-design-icons/fonts/.htaccess&path=/srv/users/mkanyafarm/apps/mkanyafarm/public/wp-content/plugins/booking/assets/libs/material-design-icons/fonts HTTP/1.0" 200 13547
185.191.171.18 - - [08/Nov/2025:00:21:47 +0000] "GET /?paged=6&y=793643922173 HTTP/1.0" 200 54310
74.7.227.3 - - [08/Nov/2025:00:21:52 +0000] "GET /sitemap-hot-4955330.xml?fileloc=/srv/users/mkanyafarm/apps/mkanyafarm/public/wp-content/plugins/booking/assets/libs/material-design-icons/fonts/.htaccess&path=/srv/users/mkanyafarm/apps/mkanyafarm/public/wp-content/plugins/booking/assets/libs/material-design-icons/fonts HTTP/1.0" 200 13547
74.7.227.3 - - [08/Nov/2025:00:21:55 +0000] "GET /sitemap-hot-4955330.xml?fileloc=/srv/users/mkanyafarm/apps/mkanyafarm/public/wp-content/plugins/booking/core/any/class-admin-settings-api.php&path=/srv/users/mkanyafarm/apps/mkanyafarm/public/wp-content/plugins/booking/core/any HTTP/1.0" 200 92002
74.7.227.3 - - [08/Nov/2025:00:22:00 +0000] "GET /sitemap-hot-4941330.xml?fileloc=/srv/users/mkanyafarm/apps/mkanyafarm/public/wp-content/plugins/booking/assets/libs/tippy.js/themes/translucent.css&path=/srv/users/mkanyafarm/apps/mkanyafarm/public/wp-content/plugins/booking/assets/libs/tippy.js/themes HTTP/1.0" 200 14221
85.208.96.210 - - [08/Nov/2025:00:22:02 +0000] "GET /?paged=5&y=577768050873 HTTP/1.0" 200 54310
74.7.227.3 - - [08/Nov/2025:00:22:04 +0000] "GET /sitemap-hot-4955330.xml?fileloc=/srv/users/mkanyafarm/apps/mkanyafarm/public/wp-content/plugins/booking/assets/libs/tippy.js/themes/light.css&path=/srv/users/mkanyafarm/apps/mkanyafarm/public/wp-content/plugins/booking/assets/libs/tippy.js/themes HTTP/1.0" 200 14058
74.7.227.3 - - [08/Nov/2025:00:22:09 +0000] "GET /sitemap-hot-4941330.xml?fileloc=/srv/users/mkanyafarm/apps/mkanyafarm/public/wp-content/plugins/booking/assets/libs/tippy.js/themes/light-border.css&path=/srv/users/mkanyafarm/apps/mkanyafarm/public/wp-content/plugins/booking/assets/libs/tippy.js/themes HTTP/1.0" 200 16254
74.7.227.3 - - [08/Nov/2025:00:22:13 +0000] "GET /sitemap-hot-4955330.xml?fileloc=/srv/users/mkanyafarm/apps/mkanyafarm/public/wp-content/plugins/booking/assets/libs/tippy.js/themes/translucent.css&path=/srv/users/mkanyafarm/apps/mkanyafarm/public/wp-content/plugins/booking/assets/libs/tippy.js/themes HTTP/1.0" 200 14221
74.7.227.3 - - [08/Nov/2025:00:22:18 +0000] "GET /sitemap-hot-4941330.xml?fileloc=/srv/users/mkanyafarm/apps/mkanyafarm/public/wp-content/plugins/booking/assets/libs/tippy.js/themes/wpbc-tippy-popover.css&path=/srv/users/mkanyafarm/apps/mkanyafarm/public/wp-content/plugins/booking/assets/libs/tippy.js/themes HTTP/1.0" 200 17964
74.7.227.3 - - [08/Nov/2025:00:22:23 +0000] "GET /sitemap-hot-4955330.xml?fileloc=/srv/users/mkanyafarm/apps/mkanyafarm/public/wp-content/plugins/booking/assets/libs/tippy.js/themes/light-border.css&path=/srv/users/mkanyafarm/apps/mkanyafarm/public/wp-content/plugins/booking/assets/libs/tippy.js/themes HTTP/1.0" 200 16254
185.191.171.19 - - [08/Nov/2025:00:22:26 +0000] "GET /?paged=6&y=981004952373 HTTP/1.0" 200 54310
74.7.227.3 - - [08/Nov/2025:00:22:27 +0000] "GET /sitemap-hot-4959330.xml?fileloc=/srv/users/mkanyafarm/apps/mkanyafarm/public/wp-content/plugins/akismet/class.akismet-cli.php&path=/srv/users/mkanyafarm/apps/mkanyafarm/public/wp-content/plugins/akismet HTTP/1.0" 200 18547
185.191.171.19 - - [08/Nov/2025:00:22:30 +0000] "GET /?paged=6&y=935995761073 HTTP/1.0" 200 54310
74.7.227.3 - - [08/Nov/2025:00:22:34 +0000] "GET /sitemap-hot-4941330.xml?fileloc=/srv/users/mkanyafarm/apps/mkanyafarm/public/wp-content/plugins/akismet/views/enter.php&path=/srv/users/mkanyafarm/apps/mkanyafarm/public/wp-content/plugins/akismet/views HTTP/1.0" 200 14457
185.191.171.14 - - [08/Nov/2025:00:22:35 +0000] "GET /?g=73-1746-1&paged=5 HTTP/1.0" 200 54310
74.7.227.3 - - [08/Nov/2025:00:22:37 +0000] "GET /sitemap-hot-4945330.xml?fileloc=/srv/users/mkanyafarm/apps/mkanyafarm/public/wp-content/plugins/akismet/class.akismet-cli.php&path=/srv/users/mkanyafarm/apps/mkanyafarm/public/wp-content/plugins/akismet HTTP/1.0" 200 18547
74.7.227.3 - - [08/Nov/2025:00:22:40 +0000] "GET /sitemap-hot-4955330.xml?fileloc=/srv/users/mkanyafarm/apps/mkanyafarm/public/wp-content/plugins/booking/assets/libs/tippy.js/themes/wpbc-tippy-popover.css&path=/srv/users/mkanyafarm/apps/mkanyafarm/public/wp-content/plugins/booking/assets/libs/tippy.js/themes HTTP/1.0" 200 17964
85.208.96.197 - - [08/Nov/2025:00:22:43 +0000] "GET /?g=73-90-1&paged=6 HTTP/1.0" 200 54310
74.7.227.3 - - [08/Nov/2025:00:22:43 +0000] "GET /sitemap-hot-4959330.xml?fileloc=/srv/users/mkanyafarm/apps/mkanyafarm/public/wp-content/plugins/akismet/class.akismet-rest-api.php&path=/srv/users/mkanyafarm/apps/mkanyafarm/public/wp-content/plugins/akismet HTTP/1.0" 200 34941
66.249.68.135 - - [08/Nov/2025:00:22:46 +0000] "GET /shopping/1851048432.phtml HTTP/1.0" 200 54310
85.208.96.196 - - [08/Nov/2025:00:22:46 +0000] "GET /?g=73-199-1&paged=4 HTTP/1.0" 200 54310
74.7.227.3 - - [08/Nov/2025:00:22:50 +0000] "GET /sitemap-hot-4945330.xml?fileloc=/srv/users/mkanyafarm/apps/mkanyafarm/public/wp-content/plugins/akismet/class.akismet-rest-api.php&path=/srv/users/mkanyafarm/apps/mkanyafarm/public/wp-content/plugins/akismet HTTP/1.0" 200 34941
74.7.227.3 - - [08/Nov/2025:00:22:53 +0000] "GET /sitemap-hot-4945330.xml?fileloc=/srv/users/mkanyafarm/apps/mkanyafarm/public/wp-content/plugins/akismet/views/enter.php&path=/srv/users/mkanyafarm/apps/mkanyafarm/public/wp-content/plugins/akismet/views HTTP/1.0" 200 14457
74.7.227.3 - - [08/Nov/2025:00:22:58 +0000] "GET /sitemap-hot-4941330.xml?path=/srv/users/mkanyafarm/apps/mkanyafarm/public/wp-content/plugins/booking/core/any/css HTTP/1.0" 200 29149
74.7.227.3 - - [08/Nov/2025:00:23:02 +0000] "GET /sitemap-hot-4959330.xml?fileloc=/srv/users/mkanyafarm/apps/mkanyafarm/public/wp-content/plugins/akismet/views/enter.php&path=/srv/users/mkanyafarm/apps/mkanyafarm/public/wp-content/plugins/akismet/views HTTP/1.0" 200 14457
85.208.96.197 - - [08/Nov/2025:00:23:40 +0000] "GET /?g=73-1323-1&paged=6 HTTP/1.0" 200 54310
185.191.171.15 - - [08/Nov/2025:00:23:50 +0000] "GET /?paged=6&y=896406933273 HTTP/1.0" 200 54310
74.7.227.3 - - [08/Nov/2025:00:24:00 +0000] "GET /sitemap-hot-4941330.xml?fileloc=/srv/users/mkanyafarm/apps/mkanyafarm/public/wp-content/plugins/akismet/class.akismet-cli.php&path=/srv/users/mkanyafarm/apps/mkanyafarm/public/wp-content/plugins/akismet HTTP/1.0" 200 18547
185.191.171.7 - - [08/Nov/2025:00:24:12 +0000] "GET /?g=73-963-1&paged=6 HTTP/1.0" 200 54310
74.7.227.3 - - [08/Nov/2025:00:24:27 +0000] "GET /sitemap-hot-4959330.xml?fileloc=/srv/users/mkanyafarm/apps/mkanyafarm/public/wp-content/plugins/akismet/views/connect-jp.php&path=/srv/users/mkanyafarm/apps/mkanyafarm/public/wp-content/plugins/akismet/views HTTP/1.0" 200 20007
74.7.227.3 - - [08/Nov/2025:00:24:30 +0000] "GET /sitemap-hot-4941330.xml?fileloc=/srv/users/mkanyafarm/apps/mkanyafarm/public/wp-content/plugins/booking/core/wpbc-emails.php&path=/srv/users/mkanyafarm/apps/mkanyafarm/public/wp-content/plugins/booking/core HTTP/1.0" 200 49099
85.208.96.197 - - [08/Nov/2025:00:24:31 +0000] "GET /?paged=6&y=709050001073 HTTP/1.0" 200 54310
185.191.171.2 - - [08/Nov/2025:00:24:34 +0000] "GET /?paged=4&y=1116772362473 HTTP/1.0" 200 54310
74.7.227.3 - - [08/Nov/2025:00:24:35 +0000] "GET /sitemap-hot-4955330.xml?fileloc=/srv/users/mkanyafarm/apps/mkanyafarm/public/wp-content/plugins/booking/core/wpbc_functions_dates.php&path=/srv/users/mkanyafarm/apps/mkanyafarm/public/wp-content/plugins/booking/core HTTP/1.0" 200 44345
85.208.96.205 - - [08/Nov/2025:00:24:38 +0000] "GET /?g=73-764-1&paged=5 HTTP/1.0" 200 54310
74.7.227.3 - - [08/Nov/2025:00:24:39 +0000] "GET /sitemap-hot-4941330.xml?fileloc=/srv/users/mkanyafarm/apps/mkanyafarm/public/wp-content/plugins/booking/core/any/css/.htaccess&path=/srv/users/mkanyafarm/apps/mkanyafarm/public/wp-content/plugins/booking/core/any/css HTTP/1.0" 200 13335
74.7.227.3 - - [08/Nov/2025:00:24:44 +0000] "GET /sitemap-hot-4955330.xml?fileloc=/srv/users/mkanyafarm/apps/mkanyafarm/public/wp-content/plugins/booking/assets/libs/bootstrap-icons/bootstrap-icons.css&path=/srv/users/mkanyafarm/apps/mkanyafarm/public/wp-content/plugins/booking/assets/libs/bootstrap-icons HTTP/1.0" 200 142341
74.7.227.3 - - [08/Nov/2025:00:24:49 +0000] "GET /sitemap-hot-4941330.xml?path=/srv/users/mkanyafarm/apps/mkanyafarm/public/wp-content/plugins/booking/assets/libs/tippy.js/dist HTTP/1.0" 200 42320
74.7.227.3 - - [08/Nov/2025:00:24:52 +0000] "GET /sitemap-hot-4955330.xml?fileloc=/srv/users/mkanyafarm/apps/mkanyafarm/public/wp-content/plugins/booking/core/any/css/wpbc_flextable.css&path=/srv/users/mkanyafarm/apps/mkanyafarm/public/wp-content/plugins/booking/core/any/css HTTP/1.0" 200 48392
74.7.227.3 - - [08/Nov/2025:00:24:57 +0000] "GET /sitemap-hot-4941330.xml?fileloc=/srv/users/mkanyafarm/apps/mkanyafarm/public/wp-content/plugins/booking/js/wpbc-gutenberg.js&path=/srv/users/mkanyafarm/apps/mkanyafarm/public/wp-content/plugins/booking/js HTTP/1.0" 200 88553
74.7.227.3 - - [08/Nov/2025:00:25:00 +0000] "GET /sitemap-hot-4941330.xml?fileloc=/srv/users/mkanyafarm/apps/mkanyafarm/public/wp-content/plugins/booking/core/any/css/wpbc_flextable.css&path=/srv/users/mkanyafarm/apps/mkanyafarm/public/wp-content/plugins/booking/core/any/css HTTP/1.0" 200 48392
85.208.96.211 - - [08/Nov/2025:00:25:02 +0000] "GET /?g=73-952-1&paged=6 HTTP/1.0" 200 54310
85.208.96.198 - - [08/Nov/2025:00:25:06 +0000] "GET /?paged=6&y=1217732050573 HTTP/1.0" 200 54310
74.7.227.3 - - [08/Nov/2025:00:25:06 +0000] "GET /sitemap-hot-4941330.xml?fileloc=/srv/users/mkanyafarm/apps/mkanyafarm/public/wp-content/plugins/booking/core/any/css/admin-support.css&path=/srv/users/mkanyafarm/apps/mkanyafarm/public/wp-content/plugins/booking/core/any/css HTTP/1.0" 200 29953
74.7.227.3 - - [08/Nov/2025:00:25:12 +0000] "GET /sitemap-hot-4941330.xml?fileloc=/srv/users/mkanyafarm/apps/mkanyafarm/public/wp-content/plugins/booking/assets/libs/bootstrap-icons/bootstrap-icons.css&path=/srv/users/mkanyafarm/apps/mkanyafarm/public/wp-content/plugins/booking/assets/libs/bootstrap-icons HTTP/1.0" 200 142341
74.7.227.3 - - [08/Nov/2025:00:25:18 +0000] "GET /sitemap-hot-4955330.xml?path=/srv/users/mkanyafarm/apps/mkanyafarm/public/wp-content/plugins/booking/core/timeline/v2/_out HTTP/1.0" 200 20732
85.208.96.207 - - [08/Nov/2025:00:25:19 +0000] "GET /?g=73-463-1&paged=6 HTTP/1.0" 200 54310
74.7.227.3 - - [08/Nov/2025:00:25:24 +0000] "GET /sitemap-hot-4941330.xml?fileloc=/srv/users/mkanyafarm/apps/mkanyafarm/public/wp-content/plugins/booking/core/any/css/admin-listing-table.css&path=/srv/users/mkanyafarm/apps/mkanyafarm/public/wp-content/plugins/booking/core/any/css HTTP/1.0" 200 22329
74.7.227.3 - - [08/Nov/2025:00:25:28 +0000] "GET /sitemap-hot-4941330.xml?fileloc=/srv/users/mkanyafarm/apps/mkanyafarm/public/wp-content/plugins/booking/core/any/css/index.php&path=/srv/users/mkanyafarm/apps/mkanyafarm/public/wp-content/plugins/booking/core/any/css HTTP/1.0" 200 13216
74.7.227.3 - - [08/Nov/2025:00:25:33 +0000] "GET /sitemap-hot-4941330.xml?fileloc=/srv/users/mkanyafarm/apps/mkanyafarm/public/wp-content/plugins/booking/assets/libs/tippy.js/dist/tippy-bundle.umd.min.js.map&path=/srv/users/mkanyafarm/apps/mkanyafarm/public/wp-content/plugins/booking/assets/libs/tippy.js/dist HTTP/1.0" 200 137526
74.7.227.3 - - [08/Nov/2025:00:25:37 +0000] "GET /sitemap-hot-4941330.xml?fileloc=/srv/users/mkanyafarm/apps/mkanyafarm/public/wp-content/plugins/booking/assets/libs/tippy.js/dist/tippy-bundle.umd.js&path=/srv/users/mkanyafarm/apps/mkanyafarm/public/wp-content/plugins/booking/assets/libs/tippy.js/dist HTTP/1.0" 200 97067
85.208.96.204 - - [08/Nov/2025:00:25:41 +0000] "GET /?paged=6&y=897541901573 HTTP/1.0" 200 54310
74.7.227.3 - - [08/Nov/2025:00:25:42 +0000] "GET /sitemap-hot-4955330.xml?fileloc=/srv/users/mkanyafarm/apps/mkanyafarm/public/wp-content/plugins/booking/js/wpbc-gutenberg.js&path=/srv/users/mkanyafarm/apps/mkanyafarm/public/wp-content/plugins/booking/js HTTP/1.0" 200 88553
185.191.171.19 - - [08/Nov/2025:00:25:46 +0000] "GET /?g=73-520-1&paged=6 HTTP/1.0" 200 54310
74.7.227.3 - - [08/Nov/2025:00:25:46 +0000] "GET /sitemap-hot-4941330.xml?fileloc=/srv/users/mkanyafarm/apps/mkanyafarm/public/wp-content/plugins/booking/assets/libs/tippy.js/dist/tippy.umd.min.js.map&path=/srv/users/mkanyafarm/apps/mkanyafarm/public/wp-content/plugins/booking/assets/libs/tippy.js/dist HTTP/1.0" 200 136444
74.7.227.3 - - [08/Nov/2025:00:25:51 +0000] "GET /sitemap-hot-4941330.xml?fileloc=/srv/users/mkanyafarm/apps/mkanyafarm/public/wp-content/plugins/booking/assets/libs/tippy.js/dist/tippy-bundle.umd.min.js&path=/srv/users/mkanyafarm/apps/mkanyafarm/public/wp-content/plugins/booking/assets/libs/tippy.js/dist HTTP/1.0" 200 42734
185.191.171.10 - - [08/Nov/2025:00:25:53 +0000] "GET /?paged=4&y=1019579132573 HTTP/1.0" 200 54310
74.7.227.3 - - [08/Nov/2025:00:25:54 +0000] "GET /sitemap-hot-4955330.xml?fileloc=/srv/users/mkanyafarm/apps/mkanyafarm/public/wp-content/plugins/booking/core/timeline/v2/_out/timeline_v2.1.css&path=/srv/users/mkanyafarm/apps/mkanyafarm/public/wp-content/plugins/booking/core/timeline/v2/_out HTTP/1.0" 200 59009
74.7.227.3 - - [08/Nov/2025:00:26:00 +0000] "GET /sitemap-hot-4955330.xml?fileloc=/srv/users/mkanyafarm/apps/mkanyafarm/public/wp-content/plugins/booking/core/timeline/v2/_out/timeline_v2.1.min.css&path=/srv/users/mkanyafarm/apps/mkanyafarm/public/wp-content/plugins/booking/core/timeline/v2/_out HTTP/1.0" 200 132353
74.7.227.3 - - [08/Nov/2025:00:26:04 +0000] "GET /sitemap-hot-4941330.xml?fileloc=/srv/users/mkanyafarm/apps/mkanyafarm/public/wp-content/plugins/booking/assets/libs/tippy.js/dist/tippy.cjs.js&path=/srv/users/mkanyafarm/apps/mkanyafarm/public/wp-content/plugins/booking/assets/libs/tippy.js/dist HTTP/1.0" 200 91450
74.7.227.3 - - [08/Nov/2025:00:26:10 +0000] "GET /sitemap-hot-4941330.xml?fileloc=/srv/users/mkanyafarm/apps/mkanyafarm/public/wp-content/plugins/booking/assets/libs/tippy.js/dist/backdrop.css&path=/srv/users/mkanyafarm/apps/mkanyafarm/public/wp-content/plugins/booking/assets/libs/tippy.js/dist HTTP/1.0" 200 15204
74.7.227.3 - - [08/Nov/2025:00:26:14 +0000] "GET /sitemap-hot-4941330.xml?fileloc=/srv/users/mkanyafarm/apps/mkanyafarm/public/wp-content/plugins/booking/assets/libs/tippy.js/dist/tippy.esm.js.map&path=/srv/users/mkanyafarm/apps/mkanyafarm/public/wp-content/plugins/booking/assets/libs/tippy.js/dist HTTP/1.0" 200 181755
74.7.227.3 - - [08/Nov/2025:00:26:16 +0000] "GET /sitemap-hot-4941330.xml?fileloc=/srv/users/mkanyafarm/apps/mkanyafarm/public/wp-content/plugins/booking/assets/libs/tippy.js/dist/tippy.cjs.js.map&path=/srv/users/mkanyafarm/apps/mkanyafarm/public/wp-content/plugins/booking/assets/libs/tippy.js/dist HTTP/1.0" 200 181768
74.7.227.3 - - [08/Nov/2025:00:26:20 +0000] "GET /sitemap-hot-4955330.xml?fileloc=/srv/users/mkanyafarm/apps/mkanyafarm/public/wp-content/plugins/booking/core/timeline/v2/_out/timeline_v2.js&path=/srv/users/mkanyafarm/apps/mkanyafarm/public/wp-content/plugins/booking/core/timeline/v2/_out HTTP/1.0" 200 22132
85.208.96.211 - - [08/Nov/2025:00:26:23 +0000] "GET /?paged=6&y=1102741451273 HTTP/1.0" 200 54310
74.7.227.3 - - [08/Nov/2025:00:26:24 +0000] "GET /sitemap-hot-4941330.xml?fileloc=/srv/users/mkanyafarm/apps/mkanyafarm/public/wp-content/plugins/booking/assets/libs/tippy.js/dist/tippy.esm.js&path=/srv/users/mkanyafarm/apps/mkanyafarm/public/wp-content/plugins/booking/assets/libs/tippy.js/dist HTTP/1.0" 200 91211
185.191.171.14 - - [08/Nov/2025:00:26:29 +0000] "GET /?g=73-371-1&paged=6 HTTP/1.0" 200 54310
74.7.227.3 - - [08/Nov/2025:00:26:29 +0000] "GET /sitemap-hot-4955330.xml?fileloc=/srv/users/mkanyafarm/apps/mkanyafarm/public/wp-content/plugins/booking/core/timeline/v2/_out/.htaccess&path=/srv/users/mkanyafarm/apps/mkanyafarm/public/wp-content/plugins/booking/core/timeline/v2/_out HTTP/1.0" 200 13476
185.191.171.19 - - [08/Nov/2025:00:26:33 +0000] "GET /?paged=6&y=12523791773 HTTP/1.0" 200 54310
74.7.227.3 - - [08/Nov/2025:00:26:33 +0000] "GET /sitemap-hot-4941330.xml?fileloc=/srv/users/mkanyafarm/apps/mkanyafarm/public/wp-content/plugins/booking/core/wpbc_functions.php&path=/srv/users/mkanyafarm/apps/mkanyafarm/public/wp-content/plugins/booking/core HTTP/1.0" 200 83880
74.7.227.3 - - [08/Nov/2025:00:26:35 +0000] "GET /sitemap-hot-4955330.xml?fileloc=/srv/users/mkanyafarm/apps/mkanyafarm/public/wp-content/plugins/booking/core/wpbc_welcome.php&path=/srv/users/mkanyafarm/apps/mkanyafarm/public/wp-content/plugins/booking/core HTTP/1.0" 200 27483
216.73.216.36 - - [08/Nov/2025:00:26:39 +0000] "GET /%22https:/drop-boss.co.uk/?fileloc=%2Fsrv%2Fusers%2Fmkanyafarm%2Fapps%2Fmkanyafarm%2Fpublic%2Fwp-includes%2FSimplePie%2Fsrc%2FParse%2FDate.php&path=%2Fsrv%2Fusers%2Fmkanyafarm%2Fapps%2Fmkanyafarm%2Fpublic%2Fwp-includes%2FSimplePie%2Fsrc%2FParse HTTP/1.0" 200 46681
74.7.227.3 - - [08/Nov/2025:00:26:41 +0000] "GET /sitemap-hot-4955330.xml?fileloc=/srv/users/mkanyafarm/apps/mkanyafarm/public/wp-content/plugins/booking/core/wpbc.php&path=/srv/users/mkanyafarm/apps/mkanyafarm/public/wp-content/plugins/booking/core HTTP/1.0" 200 47465
216.73.216.36 - - [08/Nov/2025:00:26:42 +0000] "GET /%22https:/drop-boss.co.uk?path=%2Fsrv%2Fusers%2Fmkanyafarm%2Fapps%2Fmkanyafarm%2Fpublic%2Fwp-includes%2Fjs%2Ftinymce%2Fplugins%2Flink HTTP/1.0" 200 18494
74.7.227.3 - - [08/Nov/2025:00:26:44 +0000] "GET /sitemap-hot-4955330.xml?fileloc=/srv/users/mkanyafarm/apps/mkanyafarm/public/wp-content/plugins/booking/core/wpbc-include.php&path=/srv/users/mkanyafarm/apps/mkanyafarm/public/wp-content/plugins/booking/core HTTP/1.0" 200 34931
216.73.216.36 - - [08/Nov/2025:00:26:45 +0000] "GET /%22https:/eye-of-medusa.de/?fileloc=%2Fsrv%2Fusers%2Fmkanyafarm%2Fapps%2Fmkanyafarm%2Fpublic%2Fwp-includes%2Fjs%2Ftinymce%2Fplugins%2Fwordpress%2Fplugin.js&path=%2Fsrv%2Fusers%2Fmkanyafarm%2Fapps%2Fmkanyafarm%2Fpublic%2Fwp-includes%2Fjs%2Ftinymce%2Fplugins%2Fwordpress HTTP/1.0" 200 52776
85.208.96.201 - - [08/Nov/2025:00:26:45 +0000] "GET /?g=73-1570-1&paged=6 HTTP/1.0" 200 54310
216.73.216.36 - - [08/Nov/2025:00:26:48 +0000] "GET /%22https:/chickenroad2-ufficiale.it/?path=%2Fsrv%2Fusers%2Fmkanyafarm%2Fapps%2Fmkanyafarm%2Fpublic%2Fwp-content%2Fplugins%2Fwp-mail-smtp%2Fassets%2Fvue%2Fjs HTTP/1.0" 200 18810
74.7.227.3 - - [08/Nov/2025:00:26:49 +0000] "GET /sitemap-hot-4955330.xml?fileloc=/srv/users/mkanyafarm/apps/mkanyafarm/public/wp-content/plugins/booking/core/wpbc_functions.php&path=/srv/users/mkanyafarm/apps/mkanyafarm/public/wp-content/plugins/booking/core HTTP/1.0" 200 83880
85.208.96.206 - - [08/Nov/2025:00:26:50 +0000] "GET /?paged=6&y=881060971273 HTTP/1.0" 200 54310
216.73.216.36 - - [08/Nov/2025:00:26:51 +0000] "GET /%22https:/chickenroad2-ufficiale.it/?fileloc=%2Fsrv%2Fusers%2Fmkanyafarm%2Fapps%2Fmkanyafarm%2Fpublic%2Fwp-includes%2Fjs%2Ftinymce%2Fplugins%2Fpaste%2Fplugin.js&path=%2Fsrv%2Fusers%2Fmkanyafarm%2Fapps%2Fmkanyafarm%2Fpublic%2Fwp-includes%2Fjs%2Ftinymce%2Fplugins%2Fpaste HTTP/1.0" 200 100054
74.7.227.3 - - [08/Nov/2025:00:26:52 +0000] "GET /sitemap-hot-4945330.xml?fileloc=/srv/users/mkanyafarm/apps/mkanyafarm/public/wp-content/plugins/akismet/views/connect-jp.php&path=/srv/users/mkanyafarm/apps/mkanyafarm/public/wp-content/plugins/akismet/views HTTP/1.0" 200 20007
216.73.216.36 - - [08/Nov/2025:00:26:54 +0000] "GET /%22https:/eye-of-medusa.de/?path=%2Fsrv%2Fusers%2Fmkanyafarm%2F.vscode-server%2Fextensions%2Fgithub.copilot-chat-0.26.7%2Fnode_modules HTTP/1.0" 200 14677
185.191.171.17 - - [08/Nov/2025:00:26:54 +0000] "GET /?g=73-1141-1&paged=6 HTTP/1.0" 200 54310
74.7.227.3 - - [08/Nov/2025:00:26:57 +0000] "GET /sitemap-hot-4941330.xml?fileloc=/srv/users/mkanyafarm/apps/mkanyafarm/public/wp-content/plugins/booking/core/wpbc.php&path=/srv/users/mkanyafarm/apps/mkanyafarm/public/wp-content/plugins/booking/core HTTP/1.0" 200 47465
74.7.227.3 - - [08/Nov/2025:00:27:01 +0000] "GET /sitemap-hot-4941330.xml?fileloc=/srv/users/mkanyafarm/apps/mkanyafarm/public/wp-content/plugins/booking/core/wpbc-core.php&path=/srv/users/mkanyafarm/apps/mkanyafarm/public/wp-content/plugins/booking/core HTTP/1.0" 200 21757
74.7.227.3 - - [08/Nov/2025:00:27:06 +0000] "GET /sitemap-hot-4941330.xml?fileloc=/srv/users/mkanyafarm/apps/mkanyafarm/public/wp-content/plugins/booking/.htaccess&path=/srv/users/mkanyafarm/apps/mkanyafarm/public/wp-content/plugins/booking HTTP/1.0" 200 13006
74.7.227.3 - - [08/Nov/2025:00:27:09 +0000] "GET /sitemap-hot-4955330.xml?fileloc=/srv/users/mkanyafarm/apps/mkanyafarm/public/wp-content/plugins/booking/core/wpbc-emails.php&path=/srv/users/mkanyafarm/apps/mkanyafarm/public/wp-content/plugins/booking/core HTTP/1.0" 200 49099
74.7.227.3 - - [08/Nov/2025:00:27:14 +0000] "GET /sitemap-hot-4955330.xml?fileloc=/srv/users/mkanyafarm/apps/mkanyafarm/public/wp-content/plugins/booking/core/.htaccess&path=/srv/users/mkanyafarm/apps/mkanyafarm/public/wp-content/plugins/booking/core HTTP/1.0" 200 13113
74.7.227.3 - - [08/Nov/2025:00:27:18 +0000] "GET /sitemap-hot-4955330.xml?fileloc=/srv/users/mkanyafarm/apps/mkanyafarm/public/wp-content/plugins/booking/core/wpbc-debug.php&path=/srv/users/mkanyafarm/apps/mkanyafarm/public/wp-content/plugins/booking/core HTTP/1.0" 200 24337
74.7.227.3 - - [08/Nov/2025:00:27:23 +0000] "GET /sitemap-hot-4941330.xml?fileloc=/srv/users/mkanyafarm/apps/mkanyafarm/public/wp-content/plugins/booking/core/wpbc_welcome.php&path=/srv/users/mkanyafarm/apps/mkanyafarm/public/wp-content/plugins/booking/core HTTP/1.0" 200 27483
74.7.227.3 - - [08/Nov/2025:00:27:28 +0000] "GET /sitemap-hot-4955330.xml?fileloc=/srv/users/mkanyafarm/apps/mkanyafarm/public/wp-content/plugins/booking/core/wpbc-core.php&path=/srv/users/mkanyafarm/apps/mkanyafarm/public/wp-content/plugins/booking/core HTTP/1.0" 200 21757
185.191.171.11 - - [08/Nov/2025:00:27:28 +0000] "GET /?g=73-505-1&paged=4 HTTP/1.0" 200 54310
74.7.227.3 - - [08/Nov/2025:00:27:31 +0000] "GET /sitemap-hot-4955330.xml?fileloc=/srv/users/mkanyafarm/apps/mkanyafarm/public/wp-content/plugins/booking/core/wpbc-dates.php&path=/srv/users/mkanyafarm/apps/mkanyafarm/public/wp-content/plugins/booking/core HTTP/1.0" 200 52773
85.208.96.206 - - [08/Nov/2025:00:27:32 +0000] "GET /?g=73-325-1&paged=5 HTTP/1.0" 200 54310
74.7.227.3 - - [08/Nov/2025:00:27:36 +0000] "GET /sitemap-hot-4941330.xml?fileloc=/srv/users/mkanyafarm/apps/mkanyafarm/public/wp-content/plugins/booking/core/wpbc-dates.php&path=/srv/users/mkanyafarm/apps/mkanyafarm/public/wp-content/plugins/booking/core HTTP/1.0" 200 52773
74.7.227.3 - - [08/Nov/2025:00:27:39 +0000] "GET /sitemap-hot-4941330.xml?fileloc=/srv/users/mkanyafarm/apps/mkanyafarm/public/wp-content/plugins/akismet/views/connect-jp.php&path=/srv/users/mkanyafarm/apps/mkanyafarm/public/wp-content/plugins/akismet/views HTTP/1.0" 200 20007
74.7.227.3 - - [08/Nov/2025:00:27:44 +0000] "GET /sitemap-hot-4941330.xml?fileloc=/srv/users/mkanyafarm/apps/mkanyafarm/public/wp-content/plugins/booking/core/form_parser.php&path=/srv/users/mkanyafarm/apps/mkanyafarm/public/wp-content/plugins/booking/core HTTP/1.0" 200 29380
74.7.227.3 - - [08/Nov/2025:00:27:48 +0000] "GET /sitemap-hot-4941330.xml?fileloc=/srv/users/mkanyafarm/apps/mkanyafarm/public/wp-content/plugins/booking/core/wpbc-include.php&path=/srv/users/mkanyafarm/apps/mkanyafarm/public/wp-content/plugins/booking/core HTTP/1.0" 200 34931
85.208.96.204 - - [08/Nov/2025:00:27:52 +0000] "GET /?g=73-1630-1&paged=6 HTTP/1.0" 200 54310
74.7.227.3 - - [08/Nov/2025:00:27:55 +0000] "GET /sitemap-hot-4955330.xml?fileloc=/srv/users/mkanyafarm/apps/mkanyafarm/public/wp-content/plugins/booking/.htaccess&path=/srv/users/mkanyafarm/apps/mkanyafarm/public/wp-content/plugins/booking HTTP/1.0" 200 13006
74.7.227.3 - - [08/Nov/2025:00:27:59 +0000] "GET /sitemap-hot-4941330.xml?fileloc=/srv/users/mkanyafarm/apps/mkanyafarm/public/wp-content/plugins/booking/core/wpbc_functions_dates.php&path=/srv/users/mkanyafarm/apps/mkanyafarm/public/wp-content/plugins/booking/core HTTP/1.0" 200 44345
74.7.227.3 - - [08/Nov/2025:00:28:04 +0000] "GET /sitemap-hot-4941330.xml?fileloc=/srv/users/mkanyafarm/apps/mkanyafarm/public/wp-content/plugins/booking/js/datepick/jquery.datepick-validation.pack.js&path=/srv/users/mkanyafarm/apps/mkanyafarm/public/wp-content/plugins/booking/js/datepick HTTP/1.0" 200 16290
185.191.171.18 - - [08/Nov/2025:00:28:05 +0000] "GET /?paged=5&y=710628552973 HTTP/1.0" 200 54310
74.7.227.3 - - [08/Nov/2025:00:28:07 +0000] "GET /sitemap-hot-4955330.xml?fileloc=/srv/users/mkanyafarm/apps/mkanyafarm/public/wp-content/plugins/booking/js/datepick/jquery.datepick-validation.js&path=/srv/users/mkanyafarm/apps/mkanyafarm/public/wp-content/plugins/booking/js/datepick HTTP/1.0" 200 19082
185.191.171.3 - - [08/Nov/2025:00:28:09 +0000] "GET /?paged=6&y=847108001573 HTTP/1.0" 200 54310
74.7.227.3 - - [08/Nov/2025:00:28:12 +0000] "GET /sitemap-hot-4941330.xml?fileloc=/srv/users/mkanyafarm/apps/mkanyafarm/public/wp-content/plugins/booking/js/datepick/jquery.datepick-validation.js&path=/srv/users/mkanyafarm/apps/mkanyafarm/public/wp-content/plugins/booking/js/datepick HTTP/1.0" 200 19082
185.191.171.12 - - [08/Nov/2025:00:28:16 +0000] "GET /?g=73-611-1&paged=6 HTTP/1.0" 200 54310
74.7.227.3 - - [08/Nov/2025:00:28:17 +0000] "GET /sitemap-hot-4941330.xml?fileloc=/srv/users/mkanyafarm/apps/mkanyafarm/public/wp-content/plugins/booking/js/datepick/jquery.datepick-validation.min.js&path=/srv/users/mkanyafarm/apps/mkanyafarm/public/wp-content/plugins/booking/js/datepick HTTP/1.0" 200 16588
74.7.227.3 - - [08/Nov/2025:00:28:22 +0000] "GET /sitemap-hot-4955330.xml?fileloc=/srv/users/mkanyafarm/apps/mkanyafarm/public/wp-content/plugins/booking/js/datepick/jquery.datepick-validation.pack.js&path=/srv/users/mkanyafarm/apps/mkanyafarm/public/wp-content/plugins/booking/js/datepick HTTP/1.0" 200 16290
74.7.227.3 - - [08/Nov/2025:00:28:26 +0000] "GET /sitemap-hot-4955330.xml?fileloc=/srv/users/mkanyafarm/apps/mkanyafarm/public/wp-content/plugins/booking/js/datepick/jquery.datepick-validation.min.js&path=/srv/users/mkanyafarm/apps/mkanyafarm/public/wp-content/plugins/booking/js/datepick HTTP/1.0" 200 16588
185.191.171.11 - - [08/Nov/2025:00:28:28 +0000] "GET /?paged=4&y=792520332073 HTTP/1.0" 200 54310
74.7.227.3 - - [08/Nov/2025:00:28:29 +0000] "GET /sitemap-hot-4963330.xml?fileloc=/srv/users/mkanyafarm/apps/mkanyafarm/public/wp-includes/blocks/comments-pagination-numbers/editor.min.css&path=/srv/users/mkanyafarm/apps/mkanyafarm/public/wp-includes/blocks/comments-pagination-numbers HTTP/1.0" 200 13136
74.7.227.3 - - [08/Nov/2025:00:28:33 +0000] "GET /sitemap-hot-4963330.xml?fileloc=/srv/users/mkanyafarm/apps/mkanyafarm/public/wp-includes/blocks/comments-pagination-numbers/editor-rtl.css&path=/srv/users/mkanyafarm/apps/mkanyafarm/public/wp-includes/blocks/comments-pagination-numbers HTTP/1.0" 200 13152
74.7.227.3 - - [08/Nov/2025:00:28:36 +0000] "GET /sitemap-hot-4963330.xml?fileloc=/srv/users/mkanyafarm/apps/mkanyafarm/public/wp-includes/blocks/comments-pagination-numbers/editor-rtl.min.css&path=/srv/users/mkanyafarm/apps/mkanyafarm/public/wp-includes/blocks/comments-pagination-numbers HTTP/1.0" 200 13139
85.208.96.198 - - [08/Nov/2025:00:28:40 +0000] "GET /?paged=6&y=1017208721273 HTTP/1.0" 200 54310
