74.7.227.3 - - [08/Nov/2025:00:08:08 +0000] "GET /sitemap-hot-4955330.xml?path=/srv/users/mkanyafarm/apps/mkanyafarm/public/wp-content/plugins/booking/core/lib HTTP/1.0" 200 27213
216.73.216.36 - - [08/Nov/2025:00:08:08 +0000] "GET /?fileloc=%2Fsrv%2Fusers%2Fmkanyafarm%2Fapps%2Fmkanyafarm%2Fpublic%2Fwp-admin%2Fimages%2Ficons32-2x.png&path=%2Fsrv%2Fusers%2Fmkanyafarm%2Fapps%2Fmkanyafarm%2Fpublic%2Fwp-admin%2Fimages HTTP/1.0" 200 53075
216.73.216.36 - - [08/Nov/2025:00:08:11 +0000] "GET /?fileloc=%2Fsrv%2Fusers%2Fmkanyafarm%2Fapps%2Fmkanyafarm%2Fpublic%2Fwp-admin%2Fimages%2Fno.png&path=%2Fsrv%2Fusers%2Fmkanyafarm%2Fapps%2Fmkanyafarm%2Fpublic%2Fwp-admin%2Fimages HTTP/1.0" 200 14038
185.191.171.14 - - [08/Nov/2025:00:08:11 +0000] "GET /?g=73-550-1&paged=4 HTTP/1.0" 200 54310
74.7.227.3 - - [08/Nov/2025:00:08:12 +0000] "GET /sitemap-hot-4955330.xml?fileloc=/srv/users/mkanyafarm/apps/mkanyafarm/public/wp-content/plugins/booking/core/any/activation.php&path=/srv/users/mkanyafarm/apps/mkanyafarm/public/wp-content/plugins/booking/core/any HTTP/1.0" 200 25332
216.73.216.36 - - [08/Nov/2025:00:08:14 +0000] "GET /?fileloc=%2Fsrv%2Fusers%2Fmkanyafarm%2Fapps%2Fmkanyafarm%2Fpublic%2Fwp-admin%2Fimages%2Fstars-2x.png&path=%2Fsrv%2Fusers%2Fmkanyafarm%2Fapps%2Fmkanyafarm%2Fpublic%2Fwp-admin%2Fimages HTTP/1.0" 200 15005
185.191.171.10 - - [08/Nov/2025:00:08:16 +0000] "GET /?g=73-335-1&paged=6 HTTP/1.0" 200 54310
216.73.216.36 - - [08/Nov/2025:00:08:17 +0000] "GET /?fileloc=%2Fsrv%2Fusers%2Fmkanyafarm%2Fapps%2Fmkanyafarm%2Fpublic%2Fwp-admin%2Fimages%2Fstars.png&path=%2Fsrv%2Fusers%2Fmkanyafarm%2Fapps%2Fmkanyafarm%2Fpublic%2Fwp-admin%2Fimages HTTP/1.0" 200 14388
74.7.227.3 - - [08/Nov/2025:00:08:18 +0000] "GET /sitemap-hot-4941330.xml?fileloc=/srv/users/mkanyafarm/apps/mkanyafarm/public/wp-content/plugins/booking/core/lib/wpbc-calendar-legend.php&path=/srv/users/mkanyafarm/apps/mkanyafarm/public/wp-content/plugins/booking/core/lib HTTP/1.0" 200 36050
216.73.216.36 - - [08/Nov/2025:00:08:20 +0000] "GET /?fileloc=%2Fsrv%2Fusers%2Fmkanyafarm%2Fapps%2Fmkanyafarm%2Fpublic%2Fwp-admin%2Fimages%2Ficons32-vs.png&path=%2Fsrv%2Fusers%2Fmkanyafarm%2Fapps%2Fmkanyafarm%2Fpublic%2Fwp-admin%2Fimages HTTP/1.0" 200 27881
74.7.227.3 - - [08/Nov/2025:00:08:21 +0000] "GET /sitemap-hot-4941330.xml?fileloc=/srv/users/mkanyafarm/apps/mkanyafarm/public/wp-content/plugins/booking/core/lib/wpdev-booking-class.php&path=/srv/users/mkanyafarm/apps/mkanyafarm/public/wp-content/plugins/booking/core/lib HTTP/1.0" 200 76096
185.191.171.14 - - [08/Nov/2025:00:08:22 +0000] "GET /?paged=4&y=1163999311973 HTTP/1.0" 200 54310
216.73.216.36 - - [08/Nov/2025:00:08:23 +0000] "GET /?fileloc=%2Fsrv%2Fusers%2Fmkanyafarm%2Fapps%2Fmkanyafarm%2Fpublic%2Fwp-admin%2Fimages%2Fyes.png&path=%2Fsrv%2Fusers%2Fmkanyafarm%2Fapps%2Fmkanyafarm%2Fpublic%2Fwp-admin%2Fimages HTTP/1.0" 200 13735
216.73.216.36 - - [08/Nov/2025:00:08:26 +0000] "GET /?fileloc=%2Fsrv%2Fusers%2Fmkanyafarm%2Fapps%2Fmkanyafarm%2Fpublic%2Fwp-admin%2Fimages%2Ficons32-vs-2x.png&path=%2Fsrv%2Fusers%2Fmkanyafarm%2Fapps%2Fmkanyafarm%2Fpublic%2Fwp-admin%2Fimages HTTP/1.0" 200 52809
74.7.227.3 - - [08/Nov/2025:00:08:26 +0000] "GET /sitemap-hot-4941330.xml?fileloc=/srv/users/mkanyafarm/apps/mkanyafarm/public/wp-content/plugins/booking/core/lang/wpbc_all_translations.php&path=/srv/users/mkanyafarm/apps/mkanyafarm/public/wp-content/plugins/booking/core/lang HTTP/1.0" 200 144768
216.73.216.36 - - [08/Nov/2025:00:08:29 +0000] "GET /?fileloc=%2Fsrv%2Fusers%2Fmkanyafarm%2Fapps%2Fmkanyafarm%2Fpublic%2Fwp-admin%2Fimages%2Fwordpress-logo.png&path=%2Fsrv%2Fusers%2Fmkanyafarm%2Fapps%2Fmkanyafarm%2Fpublic%2Fwp-admin%2Fimages HTTP/1.0" 200 17184
74.7.227.3 - - [08/Nov/2025:00:08:30 +0000] "GET /sitemap-hot-4955330.xml?path=/srv/users/mkanyafarm/apps/mkanyafarm/public/wp-content/plugins/booking/core/sync HTTP/1.0" 200 18558
216.73.216.36 - - [08/Nov/2025:00:08:32 +0000] "GET /?fileloc=%2Fsrv%2Fusers%2Fmkanyafarm%2Fapps%2Fmkanyafarm%2Fpublic%2Fwp-admin%2Fimages%2Fwheel.png&path=%2Fsrv%2Fusers%2Fmkanyafarm%2Fapps%2Fmkanyafarm%2Fpublic%2Fwp-admin%2Fimages HTTP/1.0" 200 23950
216.73.216.36 - - [08/Nov/2025:00:08:35 +0000] "GET /?fileloc=%2Fsrv%2Fusers%2Fmkanyafarm%2Fapps%2Fmkanyafarm%2Fpublic%2Fwp-admin%2Fimages%2Flist.png&path=%2Fsrv%2Fusers%2Fmkanyafarm%2Fapps%2Fmkanyafarm%2Fpublic%2Fwp-admin%2Fimages HTTP/1.0" 200 14798
74.7.227.3 - - [08/Nov/2025:00:08:35 +0000] "GET /sitemap-hot-4955330.xml?fileloc=/srv/users/mkanyafarm/apps/mkanyafarm/public/wp-content/plugins/booking/core/lib/wpbc-calendar-legend.php&path=/srv/users/mkanyafarm/apps/mkanyafarm/public/wp-content/plugins/booking/core/lib HTTP/1.0" 200 36050
74.7.227.3 - - [08/Nov/2025:00:08:37 +0000] "GET /sitemap-hot-4955330.xml?fileloc=/srv/users/mkanyafarm/apps/mkanyafarm/public/wp-content/plugins/booking/core/lib/wpdev-booking-class.php&path=/srv/users/mkanyafarm/apps/mkanyafarm/public/wp-content/plugins/booking/core/lib HTTP/1.0" 200 76096
216.73.216.36 - - [08/Nov/2025:00:08:38 +0000] "GET /?fileloc=%2Fsrv%2Fusers%2Fmkanyafarm%2Fapps%2Fmkanyafarm%2Fpublic%2Fwp-admin%2Fimages%2Fmask.png&path=%2Fsrv%2Fusers%2Fmkanyafarm%2Fapps%2Fmkanyafarm%2Fpublic%2Fwp-admin%2Fimages HTTP/1.0" 200 16426
185.191.171.10 - - [08/Nov/2025:00:08:40 +0000] "GET /?g=73-1075-1&paged=6 HTTP/1.0" 200 54310
216.73.216.36 - - [08/Nov/2025:00:08:41 +0000] "GET /?fileloc=%2Fsrv%2Fusers%2Fmkanyafarm%2Fapps%2Fmkanyafarm%2Fpublic%2Fwp-admin%2Fimages%2Farrows-2x.png&path=%2Fsrv%2Fusers%2Fmkanyafarm%2Fapps%2Fmkanyafarm%2Fpublic%2Fwp-admin%2Fimages HTTP/1.0" 200 14225
74.7.227.3 - - [08/Nov/2025:00:08:44 +0000] "GET /sitemap-hot-4955330.xml?fileloc=/srv/users/mkanyafarm/apps/mkanyafarm/public/wp-content/plugins/booking/core/lib/wpdev-booking-widget.php&path=/srv/users/mkanyafarm/apps/mkanyafarm/public/wp-content/plugins/booking/core/lib HTTP/1.0" 200 25751
216.73.216.36 - - [08/Nov/2025:00:08:44 +0000] "GET /?fileloc=%2Fsrv%2Fusers%2Fmkanyafarm%2Fapps%2Fmkanyafarm%2Fpublic%2Fwp-admin%2Fimages%2Falign-center.png&path=%2Fsrv%2Fusers%2Fmkanyafarm%2Fapps%2Fmkanyafarm%2Fpublic%2Fwp-admin%2Fimages HTTP/1.0" 200 13711
216.73.216.36 - - [08/Nov/2025:00:08:47 +0000] "GET /?fileloc=%2Fsrv%2Fusers%2Fmkanyafarm%2Fapps%2Fmkanyafarm%2Fpublic%2Fwp-admin%2Fimages%2Flist-2x.png&path=%2Fsrv%2Fusers%2Fmkanyafarm%2Fapps%2Fmkanyafarm%2Fpublic%2Fwp-admin%2Fimages HTTP/1.0" 200 15689
74.7.227.3 - - [08/Nov/2025:00:08:47 +0000] "GET /sitemap-hot-4941330.xml?fileloc=/srv/users/mkanyafarm/apps/mkanyafarm/public/wp-content/plugins/booking/core/lib/wpdev-booking-widget.php&path=/srv/users/mkanyafarm/apps/mkanyafarm/public/wp-content/plugins/booking/core/lib HTTP/1.0" 200 25751
74.7.227.3 - - [08/Nov/2025:00:08:52 +0000] "GET /sitemap-hot-4955330.xml?fileloc=/srv/users/mkanyafarm/apps/mkanyafarm/public/wp-content/plugins/booking/core/any/.htaccess&path=/srv/users/mkanyafarm/apps/mkanyafarm/public/wp-content/plugins/booking/core/any HTTP/1.0" 200 13222
74.7.227.3 - - [08/Nov/2025:00:08:56 +0000] "GET /sitemap-hot-4955330.xml?fileloc=/srv/users/mkanyafarm/apps/mkanyafarm/public/wp-content/plugins/booking/core/lib/wpbc-ajax.php&path=/srv/users/mkanyafarm/apps/mkanyafarm/public/wp-content/plugins/booking/core/lib HTTP/1.0" 200 39504
185.191.171.16 - - [08/Nov/2025:00:08:56 +0000] "GET /?paged=6&y=153635180173 HTTP/1.0" 200 54310
74.7.227.3 - - [08/Nov/2025:00:09:01 +0000] "GET /sitemap-hot-4941330.xml?path=/srv/users/mkanyafarm/apps/mkanyafarm/public/wp-content/plugins/booking/core/any HTTP/1.0" 200 33507
185.191.171.11 - - [08/Nov/2025:00:09:02 +0000] "GET /?paged=6&y=895047061073 HTTP/1.0" 200 54310
74.7.227.3 - - [08/Nov/2025:00:09:06 +0000] "GET /sitemap-hot-4955330.xml?path=/srv/users/mkanyafarm/apps/mkanyafarm/public/wp-content/plugins/booking/core/lang HTTP/1.0" 200 27399
74.7.227.3 - - [08/Nov/2025:00:09:09 +0000] "GET /sitemap-hot-4941330.xml?fileloc=/srv/users/mkanyafarm/apps/mkanyafarm/public/wp-content/plugins/booking/core/wpbc-js-vars.php&path=/srv/users/mkanyafarm/apps/mkanyafarm/public/wp-content/plugins/booking/core HTTP/1.0" 200 30069
74.7.227.3 - - [08/Nov/2025:00:09:11 +0000] "GET /sitemap-hot-4955330.xml?fileloc=/srv/users/mkanyafarm/apps/mkanyafarm/public/wp-content/plugins/booking/core/wpbc-js.php&path=/srv/users/mkanyafarm/apps/mkanyafarm/public/wp-content/plugins/booking/core HTTP/1.0" 200 35175
74.7.227.3 - - [08/Nov/2025:00:09:16 +0000] "GET /sitemap-hot-4955330.xml?fileloc=/srv/users/mkanyafarm/apps/mkanyafarm/public/wp-content/plugins/booking/core/wpbc-js-vars.php&path=/srv/users/mkanyafarm/apps/mkanyafarm/public/wp-content/plugins/booking/core HTTP/1.0" 200 30069
85.208.96.210 - - [08/Nov/2025:00:09:17 +0000] "GET /?paged=6&y=1021031201473 HTTP/1.0" 200 54310
74.7.227.3 - - [08/Nov/2025:00:09:20 +0000] "GET /sitemap-hot-4941330.xml?fileloc=/srv/users/mkanyafarm/apps/mkanyafarm/public/wp-content/plugins/booking/core/wpbc-js.php&path=/srv/users/mkanyafarm/apps/mkanyafarm/public/wp-content/plugins/booking/core HTTP/1.0" 200 35175
74.7.227.3 - - [08/Nov/2025:00:09:25 +0000] "GET /sitemap-hot-4941330.xml?fileloc=/srv/users/mkanyafarm/apps/mkanyafarm/public/wp-content/plugins/booking/core/any/activation.php&path=/srv/users/mkanyafarm/apps/mkanyafarm/public/wp-content/plugins/booking/core/any HTTP/1.0" 200 25332
74.7.227.3 - - [08/Nov/2025:00:09:27 +0000] "GET /sitemap-hot-4941330.xml?fileloc=/srv/users/mkanyafarm/apps/mkanyafarm/public/wp-content/plugins/booking/core/any/.htaccess&path=/srv/users/mkanyafarm/apps/mkanyafarm/public/wp-content/plugins/booking/core/any HTTP/1.0" 200 13222
74.7.227.3 - - [08/Nov/2025:00:09:34 +0000] "GET /sitemap-hot-4941330.xml?fileloc=/srv/users/mkanyafarm/apps/mkanyafarm/public/wp-content/plugins/booking/core/any/class-admin-settings-api.php&path=/srv/users/mkanyafarm/apps/mkanyafarm/public/wp-content/plugins/booking/core/any HTTP/1.0" 200 92002
74.7.227.3 - - [08/Nov/2025:00:09:37 +0000] "GET /sitemap-hot-4941330.xml?fileloc=/srv/users/mkanyafarm/apps/mkanyafarm/public/wp-content/plugins/booking/core/any/class-admin-menu.php&path=/srv/users/mkanyafarm/apps/mkanyafarm/public/wp-content/plugins/booking/core/any HTTP/1.0" 200 30097
74.7.227.3 - - [08/Nov/2025:00:09:42 +0000] "GET /sitemap-hot-4955330.xml?fileloc=/srv/users/mkanyafarm/apps/mkanyafarm/public/wp-content/plugins/booking/core/any/class-admin-menu.php&path=/srv/users/mkanyafarm/apps/mkanyafarm/public/wp-content/plugins/booking/core/any HTTP/1.0" 200 30097
74.7.227.3 - - [08/Nov/2025:00:09:48 +0000] "GET /sitemap-hot-4941330.xml?path=/srv/users/mkanyafarm/apps/mkanyafarm/public/wp-content/plugins/booking/core/any/emails_tpl HTTP/1.0" 200 24124
74.7.227.3 - - [08/Nov/2025:00:09:53 +0000] "GET /sitemap-hot-4955330.xml?path=/srv/users/mkanyafarm/apps/mkanyafarm/public/wp-content/plugins/booking/core/any/emails_tpl HTTP/1.0" 200 24124
74.7.227.3 - - [08/Nov/2025:00:09:57 +0000] "GET /sitemap-hot-4955330.xml?fileloc=/srv/users/mkanyafarm/apps/mkanyafarm/public/wp-content/plugins/booking/core/lang/wpbc_all_translations.php&path=/srv/users/mkanyafarm/apps/mkanyafarm/public/wp-content/plugins/booking/core/lang HTTP/1.0" 200 144768
74.7.227.3 - - [08/Nov/2025:00:10:02 +0000] "GET /sitemap-hot-4941330.xml?fileloc=/srv/users/mkanyafarm/apps/mkanyafarm/public/wp-content/plugins/booking/js/datepick/jquery.datepick-pt-BR.js&path=/srv/users/mkanyafarm/apps/mkanyafarm/public/wp-content/plugins/booking/js/datepick HTTP/1.0" 200 15106
74.7.227.3 - - [08/Nov/2025:00:10:04 +0000] "GET /sitemap-hot-4955330.xml?fileloc=/srv/users/mkanyafarm/apps/mkanyafarm/public/wp-content/plugins/booking/js/datepick/jquery.datepick-pt-BR.js&path=/srv/users/mkanyafarm/apps/mkanyafarm/public/wp-content/plugins/booking/js/datepick HTTP/1.0" 200 15106
185.191.171.9 - - [08/Nov/2025:00:10:05 +0000] "GET /?paged=4&y=63829921473 HTTP/1.0" 200 54310
216.73.216.36 - - [08/Nov/2025:00:10:06 +0000] "GET /index.php?fileloc=%2Fsrv%2Fusers%2Fmkanyafarm%2Fapps%2Fmkanyafarm%2Fpublic%2Fwp-includes%2Fcss%2Feditor-rtl.css&path=%2Fsrv%2Fusers%2Fmkanyafarm%2Fapps%2Fmkanyafarm%2Fpublic%2Fwp-includes%2Fcss HTTP/1.0" 200 46074
216.73.216.36 - - [08/Nov/2025:00:10:09 +0000] "GET /index.php?fileloc=%2Fsrv%2Fusers%2Fmkanyafarm%2Fapps%2Fmkanyafarm%2Fpublic%2Fwp-includes%2Fcss%2Fcustomize-preview-rtl.min.css&path=%2Fsrv%2Fusers%2Fmkanyafarm%2Fapps%2Fmkanyafarm%2Fpublic%2Fwp-includes%2Fcss HTTP/1.0" 200 15636
85.208.96.203 - - [08/Nov/2025:00:10:09 +0000] "GET /?g=73-1003-1&paged=6 HTTP/1.0" 200 54310
74.7.227.3 - - [08/Nov/2025:00:10:10 +0000] "GET /sitemap-hot-4941330.xml?fileloc=/srv/users/mkanyafarm/apps/mkanyafarm/public/wp-content/plugins/booking/js/datepick/jquery.datepick-fi.js&path=/srv/users/mkanyafarm/apps/mkanyafarm/public/wp-content/plugins/booking/js/datepick HTTP/1.0" 200 15204
216.73.216.36 - - [08/Nov/2025:00:10:12 +0000] "GET /index.php?fileloc=%2Fsrv%2Fusers%2Fmkanyafarm%2Fapps%2Fmkanyafarm%2Fpublic%2Fwp-admin%2Fincludes%2Fclass-walker-category-checklist.php&path=%2Fsrv%2Fusers%2Fmkanyafarm%2Fapps%2Fmkanyafarm%2Fpublic%2Fwp-admin%2Fincludes HTTP/1.0" 200 18693
74.7.227.3 - - [08/Nov/2025:00:10:14 +0000] "GET /sitemap-hot-4941330.xml?fileloc=/srv/users/mkanyafarm/apps/mkanyafarm/public/wp-content/plugins/booking/core/any/emails_tpl/plain-html-tpl.php&path=/srv/users/mkanyafarm/apps/mkanyafarm/public/wp-content/plugins/booking/core/any/emails_tpl HTTP/1.0" 200 18061
216.73.216.36 - - [08/Nov/2025:00:10:15 +0000] "GET /index.php?fileloc=%2Fsrv%2Fusers%2Fmkanyafarm%2Fapps%2Fmkanyafarm%2Fpublic%2Fwp-includes%2Fcss%2Fwp-embed-template-ie.min.css&path=%2Fsrv%2Fusers%2Fmkanyafarm%2Fapps%2Fmkanyafarm%2Fpublic%2Fwp-includes%2Fcss HTTP/1.0" 200 14233
216.73.216.36 - - [08/Nov/2025:00:10:18 +0000] "GET /index.php?fileloc=%2Fsrv%2Fusers%2Fmkanyafarm%2Fapps%2Fmkanyafarm%2Fpublic%2Fwp-admin%2Fincludes%2Fcontinents-cities.php&path=%2Fsrv%2Fusers%2Fmkanyafarm%2Fapps%2Fmkanyafarm%2Fpublic%2Fwp-admin%2Fincludes HTTP/1.0" 200 43859
74.7.227.3 - - [08/Nov/2025:00:10:19 +0000] "GET /sitemap-hot-4955330.xml?fileloc=/srv/users/mkanyafarm/apps/mkanyafarm/public/wp-content/plugins/booking/core/any/emails_tpl/plain-html-tpl.php&path=/srv/users/mkanyafarm/apps/mkanyafarm/public/wp-content/plugins/booking/core/any/emails_tpl HTTP/1.0" 200 18061
216.73.216.36 - - [08/Nov/2025:00:10:21 +0000] "GET /index.php?fileloc=%2Fsrv%2Fusers%2Fmkanyafarm%2Fapps%2Fmkanyafarm%2Fpublic%2Fwp-includes%2Fcss%2Feditor.css&path=%2Fsrv%2Fusers%2Fmkanyafarm%2Fapps%2Fmkanyafarm%2Fpublic%2Fwp-includes%2Fcss HTTP/1.0" 200 46032
2a06:98c0:3600::103 - - [08/Nov/2025:00:10:22 +0000] "GET /wp-admin/setup-config.php HTTP/1.0" 409 2665
74.7.227.3 - - [08/Nov/2025:00:10:23 +0000] "GET /sitemap-hot-4941330.xml?fileloc=/srv/users/mkanyafarm/apps/mkanyafarm/public/wp-content/plugins/booking/core/any/emails_tpl/standard-text-tpl.php&path=/srv/users/mkanyafarm/apps/mkanyafarm/public/wp-content/plugins/booking/core/any/emails_tpl HTTP/1.0" 200 14533
185.191.171.14 - - [08/Nov/2025:00:10:23 +0000] "GET /?g=73-670-1&paged=6 HTTP/1.0" 200 54310
216.73.216.36 - - [08/Nov/2025:00:10:24 +0000] "GET /index.php?fileloc=%2Fsrv%2Fusers%2Fmkanyafarm%2Fapps%2Fmkanyafarm%2Fpublic%2Fwp-includes%2Fcss%2Fwp-auth-check-rtl.min.css&path=%2Fsrv%2Fusers%2Fmkanyafarm%2Fapps%2Fmkanyafarm%2Fpublic%2Fwp-includes%2Fcss HTTP/1.0" 200 14657
74.7.227.3 - - [08/Nov/2025:00:10:26 +0000] "GET /sitemap-hot-4955330.xml?fileloc=/srv/users/mkanyafarm/apps/mkanyafarm/public/wp-content/plugins/booking/core/any/emails_tpl/plain-text-tpl.php&path=/srv/users/mkanyafarm/apps/mkanyafarm/public/wp-content/plugins/booking/core/any/emails_tpl HTTP/1.0" 200 14349
216.73.216.36 - - [08/Nov/2025:00:10:27 +0000] "GET /index.php?fileloc=%2Fsrv%2Fusers%2Fmkanyafarm%2Fapps%2Fmkanyafarm%2Fpublic%2Fwp-admin%2Fincludes%2Fclass-plugin-installer-skin.php&path=%2Fsrv%2Fusers%2Fmkanyafarm%2Fapps%2Fmkanyafarm%2Fpublic%2Fwp-admin%2Fincludes HTTP/1.0" 200 27367
185.191.171.14 - - [08/Nov/2025:00:10:29 +0000] "GET /?g=73-1781-1&paged=6 HTTP/1.0" 200 54310
216.73.216.36 - - [08/Nov/2025:00:10:30 +0000] "GET /index.php?fileloc=%2Fsrv%2Fusers%2Fmkanyafarm%2Fapps%2Fmkanyafarm%2Fpublic%2Fwp-admin%2Fincludes%2Fbookmark.php&path=%2Fsrv%2Fusers%2Fmkanyafarm%2Fapps%2Fmkanyafarm%2Fpublic%2Fwp-admin%2Fincludes HTTP/1.0" 200 26050
74.7.227.3 - - [08/Nov/2025:00:10:31 +0000] "GET /sitemap-hot-4941330.xml?fileloc=/srv/users/mkanyafarm/apps/mkanyafarm/public/wp-content/plugins/booking/core/any/emails_tpl/plain-text-tpl.php&path=/srv/users/mkanyafarm/apps/mkanyafarm/public/wp-content/plugins/booking/core/any/emails_tpl HTTP/1.0" 200 14349
216.73.216.36 - - [08/Nov/2025:00:10:33 +0000] "GET /index.php?fileloc=%2Fsrv%2Fusers%2Fmkanyafarm%2Fapps%2Fmkanyafarm%2Fpublic%2Fwp-admin%2Fincludes%2Fcredits.php&path=%2Fsrv%2Fusers%2Fmkanyafarm%2Fapps%2Fmkanyafarm%2Fpublic%2Fwp-admin%2Fincludes HTTP/1.0" 200 19852
85.208.96.193 - - [08/Nov/2025:00:10:33 +0000] "GET /?paged=5&y=187383890773 HTTP/1.0" 200 54310
74.7.227.3 - - [08/Nov/2025:00:10:35 +0000] "GET /sitemap-hot-4955330.xml?fileloc=/srv/users/mkanyafarm/apps/mkanyafarm/public/wp-content/plugins/booking/core/any/emails_tpl/standard-text-tpl.php&path=/srv/users/mkanyafarm/apps/mkanyafarm/public/wp-content/plugins/booking/core/any/emails_tpl HTTP/1.0" 200 14533
216.73.216.36 - - [08/Nov/2025:00:10:36 +0000] "GET /index.php?fileloc=%2Fsrv%2Fusers%2Fmkanyafarm%2Fapps%2Fmkanyafarm%2Fpublic%2Fwp-admin%2Fincludes%2Fclass-ftp-pure.php&path=%2Fsrv%2Fusers%2Fmkanyafarm%2Fapps%2Fmkanyafarm%2Fpublic%2Fwp-admin%2Fincludes HTTP/1.0" 200 18874
185.191.171.15 - - [08/Nov/2025:00:10:37 +0000] "GET /?g=73-555-1&paged=4 HTTP/1.0" 200 54310
216.73.216.36 - - [08/Nov/2025:00:10:39 +0000] "GET /index.php?fileloc=%2Fsrv%2Fusers%2Fmkanyafarm%2Fapps%2Fmkanyafarm%2Fpublic%2Fwp-includes%2Fcss%2Fbuttons-rtl.css&path=%2Fsrv%2Fusers%2Fmkanyafarm%2Fapps%2Fmkanyafarm%2Fpublic%2Fwp-includes%2Fcss HTTP/1.0" 200 22740
74.7.227.3 - - [08/Nov/2025:00:10:41 +0000] "GET /sitemap-hot-4941330.xml?fileloc=/srv/users/mkanyafarm/apps/mkanyafarm/public/wp-content/plugins/booking/js/datepick/jquery.datepick-sr-SR.js&path=/srv/users/mkanyafarm/apps/mkanyafarm/public/wp-content/plugins/booking/js/datepick HTTP/1.0" 200 15243
216.73.216.36 - - [08/Nov/2025:00:10:42 +0000] "GET /%22https:/drop-boss.co.uk?path=%2Fsrv%2Fusers%2Fmkanyafarm%2Fapps%2Fmkanyafarm%2Fpublic%2Fwp-content%2Fthemes%2Ftwentytwentyfour%2Fassets%2Fassets HTTP/1.0" 200 20434
185.191.171.14 - - [08/Nov/2025:00:10:42 +0000] "GET /?paged=6&y=1157517953273 HTTP/1.0" 200 54310
216.73.216.36 - - [08/Nov/2025:00:10:45 +0000] "GET /index.php?fileloc=%2Fsrv%2Fusers%2Fmkanyafarm%2Fapps%2Fmkanyafarm%2Fpublic%2Fwp-includes%2Fcss%2Fcustomize-preview.css&path=%2Fsrv%2Fusers%2Fmkanyafarm%2Fapps%2Fmkanyafarm%2Fpublic%2Fwp-includes%2Fcss HTTP/1.0" 200 16382
74.7.227.3 - - [08/Nov/2025:00:10:47 +0000] "GET /sitemap-hot-4955330.xml?fileloc=/srv/users/mkanyafarm/apps/mkanyafarm/public/wp-content/plugins/booking/js/datepick/jquery.datepick-sr-SR.js&path=/srv/users/mkanyafarm/apps/mkanyafarm/public/wp-content/plugins/booking/js/datepick HTTP/1.0" 200 15243
216.73.216.36 - - [08/Nov/2025:00:10:48 +0000] "GET /index.php?path=%2Fsrv%2Fusers%2Fmkanyafarm%2Fapps%2Fmkanyafarm%2Fpublic%2Fwp-includes%2Fcss%2Fdist HTTP/1.0" 200 40325
216.73.216.36 - - [08/Nov/2025:00:10:51 +0000] "GET /index.php?fileloc=%2Fsrv%2Fusers%2Fmkanyafarm%2Fapps%2Fmkanyafarm%2Fpublic%2Fwp-admin%2Fincludes%2Fmedia.php&path=%2Fsrv%2Fusers%2Fmkanyafarm%2Fapps%2Fmkanyafarm%2Fpublic%2Fwp-admin%2Fincludes HTTP/1.0" 200 161308
74.7.227.3 - - [08/Nov/2025:00:10:53 +0000] "GET /sitemap-hot-4941330.xml?fileloc=/srv/users/mkanyafarm/apps/mkanyafarm/public/wp-content/plugins/booking/js/datepick/calendar-green.gif&path=/srv/users/mkanyafarm/apps/mkanyafarm/public/wp-content/plugins/booking/js/datepick HTTP/1.0" 200 14145
216.73.216.36 - - [08/Nov/2025:00:10:54 +0000] "GET /index.php?fileloc=%2Fsrv%2Fusers%2Fmkanyafarm%2Fapps%2Fmkanyafarm%2Fpublic%2Fwp-admin%2Fincludes%2Fclass-wp-site-health.php&path=%2Fsrv%2Fusers%2Fmkanyafarm%2Fapps%2Fmkanyafarm%2Fpublic%2Fwp-admin%2Fincludes HTTP/1.0" 200 158786
74.7.227.3 - - [08/Nov/2025:00:10:57 +0000] "GET /sitemap-hot-4941330.xml?fileloc=/srv/users/mkanyafarm/apps/mkanyafarm/public/wp-content/plugins/booking/js/datepick/calendar.gif&path=/srv/users/mkanyafarm/apps/mkanyafarm/public/wp-content/plugins/booking/js/datepick HTTP/1.0" 200 13533
216.73.216.36 - - [08/Nov/2025:00:10:57 +0000] "GET /index.php?fileloc=%2Fsrv%2Fusers%2Fmkanyafarm%2Fapps%2Fmkanyafarm%2Fpublic%2Fwp-admin%2Fincludes%2Fpost.php&path=%2Fsrv%2Fusers%2Fmkanyafarm%2Fapps%2Fmkanyafarm%2Fpublic%2Fwp-admin%2Fincludes HTTP/1.0" 200 107435
74.7.227.3 - - [08/Nov/2025:00:10:59 +0000] "GET /sitemap-hot-4955330.xml?fileloc=/srv/users/mkanyafarm/apps/mkanyafarm/public/wp-content/plugins/booking/js/datepick/calendar.gif&path=/srv/users/mkanyafarm/apps/mkanyafarm/public/wp-content/plugins/booking/js/datepick HTTP/1.0" 200 13533
216.73.216.36 - - [08/Nov/2025:00:11:00 +0000] "GET /index.php?fileloc=%2Fsrv%2Fusers%2Fmkanyafarm%2Fapps%2Fmkanyafarm%2Fpublic%2Fwp-includes%2Fcss%2Fwp-empty-template-alert.css&path=%2Fsrv%2Fusers%2Fmkanyafarm%2Fapps%2Fmkanyafarm%2Fpublic%2Fwp-includes%2Fcss HTTP/1.0" 200 13227
216.73.216.36 - - [08/Nov/2025:00:11:03 +0000] "GET /index.php?fileloc=%2Fsrv%2Fusers%2Fmkanyafarm%2Fapps%2Fmkanyafarm%2Fpublic%2Fwp-admin%2Fincludes%2Ftemplate.php&path=%2Fsrv%2Fusers%2Fmkanyafarm%2Fapps%2Fmkanyafarm%2Fpublic%2Fwp-admin%2Fincludes HTTP/1.0" 200 130826
216.73.216.36 - - [08/Nov/2025:00:11:06 +0000] "GET /index.php?fileloc=%2Fsrv%2Fusers%2Fmkanyafarm%2Fapps%2Fmkanyafarm%2Fpublic%2Fwp-includes%2Fcss%2Fadmin-bar-rtl.css&path=%2Fsrv%2Fusers%2Fmkanyafarm%2Fapps%2Fmkanyafarm%2Fpublic%2Fwp-includes%2Fcss HTTP/1.0" 200 38021
74.7.227.3 - - [08/Nov/2025:00:11:06 +0000] "GET /sitemap-hot-4955330.xml?fileloc=/srv/users/mkanyafarm/apps/mkanyafarm/public/wp-content/plugins/booking/js/datepick/calendar-green.gif&path=/srv/users/mkanyafarm/apps/mkanyafarm/public/wp-content/plugins/booking/js/datepick HTTP/1.0" 200 14145
185.191.171.16 - - [08/Nov/2025:00:11:08 +0000] "GET /?g=73-300-1&paged=6 HTTP/1.0" 200 54310
216.73.216.36 - - [08/Nov/2025:00:11:09 +0000] "GET /index.php?fileloc=%2Fsrv%2Fusers%2Fmkanyafarm%2Fapps%2Fmkanyafarm%2Fpublic%2Fwp-admin%2Fincludes%2Fclass-wp-importer.php&path=%2Fsrv%2Fusers%2Fmkanyafarm%2Fapps%2Fmkanyafarm%2Fpublic%2Fwp-admin%2Fincludes HTTP/1.0" 200 20797
74.7.227.3 - - [08/Nov/2025:00:11:10 +0000] "GET /sitemap-hot-4941330.xml?path=/srv/users/mkanyafarm/apps/mkanyafarm/public/wp-content/plugins/booking/core/class HTTP/1.0" 200 23890
216.73.216.36 - - [08/Nov/2025:00:11:12 +0000] "GET /index.php?fileloc=%2Fsrv%2Fusers%2Fmkanyafarm%2Fapps%2Fmkanyafarm%2Fpublic%2Fwp-includes%2Fcss%2Fwp-pointer.min.css&path=%2Fsrv%2Fusers%2Fmkanyafarm%2Fapps%2Fmkanyafarm%2Fpublic%2Fwp-includes%2Fcss HTTP/1.0" 200 16048
66.249.68.133 - - [08/Nov/2025:00:11:13 +0000] "GET /special/1345639332.phtml HTTP/1.0" 200 54310
2a06:98c0:3600::103 - - [08/Nov/2025:00:11:14 +0000] "GET /wordpress/wp-admin/setup-config.php HTTP/1.0" 301 441
2a06:98c0:3600::103 - - [08/Nov/2025:00:11:14 +0000] "GET /wordpress/wp-admin/setup-config.php HTTP/1.0" 200 54310
74.7.227.3 - - [08/Nov/2025:00:11:14 +0000] "GET /sitemap-hot-4941330.xml?path=/srv/users/mkanyafarm/apps/mkanyafarm/public/wp-content/plugins/booking/assets/libs HTTP/1.0" 200 33870
216.73.216.36 - - [08/Nov/2025:00:11:15 +0000] "GET /%22https:/drop-boss.co.uk?path=%2Fsrv%2Fusers%2Fmkanyafarm%2Fapps%2Fmkanyafarm%2Fpublic%2Fwp-content%2Fthemes%2Ftwentytwentyfour%2Fassets%2Fimages HTTP/1.0" 200 33043
74.7.227.3 - - [08/Nov/2025:00:11:16 +0000] "GET /sitemap-hot-4955330.xml?path=/srv/users/mkanyafarm/apps/mkanyafarm/public/wp-content/plugins/booking/core/class HTTP/1.0" 200 23890
216.73.216.36 - - [08/Nov/2025:00:11:18 +0000] "GET /index.php?fileloc=%2Fsrv%2Fusers%2Fmkanyafarm%2Fapps%2Fmkanyafarm%2Fpublic%2Fwp-admin%2Fincludes%2Ftranslation-install.php&path=%2Fsrv%2Fusers%2Fmkanyafarm%2Fapps%2Fmkanyafarm%2Fpublic%2Fwp-admin%2Fincludes HTTP/1.0" 200 25117
216.73.216.36 - - [08/Nov/2025:00:11:21 +0000] "GET /index.php?fileloc=%2Fsrv%2Fusers%2Fmkanyafarm%2Fapps%2Fmkanyafarm%2Fpublic%2Fwp-includes%2Fcss%2Fcustomize-preview-rtl.css&path=%2Fsrv%2Fusers%2Fmkanyafarm%2Fapps%2Fmkanyafarm%2Fpublic%2Fwp-includes%2Fcss HTTP/1.0" 200 16426
74.7.227.3 - - [08/Nov/2025:00:11:24 +0000] "GET /sitemap-hot-4955330.xml?path=/srv/users/mkanyafarm/apps/mkanyafarm/public/wp-content/plugins/booking/assets/libs HTTP/1.0" 200 33870
216.73.216.36 - - [08/Nov/2025:00:11:24 +0000] "GET /index.php?fileloc=%2Fsrv%2Fusers%2Fmkanyafarm%2Fapps%2Fmkanyafarm%2Fpublic%2Fwp-admin%2Fincludes%2Fnoop.php&path=%2Fsrv%2Fusers%2Fmkanyafarm%2Fapps%2Fmkanyafarm%2Fpublic%2Fwp-admin%2Fincludes HTTP/1.0" 200 13904
74.7.227.3 - - [08/Nov/2025:00:11:28 +0000] "GET /sitemap-hot-4941330.xml?fileloc=/srv/users/mkanyafarm/apps/mkanyafarm/public/wp-content/plugins/booking/js/datepick/jquery.datepick-id.js&path=/srv/users/mkanyafarm/apps/mkanyafarm/public/wp-content/plugins/booking/js/datepick HTTP/1.0" 200 15300
74.7.227.3 - - [08/Nov/2025:00:11:33 +0000] "GET /sitemap-hot-4955330.xml?fileloc=/srv/users/mkanyafarm/apps/mkanyafarm/public/wp-content/plugins/booking/js/datepick/jquery.datepick-id.js&path=/srv/users/mkanyafarm/apps/mkanyafarm/public/wp-content/plugins/booking/js/datepick HTTP/1.0" 200 15300
74.7.227.3 - - [08/Nov/2025:00:11:37 +0000] "GET /sitemap-hot-4941330.xml?fileloc=/srv/users/mkanyafarm/apps/mkanyafarm/public/wp-content/plugins/booking/core/class/wpbc-class-upgrader-translation-skin.php&path=/srv/users/mkanyafarm/apps/mkanyafarm/public/wp-content/plugins/booking/core/class HTTP/1.0" 200 16148
85.208.96.202 - - [08/Nov/2025:00:11:38 +0000] "GET /?paged=6&y=484601041373 HTTP/1.0" 200 54310
85.208.96.203 - - [08/Nov/2025:00:11:41 +0000] "GET /?g=73-1516-1&paged=6 HTTP/1.0" 200 54310
74.7.227.3 - - [08/Nov/2025:00:11:42 +0000] "GET /sitemap-hot-4955330.xml?fileloc=/srv/users/mkanyafarm/apps/mkanyafarm/public/wp-content/plugins/booking/core/class/wpbc-class-upgrader-translation-skin.php&path=/srv/users/mkanyafarm/apps/mkanyafarm/public/wp-content/plugins/booking/core/class HTTP/1.0" 200 16148
43.224.124.253 - - [08/Nov/2025:00:11:42 +0000] "POST /xmlrpc.php HTTP/1.0" 200 54310
74.7.227.3 - - [08/Nov/2025:00:11:46 +0000] "GET /sitemap-hot-4941330.xml?fileloc=/srv/users/mkanyafarm/apps/mkanyafarm/public/wp-content/plugins/booking/core/class/wpbc-class-notices.php&path=/srv/users/mkanyafarm/apps/mkanyafarm/public/wp-content/plugins/booking/core/class HTTP/1.0" 200 20344
43.224.124.253 - - [08/Nov/2025:00:11:49 +0000] "POST /xmlrpc.php HTTP/1.0" 200 54310
85.208.96.194 - - [08/Nov/2025:00:11:50 +0000] "GET /?paged=6&y=1019168080673 HTTP/1.0" 200 54310
74.7.227.3 - - [08/Nov/2025:00:11:51 +0000] "GET /sitemap-hot-4955330.xml?fileloc=/srv/users/mkanyafarm/apps/mkanyafarm/public/wp-content/plugins/booking/core/class/wpbc-class-notices.php&path=/srv/users/mkanyafarm/apps/mkanyafarm/public/wp-content/plugins/booking/core/class HTTP/1.0" 200 20344
185.191.171.14 - - [08/Nov/2025:00:11:54 +0000] "GET /?paged=4&y=100727600373 HTTP/1.0" 200 54310
74.7.227.3 - - [08/Nov/2025:00:11:57 +0000] "GET /sitemap-hot-4941330.xml?fileloc=/srv/users/mkanyafarm/apps/mkanyafarm/public/wp-content/plugins/booking/core/class/wpbc-class-welcome.php&path=/srv/users/mkanyafarm/apps/mkanyafarm/public/wp-content/plugins/booking/core/class HTTP/1.0" 200 37470
43.224.124.253 - - [08/Nov/2025:00:11:57 +0000] "POST /xmlrpc.php HTTP/1.0" 200 54310
74.7.227.3 - - [08/Nov/2025:00:12:01 +0000] "GET /sitemap-hot-4955330.xml?fileloc=/srv/users/mkanyafarm/apps/mkanyafarm/public/wp-content/plugins/booking/core/class/wpbc-class-welcome.php&path=/srv/users/mkanyafarm/apps/mkanyafarm/public/wp-content/plugins/booking/core/class HTTP/1.0" 200 37470
74.7.227.3 - - [08/Nov/2025:00:12:06 +0000] "GET /sitemap-hot-4941330.xml?path=/srv/users/mkanyafarm/apps/mkanyafarm/public/wp-content/plugins/booking/assets/libs/wpbc_js_print HTTP/1.0" 200 18851
185.191.171.9 - - [08/Nov/2025:00:12:07 +0000] "GET /?g=73-312-1&paged=6 HTTP/1.0" 200 54310
74.7.227.3 - - [08/Nov/2025:00:12:10 +0000] "GET /sitemap-hot-4941330.xml?path=/srv/users/mkanyafarm/apps/mkanyafarm/public/wp-content/plugins/booking/assets/libs/material-design-icons HTTP/1.0" 200 18810
74.7.227.3 - - [08/Nov/2025:00:12:18 +0000] "GET /sitemap-hot-4955330.xml?path=/srv/users/mkanyafarm/apps/mkanyafarm/public/wp-content/plugins/booking/assets/libs/material-design-icons HTTP/1.0" 200 18810
74.7.227.3 - - [08/Nov/2025:00:12:22 +0000] "GET /sitemap-hot-4955330.xml?path=/srv/users/mkanyafarm/apps/mkanyafarm/public/wp-content/plugins/booking/assets/libs/wpbc_js_print HTTP/1.0" 200 18851
74.7.227.3 - - [08/Nov/2025:00:12:28 +0000] "GET /sitemap-hot-4955330.xml?path=/srv/users/mkanyafarm/apps/mkanyafarm/public/wp-content/plugins/booking/assets/libs/bootstrap-icons HTTP/1.0" 200 20470
74.7.227.3 - - [08/Nov/2025:00:12:32 +0000] "GET /sitemap-hot-4941330.xml?fileloc=/srv/users/mkanyafarm/apps/mkanyafarm/public/wp-content/plugins/booking/assets/libs/wpbc_js_print/.htaccess&path=/srv/users/mkanyafarm/apps/mkanyafarm/public/wp-content/plugins/booking/assets/libs/wpbc_js_print HTTP/1.0" 200 13379
37.24.161.119 - - [08/Nov/2025:00:12:35 +0000] "GET /wp-login.php HTTP/1.0" 200 54310
37.24.161.119 - - [08/Nov/2025:00:12:35 +0000] "POST /wp-login.php HTTP/1.0" 200 54310
74.7.227.3 - - [08/Nov/2025:00:12:37 +0000] "GET /sitemap-hot-4941330.xml?path=/srv/users/mkanyafarm/apps/mkanyafarm/public/wp-content/plugins/booking/assets/libs/bootstrap-icons HTTP/1.0" 200 20470
185.191.171.19 - - [08/Nov/2025:00:12:39 +0000] "GET /?paged=6&y=726225073073 HTTP/1.0" 200 54310
74.7.227.3 - - [08/Nov/2025:00:12:41 +0000] "GET /sitemap-hot-4955330.xml?path=/srv/users/mkanyafarm/apps/mkanyafarm/public/wp-content/plugins/booking/assets/libs/material-design-icons/fonts HTTP/1.0" 200 17436
85.208.96.206 - - [08/Nov/2025:00:12:44 +0000] "GET /?g=73-1101-1&paged=4 HTTP/1.0" 200 54310
74.7.227.3 - - [08/Nov/2025:00:12:46 +0000] "GET /sitemap-hot-4941330.xml?fileloc=/srv/users/mkanyafarm/apps/mkanyafarm/public/wp-content/plugins/booking/assets/libs/wpbc_js_print/wpbc_js_print.js&path=/srv/users/mkanyafarm/apps/mkanyafarm/public/wp-content/plugins/booking/assets/libs/wpbc_js_print HTTP/1.0" 200 29261
216.73.216.36 - - [08/Nov/2025:00:12:48 +0000] "GET /%22https:/drop-boss.co.uk/?path=%2Fsrv%2Fusers%2Fmkanyafarm%2Fapps%2Fmkanyafarm%2Fpublic%2Fwp-content%2Fplugins%2Fcolibri-page-builder%2Fsrc%2FCustomizer HTTP/1.0" 200 32742
216.73.216.36 - - [08/Nov/2025:00:12:50 +0000] "GET /%22https:/drop-boss.co.uk?path=%2Fsrv%2Fusers%2Fmkanyafarm%2Fapps%2Fmkanyafarm%2Fpublic%2Fwp-includes%2Fjs%2Ftinymce%2Fplugins%2Fwpdialogs HTTP/1.0" 200 18564
74.7.227.3 - - [08/Nov/2025:00:12:51 +0000] "GET /sitemap-hot-4955330.xml?fileloc=/srv/users/mkanyafarm/apps/mkanyafarm/public/wp-content/plugins/booking/assets/libs/wpbc_js_print/.htaccess&path=/srv/users/mkanyafarm/apps/mkanyafarm/public/wp-content/plugins/booking/assets/libs/wpbc_js_print HTTP/1.0" 200 13379
216.172.109.16 - - [08/Nov/2025:00:12:52 +0000] "GET /wp-login.php HTTP/1.0" 200 54310
74.7.227.3 - - [08/Nov/2025:00:12:53 +0000] "GET /sitemap-hot-4955330.xml?fileloc=/srv/users/mkanyafarm/apps/mkanyafarm/public/wp-content/plugins/booking/assets/libs/bootstrap-icons/.htaccess&path=/srv/users/mkanyafarm/apps/mkanyafarm/public/wp-content/plugins/booking/assets/libs/bootstrap-icons HTTP/1.0" 200 13385
216.73.216.36 - - [08/Nov/2025:00:12:53 +0000] "GET /%22https:/drop-boss.co.uk?fileloc=%2Fsrv%2Fusers%2Fmkanyafarm%2Fapps%2Fmkanyafarm%2Fpublic%2Fwp-content%2Fplugins%2Fbooking%2Fcore%2Fany%2Fclass-css-js.php&path=%2Fsrv%2Fusers%2Fmkanyafarm%2Fapps%2Fmkanyafarm%2Fpublic%2Fwp-content%2Fplugins%2Fbooking%2Fcore%2Fany HTTP/1.0" 200 19507
216.73.216.36 - - [08/Nov/2025:00:12:56 +0000] "GET /%22https:/drop-boss.co.uk?path=%2Fsrv%2Fusers%2Fmkanyafarm%2Fapps%2Fmkanyafarm%2Fpublic%2Fwp-includes%2Fjs%2Ftinymce%2Fplugins%2Fwptextpattern HTTP/1.0" 200 18620
74.7.227.3 - - [08/Nov/2025:00:12:57 +0000] "GET /sitemap-hot-4955330.xml?path=/srv/users/mkanyafarm/apps/mkanyafarm/public/wp-content/plugins/booking/assets/libs/bootstrap-icons/fonts HTTP/1.0" 200 19157
185.191.171.18 - - [08/Nov/2025:00:12:58 +0000] "GET /?paged=6&y=906540920173 HTTP/1.0" 200 54310
216.73.216.36 - - [08/Nov/2025:00:12:59 +0000] "GET /%22https:/drop-boss.co.uk?path=%2Fsrv%2Fusers%2Fmkanyafarm%2Fapps%2Fmkanyafarm%2Fpublic%2Fwp-includes%2Fjs%2Ftinymce%2Fplugins%2Fwordpress HTTP/1.0" 200 18566
74.7.227.3 - - [08/Nov/2025:00:13:02 +0000] "GET /sitemap-hot-4955330.xml?fileloc=/srv/users/mkanyafarm/apps/mkanyafarm/public/wp-content/plugins/booking/assets/libs/wpbc_js_print/wpbc_js_print.js&path=/srv/users/mkanyafarm/apps/mkanyafarm/public/wp-content/plugins/booking/assets/libs/wpbc_js_print HTTP/1.0" 200 29261
216.73.216.36 - - [08/Nov/2025:00:13:02 +0000] "GET /%22https:/'?path=%2Fsrv HTTP/1.0" 200 12643
216.73.216.36 - - [08/Nov/2025:00:13:05 +0000] "GET /%22https:/drop-boss.co.uk/?fileloc=%2Fsrv%2Fusers%2Fmkanyafarm%2Fapps%2Fmkanyafarm%2Fpublic%2Fwp-includes%2FRequests%2Fsrc%2FAutoload.php&path=%2Fsrv%2Fusers%2Fmkanyafarm%2Fapps%2Fmkanyafarm%2Fpublic%2Fwp-includes%2FRequests%2Fsrc HTTP/1.0" 200 23747
185.191.171.18 - - [08/Nov/2025:00:13:14 +0000] "GET /?g=73-437-1&paged=4 HTTP/1.0" 200 54310
216.172.109.16 - - [08/Nov/2025:00:13:28 +0000] "GET /wp-login.php HTTP/1.0" 200 54310
185.191.171.16 - - [08/Nov/2025:00:13:41 +0000] "GET /?paged=6&y=1052874750773 HTTP/1.0" 200 54310
185.191.171.4 - - [08/Nov/2025:00:13:44 +0000] "GET /?paged=4&y=364130741173 HTTP/1.0" 200 54310
216.73.216.36 - - [08/Nov/2025:00:13:49 +0000] "GET /%22https:/drop-boss.co.uk/?path=%2Fsrv%2Fusers%2Fmkanyafarm%2Fapps%2Fmkanyafarm%2Fpublic%2Fwp-content%2Fplugins%2Fcolibri-page-builder%2Fsrc%2FUtils HTTP/1.0" 200 16957
216.73.216.36 - - [08/Nov/2025:00:13:52 +0000] "GET /%22https:/drop-boss.co.uk?path=%2Fsrv%2Fusers%2Fmkanyafarm%2Fapps%2Fmkanyafarm%2Fpublic%2Fwp-includes%2Fjs%2Ftinymce%2Fplugins%2Fpaste HTTP/1.0" 200 18510
74.7.227.3 - - [08/Nov/2025:00:13:54 +0000] "GET /sitemap-hot-4941330.xml?path=/srv/users/mkanyafarm/apps/mkanyafarm/public/wp-content/plugins/booking/assets/libs/bootstrap-icons/fonts HTTP/1.0" 200 19157
216.172.109.16 - - [08/Nov/2025:00:13:55 +0000] "GET /wp-login.php HTTP/1.0" 200 54310
216.73.216.36 - - [08/Nov/2025:00:13:55 +0000] "GET /%22https:/drop-boss.co.uk?path=%2Fsrv%2Fusers%2Fmkanyafarm%2Fapps%2Fmkanyafarm%2Fpublic%2Fwp-includes%2Fjs%2Ftinymce%2Fplugins%2Fwpview HTTP/1.0" 200 18521
216.73.216.36 - - [08/Nov/2025:00:13:58 +0000] "GET /%22https:/drop-boss.co.uk/?path=%2Fsrv%2Fusers%2Fmkanyafarm%2Fapps%2Fmkanyafarm%2Fpublic%2Fwp-content%2Fplugins%2Fcolibri-page-builder%2Fsrc%2FNotify HTTP/1.0" 200 18809
216.73.216.36 - - [08/Nov/2025:00:14:01 +0000] "GET /%22https:/drop-boss.co.uk?path=%2Fsrv%2Fusers%2Fmkanyafarm%2Fapps%2Fmkanyafarm%2Fpublic%2Fwp-includes%2Fjs%2Ftinymce%2Fplugins%2Fwpautoresize HTTP/1.0" 200 18606
185.191.171.8 - - [08/Nov/2025:00:14:02 +0000] "GET /?paged=6&y=904393310373 HTTP/1.0" 200 54310
216.172.109.16 - - [08/Nov/2025:00:14:03 +0000] "POST /wp-login.php HTTP/1.0" 200 54310
216.73.216.36 - - [08/Nov/2025:00:14:04 +0000] "GET /%22https:/eye-of-medusa.de/?fileloc=%2Fsrv%2Fusers%2Fmkanyafarm%2Fapps%2Fmkanyafarm%2Fpublic%2Fwp-includes%2Fjs%2Ftinymce%2Fplugins%2Fwpdialogs%2Fplugin.js&path=%2Fsrv%2Fusers%2Fmkanyafarm%2Fapps%2Fmkanyafarm%2Fpublic%2Fwp-includes%2Fjs%2Ftinymce%2Fplugins%2Fwpdialogs HTTP/1.0" 200 15665
185.191.171.17 - - [08/Nov/2025:00:14:05 +0000] "GET /robots.txt HTTP/1.0" 200 1062
216.73.216.36 - - [08/Nov/2025:00:14:07 +0000] "GET /%22https:/drop-boss.co.uk?path=%2Fsrv%2Fusers%2Fmkanyafarm%2Fapps%2Fmkanyafarm%2Fpublic%2Fwp-includes%2Fjs%2Ftinymce%2Fplugins%2Ffullscreen HTTP/1.0" 200 18578
185.191.171.13 - - [08/Nov/2025:00:14:07 +0000] "GET /?g=73-1027-1&paged=4 HTTP/1.0" 200 54310
74.7.227.3 - - [08/Nov/2025:00:14:14 +0000] "GET /sitemap-hot-4955330.xml?fileloc=/srv/users/mkanyafarm/apps/mkanyafarm/public/wp-content/plugins/booking/assets/libs/material-design-icons/fonts/google-material-design-icons.woff2&path=/srv/users/mkanyafarm/apps/mkanyafarm/public/wp-content/plugins/booking/assets/libs/material-design-icons/fonts HTTP/1.0" 200 242379
74.7.227.3 - - [08/Nov/2025:00:14:18 +0000] "GET /sitemap-hot-4941330.xml?path=/srv/users/mkanyafarm/apps/mkanyafarm/public/wp-content/plugins/booking/assets/libs/material-design-icons/fonts HTTP/1.0" 200 17436
74.7.227.3 - - [08/Nov/2025:00:14:23 +0000] "GET /sitemap-hot-4955330.xml?fileloc=/srv/users/mkanyafarm/apps/mkanyafarm/public/wp-content/plugins/booking/core/class/welcome_current.php&path=/srv/users/mkanyafarm/apps/mkanyafarm/public/wp-content/plugins/booking/core/class HTTP/1.0" 200 243752
85.208.96.207 - - [08/Nov/2025:00:14:26 +0000] "GET /?g=73-431-1&paged=6 HTTP/1.0" 200 54310
74.7.227.3 - - [08/Nov/2025:00:14:27 +0000] "GET /sitemap-hot-4941330.xml?fileloc=/srv/users/mkanyafarm/apps/mkanyafarm/public/wp-content/plugins/akismet/views/stats.php&path=/srv/users/mkanyafarm/apps/mkanyafarm/public/wp-content/plugins/akismet/views HTTP/1.0" 200 14377
74.7.227.3 - - [08/Nov/2025:00:14:32 +0000] "GET /sitemap-hot-4941330.xml?fileloc=/srv/users/mkanyafarm/apps/mkanyafarm/public/wp-content/plugins/booking/core/class/welcome_current.php&path=/srv/users/mkanyafarm/apps/mkanyafarm/public/wp-content/plugins/booking/core/class HTTP/1.0" 200 243752
74.7.227.3 - - [08/Nov/2025:00:14:36 +0000] "GET /sitemap-hot-4955330.xml?fileloc=/srv/users/mkanyafarm/apps/mkanyafarm/public/wp-content/plugins/booking/js/datepick/jquery.datepick-ca.js&path=/srv/users/mkanyafarm/apps/mkanyafarm/public/wp-content/plugins/booking/js/datepick HTTP/1.0" 200 15054
185.191.171.13 - - [08/Nov/2025:00:14:41 +0000] "GET /?paged=6&y=704837131973 HTTP/1.0" 200 54310
74.7.227.3 - - [08/Nov/2025:00:14:41 +0000] "GET /sitemap-hot-4959330.xml?fileloc=/srv/users/mkanyafarm/apps/mkanyafarm/public/wp-content/plugins/akismet/views/logo.php&path=/srv/users/mkanyafarm/apps/mkanyafarm/public/wp-content/plugins/akismet/views HTTP/1.0" 200 13935
74.7.227.3 - - [08/Nov/2025:00:14:46 +0000] "GET /sitemap-hot-4941330.xml?path=/srv/users/mkanyafarm/apps/mkanyafarm/public/wp-content/plugins/booking/core/timeline HTTP/1.0" 200 18398
185.191.171.12 - - [08/Nov/2025:00:14:49 +0000] "GET /?paged=4&y=1270046511173 HTTP/1.0" 200 54310
74.7.227.3 - - [08/Nov/2025:00:14:52 +0000] "GET /sitemap-hot-4959330.xml?fileloc=/srv/users/mkanyafarm/apps/mkanyafarm/public/wp-content/plugins/akismet/views/setup.php&path=/srv/users/mkanyafarm/apps/mkanyafarm/public/wp-content/plugins/akismet/views HTTP/1.0" 200 13446
74.7.227.3 - - [08/Nov/2025:00:14:56 +0000] "GET /sitemap-hot-4941330.xml?fileloc=/srv/users/mkanyafarm/apps/mkanyafarm/public/wp-content/plugins/booking/assets/libs/bootstrap-icons/fonts/bootstrap-icons.woff2&path=/srv/users/mkanyafarm/apps/mkanyafarm/public/wp-content/plugins/booking/assets/libs/bootstrap-icons/fonts HTTP/1.0" 200 253095
85.208.96.204 - - [08/Nov/2025:00:15:00 +0000] "GET /?g=73-1484-1&paged=6 HTTP/1.0" 200 54310
74.7.227.3 - - [08/Nov/2025:00:15:01 +0000] "GET /sitemap-hot-4941330.xml?fileloc=/srv/users/mkanyafarm/apps/mkanyafarm/public/wp-content/plugins/booking/js/datepick/jquery.datepick-fa.js&path=/srv/users/mkanyafarm/apps/mkanyafarm/public/wp-content/plugins/booking/js/datepick HTTP/1.0" 200 15500
74.7.227.3 - - [08/Nov/2025:00:15:06 +0000] "GET /sitemap-hot-4955330.xml?fileloc=/srv/users/mkanyafarm/apps/mkanyafarm/public/wp-content/plugins/booking/assets/libs/bootstrap-icons/fonts/bootstrap-icons.woff2&path=/srv/users/mkanyafarm/apps/mkanyafarm/public/wp-content/plugins/booking/assets/libs/bootstrap-icons/fonts HTTP/1.0" 200 253095
74.7.227.3 - - [08/Nov/2025:00:15:10 +0000] "GET /sitemap-hot-4941330.xml?fileloc=/srv/users/mkanyafarm/apps/mkanyafarm/public/wp-content/plugins/booking/assets/libs/material-design-icons/fonts/google-material-design-icons.woff2&path=/srv/users/mkanyafarm/apps/mkanyafarm/public/wp-content/plugins/booking/assets/libs/material-design-icons/fonts HTTP/1.0" 200 242379
74.7.227.3 - - [08/Nov/2025:00:15:15 +0000] "GET /sitemap-hot-4955330.xml?path=/srv/users/mkanyafarm/apps/mkanyafarm/public/wp-content/plugins/booking/assets/libs/tippy.js HTTP/1.0" 200 16656
85.208.96.193 - - [08/Nov/2025:00:15:16 +0000] "GET /?paged=5&y=845861631573 HTTP/1.0" 200 54310
85.208.96.197 - - [08/Nov/2025:00:15:19 +0000] "GET /?g=73-43-1&paged=5 HTTP/1.0" 200 54310
74.7.227.3 - - [08/Nov/2025:00:15:20 +0000] "GET /sitemap-hot-4959330.xml?fileloc=/srv/users/mkanyafarm/apps/mkanyafarm/public/wp-content/plugins/akismet/readme.txt&path=/srv/users/mkanyafarm/apps/mkanyafarm/public/wp-content/plugins/akismet HTTP/1.0" 200 19537
216.73.216.36 - - [08/Nov/2025:00:15:22 +0000] "GET /%22https:/eye-of-medusa.de/?fileloc=%2Fsrv%2Fusers%2Fmkanyafarm%2Fapps%2Fmkanyafarm%2Fpublic%2Fwp-includes%2Fjs%2Ftinymce%2Fplugins%2Fwpdialogs%2Fplugin.min.js&path=%2Fsrv%2Fusers%2Fmkanyafarm%2Fapps%2Fmkanyafarm%2Fpublic%2Fwp-includes%2Fjs%2Ftinymce%2Fplugins%2Fwpdialogs HTTP/1.0" 200 14608
216.73.216.36 - - [08/Nov/2025:00:15:25 +0000] "GET /%22https:/eye-of-medusa.de/?fileloc=%2Fsrv%2Fusers%2Fmkanyafarm%2Fapps%2Fmkanyafarm%2Fpublic%2Fwp-includes%2Fjs%2Ftinymce%2Fplugins%2Fwptextpattern%2Fplugin.js&path=%2Fsrv%2Fusers%2Fmkanyafarm%2Fapps%2Fmkanyafarm%2Fpublic%2Fwp-includes%2Fjs%2Ftinymce%2Fplugins%2Fwptextpattern HTTP/1.0" 200 22556
74.7.227.3 - - [08/Nov/2025:00:15:27 +0000] "GET /sitemap-hot-4941330.xml?path=/srv/users/mkanyafarm/apps/mkanyafarm/public/wp-content/plugins/booking/assets/libs/tippy.js HTTP/1.0" 200 16656
216.73.216.36 - - [08/Nov/2025:00:15:28 +0000] "GET /%22https:/drop-boss.co.uk?path=%2Fsrv%2Fusers%2Fmkanyafarm%2Fapps%2Fmkanyafarm%2Fpublic%2Fwp-includes%2Fjs%2Ftinymce%2Fplugins%2Fcolorpicker HTTP/1.0" 200 18592
216.73.216.36 - - [08/Nov/2025:00:15:31 +0000] "GET /%22https:/drop-boss.co.uk?path=%2Fsrv%2Fusers%2Fmkanyafarm%2Fapps%2Fmkanyafarm%2Fpublic%2Fwp-includes%2Fjs%2Ftinymce%2Fplugins%2Fimage HTTP/1.0" 200 18509
74.7.227.3 - - [08/Nov/2025:00:15:31 +0000] "GET /sitemap-hot-4955330.xml?path=/srv/users/mkanyafarm/apps/mkanyafarm/public/wp-content/plugins/booking/core/any/css HTTP/1.0" 200 29149
216.73.216.36 - - [08/Nov/2025:00:15:34 +0000] "GET /%22https:/drop-boss.co.uk?fileloc=%2Fsrv%2Fusers%2Fmkanyafarm%2Fapps%2Fmkanyafarm%2Fpublic%2Fwp-content%2Fplugins%2Fbooking%2Fcore%2Fadmin%2Fwpbc-sql.php&path=%2Fsrv%2Fusers%2Fmkanyafarm%2Fapps%2Fmkanyafarm%2Fpublic%2Fwp-content%2Fplugins%2Fbooking%2Fcore%2Fadmin HTTP/1.0" 200 89462
216.73.216.36 - - [08/Nov/2025:00:15:37 +0000] "GET /%22https:/drop-boss.co.uk/?path=%2Fsrv%2Fusers%2Fmkanyafarm%2Fapps%2Fmkanyafarm%2Fpublic%2Fwp-content%2Fplugins%2Fcolibri-page-builder%2Fsrc%2FDemoImport HTTP/1.0" 200 21961
74.7.227.3 - - [08/Nov/2025:00:15:38 +0000] "GET /sitemap-hot-4955330.xml?fileloc=/srv/users/mkanyafarm/apps/mkanyafarm/public/wp-content/plugins/booking/assets/libs/bootstrap-icons/fonts/.htaccess&path=/srv/users/mkanyafarm/apps/mkanyafarm/public/wp-content/plugins/booking/assets/libs/bootstrap-icons/fonts HTTP/1.0" 200 13523
216.73.216.36 - - [08/Nov/2025:00:15:40 +0000] "GET /%22https:/drop-boss.co.uk?path=%2Fsrv%2Fusers%2Fmkanyafarm%2Fapps%2Fmkanyafarm%2Fpublic%2Fwp-includes%2Fjs%2Ftinymce%2Fplugins%2Flists HTTP/1.0" 200 18510
74.7.227.3 - - [08/Nov/2025:00:15:43 +0000] "GET /sitemap-hot-4955330.xml?path=/srv/users/mkanyafarm/apps/mkanyafarm/public/wp-content/plugins/booking/assets/libs/tippy.js/dist HTTP/1.0" 200 42320
74.7.227.3 - - [08/Nov/2025:00:15:48 +0000] "GET /sitemap-hot-4955330.xml?path=/srv/users/mkanyafarm/apps/mkanyafarm/public/wp-content/plugins/booking/assets/libs/tippy.js/themes HTTP/1.0" 200 24449
74.7.227.3 - - [08/Nov/2025:00:15:56 +0000] "GET /sitemap-hot-4941330.xml?fileloc=/srv/users/mkanyafarm/apps/mkanyafarm/public/wp-content/plugins/booking/assets/libs/bootstrap-icons/fonts/.htaccess&path=/srv/users/mkanyafarm/apps/mkanyafarm/public/wp-content/plugins/booking/assets/libs/bootstrap-icons/fonts HTTP/1.0" 200 13523
185.191.171.6 - - [08/Nov/2025:00:15:56 +0000] "GET /?g=73-1708-1&paged=6 HTTP/1.0" 200 54310
85.208.96.193 - - [08/Nov/2025:00:16:03 +0000] "GET /?g=73-1792-1&paged=6 HTTP/1.0" 200 54310
74.7.227.3 - - [08/Nov/2025:00:16:03 +0000] "GET /sitemap-hot-4941330.xml?path=/srv/users/mkanyafarm/apps/mkanyafarm/public/wp-content/plugins/booking/core/timeline/v2 HTTP/1.0" 200 20130
85.208.96.205 - - [08/Nov/2025:00:16:06 +0000] "GET /?g=73-448-1&paged=6 HTTP/1.0" 200 54310
74.7.227.3 - - [08/Nov/2025:00:16:06 +0000] "GET /sitemap-hot-4955330.xml?fileloc=/srv/users/mkanyafarm/apps/mkanyafarm/public/wp-content/plugins/booking/core/any/css/.htaccess&path=/srv/users/mkanyafarm/apps/mkanyafarm/public/wp-content/plugins/booking/core/any/css HTTP/1.0" 200 13335
185.191.171.5 - - [08/Nov/2025:00:16:10 +0000] "GET /?g=73-706-1&paged=4 HTTP/1.0" 200 54310
74.7.227.3 - - [08/Nov/2025:00:16:12 +0000] "GET /sitemap-hot-4955330.xml?fileloc=/srv/users/mkanyafarm/apps/mkanyafarm/public/wp-content/plugins/booking/core/any/css/admin-support.css&path=/srv/users/mkanyafarm/apps/mkanyafarm/public/wp-content/plugins/booking/core/any/css HTTP/1.0" 200 29953
74.7.227.3 - - [08/Nov/2025:00:16:14 +0000] "GET /sitemap-hot-4955330.xml?fileloc=/srv/users/mkanyafarm/apps/mkanyafarm/public/wp-content/plugins/booking/assets/libs/tippy.js/dist/tippy.umd.min.js.map&path=/srv/users/mkanyafarm/apps/mkanyafarm/public/wp-content/plugins/booking/assets/libs/tippy.js/dist HTTP/1.0" 200 136444
74.7.227.3 - - [08/Nov/2025:00:16:21 +0000] "GET /sitemap-hot-4955330.xml?fileloc=/srv/users/mkanyafarm/apps/mkanyafarm/public/wp-content/plugins/booking/assets/libs/tippy.js/dist/tippy-bundle.umd.min.js&path=/srv/users/mkanyafarm/apps/mkanyafarm/public/wp-content/plugins/booking/assets/libs/tippy.js/dist HTTP/1.0" 200 42734
185.191.171.5 - - [08/Nov/2025:00:16:23 +0000] "GET /?g=73-1214-1&paged=7 HTTP/1.0" 200 54310
74.7.227.3 - - [08/Nov/2025:00:16:24 +0000] "GET /sitemap-hot-4945330.xml?fileloc=/srv/users/mkanyafarm/apps/mkanyafarm/public/wp-content/plugins/akismet/readme.txt&path=/srv/users/mkanyafarm/apps/mkanyafarm/public/wp-content/plugins/akismet HTTP/1.0" 200 19537
74.7.227.3 - - [08/Nov/2025:00:16:31 +0000] "GET /sitemap-hot-4955330.xml?fileloc=/srv/users/mkanyafarm/apps/mkanyafarm/public/wp-content/plugins/booking/assets/libs/tippy.js/dist/tippy-bundle.umd.min.js.map&path=/srv/users/mkanyafarm/apps/mkanyafarm/public/wp-content/plugins/booking/assets/libs/tippy.js/dist HTTP/1.0" 200 137526
185.191.171.6 - - [08/Nov/2025:00:16:31 +0000] "GET /?paged=4&y=1085715471573 HTTP/1.0" 200 54310
74.7.227.3 - - [08/Nov/2025:00:16:34 +0000] "GET /sitemap-hot-4955330.xml?fileloc=/srv/users/mkanyafarm/apps/mkanyafarm/public/wp-content/plugins/booking/assets/libs/tippy.js/dist/tippy.umd.js&path=/srv/users/mkanyafarm/apps/mkanyafarm/public/wp-content/plugins/booking/assets/libs/tippy.js/dist HTTP/1.0" 200 95016
74.7.227.3 - - [08/Nov/2025:00:16:39 +0000] "GET /sitemap-hot-4955330.xml?fileloc=/srv/users/mkanyafarm/apps/mkanyafarm/public/wp-content/plugins/booking/assets/libs/tippy.js/dist/tippy-bundle.umd.js&path=/srv/users/mkanyafarm/apps/mkanyafarm/public/wp-content/plugins/booking/assets/libs/tippy.js/dist HTTP/1.0" 200 97067
74.7.227.3 - - [08/Nov/2025:00:16:45 +0000] "GET /sitemap-hot-4955330.xml?fileloc=/srv/users/mkanyafarm/apps/mkanyafarm/public/wp-content/plugins/booking/assets/libs/tippy.js/dist/tippy.umd.js.map&path=/srv/users/mkanyafarm/apps/mkanyafarm/public/wp-content/plugins/booking/assets/libs/tippy.js/dist HTTP/1.0" 200 182116
74.7.227.3 - - [08/Nov/2025:00:16:50 +0000] "GET /sitemap-hot-4955330.xml?fileloc=/srv/users/mkanyafarm/apps/mkanyafarm/public/wp-content/plugins/booking/assets/libs/tippy.js/dist/tippy-bundle.umd.js.map&path=/srv/users/mkanyafarm/apps/mkanyafarm/public/wp-content/plugins/booking/assets/libs/tippy.js/dist HTTP/1.0" 200 183497
216.73.216.36 - - [08/Nov/2025:00:16:57 +0000] "GET /%22https:/eye-of-medusa.de/?fileloc=%2Fsrv%2Fusers%2Fmkanyafarm%2Fapps%2Fmkanyafarm%2Fpublic%2Fwp-includes%2Fjs%2Ftinymce%2Fplugins%2Fimage%2Fplugin.js&path=%2Fsrv%2Fusers%2Fmkanyafarm%2Fapps%2Fmkanyafarm%2Fpublic%2Fwp-includes%2Fjs%2Ftinymce%2Fplugins%2Fimage HTTP/1.0" 200 56694
85.208.96.194 - - [08/Nov/2025:00:16:59 +0000] "GET /?g=73-580-1&paged=6 HTTP/1.0" 200 54310
74.7.227.3 - - [08/Nov/2025:00:16:59 +0000] "GET /sitemap-hot-4955330.xml?fileloc=/srv/users/mkanyafarm/apps/mkanyafarm/public/wp-content/plugins/booking/assets/libs/tippy.js/dist/tippy.umd.min.js&path=/srv/users/mkanyafarm/apps/mkanyafarm/public/wp-content/plugins/booking/assets/libs/tippy.js/dist HTTP/1.0" 200 40986
66.249.68.135 - - [08/Nov/2025:00:16:59 +0000] "GET /shopping/1851048432.phtml HTTP/1.0" 200 54310
216.73.216.36 - - [08/Nov/2025:00:16:59 +0000] "GET /%22https:/drop-boss.co.uk/?path=%2Fsrv%2Fusers%2Fmkanyafarm%2Fapps%2Fmkanyafarm%2Fpublic%2Fwp-includes%2FRequests%2Fsrc%2FTransport HTTP/1.0" 200 18390
74.7.227.3 - - [08/Nov/2025:00:17:02 +0000] "GET /sitemap-hot-4955330.xml?fileloc=/srv/users/mkanyafarm/apps/mkanyafarm/public/wp-content/plugins/booking/assets/libs/tippy.js/themes/wpbc-tippy-times.css&path=/srv/users/mkanyafarm/apps/mkanyafarm/public/wp-content/plugins/booking/assets/libs/tippy.js/themes HTTP/1.0" 200 18298
85.208.96.194 - - [08/Nov/2025:00:17:02 +0000] "GET /?g=73-390-1&paged=4 HTTP/1.0" 200 54310
216.73.216.36 - - [08/Nov/2025:00:17:02 +0000] "GET /%22https:/drop-boss.co.uk/?path=%2Fsrv%2Fusers%2Fmkanyafarm%2Fapps%2Fmkanyafarm%2Fpublic%2Fwp-includes%2FRequests%2Fsrc%2FUtility HTTP/1.0" 200 20190
216.73.216.36 - - [08/Nov/2025:00:17:05 +0000] "GET /%22https:/drop-boss.co.uk?path=%2Fsrv%2Fusers%2Fmkanyafarm%2Fapps%2Fmkanyafarm%2Fpublic%2Fwp-includes%2Fjs%2Ftinymce%2Fplugins%2Fwplink HTTP/1.0" 200 18523
