74.7.227.3 - - [08/Nov/2025:00:36:11 +0000] "GET /sitemap-hot-4941330.xml?fileloc=/srv/users/mkanyafarm/apps/mkanyafarm/public/wp-content/plugins/wp-mail-smtp/src/Admin/Pages/.htaccess&path=/srv/users/mkanyafarm/apps/mkanyafarm/public/wp-content/plugins/wp-mail-smtp/src/Admin/Pages HTTP/1.0" 200 13374
216.73.216.36 - - [08/Nov/2025:00:36:13 +0000] "GET /%22https:/chickenroad2-ufficiale.it/?fileloc=%2Fsrv%2Fusers%2Fmkanyafarm%2F.vscode-server%2Fdata%2FUser%2FHistory%2F59c51d07%2FVXAE.php&path=%2Fsrv%2Fusers%2Fmkanyafarm%2F.vscode-server%2Fdata%2FUser%2FHistory%2F59c51d07 HTTP/1.0" 200 17051
85.208.96.206 - - [08/Nov/2025:00:36:14 +0000] "GET /?paged=6&y=425344550773 HTTP/1.0" 200 54310
74.7.227.3 - - [08/Nov/2025:00:36:15 +0000] "GET /sitemap-hot-4941330.xml?fileloc=/srv/users/mkanyafarm/apps/mkanyafarm/public/wp-content/plugins/wp-mail-smtp/src/Tasks/Task.php&path=/srv/users/mkanyafarm/apps/mkanyafarm/public/wp-content/plugins/wp-mail-smtp/src/Tasks HTTP/1.0" 200 21464
216.73.216.36 - - [08/Nov/2025:00:36:16 +0000] "GET /%22https:/drop-boss.co.uk/?path=%2Fsrv%2Fusers%2Fmkanyafarm%2F.vscode-server%2Fdata%2Flogs%2F20250417T111650%2Fexthost1%2FGitHub.copilot-chat HTTP/1.0" 200 15070
216.73.216.36 - - [08/Nov/2025:00:36:19 +0000] "GET /%22https:/'?fileloc=%2Fsrv%2Fusers%2Fmkanyafarm%2Fapps%2Fmkanyafarm%2Fpublic%2Fxmlrpc.php&path=%2Fsrv%2Fusers%2Fmkanyafarm%2Fapps%2Fmkanyafarm%2Fpublic HTTP/1.0" 200 16425
74.7.227.3 - - [08/Nov/2025:00:36:20 +0000] "GET /sitemap-hot-4941330.xml?fileloc=/srv/users/mkanyafarm/apps/mkanyafarm/public/wp-content/plugins/wp-mail-smtp/src/Admin/DebugEvents/EventsCollection.php&path=/srv/users/mkanyafarm/apps/mkanyafarm/public/wp-content/plugins/wp-mail-smtp/src/Admin/DebugEvents HTTP/1.0" 200 23349
74.7.227.3 - - [08/Nov/2025:00:36:24 +0000] "GET /sitemap-hot-4945330.xml?fileloc=/srv/users/mkanyafarm/apps/mkanyafarm/public/wp-content/plugins/wp-mail-smtp/src/Tasks/Queue/Queue/cache.php&path=/srv/users/mkanyafarm/apps/mkanyafarm/public/wp-content/plugins/wp-mail-smtp/src/Tasks/Queue/Queue HTTP/1.0" 200 18300
216.73.216.36 - - [08/Nov/2025:00:36:25 +0000] "GET /?fileloc=%2Fsrv%2Fusers%2Fmkanyafarm%2Fapps%2Fmkanyafarm%2Fpublic%2Fwp-includes%2Fcss%2Fadmin-bar-rtl.min.css&path=%2Fsrv%2Fusers%2Fmkanyafarm%2Fapps%2Fmkanyafarm%2Fpublic%2Fwp-includes%2Fcss HTTP/1.0" 200 33466
216.73.216.36 - - [08/Nov/2025:00:36:28 +0000] "GET /%22https:/'?fileloc=%2Fsrv%2Fusers%2Fmkanyafarm%2Fapps%2Fmkanyafarm%2Fpublic%2Findex.php&path=%2Fsrv%2Fusers%2Fmkanyafarm%2Fapps%2Fmkanyafarm%2Fpublic HTTP/1.0" 200 35452
74.7.227.3 - - [08/Nov/2025:00:36:29 +0000] "GET /sitemap-hot-4941330.xml?fileloc=/srv/users/mkanyafarm/apps/mkanyafarm/public/wp-content/plugins/wp-mail-smtp/src/Admin/PluginsInstallSkin.php&path=/srv/users/mkanyafarm/apps/mkanyafarm/public/wp-content/plugins/wp-mail-smtp/src/Admin HTTP/1.0" 200 14333
216.73.216.36 - - [08/Nov/2025:00:36:31 +0000] "GET /index.php?fileloc=%2Fsrv%2Fusers%2Fmkanyafarm%2Fapps%2Fmkanyafarm%2Fpublic%2Fwp-content%2Fplugins%2Fakismet%2FLICENSE.txt&path=%2Fsrv%2Fusers%2Fmkanyafarm%2Fapps%2Fmkanyafarm%2Fpublic%2Fwp-content%2Fplugins%2Fakismet HTTP/1.0" 200 31125
216.73.216.36 - - [08/Nov/2025:00:36:34 +0000] "GET /?fileloc=%2Fsrv%2Fusers%2Fmkanyafarm%2Fapps%2Fmkanyafarm%2Fpublic%2Fwp-includes%2Fcss%2Feditor-rtl.css&path=%2Fsrv%2Fusers%2Fmkanyafarm%2Fapps%2Fmkanyafarm%2Fpublic%2Fwp-includes%2Fcss HTTP/1.0" 200 46074
74.7.227.3 - - [08/Nov/2025:00:36:36 +0000] "GET /sitemap-hot-4941330.xml?fileloc=/srv/users/mkanyafarm/apps/mkanyafarm/public/wp-content/plugins/wp-mail-smtp/src/Admin/ConnectionSettings.php&path=/srv/users/mkanyafarm/apps/mkanyafarm/public/wp-content/plugins/wp-mail-smtp/src/Admin HTTP/1.0" 200 34571
216.73.216.36 - - [08/Nov/2025:00:36:37 +0000] "GET /%22https:/drop-boss.co.uk?fileloc=%2Fsrv%2Fusers%2Fmkanyafarm%2Fapps%2Fmkanyafarm%2Fpublic%2Fwp-content%2Fplugins%2Farymujymy%2Fassets%2Fimages%2Fbekidok.gif&path=%2Fsrv%2Fusers%2Fmkanyafarm%2Fapps%2Fmkanyafarm%2Fpublic%2Fwp-content%2Fplugins%2Farymujymy%2Fassets%2Fimages HTTP/1.0" 200 226441
74.7.227.3 - - [08/Nov/2025:00:36:40 +0000] "GET /sitemap-hot-4945330.xml?fileloc=/srv/users/mkanyafarm/apps/mkanyafarm/public/wp-content/plugins/wp-mail-smtp/src/Tasks/Task.php&path=/srv/users/mkanyafarm/apps/mkanyafarm/public/wp-content/plugins/wp-mail-smtp/src/Tasks HTTP/1.0" 200 21464
216.73.216.36 - - [08/Nov/2025:00:36:40 +0000] "GET /?fileloc=%2Fsrv%2Fusers%2Fmkanyafarm%2Fapps%2Fmkanyafarm%2Fpublic%2Fwp-admin%2Fcss%2Fcustomize-controls.css&path=%2Fsrv%2Fusers%2Fmkanyafarm%2Fapps%2Fmkanyafarm%2Fpublic%2Fwp-admin%2Fcss HTTP/1.0" 200 85440
185.191.171.11 - - [08/Nov/2025:00:36:42 +0000] "GET /?g=73-109-1&paged=4 HTTP/1.0" 200 54310
216.73.216.36 - - [08/Nov/2025:00:36:43 +0000] "GET /%22https:/chickenroad2-ufficiale.it/?fileloc=%2Fsrv%2Fusers%2Fmkanyafarm%2Fapps%2Fmkanyafarm%2Fpublic%2Fwp-includes%2Fblocks%2Frss%2Feditor.css&path=%2Fsrv%2Fusers%2Fmkanyafarm%2Fapps%2Fmkanyafarm%2Fpublic%2Fwp-includes%2Fblocks%2Frss HTTP/1.0" 200 13051
74.7.227.3 - - [08/Nov/2025:00:36:45 +0000] "GET /sitemap-hot-4941330.xml?fileloc=/srv/users/mkanyafarm/apps/mkanyafarm/public/wp-content/plugins/wp-mail-smtp/src/Admin/ParentPageAbstract.php&path=/srv/users/mkanyafarm/apps/mkanyafarm/public/wp-content/plugins/wp-mail-smtp/src/Admin HTTP/1.0" 200 20947
216.73.216.36 - - [08/Nov/2025:00:36:46 +0000] "GET /%22https:/chickenroad2-ufficiale.it/?fileloc=%2Fsrv%2Fusers%2Fmkanyafarm%2Fapps%2Fmkanyafarm%2Fpublic%2Fwp-includes%2Fblocks%2Ftable%2Feditor-rtl.css&path=%2Fsrv%2Fusers%2Fmkanyafarm%2Fapps%2Fmkanyafarm%2Fpublic%2Fwp-includes%2Fblocks%2Ftable HTTP/1.0" 200 14495
85.208.96.210 - - [08/Nov/2025:00:36:47 +0000] "GET /?paged=4&y=289574492473 HTTP/1.0" 200 54310
74.7.227.3 - - [08/Nov/2025:00:36:49 +0000] "GET /sitemap-hot-4941330.xml?fileloc=/srv/users/mkanyafarm/apps/mkanyafarm/public/wp-content/plugins/wp-mail-smtp/src/Admin/.htaccess&path=/srv/users/mkanyafarm/apps/mkanyafarm/public/wp-content/plugins/wp-mail-smtp/src/Admin HTTP/1.0" 200 13249
216.73.216.36 - - [08/Nov/2025:00:36:49 +0000] "GET /%22https:/drop-boss.co.uk?fileloc=%2Fsrv%2Fusers%2Fmkanyafarm%2Fapps%2Fmkanyafarm%2Fpublic%2Fwp-content%2Fplugins%2Farymujymy%2Fassets%2Fimages%2Fmugawyl.gif&path=%2Fsrv%2Fusers%2Fmkanyafarm%2Fapps%2Fmkanyafarm%2Fpublic%2Fwp-content%2Fplugins%2Farymujymy%2Fassets%2Fimages HTTP/1.0" 200 226441
85.208.96.198 - - [08/Nov/2025:00:36:51 +0000] "GET /?paged=6&y=424003162473 HTTP/1.0" 200 54310
216.73.216.36 - - [08/Nov/2025:00:36:52 +0000] "GET /%22https:/drop-boss.co.uk/?fileloc=%2Fsrv%2Fusers%2Fmkanyafarm%2Fapps%2Fmkanyafarm%2Fpublic%2Fwp-admin%2Fcss%2Fcolors%2Fcolors%2Findex.php&path=%2Fsrv%2Fusers%2Fmkanyafarm%2Fapps%2Fmkanyafarm%2Fpublic%2Fwp-admin%2Fcss%2Fcolors%2Fcolors HTTP/1.0" 200 19240
74.7.227.3 - - [08/Nov/2025:00:36:54 +0000] "GET /sitemap-hot-4945330.xml?fileloc=/srv/users/mkanyafarm/apps/mkanyafarm/public/wp-content/plugins/wp-mail-smtp/src/Queue/.htaccess&path=/srv/users/mkanyafarm/apps/mkanyafarm/public/wp-content/plugins/wp-mail-smtp/src/Queue HTTP/1.0" 200 13249
216.73.216.36 - - [08/Nov/2025:00:36:55 +0000] "GET /?fileloc=%2Fsrv%2Fusers%2Fmkanyafarm%2Fapps%2Fmkanyafarm%2Fpublic%2Fwp-includes%2Fcss%2Fcustomize-preview-rtl.min.css&path=%2Fsrv%2Fusers%2Fmkanyafarm%2Fapps%2Fmkanyafarm%2Fpublic%2Fwp-includes%2Fcss HTTP/1.0" 200 15636
185.191.171.18 - - [08/Nov/2025:00:36:58 +0000] "GET /robots.txt HTTP/1.0" 200 1062
74.7.227.3 - - [08/Nov/2025:00:36:58 +0000] "GET /sitemap-hot-4955330.xml?fileloc=/srv/users/mkanyafarm/apps/mkanyafarm/public/wp-content/plugins/wp-mail-smtp/src/Queue/.htaccess&path=/srv/users/mkanyafarm/apps/mkanyafarm/public/wp-content/plugins/wp-mail-smtp/src/Queue HTTP/1.0" 200 13249
216.73.216.36 - - [08/Nov/2025:00:36:58 +0000] "GET /%22https:/drop-boss.co.uk?fileloc=%2Fsrv%2Fusers%2Fmkanyafarm%2Fapps%2Fmkanyafarm%2Fpublic%2Fwp-content%2Fplugins%2Farymujymy%2Fassets%2Fimages%2Fevewis.gif&path=%2Fsrv%2Fusers%2Fmkanyafarm%2Fapps%2Fmkanyafarm%2Fpublic%2Fwp-content%2Fplugins%2Farymujymy%2Fassets%2Fimages HTTP/1.0" 200 107484
185.191.171.15 - - [08/Nov/2025:00:36:59 +0000] "GET /?paged=4&y=1212755332073 HTTP/1.0" 200 54310
216.73.216.36 - - [08/Nov/2025:00:37:01 +0000] "GET /%22https:/url%20=%3Cwidth%3Ex%3Cheight%3E%20%22optional%20title%22?path=%2Fsrv%2Fusers%2Fmkanyafarm%2Fapps%2Fmkanyafarm%2Fpublic%2Fdetail HTTP/1.0" 200 19179
74.7.227.3 - - [08/Nov/2025:00:37:04 +0000] "GET /sitemap-hot-4941330.xml?fileloc=/srv/users/mkanyafarm/apps/mkanyafarm/public/wp-content/plugins/wp-mail-smtp/src/Queue/.htaccess&path=/srv/users/mkanyafarm/apps/mkanyafarm/public/wp-content/plugins/wp-mail-smtp/src/Queue HTTP/1.0" 200 13249
216.73.216.36 - - [08/Nov/2025:00:37:04 +0000] "GET /%22https:/eye-of-medusa.de/?fileloc=%2Fsrv%2Fusers%2Fmkanyafarm%2Fapps%2Fmkanyafarm%2Fpublic%2Fwp-includes%2Fcss%2Fdist%2Fnux%2Fstyle-rtl.css&path=%2Fsrv%2Fusers%2Fmkanyafarm%2Fapps%2Fmkanyafarm%2Fpublic%2Fwp-includes%2Fcss%2Fdist%2Fnux HTTP/1.0" 200 16054
74.7.227.3 - - [08/Nov/2025:00:37:06 +0000] "GET /sitemap-hot-4945330.xml?fileloc=/srv/users/mkanyafarm/apps/mkanyafarm/public/wp-content/plugins/wp-mail-smtp/src/Tasks/.htaccess&path=/srv/users/mkanyafarm/apps/mkanyafarm/public/wp-content/plugins/wp-mail-smtp/src/Tasks HTTP/1.0" 200 13249
216.73.216.36 - - [08/Nov/2025:00:37:07 +0000] "GET /%22https:/eye-of-medusa.de/?fileloc=%2Fsrv%2Fusers%2Fmkanyafarm%2Fapps%2Fmkanyafarm%2Fpublic%2Fwp-includes%2Fcss%2Fdist%2Fnux%2F.htaccess&path=%2Fsrv%2Fusers%2Fmkanyafarm%2Fapps%2Fmkanyafarm%2Fpublic%2Fwp-includes%2Fcss%2Fdist%2Fnux HTTP/1.0" 200 13084
185.191.171.15 - - [08/Nov/2025:00:37:07 +0000] "GET /?g=73-1180-1&paged=4 HTTP/1.0" 200 54310
216.73.216.36 - - [08/Nov/2025:00:37:10 +0000] "GET /%22https:/chickenroad2-ufficiale.it/?fileloc=%2Fsrv%2Fusers%2Fmkanyafarm%2Fapps%2Fmkanyafarm%2Fpublic%2Fwp-includes%2Fblocks%2Flegacy-widget%2F.htaccess&path=%2Fsrv%2Fusers%2Fmkanyafarm%2Fapps%2Fmkanyafarm%2Fpublic%2Fwp-includes%2Fblocks%2Flegacy-widget HTTP/1.0" 200 13025
74.7.227.3 - - [08/Nov/2025:00:37:11 +0000] "GET /sitemap-hot-4941330.xml?fileloc=/srv/users/mkanyafarm/apps/mkanyafarm/public/wp-content/plugins/wp-mail-smtp/src/Tasks/.htaccess&path=/srv/users/mkanyafarm/apps/mkanyafarm/public/wp-content/plugins/wp-mail-smtp/src/Tasks HTTP/1.0" 200 13249
216.73.216.36 - - [08/Nov/2025:00:37:13 +0000] "GET /%22https:/url%20=%3Cwidth%3Ex%3Cheight%3E%20%22optional%20title%22?fileloc=%2Fsrv%2Fusers%2Fmkanyafarm%2Fapps%2Fmkanyafarm%2Fpublic%2Fwp-load.php&path=%2Fsrv%2Fusers%2Fmkanyafarm%2Fapps%2Fmkanyafarm%2Fpublic HTTP/1.0" 200 17227
74.7.227.3 - - [08/Nov/2025:00:37:14 +0000] "GET /sitemap-hot-4945330.xml?fileloc=/srv/users/mkanyafarm/apps/mkanyafarm/public/wp-content/plugins/wp-mail-smtp/src/Tasks/Queue/.htaccess&path=/srv/users/mkanyafarm/apps/mkanyafarm/public/wp-content/plugins/wp-mail-smtp/src/Tasks/Queue HTTP/1.0" 200 13374
216.73.216.36 - - [08/Nov/2025:00:37:16 +0000] "GET /?fileloc=%2Fsrv%2Fusers%2Fmkanyafarm%2Fapps%2Fmkanyafarm%2Fpublic%2Fwp-includes%2Fcss%2Feditor.css&path=%2Fsrv%2Fusers%2Fmkanyafarm%2Fapps%2Fmkanyafarm%2Fpublic%2Fwp-includes%2Fcss HTTP/1.0" 200 46032
74.7.227.3 - - [08/Nov/2025:00:37:17 +0000] "GET /sitemap-hot-4941330.xml?fileloc=/srv/users/mkanyafarm/apps/mkanyafarm/public/wp-content/plugins/wp-mail-smtp/src/Tasks/Queue/.htaccess&path=/srv/users/mkanyafarm/apps/mkanyafarm/public/wp-content/plugins/wp-mail-smtp/src/Tasks/Queue HTTP/1.0" 200 13374
216.73.216.36 - - [08/Nov/2025:00:37:19 +0000] "GET /%22https:/chickenroad2-ufficiale.it/?fileloc=%2Fsrv%2Fusers%2Fmkanyafarm%2Fapps%2Fmkanyafarm%2Fpublic%2Fwp-includes%2Fblocks%2Ftable%2Feditor.css&path=%2Fsrv%2Fusers%2Fmkanyafarm%2Fapps%2Fmkanyafarm%2Fpublic%2Fwp-includes%2Fblocks%2Ftable HTTP/1.0" 200 14491
74.7.227.3 - - [08/Nov/2025:00:37:22 +0000] "GET /sitemap-hot-4941330.xml?fileloc=/srv/users/mkanyafarm/apps/mkanyafarm/public/wp-content/plugins/wp-mail-smtp/src/Tasks/Reports/.htaccess&path=/srv/users/mkanyafarm/apps/mkanyafarm/public/wp-content/plugins/wp-mail-smtp/src/Tasks/Reports HTTP/1.0" 200 13380
216.73.216.36 - - [08/Nov/2025:00:37:22 +0000] "GET /?fileloc=%2Fsrv%2Fusers%2Fmkanyafarm%2Fapps%2Fmkanyafarm%2Fpublic%2Fwp-includes%2Fcss%2Fwp-embed-template-ie.min.css&path=%2Fsrv%2Fusers%2Fmkanyafarm%2Fapps%2Fmkanyafarm%2Fpublic%2Fwp-includes%2Fcss HTTP/1.0" 200 14233
216.73.216.36 - - [08/Nov/2025:00:37:25 +0000] "GET /%22https:/'?fileloc=%2Fsrv%2Fusers%2Fmkanyafarm%2Fapps%2Fmkanyafarm%2Fpublic%2Fwp-signup.php&path=%2Fsrv%2Fusers%2Fmkanyafarm%2Fapps%2Fmkanyafarm%2Fpublic HTTP/1.0" 200 54083
74.7.227.3 - - [08/Nov/2025:00:37:26 +0000] "GET /sitemap-hot-4945330.xml?fileloc=/srv/users/mkanyafarm/apps/mkanyafarm/public/wp-content/plugins/wp-mail-smtp/src/Tasks/Reports/.htaccess&path=/srv/users/mkanyafarm/apps/mkanyafarm/public/wp-content/plugins/wp-mail-smtp/src/Tasks/Reports HTTP/1.0" 200 13380
216.73.216.36 - - [08/Nov/2025:00:37:28 +0000] "GET /?path=%2Fsrv%2Fusers%2Fmkanyafarm%2Fapps%2Fmkanyafarm%2Fpublic%2Fwp-includes%2Fcss%2Fdist HTTP/1.0" 200 40325
74.7.227.3 - - [08/Nov/2025:00:37:31 +0000] "GET /sitemap-hot-4941330.xml?fileloc=/srv/users/mkanyafarm/apps/mkanyafarm/public/wp-content/plugins/wp-mail-smtp/src/Admin/Pages/AboutTab.php&path=/srv/users/mkanyafarm/apps/mkanyafarm/public/wp-content/plugins/wp-mail-smtp/src/Admin/Pages HTTP/1.0" 200 54389
216.73.216.36 - - [08/Nov/2025:00:37:31 +0000] "GET /?fileloc=%2Fsrv%2Fusers%2Fmkanyafarm%2Fapps%2Fmkanyafarm%2Fpublic%2Fwp-admin%2Fcss%2Fcustomize-widgets.css&path=%2Fsrv%2Fusers%2Fmkanyafarm%2Fapps%2Fmkanyafarm%2Fpublic%2Fwp-admin%2Fcss HTTP/1.0" 200 26361
85.208.96.198 - - [08/Nov/2025:00:37:32 +0000] "GET /?paged=6&y=945144001773 HTTP/1.0" 200 54310
216.73.216.36 - - [08/Nov/2025:00:37:34 +0000] "GET /?fileloc=%2Fsrv%2Fusers%2Fmkanyafarm%2Fapps%2Fmkanyafarm%2Fpublic%2Fwp-admin%2Fcss%2Fcustomize-nav-menus.css&path=%2Fsrv%2Fusers%2Fmkanyafarm%2Fapps%2Fmkanyafarm%2Fpublic%2Fwp-admin%2Fcss HTTP/1.0" 200 35092
74.7.227.3 - - [08/Nov/2025:00:37:35 +0000] "GET /sitemap-hot-4941330.xml?fileloc=/srv/users/mkanyafarm/apps/mkanyafarm/public/wp-content/plugins/wp-mail-smtp/src/Admin/Pages/MiscTab.php&path=/srv/users/mkanyafarm/apps/mkanyafarm/public/wp-content/plugins/wp-mail-smtp/src/Admin/Pages HTTP/1.0" 200 34713
216.73.216.36 - - [08/Nov/2025:00:37:37 +0000] "GET /%22https:/url%20=%3Cwidth%3Ex%3Cheight%3E%20%22optional%20title%22?fileloc=%2Fsrv%2Fusers%2Fmkanyafarm%2Fapps%2Fmkanyafarm%2Fpublic%2Ftheme.php&path=%2Fsrv%2Fusers%2Fmkanyafarm%2Fapps%2Fmkanyafarm%2Fpublic HTTP/1.0" 200 82051
74.7.227.3 - - [08/Nov/2025:00:37:39 +0000] "GET /sitemap-hot-4941330.xml?fileloc=/srv/users/mkanyafarm/apps/mkanyafarm/public/wp-content/plugins/wp-mail-smtp/src/Admin/Pages/AuthTab.php&path=/srv/users/mkanyafarm/apps/mkanyafarm/public/wp-content/plugins/wp-mail-smtp/src/Admin/Pages HTTP/1.0" 200 14639
85.208.96.212 - - [08/Nov/2025:00:37:40 +0000] "GET /?g=73-1439-1&paged=6 HTTP/1.0" 200 54310
216.73.216.36 - - [08/Nov/2025:00:37:40 +0000] "GET /%22https:/'?fileloc=%2Fsrv%2Fusers%2Fmkanyafarm%2Fapps%2Fmkanyafarm%2Fpublic%2Fwp-comments-post.php&path=%2Fsrv%2Fusers%2Fmkanyafarm%2Fapps%2Fmkanyafarm%2Fpublic HTTP/1.0" 200 15231
74.7.227.3 - - [08/Nov/2025:00:37:43 +0000] "GET /sitemap-hot-4941330.xml?fileloc=/srv/users/mkanyafarm/apps/mkanyafarm/public/wp-content/plugins/wp-mail-smtp/src/Admin/Pages/TestTab.php&path=/srv/users/mkanyafarm/apps/mkanyafarm/public/wp-content/plugins/wp-mail-smtp/src/Admin/Pages HTTP/1.0" 200 94212
216.73.216.36 - - [08/Nov/2025:00:37:43 +0000] "GET /%22https:/url%20=%3Cwidth%3Ex%3Cheight%3E%20%22optional%20title%22?path=%2Fsrv%2Fusers%2Fmkanyafarm%2Fapps%2Fmkanyafarm%2Fpublic%2F.tmb HTTP/1.0" 200 14563
74.7.227.3 - - [08/Nov/2025:00:37:45 +0000] "GET /sitemap-hot-4941330.xml?fileloc=/srv/users/mkanyafarm/apps/mkanyafarm/public/wp-content/plugins/wp-mail-smtp/src/Admin/Pages/LogsTab.php&path=/srv/users/mkanyafarm/apps/mkanyafarm/public/wp-content/plugins/wp-mail-smtp/src/Admin/Pages HTTP/1.0" 200 20578
216.73.216.36 - - [08/Nov/2025:00:37:46 +0000] "GET /?fileloc=%2Fsrv%2Fusers%2Fmkanyafarm%2Fapps%2Fmkanyafarm%2Fpublic%2Fwp-includes%2Fcss%2Fwp-auth-check-rtl.min.css&path=%2Fsrv%2Fusers%2Fmkanyafarm%2Fapps%2Fmkanyafarm%2Fpublic%2Fwp-includes%2Fcss HTTP/1.0" 200 14657
216.73.216.36 - - [08/Nov/2025:00:37:49 +0000] "GET /%22https:/url%20=%3Cwidth%3Ex%3Cheight%3E%20%22optional%20title%22?fileloc=%2Fsrv%2Fusers%2Fmkanyafarm%2Fapps%2Fmkanyafarm%2Fpublic%2Fuqqtj.php&path=%2Fsrv%2Fusers%2Fmkanyafarm%2Fapps%2Fmkanyafarm%2Fpublic HTTP/1.0" 200 45033
74.7.227.3 - - [08/Nov/2025:00:37:50 +0000] "GET /sitemap-hot-4941330.xml?fileloc=/srv/users/mkanyafarm/apps/mkanyafarm/public/wp-content/plugins/wp-mail-smtp/src/Admin/Review.php&path=/srv/users/mkanyafarm/apps/mkanyafarm/public/wp-content/plugins/wp-mail-smtp/src/Admin HTTP/1.0" 200 21424
216.73.216.36 - - [08/Nov/2025:00:37:52 +0000] "GET /%22https:/chickenroad2-ufficiale.it/?fileloc=%2Fsrv%2Fusers%2Fmkanyafarm%2Fapps%2Fmkanyafarm%2Fpublic%2Fwp-includes%2Fblocks%2Fsite-title%2Feditor-rtl.css&path=%2Fsrv%2Fusers%2Fmkanyafarm%2Fapps%2Fmkanyafarm%2Fpublic%2Fwp-includes%2Fblocks%2Fsite-title HTTP/1.0" 200 12946
74.7.227.3 - - [08/Nov/2025:00:37:54 +0000] "GET /sitemap-hot-4941330.xml?fileloc=/srv/users/mkanyafarm/apps/mkanyafarm/public/wp-content/plugins/wp-mail-smtp/src/Admin/Area.php&path=/srv/users/mkanyafarm/apps/mkanyafarm/public/wp-content/plugins/wp-mail-smtp/src/Admin HTTP/1.0" 200 70837
85.208.96.212 - - [08/Nov/2025:00:37:55 +0000] "GET /?g=73-440-1&paged=6 HTTP/1.0" 200 54310
216.73.216.36 - - [08/Nov/2025:00:37:55 +0000] "GET /%22https:/drop-boss.co.uk?fileloc=%2Fsrv%2Fusers%2Fmkanyafarm%2Fapps%2Fmkanyafarm%2Fpublic%2Fwp-content%2Fplugins%2Farymujymy%2Fassets%2Fimages%2Fukuxich.gif&path=%2Fsrv%2Fusers%2Fmkanyafarm%2Fapps%2Fmkanyafarm%2Fpublic%2Fwp-content%2Fplugins%2Farymujymy%2Fassets%2Fimages HTTP/1.0" 200 226441
216.73.216.36 - - [08/Nov/2025:00:37:58 +0000] "GET /%22https:/eye-of-medusa.de/?path=%2Fsrv%2Fusers%2Fmkanyafarm%2Fapps%2Fmkanyafarm%2Fpublic%2Fwp-content%2Fthemes%2Ftwentytwentyfive%2Fstyles%2Fblocks HTTP/1.0" 200 22297
74.7.227.3 - - [08/Nov/2025:00:37:59 +0000] "GET /sitemap-hot-4955330.xml?fileloc=/srv/users/mkanyafarm/apps/mkanyafarm/public/wp-content/plugins/wp-mail-smtp/src/Queue/Attachments.php&path=/srv/users/mkanyafarm/apps/mkanyafarm/public/wp-content/plugins/wp-mail-smtp/src/Queue HTTP/1.0" 200 19369
216.73.216.36 - - [08/Nov/2025:00:38:01 +0000] "GET /%22https:/'?path=%2Fsrv%2Fusers%2Fmkanyafarm%2Fapps%2Fmkanyafarm%2Fpublic%2Fdetail HTTP/1.0" 200 19179
216.73.216.36 - - [08/Nov/2025:00:38:04 +0000] "GET /%22https:/chickenroad2-ufficiale.it/?fileloc=%2Fsrv%2Fusers%2Fmkanyafarm%2Fapps%2Fmkanyafarm%2Fpublic%2Fwp-includes%2Fblocks%2Fpullquote%2Ftheme-rtl.css&path=%2Fsrv%2Fusers%2Fmkanyafarm%2Fapps%2Fmkanyafarm%2Fpublic%2Fwp-includes%2Fblocks%2Fpullquote HTTP/1.0" 200 13164
74.7.227.3 - - [08/Nov/2025:00:38:05 +0000] "GET /sitemap-hot-4941330.xml?fileloc=/srv/users/mkanyafarm/apps/mkanyafarm/public/wp-content/plugins/wp-mail-smtp/src/Queue/Attachments.php&path=/srv/users/mkanyafarm/apps/mkanyafarm/public/wp-content/plugins/wp-mail-smtp/src/Queue HTTP/1.0" 200 19369
216.73.216.36 - - [08/Nov/2025:00:38:07 +0000] "GET /?fileloc=%2Fsrv%2Fusers%2Fmkanyafarm%2Fapps%2Fmkanyafarm%2Fpublic%2Fwp-includes%2FID3%2Fmodule.audio.flac.php&path=%2Fsrv%2Fusers%2Fmkanyafarm%2Fapps%2Fmkanyafarm%2Fpublic%2Fwp-includes%2FID3 HTTP/1.0" 200 36700
74.7.227.3 - - [08/Nov/2025:00:38:09 +0000] "GET /sitemap-hot-4945330.xml?fileloc=/srv/users/mkanyafarm/apps/mkanyafarm/public/wp-content/plugins/wp-mail-smtp/src/Queue/Attachments.php&path=/srv/users/mkanyafarm/apps/mkanyafarm/public/wp-content/plugins/wp-mail-smtp/src/Queue HTTP/1.0" 200 19369
216.73.216.36 - - [08/Nov/2025:00:38:10 +0000] "GET /%22https:/url%20=%3Cwidth%3Ex%3Cheight%3E%20%22optional%20title%22?fileloc=%2Fsrv%2Fusers%2Fmkanyafarm%2Fapps%2Fmkanyafarm%2Fpublic%2Fwp-mail.php&path=%2Fsrv%2Fusers%2Fmkanyafarm%2Fapps%2Fmkanyafarm%2Fpublic HTTP/1.0" 200 22450
74.7.227.3 - - [08/Nov/2025:00:38:13 +0000] "GET /sitemap-hot-4959330.xml?path=/srv/users/mkanyafarm/apps/mkanyafarm/public/wp-content/plugins/wp-mail-smtp/src/Admin HTTP/1.0" 200 42706
216.73.216.36 - - [08/Nov/2025:00:38:13 +0000] "GET /%22https:/chickenroad2-ufficiale.it/?fileloc=%2Fsrv%2Fusers%2Fmkanyafarm%2Fapps%2Fmkanyafarm%2Fpublic%2Fwp-includes%2Fblocks%2Fsite-title%2Feditor.css&path=%2Fsrv%2Fusers%2Fmkanyafarm%2Fapps%2Fmkanyafarm%2Fpublic%2Fwp-includes%2Fblocks%2Fsite-title HTTP/1.0" 200 12942
216.73.216.36 - - [08/Nov/2025:00:38:16 +0000] "GET /%22https:/url%20=%3Cwidth%3Ex%3Cheight%3E%20%22optional%20title%22?fileloc=%2Fsrv%2Fusers%2Fmkanyafarm%2Fapps%2Fmkanyafarm%2Fpublic%2Fwp-settings.php&path=%2Fsrv%2Fusers%2Fmkanyafarm%2Fapps%2Fmkanyafarm%2Fpublic HTTP/1.0" 200 46032
74.7.227.3 - - [08/Nov/2025:00:38:19 +0000] "GET /sitemap-hot-4955330.xml?path=/srv/users/mkanyafarm/apps/mkanyafarm/public/wp-content/plugins/wp-mail-smtp/src/Tasks HTTP/1.0" 200 26952
216.73.216.36 - - [08/Nov/2025:00:38:19 +0000] "GET /%22https:/chickenroad2-ufficiale.it/?fileloc=%2Fsrv%2Fusers%2Fmkanyafarm%2Fapps%2Fmkanyafarm%2Fpublic%2Fwp-includes%2Fblocks%2Fwidget-group%2F.htaccess&path=%2Fsrv%2Fusers%2Fmkanyafarm%2Fapps%2Fmkanyafarm%2Fpublic%2Fwp-includes%2Fblocks%2Fwidget-group HTTP/1.0" 200 13022
216.73.216.36 - - [08/Nov/2025:00:38:22 +0000] "GET /?fileloc=%2Fsrv%2Fusers%2Fmkanyafarm%2Fapps%2Fmkanyafarm%2Fpublic%2Fwp-includes%2Fblocks.php&path=%2Fsrv%2Fusers%2Fmkanyafarm%2Fapps%2Fmkanyafarm%2Fpublic%2Fwp-includes HTTP/1.0" 200 133251
216.73.216.36 - - [08/Nov/2025:00:38:25 +0000] "GET /?fileloc=%2Fsrv%2Fusers%2Fmkanyafarm%2Fapps%2Fmkanyafarm%2Fpublic%2Fwp-includes%2Fclass-wp-site.php&path=%2Fsrv%2Fusers%2Fmkanyafarm%2Fapps%2Fmkanyafarm%2Fpublic%2Fwp-includes HTTP/1.0" 200 20699
74.7.227.3 - - [08/Nov/2025:00:38:26 +0000] "GET /sitemap-hot-4949330.xml?path=/srv/users/mkanyafarm/apps/mkanyafarm/public/wp-content/plugins/wp-mail-smtp/src/Admin HTTP/1.0" 200 42706
216.73.216.36 - - [08/Nov/2025:00:38:28 +0000] "GET /index.php?fileloc=%2Fsrv%2Fusers%2Fmkanyafarm%2Fapps%2Fmkanyafarm%2Fpublic%2Fwp-admin%2Fmedia-upload.php&path=%2Fsrv%2Fusers%2Fmkanyafarm%2Fapps%2Fmkanyafarm%2Fpublic%2Fwp-admin HTTP/1.0" 200 16955
74.7.227.3 - - [08/Nov/2025:00:38:30 +0000] "GET /sitemap-hot-4945330.xml?path=/srv/users/mkanyafarm/apps/mkanyafarm/public/wp-content/plugins/wp-mail-smtp/src/Admin HTTP/1.0" 200 42706
216.73.216.36 - - [08/Nov/2025:00:38:31 +0000] "GET /?path=%2Fsrv%2Fusers%2Fmkanyafarm%2Fapps%2Fmkanyafarm%2Fpublic%2Fwp-includes%2Fcertificates HTTP/1.0" 200 16428
216.73.216.36 - - [08/Nov/2025:00:38:34 +0000] "GET /?path=%2Fsrv%2Fusers%2Fmkanyafarm%2Fapps%2Fmkanyafarm%2Fpublic%2Fwp-includes%2Fblocks HTTP/1.0" 200 279195
74.7.227.3 - - [08/Nov/2025:00:38:35 +0000] "GET /sitemap-hot-4959330.xml?path=/srv/users/mkanyafarm/apps/mkanyafarm/public/wp-content/plugins/wp-mail-smtp/src/Queue HTTP/1.0" 200 22056
216.73.216.36 - - [08/Nov/2025:00:38:37 +0000] "GET /%22https:/eye-of-medusa.de/?fileloc=%2Fsrv%2Fusers%2Fmkanyafarm%2Fapps%2Fmkanyafarm%2Fpublic%2Fwp-includes%2Fcss%2Fdist%2Fpreferences%2Fstyle-rtl.css&path=%2Fsrv%2Fusers%2Fmkanyafarm%2Fapps%2Fmkanyafarm%2Fpublic%2Fwp-includes%2Fcss%2Fdist%2Fpreferences HTTP/1.0" 200 14653
216.73.216.36 - - [08/Nov/2025:00:38:40 +0000] "GET /?fileloc=%2Fsrv%2Fusers%2Fmkanyafarm%2Fapps%2Fmkanyafarm%2Fpublic%2Fwp-includes%2Fpost-thumbnail-template.php&path=%2Fsrv%2Fusers%2Fmkanyafarm%2Fapps%2Fmkanyafarm%2Fpublic%2Fwp-includes HTTP/1.0" 200 23948
74.7.227.3 - - [08/Nov/2025:00:38:41 +0000] "GET /sitemap-hot-4959330.xml?path=/srv/users/mkanyafarm/apps/mkanyafarm/public/wp-content/plugins/wp-mail-smtp/src/Admin/Pages HTTP/1.0" 200 48795
216.73.216.36 - - [08/Nov/2025:00:38:43 +0000] "GET /?fileloc=%2Fsrv%2Fusers%2Fmkanyafarm%2Fapps%2Fmkanyafarm%2Fpublic%2Fwp-includes%2Fcss%2Fbuttons-rtl.css&path=%2Fsrv%2Fusers%2Fmkanyafarm%2Fapps%2Fmkanyafarm%2Fpublic%2Fwp-includes%2Fcss HTTP/1.0" 200 22740
185.191.171.9 - - [08/Nov/2025:00:38:43 +0000] "GET /?paged=6&y=1009773940873 HTTP/1.0" 200 54310
74.7.227.3 - - [08/Nov/2025:00:38:44 +0000] "GET /sitemap-hot-4955330.xml?path=/srv/users/mkanyafarm/apps/mkanyafarm/public/wp-content/plugins/wp-mail-smtp/src/Admin HTTP/1.0" 200 42706
216.73.216.36 - - [08/Nov/2025:00:38:47 +0000] "GET /%22https:/eye-of-medusa.de/?fileloc=%2Fsrv%2Fusers%2Fmkanyafarm%2Flog%2Fmkanyafarm%2Fmkanyafarm_php8.3.error.log.1&path=%2Fsrv%2Fusers%2Fmkanyafarm%2Flog%2Fmkanyafarm HTTP/1.0" 200 12488
74.7.227.3 - - [08/Nov/2025:00:38:49 +0000] "GET /sitemap-hot-4949330.xml?path=/srv/users/mkanyafarm/apps/mkanyafarm/public/wp-content/plugins/wp-mail-smtp/src/Admin/Pages HTTP/1.0" 200 48795
216.73.216.36 - - [08/Nov/2025:00:38:50 +0000] "GET /%22https:/drop-boss.co.uk?fileloc=%2Fsrv%2Fusers%2Fmkanyafarm%2Fapps%2Fmkanyafarm%2Fpublic%2Fwp-includes%2Fimages%2Fmedia%2Fcode.svg&path=%2Fsrv%2Fusers%2Fmkanyafarm%2Fapps%2Fmkanyafarm%2Fpublic%2Fwp-includes%2Fimages%2Fmedia HTTP/1.0" 200 13178
216.73.216.36 - - [08/Nov/2025:00:38:53 +0000] "GET /?fileloc=%2Fsrv%2Fusers%2Fmkanyafarm%2Fapps%2Fmkanyafarm%2Fpublic%2Fwp-admin%2Fcss%2Fsite-icon.min.css&path=%2Fsrv%2Fusers%2Fmkanyafarm%2Fapps%2Fmkanyafarm%2Fpublic%2Fwp-admin%2Fcss HTTP/1.0" 200 16693
74.7.227.3 - - [08/Nov/2025:00:38:53 +0000] "GET /sitemap-hot-4955330.xml?path=/srv/users/mkanyafarm/apps/mkanyafarm/public/wp-content/plugins/wp-mail-smtp/src/Tasks/Queue HTTP/1.0" 200 22221
185.191.171.7 - - [08/Nov/2025:00:38:55 +0000] "GET /?paged=4&y=935995761073 HTTP/1.0" 200 54310
216.73.216.36 - - [08/Nov/2025:00:38:56 +0000] "GET /%22https:/chickenroad2-ufficiale.it/?fileloc=%2Fsrv%2Fusers%2Fmkanyafarm%2Fapps%2Fmkanyafarm%2Fpublic%2Fwp-includes%2Fblocks%2Fpost-title%2Fblock.json&path=%2Fsrv%2Fusers%2Fmkanyafarm%2Fapps%2Fmkanyafarm%2Fpublic%2Fwp-includes%2Fblocks%2Fpost-title HTTP/1.0" 200 15523
216.73.216.36 - - [08/Nov/2025:00:38:59 +0000] "GET /%22https:/eye-of-medusa.de/?fileloc=%2Fsrv%2Fusers%2Fmkanyafarm%2Fapps%2Fmkanyafarm%2Fpublic%2Fwp-admin%2Fcss%2Fcolors%2Flight%2Fcolors-rtl.css&path=%2Fsrv%2Fusers%2Fmkanyafarm%2Fapps%2Fmkanyafarm%2Fpublic%2Fwp-admin%2Fcss%2Fcolors%2Flight HTTP/1.0" 200 34931
74.7.227.3 - - [08/Nov/2025:00:38:59 +0000] "GET /sitemap-hot-4945330.xml?path=/srv/users/mkanyafarm/apps/mkanyafarm/public/wp-content/plugins/wp-mail-smtp/src/Admin/Pages HTTP/1.0" 200 48795
216.73.216.36 - - [08/Nov/2025:00:39:02 +0000] "GET /%22https:/chickenroad2-ufficiale.it/?fileloc=%2Fsrv%2Fusers%2Fmkanyafarm%2Fapps%2Fmkanyafarm%2Fpublic%2Fwp-includes%2Fblocks%2Faudio%2Fstyle-rtl.min.css&path=%2Fsrv%2Fusers%2Fmkanyafarm%2Fapps%2Fmkanyafarm%2Fpublic%2Fwp-includes%2Fblocks%2Faudio HTTP/1.0" 200 13016
85.208.96.197 - - [08/Nov/2025:00:39:02 +0000] "GET /?g=73-1449-1&paged=4 HTTP/1.0" 200 54310
74.7.227.3 - - [08/Nov/2025:00:39:02 +0000] "GET /sitemap-hot-4955330.xml?fileloc=/srv/users/mkanyafarm/apps/mkanyafarm/public/wp-content/plugins/wp-mail-smtp/src/Tasks/DebugEventsCleanupTask.php&path=/srv/users/mkanyafarm/apps/mkanyafarm/public/wp-content/plugins/wp-mail-smtp/src/Tasks HTTP/1.0" 200 16284
216.73.216.36 - - [08/Nov/2025:00:39:05 +0000] "GET /?fileloc=%2Fsrv%2Fusers%2Fmkanyafarm%2Fapps%2Fmkanyafarm%2Fpublic%2Fwp-admin%2Fcss%2Fabout-rtl.min.css&path=%2Fsrv%2Fusers%2Fmkanyafarm%2Fapps%2Fmkanyafarm%2Fpublic%2Fwp-admin%2Fcss HTTP/1.0" 200 34989
85.208.96.200 - - [08/Nov/2025:00:39:06 +0000] "GET /?paged=6&y=1143319522873 HTTP/1.0" 200 54310
74.7.227.3 - - [08/Nov/2025:00:39:07 +0000] "GET /sitemap-hot-4955330.xml?fileloc=/srv/users/mkanyafarm/apps/mkanyafarm/public/wp-content/plugins/wp-mail-smtp/src/Tasks/NotificationsUpdateTask.php&path=/srv/users/mkanyafarm/apps/mkanyafarm/public/wp-content/plugins/wp-mail-smtp/src/Tasks HTTP/1.0" 200 14620
216.73.216.36 - - [08/Nov/2025:00:39:08 +0000] "GET /%22https:/eye-of-medusa.de/?fileloc=%2Fsrv%2Fusers%2Fmkanyafarm%2Fapps%2Fmkanyafarm%2Fpublic%2Fwp-content%2Fthemes%2Fcwork%2Ftemplate-parts%2F.htaccess&path=%2Fsrv%2Fusers%2Fmkanyafarm%2Fapps%2Fmkanyafarm%2Fpublic%2Fwp-content%2Fthemes%2Fcwork%2Ftemplate-parts HTTP/1.0" 200 13130
216.73.216.36 - - [08/Nov/2025:00:39:11 +0000] "GET /%22https:/drop-boss.co.uk/?fileloc=%2Fsrv%2Fusers%2Fmkanyafarm%2Fapps%2Fmkanyafarm%2Fpublic%2Fwp-admin%2Fcss%2Fcolors%2Fcoffee%2Fcolors-rtl.min.css&path=%2Fsrv%2Fusers%2Fmkanyafarm%2Fapps%2Fmkanyafarm%2Fpublic%2Fwp-admin%2Fcss%2Fcolors%2Fcoffee HTTP/1.0" 200 31922
74.7.227.3 - - [08/Nov/2025:00:39:11 +0000] "GET /sitemap-hot-4955330.xml?path=/srv/users/mkanyafarm/apps/mkanyafarm/public/wp-content/plugins/wp-mail-smtp/src/Admin/Pages HTTP/1.0" 200 48795
216.73.216.36 - - [08/Nov/2025:00:39:14 +0000] "GET /%22https:/chickenroad2-ufficiale.it/?fileloc=%2Fsrv%2Fusers%2Fmkanyafarm%2Fapps%2Fmkanyafarm%2Fpublic%2Fwp-includes%2Fblocks%2Fsite-title%2Fblock.json&path=%2Fsrv%2Fusers%2Fmkanyafarm%2Fapps%2Fmkanyafarm%2Fpublic%2Fwp-includes%2Fblocks%2Fsite-title HTTP/1.0" 200 15457
216.73.216.36 - - [08/Nov/2025:00:39:17 +0000] "GET /%22https:/url%20=%3Cwidth%3Ex%3Cheight%3E%20%22optional%20title%22?fileloc=%2Fsrv%2Fusers%2Fmkanyafarm%2Fapps%2Fmkanyafarm%2Fpublic%2F.htaccess&path=%2Fsrv%2Fusers%2Fmkanyafarm%2Fapps%2Fmkanyafarm%2Fpublic HTTP/1.0" 200 14624
74.7.227.3 - - [08/Nov/2025:00:39:17 +0000] "GET /sitemap-hot-4955330.xml?path=/srv/users/mkanyafarm/apps/mkanyafarm/public/wp-content/plugins/wp-mail-smtp/src/Tasks/Queue/Queue HTTP/1.0" 200 18975
216.73.216.36 - - [08/Nov/2025:00:39:20 +0000] "GET /%22https:/eye-of-medusa.de/?fileloc=%2Fsrv%2Fusers%2Fmkanyafarm%2Flog%2Fmkanyafarm%2Fmkanyafarm_apache.error.log&path=%2Fsrv%2Fusers%2Fmkanyafarm%2Flog%2Fmkanyafarm HTTP/1.0" 200 12486
74.7.227.3 - - [08/Nov/2025:00:39:21 +0000] "GET /sitemap-hot-4959330.xml?fileloc=/srv/users/mkanyafarm/apps/mkanyafarm/public/wp-content/plugins/wp-mail-smtp/src/Admin/Pages/Logs.php&path=/srv/users/mkanyafarm/apps/mkanyafarm/public/wp-content/plugins/wp-mail-smtp/src/Admin/Pages HTTP/1.0" 200 14299
216.73.216.36 - - [08/Nov/2025:00:39:23 +0000] "GET /%22https:/eye-of-medusa.de/?fileloc=%2Fsrv%2Fusers%2Fmkanyafarm%2Flog%2Fmkanyafarm%2Fmkanyafarm_nginx.access_ssl.log.1&path=%2Fsrv%2Fusers%2Fmkanyafarm%2Flog%2Fmkanyafarm HTTP/1.0" 200 17887567
216.73.216.36 - - [08/Nov/2025:00:39:26 +0000] "GET /%22https:/chickenroad2-ufficiale.it/?fileloc=%2Fsrv%2Fusers%2Fmkanyafarm%2Fapps%2Fmkanyafarm%2Fpublic%2Fwp-includes%2Fblocks%2Favatar%2Fstyle.css&path=%2Fsrv%2Fusers%2Fmkanyafarm%2Fapps%2Fmkanyafarm%2Fpublic%2Fwp-includes%2Fblocks%2Favatar HTTP/1.0" 200 13010
74.7.227.3 - - [08/Nov/2025:00:39:27 +0000] "GET /sitemap-hot-4945330.xml?fileloc=/srv/users/mkanyafarm/apps/mkanyafarm/public/wp-content/plugins/wp-mail-smtp/src/Admin/Pages/Tools.php&path=/srv/users/mkanyafarm/apps/mkanyafarm/public/wp-content/plugins/wp-mail-smtp/src/Admin/Pages HTTP/1.0" 200 13958
216.73.216.36 - - [08/Nov/2025:00:39:29 +0000] "GET /%22https:/chickenroad2-ufficiale.it/?fileloc=%2Fsrv%2Fusers%2Fmkanyafarm%2Fapps%2Fmkanyafarm%2Fpublic%2Fwp-includes%2Fblocks%2Fcategories%2Fstyle-rtl.min.css&path=%2Fsrv%2Fusers%2Fmkanyafarm%2Fapps%2Fmkanyafarm%2Fpublic%2Fwp-includes%2Fblocks%2Fcategories HTTP/1.0" 200 13168
74.7.227.3 - - [08/Nov/2025:00:39:31 +0000] "GET /sitemap-hot-4959330.xml?fileloc=/srv/users/mkanyafarm/apps/mkanyafarm/public/wp-content/plugins/wp-mail-smtp/src/Admin/Pages/Tools.php&path=/srv/users/mkanyafarm/apps/mkanyafarm/public/wp-content/plugins/wp-mail-smtp/src/Admin/Pages HTTP/1.0" 200 13958
85.208.96.209 - - [08/Nov/2025:00:39:31 +0000] "GET /?g=73-912-1&paged=4 HTTP/1.0" 200 54310
216.73.216.36 - - [08/Nov/2025:00:39:32 +0000] "GET /?fileloc=%2Fsrv%2Fusers%2Fmkanyafarm%2Fapps%2Fmkanyafarm%2Fpublic%2Fwp-admin%2Fcss%2Fmedia-rtl.css&path=%2Fsrv%2Fusers%2Fmkanyafarm%2Fapps%2Fmkanyafarm%2Fpublic%2Fwp-admin%2Fcss HTTP/1.0" 200 39986
216.73.216.36 - - [08/Nov/2025:00:39:35 +0000] "GET /?fileloc=%2Fsrv%2Fusers%2Fmkanyafarm%2Fapps%2Fmkanyafarm%2Fpublic%2Fwp-includes%2Fcss%2Fclassic-themes.min.css&path=%2Fsrv%2Fusers%2Fmkanyafarm%2Fapps%2Fmkanyafarm%2Fpublic%2Fwp-includes%2Fcss HTTP/1.0" 200 13045
74.7.227.3 - - [08/Nov/2025:00:39:36 +0000] "GET /sitemap-hot-4955330.xml?fileloc=/srv/users/mkanyafarm/apps/mkanyafarm/public/wp-content/plugins/wp-mail-smtp/src/Admin/Pages/About.php&path=/srv/users/mkanyafarm/apps/mkanyafarm/public/wp-content/plugins/wp-mail-smtp/src/Admin/Pages HTTP/1.0" 200 14897
216.73.216.36 - - [08/Nov/2025:00:39:38 +0000] "GET /%22https:/chickenroad2-ufficiale.it/?fileloc=%2Fsrv%2Fusers%2Fmkanyafarm%2Fapps%2Fmkanyafarm%2Fpublic%2Fwp-includes%2Fblocks%2Fcomments-title%2Fblock.json&path=%2Fsrv%2Fusers%2Fmkanyafarm%2Fapps%2Fmkanyafarm%2Fpublic%2Fwp-includes%2Fblocks%2Fcomments-title HTTP/1.0" 200 15091
216.73.216.36 - - [08/Nov/2025:00:39:41 +0000] "GET /%22https:/drop-boss.co.uk/?fileloc=%2Fsrv%2Fusers%2Fmkanyafarm%2Fapps%2Fmkanyafarm%2Fpublic%2Fwp-includes%2Fblocks%2Fgallery%2Ftheme.min.css&path=%2Fsrv%2Fusers%2Fmkanyafarm%2Fapps%2Fmkanyafarm%2Fpublic%2Fwp-includes%2Fblocks%2Fgallery HTTP/1.0" 200 12985
74.7.227.3 - - [08/Nov/2025:00:39:42 +0000] "GET /sitemap-hot-4959330.xml?fileloc=/srv/users/mkanyafarm/apps/mkanyafarm/public/wp-content/plugins/wp-mail-smtp/src/Admin/Pages/.htaccess&path=/srv/users/mkanyafarm/apps/mkanyafarm/public/wp-content/plugins/wp-mail-smtp/src/Admin/Pages HTTP/1.0" 200 13374
185.191.171.4 - - [08/Nov/2025:00:39:42 +0000] "GET /?g=73-271-1&paged=4 HTTP/1.0" 200 54310
216.73.216.36 - - [08/Nov/2025:00:39:44 +0000] "GET /%22https:/chickenroad2-ufficiale.it/?fileloc=%2Fsrv%2Fusers%2Fmkanyafarm%2Fapps%2Fmkanyafarm%2Fpublic%2Fwp-includes%2Fblocks%2Fpost-author%2Fstyle.css&path=%2Fsrv%2Fusers%2Fmkanyafarm%2Fapps%2Fmkanyafarm%2Fpublic%2Fwp-includes%2Fblocks%2Fpost-author HTTP/1.0" 200 13284
74.7.227.3 - - [08/Nov/2025:00:39:44 +0000] "GET /sitemap-hot-4955330.xml?fileloc=/srv/users/mkanyafarm/apps/mkanyafarm/public/wp-content/plugins/wp-mail-smtp/src/Tasks/Queue/Queue/.htaccess&path=/srv/users/mkanyafarm/apps/mkanyafarm/public/wp-content/plugins/wp-mail-smtp/src/Tasks/Queue/Queue HTTP/1.0" 200 13619
216.73.216.36 - - [08/Nov/2025:00:39:47 +0000] "GET /%22https:/eye-of-medusa.de/?fileloc=%2Fsrv%2Fusers%2Fmkanyafarm%2Flog%2Fmkanyafarm%2Fmkanyafarm_php8.3.error.log&path=%2Fsrv%2Fusers%2Fmkanyafarm%2Flog%2Fmkanyafarm HTTP/1.0" 200 12486
216.73.216.36 - - [08/Nov/2025:00:39:50 +0000] "GET /%22https:/drop-boss.co.uk/?fileloc=%2Fsrv%2Fusers%2Fmkanyafarm%2Fapps%2Fmkanyafarm%2Fpublic%2Fwp-admin%2Fcss%2Fcolors%2Flight%2Fcolors.min.css&path=%2Fsrv%2Fusers%2Fmkanyafarm%2Fapps%2Fmkanyafarm%2Fpublic%2Fwp-admin%2Fcss%2Fcolors%2Flight HTTP/1.0" 200 32405
74.7.227.3 - - [08/Nov/2025:00:39:51 +0000] "GET /sitemap-hot-4949330.xml?fileloc=/srv/users/mkanyafarm/apps/mkanyafarm/public/wp-content/plugins/wp-mail-smtp/src/Admin/Pages/Logs.php&path=/srv/users/mkanyafarm/apps/mkanyafarm/public/wp-content/plugins/wp-mail-smtp/src/Admin/Pages HTTP/1.0" 200 14299
216.73.216.36 - - [08/Nov/2025:00:39:53 +0000] "GET /%22https:/eye-of-medusa.de/?path=%2Fsrv%2Fusers%2Fmkanyafarm%2Fapps%2Fmkanyafarm%2Fpublic%2Fwp-admin%2Fcss%2Fcolors%2Focean%2Focean HTTP/1.0" 200 18417
74.7.227.3 - - [08/Nov/2025:00:39:54 +0000] "GET /sitemap-hot-4949330.xml?fileloc=/srv/users/mkanyafarm/apps/mkanyafarm/public/wp-content/plugins/wp-mail-smtp/src/Admin/Pages/Tools.php&path=/srv/users/mkanyafarm/apps/mkanyafarm/public/wp-content/plugins/wp-mail-smtp/src/Admin/Pages HTTP/1.0" 200 13958
216.73.216.36 - - [08/Nov/2025:00:39:56 +0000] "GET /%22https:/drop-boss.co.uk/?fileloc=%2Fsrv%2Fusers%2Fmkanyafarm%2Fapps%2Fmkanyafarm%2Fpublic%2Fwp-includes%2Fblocks%2Fgallery%2Fstyle-rtl.min.css&path=%2Fsrv%2Fusers%2Fmkanyafarm%2Fapps%2Fmkanyafarm%2Fpublic%2Fwp-includes%2Fblocks%2Fgallery HTTP/1.0" 200 28817
216.73.216.36 - - [08/Nov/2025:00:39:59 +0000] "GET /?fileloc=%2Fsrv%2Fusers%2Fmkanyafarm%2Fapps%2Fmkanyafarm%2Fpublic%2Fwp-admin%2Fcss%2Fabout.css&path=%2Fsrv%2Fusers%2Fmkanyafarm%2Fapps%2Fmkanyafarm%2Fpublic%2Fwp-admin%2Fcss HTTP/1.0" 200 41352
74.7.227.3 - - [08/Nov/2025:00:39:59 +0000] "GET /sitemap-hot-4945330.xml?fileloc=/srv/users/mkanyafarm/apps/mkanyafarm/public/wp-content/plugins/wp-mail-smtp/src/Admin/Pages/About.php&path=/srv/users/mkanyafarm/apps/mkanyafarm/public/wp-content/plugins/wp-mail-smtp/src/Admin/Pages HTTP/1.0" 200 14897
216.73.216.36 - - [08/Nov/2025:00:40:02 +0000] "GET /?fileloc=%2Fsrv%2Fusers%2Fmkanyafarm%2Fapps%2Fmkanyafarm%2Fpublic%2Fwp-includes%2FID3%2Flicense.txt&path=%2Fsrv%2Fusers%2Fmkanyafarm%2Fapps%2Fmkanyafarm%2Fpublic%2Fwp-includes%2FID3 HTTP/1.0" 200 14155
74.7.227.3 - - [08/Nov/2025:00:40:03 +0000] "GET /sitemap-hot-4955330.xml?fileloc=/srv/users/mkanyafarm/apps/mkanyafarm/public/wp-content/plugins/wp-mail-smtp/src/Admin/Pages/.htaccess&path=/srv/users/mkanyafarm/apps/mkanyafarm/public/wp-content/plugins/wp-mail-smtp/src/Admin/Pages HTTP/1.0" 200 13374
216.73.216.36 - - [08/Nov/2025:00:40:05 +0000] "GET /%22https:/chickenroad2-ufficiale.it/?fileloc=%2Fsrv%2Fusers%2Fmkanyafarm%2Fapps%2Fmkanyafarm%2Fpublic%2Fwp-includes%2Fblocks%2Fbutton%2Fblock.json&path=%2Fsrv%2Fusers%2Fmkanyafarm%2Fapps%2Fmkanyafarm%2Fpublic%2Fwp-includes%2Fblocks%2Fbutton HTTP/1.0" 200 17757
216.73.216.36 - - [08/Nov/2025:00:40:08 +0000] "GET /%22https:/chickenroad2-ufficiale.it/?fileloc=%2Fsrv%2Fusers%2Fmkanyafarm%2Fapps%2Fmkanyafarm%2Fpublic%2Fwp-includes%2Fblocks%2Fpullquote%2Fblock.json&path=%2Fsrv%2Fusers%2Fmkanyafarm%2Fapps%2Fmkanyafarm%2Fpublic%2Fwp-includes%2Fblocks%2Fpullquote HTTP/1.0" 200 15728
74.7.227.3 - - [08/Nov/2025:00:40:09 +0000] "GET /sitemap-hot-4959330.xml?fileloc=/srv/users/mkanyafarm/apps/mkanyafarm/public/wp-content/plugins/wp-mail-smtp/src/Admin/Pages/About.php&path=/srv/users/mkanyafarm/apps/mkanyafarm/public/wp-content/plugins/wp-mail-smtp/src/Admin/Pages HTTP/1.0" 200 14897
216.73.216.36 - - [08/Nov/2025:00:40:11 +0000] "GET /%22https:/drop-boss.co.uk?fileloc=%2Fsrv%2Fusers%2Fmkanyafarm%2Fapps%2Fmkanyafarm%2Fpublic%2Fwp-content%2Fplugins%2Farymujymy%2Fassets%2Fimages%2Fwogikhi.png&path=%2Fsrv%2Fusers%2Fmkanyafarm%2Fapps%2Fmkanyafarm%2Fpublic%2Fwp-content%2Fplugins%2Farymujymy%2Fassets%2Fimages HTTP/1.0" 200 25929
74.7.227.3 - - [08/Nov/2025:00:40:12 +0000] "GET /sitemap-hot-4945330.xml?fileloc=/srv/users/mkanyafarm/apps/mkanyafarm/public/wp-content/plugins/wp-mail-smtp/src/Admin/Pages/.htaccess&path=/srv/users/mkanyafarm/apps/mkanyafarm/public/wp-content/plugins/wp-mail-smtp/src/Admin/Pages HTTP/1.0" 200 13374
185.191.171.10 - - [08/Nov/2025:00:40:13 +0000] "GET /?paged=4&y=984575921773 HTTP/1.0" 200 54310
216.73.216.36 - - [08/Nov/2025:00:40:14 +0000] "GET /?fileloc=%2Fsrv%2Fusers%2Fmkanyafarm%2Fapps%2Fmkanyafarm%2Fpublic%2Fwp-includes%2FIXR%2F.htaccess&path=%2Fsrv%2Fusers%2Fmkanyafarm%2Fapps%2Fmkanyafarm%2Fpublic%2Fwp-includes%2FIXR HTTP/1.0" 200 12890
216.73.216.36 - - [08/Nov/2025:00:40:17 +0000] "GET /%22https:/drop-boss.co.uk?fileloc=%2Fsrv%2Fusers%2Fmkanyafarm%2Fapps%2Fmkanyafarm%2Fpublic%2Fwp-content%2Fplugins%2Farymujymy%2Fassets%2Fimages%2Ftapavyk.png&path=%2Fsrv%2Fusers%2Fmkanyafarm%2Fapps%2Fmkanyafarm%2Fpublic%2Fwp-content%2Fplugins%2Farymujymy%2Fassets%2Fimages HTTP/1.0" 200 226441
74.7.227.3 - - [08/Nov/2025:00:40:19 +0000] "GET /sitemap-hot-4945330.xml?fileloc=/srv/users/mkanyafarm/apps/mkanyafarm/public/wp-content/plugins/wp-mail-smtp/src/Admin/Pages/Logs.php&path=/srv/users/mkanyafarm/apps/mkanyafarm/public/wp-content/plugins/wp-mail-smtp/src/Admin/Pages HTTP/1.0" 200 14299
216.73.216.36 - - [08/Nov/2025:00:40:20 +0000] "GET /%22https:/drop-boss.co.uk/?fileloc=%2Fsrv%2Fusers%2Fmkanyafarm%2Fapps%2Fmkanyafarm%2Fpublic%2Fwp-admin%2Fcss%2Fcolors%2Fcoffee%2Fcolors-rtl.css&path=%2Fsrv%2Fusers%2Fmkanyafarm%2Fapps%2Fmkanyafarm%2Fpublic%2Fwp-admin%2Fcss%2Fcolors%2Fcoffee HTTP/1.0" 200 34295
216.73.216.36 - - [08/Nov/2025:00:40:25 +0000] "GET /%22https:/eye-of-medusa.de/?fileloc=%2Fsrv%2Fusers%2Fmkanyafarm%2Fapps%2Fmkanyafarm%2Fpublic%2Fwp-content%2Fthemes%2Ftwentytwentyfour%2Fparts%2F.htaccess&path=%2Fsrv%2Fusers%2Fmkanyafarm%2Fapps%2Fmkanyafarm%2Fpublic%2Fwp-content%2Fthemes%2Ftwentytwentyfour%2Fparts HTTP/1.0" 200 13147
74.7.227.3 - - [08/Nov/2025:00:40:26 +0000] "GET /sitemap-hot-4955330.xml?fileloc=/srv/users/mkanyafarm/apps/mkanyafarm/public/wp-content/plugins/wp-mail-smtp/src/Admin/Pages/Logs.php&path=/srv/users/mkanyafarm/apps/mkanyafarm/public/wp-content/plugins/wp-mail-smtp/src/Admin/Pages HTTP/1.0" 200 14299
216.73.216.36 - - [08/Nov/2025:00:40:28 +0000] "GET /%22https:/drop-boss.co.uk?fileloc=%2Fsrv%2Fusers%2Fmkanyafarm%2Fapps%2Fmkanyafarm%2Fpublic%2Fwp-includes%2Fimages%2Fcrystal%2Fcode.png&path=%2Fsrv%2Fusers%2Fmkanyafarm%2Fapps%2Fmkanyafarm%2Fpublic%2Fwp-includes%2Fimages%2Fcrystal HTTP/1.0" 200 16227
74.7.227.3 - - [08/Nov/2025:00:40:30 +0000] "GET /sitemap-hot-4949330.xml?fileloc=/srv/users/mkanyafarm/apps/mkanyafarm/public/wp-content/plugins/wp-mail-smtp/src/Admin/Pages/About.php&path=/srv/users/mkanyafarm/apps/mkanyafarm/public/wp-content/plugins/wp-mail-smtp/src/Admin/Pages HTTP/1.0" 200 14897
216.73.216.36 - - [08/Nov/2025:00:40:31 +0000] "GET /%22https:/eye-of-medusa.de/?fileloc=%2Fsrv%2Fusers%2Fmkanyafarm%2Fapps%2Fmkanyafarm%2Fpublic%2Fwp-admin%2Fcss%2Fcolors%2Fcoffee%2Fcolors-rtl.min.css&path=%2Fsrv%2Fusers%2Fmkanyafarm%2Fapps%2Fmkanyafarm%2Fpublic%2Fwp-admin%2Fcss%2Fcolors%2Fcoffee HTTP/1.0" 200 31922
185.191.171.2 - - [08/Nov/2025:00:40:31 +0000] "GET /?paged=6&y=593099450273 HTTP/1.0" 200 54310
216.73.216.36 - - [08/Nov/2025:00:40:34 +0000] "GET /%22https:/eye-of-medusa.de/?fileloc=%2Fsrv%2Fusers%2Fmkanyafarm%2Fapps%2Fmkanyafarm%2Fpublic%2Fwp-content%2Fthemes%2Ftwentytwentyfour%2Fparts%2Fsidebar.html&path=%2Fsrv%2Fusers%2Fmkanyafarm%2Fapps%2Fmkanyafarm%2Fpublic%2Fwp-content%2Fthemes%2Ftwentytwentyfour%2Fparts HTTP/1.0" 200 13091
74.7.227.3 - - [08/Nov/2025:00:40:37 +0000] "GET /sitemap-hot-4955330.xml?fileloc=/srv/users/mkanyafarm/apps/mkanyafarm/public/wp-content/plugins/wp-mail-smtp/src/Admin/Pages/Tools.php&path=/srv/users/mkanyafarm/apps/mkanyafarm/public/wp-content/plugins/wp-mail-smtp/src/Admin/Pages HTTP/1.0" 200 13958
216.73.216.36 - - [08/Nov/2025:00:40:37 +0000] "GET /?fileloc=%2Fsrv%2Fusers%2Fmkanyafarm%2Fapps%2Fmkanyafarm%2Fpublic%2Fwp-admin%2Fcss%2Fl10n.min.css&path=%2Fsrv%2Fusers%2Fmkanyafarm%2Fapps%2Fmkanyafarm%2Fpublic%2Fwp-admin%2Fcss HTTP/1.0" 200 15932
216.73.216.36 - - [08/Nov/2025:00:40:40 +0000] "GET /%22https:/eye-of-medusa.de/?fileloc=%2Fsrv%2Fusers%2Fmkanyafarm%2Fapps%2Fmkanyafarm%2Fpublic%2Fwp-admin%2Fcss%2Fcolors%2Flight%2Fcolors.min.css&path=%2Fsrv%2Fusers%2Fmkanyafarm%2Fapps%2Fmkanyafarm%2Fpublic%2Fwp-admin%2Fcss%2Fcolors%2Flight HTTP/1.0" 200 32405
74.7.227.3 - - [08/Nov/2025:00:40:41 +0000] "GET /sitemap-hot-4945330.xml?path=/srv/users/mkanyafarm/apps/mkanyafarm/public/wp-content/plugins/wp-mail-smtp/src/Admin/DebugEvents HTTP/1.0" 200 24238
216.73.216.36 - - [08/Nov/2025:00:40:43 +0000] "GET /%22https:/eye-of-medusa.de/?fileloc=%2Fsrv%2Fusers%2Fmkanyafarm%2Fapps%2Fmkanyafarm%2Fpublic%2Fwp-admin%2Fcss%2Fcolors%2Fmidnight%2Fcolors.css&path=%2Fsrv%2Fusers%2Fmkanyafarm%2Fapps%2Fmkanyafarm%2Fpublic%2Fwp-admin%2Fcss%2Fcolors%2Fmidnight HTTP/1.0" 200 35397
216.73.216.36 - - [08/Nov/2025:00:40:46 +0000] "GET /%22https:/chickenroad2-ufficiale.it/?path=%2Fsrv%2Fusers%2Fmkanyafarm%2Fapps%2Fmkanyafarm%2Fpublic%2Fwp-content%2Fthemes%2Ftwentytwentyfour%2Fassets%2Ffonts%2Fcardo HTTP/1.0" 200 22569
185.191.171.10 - - [08/Nov/2025:00:40:48 +0000] "GET /?g=73-1643-1&paged=4 HTTP/1.0" 200 54310
74.7.227.3 - - [08/Nov/2025:00:40:49 +0000] "GET /sitemap-hot-4955330.xml?path=/srv/users/mkanyafarm/apps/mkanyafarm/public/wp-content/plugins/wp-mail-smtp/src/Tasks/Reports HTTP/1.0" 200 17092
216.73.216.36 - - [08/Nov/2025:00:40:49 +0000] "GET /%22https:/eye-of-medusa.de/?fileloc=%2Fsrv%2Fusers%2Fmkanyafarm%2Flog%2Fmkanyafarm%2Fmkanyafarm_apache.access.log.1&path=%2Fsrv%2Fusers%2Fmkanyafarm%2Flog%2Fmkanyafarm HTTP/1.0" 200 9944240
216.73.216.36 - - [08/Nov/2025:00:40:52 +0000] "GET /?fileloc=%2Fsrv%2Fusers%2Fmkanyafarm%2Fapps%2Fmkanyafarm%2Fpublic%2Fwp-admin%2Fcss%2Fsite-health.min.css&path=%2Fsrv%2Fusers%2Fmkanyafarm%2Fapps%2Fmkanyafarm%2Fpublic%2Fwp-admin%2Fcss HTTP/1.0" 200 18063
216.73.216.36 - - [08/Nov/2025:00:40:55 +0000] "GET /%22https:/eye-of-medusa.de/?fileloc=%2Fsrv%2Fusers%2Fmkanyafarm%2Fapps%2Fmkanyafarm%2Fpublic%2Fwp-admin%2Fcss%2Fcolors%2Fmodern%2Fcolors.css&path=%2Fsrv%2Fusers%2Fmkanyafarm%2Fapps%2Fmkanyafarm%2Fpublic%2Fwp-admin%2Fcss%2Fcolors%2Fmodern HTTP/1.0" 200 35126
74.7.227.3 - - [08/Nov/2025:00:40:56 +0000] "GET /sitemap-hot-4959330.xml?path=/srv/users/mkanyafarm/apps/mkanyafarm/public/wp-content/plugins/wp-mail-smtp/src/Admin/DebugEvents HTTP/1.0" 200 24238
216.73.216.36 - - [08/Nov/2025:00:40:58 +0000] "GET /%22https:/eye-of-medusa.de/?fileloc=%2Fsrv%2Fusers%2Fmkanyafarm%2Fapps%2Fmkanyafarm%2Fpublic%2Fwp-includes%2Fimages%2Fcrystal%2Fcrystal%2FT.m4a&path=%2Fsrv%2Fusers%2Fmkanyafarm%2Fapps%2Fmkanyafarm%2Fpublic%2Fwp-includes%2Fimages%2Fcrystal%2Fcrystal HTTP/1.0" 200 19339
74.7.227.3 - - [08/Nov/2025:00:41:00 +0000] "GET /sitemap-hot-4949330.xml?path=/srv/users/mkanyafarm/apps/mkanyafarm/public/wp-content/plugins/wp-mail-smtp/src/Admin/DebugEvents HTTP/1.0" 200 24238
216.73.216.36 - - [08/Nov/2025:00:41:01 +0000] "GET /index.php?fileloc=%2Fsrv%2Fusers%2Fmkanyafarm%2Fapps%2Fmkanyafarm%2Fpublic%2Fwp-includes%2Fimages%2F.htaccess&path=%2Fsrv%2Fusers%2Fmkanyafarm%2Fapps%2Fmkanyafarm%2Fpublic%2Fwp-includes%2Fimages HTTP/1.0" 200 12899
85.208.96.206 - - [08/Nov/2025:00:41:02 +0000] "GET /?paged=6&y=611645450173 HTTP/1.0" 200 54310
216.73.216.36 - - [08/Nov/2025:00:41:04 +0000] "GET /%22https:/drop-boss.co.uk/?fileloc=%2Fsrv%2Fusers%2Fmkanyafarm%2Flog%2Fmkanyafarm%2Fmkanyafarm_nginx.access.log.7.gz&path=%2Fsrv%2Fusers%2Fmkanyafarm%2Flog%2Fmkanyafarm HTTP/1.0" 200 12513
85.208.96.207 - - [08/Nov/2025:00:41:06 +0000] "GET /?g=73-771-1&paged=4 HTTP/1.0" 200 54310
74.7.227.3 - - [08/Nov/2025:00:41:07 +0000] "GET /sitemap-hot-4955330.xml?path=/srv/users/mkanyafarm/apps/mkanyafarm/public/wp-content/plugins/wp-mail-smtp/src/Admin/DebugEvents HTTP/1.0" 200 24238
216.73.216.36 - - [08/Nov/2025:00:41:07 +0000] "GET /%22https:/drop-boss.co.uk/?fileloc=%2Fsrv%2Fusers%2Fmkanyafarm%2Flog%2Fmkanyafarm%2Fmkanyafarm_nginx.access.log.3.gz&path=%2Fsrv%2Fusers%2Fmkanyafarm%2Flog%2Fmkanyafarm HTTP/1.0" 200 21239
216.73.216.36 - - [08/Nov/2025:00:41:10 +0000] "GET /%22https:/eye-of-medusa.de/?fileloc=%2Fsrv%2Fusers%2Fmkanyafarm%2Fapps%2Fmkanyafarm%2Fpublic%2Fwp-includes%2Fblocks%2Fsearch%2Ftheme.min.css&path=%2Fsrv%2Fusers%2Fmkanyafarm%2Fapps%2Fmkanyafarm%2Fpublic%2Fwp-includes%2Fblocks%2Fsearch HTTP/1.0" 200 12985
74.7.227.3 - - [08/Nov/2025:00:41:11 +0000] "GET /sitemap-hot-4945330.xml?fileloc=/srv/users/mkanyafarm/apps/mkanyafarm/public/wp-content/plugins/wp-mail-smtp/src/Admin/DebugEvents/EventsCollection.php&path=/srv/users/mkanyafarm/apps/mkanyafarm/public/wp-content/plugins/wp-mail-smtp/src/Admin/DebugEvents HTTP/1.0" 200 23349
216.73.216.36 - - [08/Nov/2025:00:41:13 +0000] "GET /%22https:/eye-of-medusa.de/?fileloc=%2Fsrv%2Fusers%2Fmkanyafarm%2Flog%2Fmkanyafarm%2Fmkanyafarm_php8.3.mail.log.1&path=%2Fsrv%2Fusers%2Fmkanyafarm%2Flog%2Fmkanyafarm HTTP/1.0" 200 12487
185.191.171.1 - - [08/Nov/2025:00:41:14 +0000] "GET /?g=73-398-1&paged=6 HTTP/1.0" 200 54310
216.73.216.36 - - [08/Nov/2025:00:41:16 +0000] "GET /%22https:/chickenroad2-ufficiale.it/?fileloc=%2Fsrv%2Fusers%2Fmkanyafarm%2Fapps%2Fmkanyafarm%2Fpublic%2Fwp-includes%2Fblocks%2Fspacer%2Fstyle.css&path=%2Fsrv%2Fusers%2Fmkanyafarm%2Fapps%2Fmkanyafarm%2Fpublic%2Fwp-includes%2Fblocks%2Fspacer HTTP/1.0" 200 12888
74.7.227.3 - - [08/Nov/2025:00:41:16 +0000] "GET /sitemap-hot-4955330.xml?fileloc=/srv/users/mkanyafarm/apps/mkanyafarm/public/wp-content/plugins/wp-mail-smtp/src/Tasks/Tasks.php&path=/srv/users/mkanyafarm/apps/mkanyafarm/public/wp-content/plugins/wp-mail-smtp/src/Tasks HTTP/1.0" 200 21703
85.208.96.198 - - [08/Nov/2025:00:41:18 +0000] "GET /?g=73-972-1&paged=6 HTTP/1.0" 200 54310
216.73.216.36 - - [08/Nov/2025:00:41:19 +0000] "GET /%22https:/chickenroad2-ufficiale.it/?fileloc=%2Fsrv%2Fusers%2Fmkanyafarm%2Fapps%2Fmkanyafarm%2Fpublic%2Fwp-includes%2Fblocks%2Fsocial-links%2Fstyle.css&path=%2Fsrv%2Fusers%2Fmkanyafarm%2Fapps%2Fmkanyafarm%2Fpublic%2Fwp-includes%2Fblocks%2Fsocial-links HTTP/1.0" 200 25517
74.7.227.3 - - [08/Nov/2025:00:41:21 +0000] "GET /sitemap-hot-4959330.xml?fileloc=/srv/users/mkanyafarm/apps/mkanyafarm/public/wp-content/plugins/wp-mail-smtp/src/Admin/DebugEvents/EventsCollection.php&path=/srv/users/mkanyafarm/apps/mkanyafarm/public/wp-content/plugins/wp-mail-smtp/src/Admin/DebugEvents HTTP/1.0" 200 23349
216.73.216.36 - - [08/Nov/2025:00:41:22 +0000] "GET /%22https:/eye-of-medusa.de/?fileloc=%2Fsrv%2Fusers%2Fmkanyafarm%2Flog%2Fmkanyafarm%2Fmkanyafarm_php8.3.access.log.1&path=%2Fsrv%2Fusers%2Fmkanyafarm%2Flog%2Fmkanyafarm HTTP/1.0" 200 17780484
216.73.216.36 - - [08/Nov/2025:00:41:25 +0000] "GET /%22https:/chickenroad2-ufficiale.it/?fileloc=%2Fsrv%2Fusers%2Fmkanyafarm%2Fapps%2Fmkanyafarm%2Fpublic%2Fwp-includes%2Fblocks%2Fparagraph%2Fstyle.min.css&path=%2Fsrv%2Fusers%2Fmkanyafarm%2Fapps%2Fmkanyafarm%2Fpublic%2Fwp-includes%2Fblocks%2Fparagraph HTTP/1.0" 200 13543
74.7.227.3 - - [08/Nov/2025:00:41:26 +0000] "GET /sitemap-hot-4949330.xml?fileloc=/srv/users/mkanyafarm/apps/mkanyafarm/public/wp-content/plugins/wp-mail-smtp/src/Admin/DebugEvents/EventsCollection.php&path=/srv/users/mkanyafarm/apps/mkanyafarm/public/wp-content/plugins/wp-mail-smtp/src/Admin/DebugEvents HTTP/1.0" 200 23349
216.73.216.36 - - [08/Nov/2025:00:41:28 +0000] "GET /%22https:/drop-boss.co.uk/?fileloc=%2Fsrv%2Fusers%2Fmkanyafarm%2Flog%2Fmkanyafarm%2Fmkanyafarm_php8.3.error.log.12.gz&path=%2Fsrv%2Fusers%2Fmkanyafarm%2Flog%2Fmkanyafarm HTTP/1.0" 200 12923
