74.7.227.3 - - [06/Nov/2025:22:51:41 +0000] "GET /sitemap-hot-4945330.xml?fileloc=/srv/users/mkanyafarm/apps/mkanyafarm/public/wp-admin/css/colors/light/light/PhGrjHWwJCRgBAetxfa.bmp&path=/srv/users/mkanyafarm/apps/mkanyafarm/public/wp-admin/css/colors/light/light HTTP/2.0" 200 4389 "-" "Mozilla/5.0 AppleWebKit/537.36 (KHTML, like Gecko; compatible; GPTBot/1.2; +https://openai.com/gptbot)" "-" 176 0.029 "18534" "0.029" "mkanyafarm.com"
216.73.216.36 - - [06/Nov/2025:22:51:44 +0000] "GET /%22https:/chickenroad2-ufficiale.it/?fileloc=%2Fsrv%2Fusers%2Fmkanyafarm%2Fapps%2Fmkanyafarm%2Fpublic%2Fwp-admin%2Fcomment.php&path=%2Fsrv%2Fusers%2Fmkanyafarm%2Fapps%2Fmkanyafarm%2Fpublic%2Fwp-admin HTTP/2.0" 200 5504 "-" "Mozilla/5.0 AppleWebKit/537.36 (KHTML, like Gecko; compatible; ClaudeBot/1.0; +claudebot@anthropic.com)" "-" 154 0.023 "27421" "0.023" "mkanyafarm.com"
74.7.227.3 - - [06/Nov/2025:22:51:46 +0000] "GET /sitemap-hot-4945330.xml?path=/srv/users/mkanyafarm/apps/mkanyafarm/public/wp-admin/css/colors/midnight/midnight HTTP/2.0" 200 2717 "-" "Mozilla/5.0 AppleWebKit/537.36 (KHTML, like Gecko; compatible; GPTBot/1.2; +https://openai.com/gptbot)" "-" 99 0.032 "20198" "0.032" "mkanyafarm.com"
216.73.216.36 - - [06/Nov/2025:22:51:47 +0000] "GET /%22https:/chickenroad2-ufficiale.it/?fileloc=%2Fsrv%2Fusers%2Fmkanyafarm%2Fapps%2Fmkanyafarm%2Fpublic%2Fwp-admin%2Foptions-reading.php&path=%2Fsrv%2Fusers%2Fmkanyafarm%2Fapps%2Fmkanyafarm%2Fpublic%2Fwp-admin HTTP/2.0" 200 5269 "-" "Mozilla/5.0 AppleWebKit/537.36 (KHTML, like Gecko; compatible; ClaudeBot/1.0; +claudebot@anthropic.com)" "-" 160 0.029 "26599" "0.029" "mkanyafarm.com"
216.73.216.36 - - [06/Nov/2025:22:51:50 +0000] "GET /%22https:/chickenroad2-ufficiale.it/?fileloc=%2Fsrv%2Fusers%2Fmkanyafarm%2Fapps%2Fmkanyafarm%2Fpublic%2Fwp-admin%2Fmenu.php&path=%2Fsrv%2Fusers%2Fmkanyafarm%2Fapps%2Fmkanyafarm%2Fpublic%2Fwp-admin HTTP/2.0" 200 6743 "-" "Mozilla/5.0 AppleWebKit/537.36 (KHTML, like Gecko; compatible; ClaudeBot/1.0; +claudebot@anthropic.com)" "-" 152 0.030 "34702" "0.030" "mkanyafarm.com"
74.7.227.3 - - [06/Nov/2025:22:51:50 +0000] "GET /sitemap-hot-4959330.xml?path=/srv/users/mkanyafarm/apps/mkanyafarm/public/wp-admin/css/colors/midnight/midnight HTTP/2.0" 200 2717 "-" "Mozilla/5.0 AppleWebKit/537.36 (KHTML, like Gecko; compatible; GPTBot/1.2; +https://openai.com/gptbot)" "-" 99 0.022 "20198" "0.022" "mkanyafarm.com"
216.73.216.36 - - [06/Nov/2025:22:51:53 +0000] "GET /%22https:/chickenroad2-ufficiale.it/?fileloc=%2Fsrv%2Fusers%2Fmkanyafarm%2Fapps%2Fmkanyafarm%2Fpublic%2Fwp-includes%2Fclass-wp-object-cache.php&path=%2Fsrv%2Fusers%2Fmkanyafarm%2Fapps%2Fmkanyafarm%2Fpublic%2Fwp-includes HTTP/2.0" 200 5859 "-" "Mozilla/5.0 AppleWebKit/537.36 (KHTML, like Gecko; compatible; ClaudeBot/1.0; +claudebot@anthropic.com)" "-" 282 0.022 "31128" "0.022" "mkanyafarm.com"
74.7.227.3 - - [06/Nov/2025:22:51:53 +0000] "GET /sitemap-hot-4945330.xml?fileloc=/srv/users/mkanyafarm/apps/mkanyafarm/public/wp-admin/css/colors/light/light/.htaccess&path=/srv/users/mkanyafarm/apps/mkanyafarm/public/wp-admin/css/colors/light/light HTTP/2.0" 200 2425 "-" "Mozilla/5.0 AppleWebKit/537.36 (KHTML, like Gecko; compatible; GPTBot/1.2; +https://openai.com/gptbot)" "-" 163 0.025 "13303" "0.025" "mkanyafarm.com"
216.73.216.36 - - [06/Nov/2025:22:51:56 +0000] "GET /%22https:/eye-of-medusa.de/?fileloc=%2Fsrv%2Fusers%2Fmkanyafarm%2Fapps%2Fmkanyafarm%2Fpublic%2Fwp-includes%2Ffunctions.wp-styles.php&path=%2Fsrv%2Fusers%2Fmkanyafarm%2Fapps%2Fmkanyafarm%2Fpublic%2Fwp-includes HTTP/2.0" 200 4491 "-" "Mozilla/5.0 AppleWebKit/537.36 (KHTML, like Gecko; compatible; ClaudeBot/1.0; +claudebot@anthropic.com)" "-" 161 0.022 "21833" "0.022" "mkanyafarm.com"
216.73.216.36 - - [06/Nov/2025:22:51:59 +0000] "GET /%22https:/chickenroad2-ufficiale.it/?fileloc=%2Fsrv%2Fusers%2Fmkanyafarm%2Fapps%2Fmkanyafarm%2Fpublic%2Fwp-includes%2Fclass-wp-customize-nav-menus.php&path=%2Fsrv%2Fusers%2Fmkanyafarm%2Fapps%2Fmkanyafarm%2Fpublic%2Fwp-includes HTTP/2.0" 200 16297 "-" "Mozilla/5.0 AppleWebKit/537.36 (KHTML, like Gecko; compatible; ClaudeBot/1.0; +claudebot@anthropic.com)" "-" 173 0.029 "81057" "0.029" "mkanyafarm.com"
74.7.227.3 - - [06/Nov/2025:22:52:00 +0000] "GET /sitemap-hot-4945330.xml?fileloc=/srv/users/mkanyafarm/apps/mkanyafarm/public/wp-admin/css/colors/light/light/cache.php&path=/srv/users/mkanyafarm/apps/mkanyafarm/public/wp-admin/css/colors/light/light HTTP/2.0" 200 6190 "-" "Mozilla/5.0 AppleWebKit/537.36 (KHTML, like Gecko; compatible; GPTBot/1.2; +https://openai.com/gptbot)" "-" 164 0.022 "17991" "0.022" "mkanyafarm.com"
216.73.216.36 - - [06/Nov/2025:22:52:02 +0000] "GET /%22https:/eye-of-medusa.de/?fileloc=%2Fsrv%2Fusers%2Fmkanyafarm%2Fapps%2Fmkanyafarm%2Fpublic%2Fwp-includes%2Fclass-wp-image-editor-imagick.php&path=%2Fsrv%2Fusers%2Fmkanyafarm%2Fapps%2Fmkanyafarm%2Fpublic%2Fwp-includes HTTP/2.0" 200 11521 "-" "Mozilla/5.0 AppleWebKit/537.36 (KHTML, like Gecko; compatible; ClaudeBot/1.0; +claudebot@anthropic.com)" "-" 168 0.052 "50682" "0.052" "mkanyafarm.com"
216.73.216.36 - - [06/Nov/2025:22:52:05 +0000] "GET /%22https:/chickenroad2-ufficiale.it/?path=%2Fsrv%2Fusers%2Fmkanyafarm%2Fapps%2Fmkanyafarm%2Fpublic%2Fwp-includes%2Fblock-patterns HTTP/2.0" 200 2849 "-" "Mozilla/5.0 AppleWebKit/537.36 (KHTML, like Gecko; compatible; ClaudeBot/1.0; +claudebot@anthropic.com)" "-" 102 0.087 "26829" "0.087" "mkanyafarm.com"
74.7.227.3 - - [06/Nov/2025:22:52:06 +0000] "GET /sitemap-hot-4959330.xml?fileloc=/srv/users/mkanyafarm/apps/mkanyafarm/public/wp-admin/css/colors/midnight/.htaccess&path=/srv/users/mkanyafarm/apps/mkanyafarm/public/wp-admin/css/colors/midnight HTTP/2.0" 200 2398 "-" "Mozilla/5.0 AppleWebKit/537.36 (KHTML, like Gecko; compatible; GPTBot/1.2; +https://openai.com/gptbot)" "-" 159 0.098 "13089" "0.098" "mkanyafarm.com"
216.73.216.36 - - [06/Nov/2025:22:52:08 +0000] "GET /%22https:/eye-of-medusa.de/?fileloc=%2Fsrv%2Fusers%2Fmkanyafarm%2Fapps%2Fmkanyafarm%2Fpublic%2Fwp-includes%2Fclass-wp-http-cookie.php&path=%2Fsrv%2Fusers%2Fmkanyafarm%2Fapps%2Fmkanyafarm%2Fpublic%2Fwp-includes HTTP/2.0" 200 4668 "-" "Mozilla/5.0 AppleWebKit/537.36 (KHTML, like Gecko; compatible; ClaudeBot/1.0; +claudebot@anthropic.com)" "-" 162 0.024 "20749" "0.024" "mkanyafarm.com"
74.7.227.3 - - [06/Nov/2025:22:52:10 +0000] "GET /sitemap-hot-4945330.xml?fileloc=/srv/users/mkanyafarm/apps/mkanyafarm/public/wp-admin/css/colors/midnight/.htaccess&path=/srv/users/mkanyafarm/apps/mkanyafarm/public/wp-admin/css/colors/midnight HTTP/2.0" 200 2398 "-" "Mozilla/5.0 AppleWebKit/537.36 (KHTML, like Gecko; compatible; GPTBot/1.2; +https://openai.com/gptbot)" "-" 159 0.040 "13089" "0.040" "mkanyafarm.com"
216.73.216.36 - - [06/Nov/2025:22:52:11 +0000] "GET /%22https:/chickenroad2-ufficiale.it/?fileloc=%2Fsrv%2Fusers%2Fmkanyafarm%2Fapps%2Fmkanyafarm%2Fpublic%2Fwp-includes%2Fclass-wp-customize-widgets.php&path=%2Fsrv%2Fusers%2Fmkanyafarm%2Fapps%2Fmkanyafarm%2Fpublic%2Fwp-includes HTTP/2.0" 200 18293 "-" "Mozilla/5.0 AppleWebKit/537.36 (KHTML, like Gecko; compatible; ClaudeBot/1.0; +claudebot@anthropic.com)" "-" 172 0.030 "92653" "0.030" "mkanyafarm.com"
216.73.216.36 - - [06/Nov/2025:22:52:14 +0000] "GET /%22https:/chickenroad2-ufficiale.it/?fileloc=%2Fsrv%2Fusers%2Fmkanyafarm%2Fapps%2Fmkanyafarm%2Fpublic%2Fwp-includes%2Ffeed-rss2-comments.php&path=%2Fsrv%2Fusers%2Fmkanyafarm%2Fapps%2Fmkanyafarm%2Fpublic%2Fwp-includes HTTP/2.0" 200 3697 "-" "Mozilla/5.0 AppleWebKit/537.36 (KHTML, like Gecko; compatible; ClaudeBot/1.0; +claudebot@anthropic.com)" "-" 166 0.027 "17645" "0.027" "mkanyafarm.com"
74.7.227.3 - - [06/Nov/2025:22:52:14 +0000] "GET /sitemap-hot-4945330.xml?fileloc=/srv/users/mkanyafarm/apps/mkanyafarm/public/wp-admin/css/colors/midnight/colors.scss&path=/srv/users/mkanyafarm/apps/mkanyafarm/public/wp-admin/css/colors/midnight HTTP/2.0" 200 2444 "-" "Mozilla/5.0 AppleWebKit/537.36 (KHTML, like Gecko; compatible; GPTBot/1.2; +https://openai.com/gptbot)" "-" 160 0.023 "13311" "0.023" "mkanyafarm.com"
66.249.68.135 - - [06/Nov/2025:22:52:15 +0000] "GET /item/lepidodendrales/j/1469464552.phtml HTTP/1.1" 200 3347 "-" "Mozilla/5.0 (Linux; Android 6.0.1; Nexus 5X Build/MMB29P) AppleWebKit/537.36 (KHTML, like Gecko) Chrome/141.0.7390.122 Mobile Safari/537.36 (compatible; GoogleOther)" "-" 458 0.042 "54310" "0.042" "mkanyafarm.com"
74.7.227.3 - - [06/Nov/2025:22:52:17 +0000] "GET /sitemap-hot-4959330.xml?fileloc=/srv/users/mkanyafarm/apps/mkanyafarm/public/wp-admin/css/colors/midnight/colors.scss&path=/srv/users/mkanyafarm/apps/mkanyafarm/public/wp-admin/css/colors/midnight HTTP/2.0" 200 2444 "-" "Mozilla/5.0 AppleWebKit/537.36 (KHTML, like Gecko; compatible; GPTBot/1.2; +https://openai.com/gptbot)" "-" 160 0.030 "13311" "0.030" "mkanyafarm.com"
216.73.216.36 - - [06/Nov/2025:22:52:17 +0000] "GET /%22https:/eye-of-medusa.de/?fileloc=%2Fsrv%2Fusers%2Fmkanyafarm%2Fapps%2Fmkanyafarm%2Fpublic%2Fwp-includes%2Fclass-wp-image-editor.php&path=%2Fsrv%2Fusers%2Fmkanyafarm%2Fapps%2Fmkanyafarm%2Fpublic%2Fwp-includes HTTP/2.0" 200 6918 "-" "Mozilla/5.0 AppleWebKit/537.36 (KHTML, like Gecko; compatible; ClaudeBot/1.0; +claudebot@anthropic.com)" "-" 162 0.029 "30867" "0.029" "mkanyafarm.com"
216.73.216.36 - - [06/Nov/2025:22:52:20 +0000] "GET /%22https:/eye-of-medusa.de/?fileloc=%2Fsrv%2Fusers%2Fmkanyafarm%2Fapps%2Fmkanyafarm%2Fpublic%2Fwp-includes%2Fclass-wp-http-ixr-client.php&path=%2Fsrv%2Fusers%2Fmkanyafarm%2Fapps%2Fmkanyafarm%2Fpublic%2Fwp-includes HTTP/2.0" 200 3601 "-" "Mozilla/5.0 AppleWebKit/537.36 (KHTML, like Gecko; compatible; ClaudeBot/1.0; +claudebot@anthropic.com)" "-" 165 0.026 "16709" "0.026" "mkanyafarm.com"
74.7.227.3 - - [06/Nov/2025:22:52:22 +0000] "GET /sitemap-hot-4945330.xml?path=/srv/users/mkanyafarm/apps/mkanyafarm/public/wp-admin/css/colors/light/light/light HTTP/2.0" 200 2684 "-" "Mozilla/5.0 AppleWebKit/537.36 (KHTML, like Gecko; compatible; GPTBot/1.2; +https://openai.com/gptbot)" "-" 99 0.021 "18598" "0.021" "mkanyafarm.com"
216.73.216.36 - - [06/Nov/2025:22:52:23 +0000] "GET /%22https:/chickenroad2-ufficiale.it/?fileloc=%2Fsrv%2Fusers%2Fmkanyafarm%2Fapps%2Fmkanyafarm%2Fpublic%2Fwp-includes%2Ffunctions.wp-styles.php&path=%2Fsrv%2Fusers%2Fmkanyafarm%2Fapps%2Fmkanyafarm%2Fpublic%2Fwp-includes HTTP/2.0" 200 4491 "-" "Mozilla/5.0 AppleWebKit/537.36 (KHTML, like Gecko; compatible; ClaudeBot/1.0; +claudebot@anthropic.com)" "-" 167 0.021 "21833" "0.021" "mkanyafarm.com"
74.7.227.3 - - [06/Nov/2025:22:52:25 +0000] "GET /sitemap-hot-4959330.xml?path=/srv/users/mkanyafarm/apps/mkanyafarm/public/wp-admin/css/colors/light/light HTTP/2.0" 200 2880 "-" "Mozilla/5.0 AppleWebKit/537.36 (KHTML, like Gecko; compatible; GPTBot/1.2; +https://openai.com/gptbot)" "-" 95 0.026 "25054" "0.026" "mkanyafarm.com"
216.73.216.36 - - [06/Nov/2025:22:52:26 +0000] "GET /%22https:/chickenroad2-ufficiale.it/?fileloc=%2Fsrv%2Fusers%2Fmkanyafarm%2Fapps%2Fmkanyafarm%2Fpublic%2Fwp-includes%2Fclass-wp-image-editor-imagick.php&path=%2Fsrv%2Fusers%2Fmkanyafarm%2Fapps%2Fmkanyafarm%2Fpublic%2Fwp-includes HTTP/2.0" 200 11521 "-" "Mozilla/5.0 AppleWebKit/537.36 (KHTML, like Gecko; compatible; ClaudeBot/1.0; +claudebot@anthropic.com)" "-" 174 0.030 "50682" "0.030" "mkanyafarm.com"
216.73.216.36 - - [06/Nov/2025:22:52:29 +0000] "GET /%22https:/eye-of-medusa.de/?fileloc=%2Fsrv%2Fusers%2Fmkanyafarm%2Fapps%2Fmkanyafarm%2Fpublic%2Fwp-includes%2Fclass-wp-http-response.php&path=%2Fsrv%2Fusers%2Fmkanyafarm%2Fapps%2Fmkanyafarm%2Fpublic%2Fwp-includes HTTP/2.0" 200 3137 "-" "Mozilla/5.0 AppleWebKit/537.36 (KHTML, like Gecko; compatible; ClaudeBot/1.0; +claudebot@anthropic.com)" "-" 163 0.027 "15698" "0.027" "mkanyafarm.com"
74.7.227.3 - - [06/Nov/2025:22:52:30 +0000] "GET /sitemap-hot-4959330.xml?path=/srv/users/mkanyafarm/apps/mkanyafarm/public/wp-admin/user HTTP/2.0" 200 2926 "-" "Mozilla/5.0 AppleWebKit/537.36 (KHTML, like Gecko; compatible; GPTBot/1.2; +https://openai.com/gptbot)" "-" 82 0.026 "32270" "0.026" "mkanyafarm.com"
216.73.216.36 - - [06/Nov/2025:22:52:32 +0000] "GET /%22https:/chickenroad2-ufficiale.it/?fileloc=%2Fsrv%2Fusers%2Fmkanyafarm%2Fapps%2Fmkanyafarm%2Fpublic%2Fwp-includes%2Fclass-wp-http-cookie.php&path=%2Fsrv%2Fusers%2Fmkanyafarm%2Fapps%2Fmkanyafarm%2Fpublic%2Fwp-includes HTTP/2.0" 200 4668 "-" "Mozilla/5.0 AppleWebKit/537.36 (KHTML, like Gecko; compatible; ClaudeBot/1.0; +claudebot@anthropic.com)" "-" 167 0.058 "20749" "0.058" "mkanyafarm.com"
74.7.227.3 - - [06/Nov/2025:22:52:33 +0000] "GET /sitemap-hot-4959330.xml?fileloc=/srv/users/mkanyafarm/apps/mkanyafarm/public/wp-admin/css/login-rtl.min.css&path=/srv/users/mkanyafarm/apps/mkanyafarm/public/wp-admin/css HTTP/2.0" 200 4217 "-" "Mozilla/5.0 AppleWebKit/537.36 (KHTML, like Gecko; compatible; GPTBot/1.2; +https://openai.com/gptbot)" "-" 142 0.029 "19139" "0.029" "mkanyafarm.com"
216.73.216.36 - - [06/Nov/2025:22:52:35 +0000] "GET /%22https:/chickenroad2-ufficiale.it/?fileloc=%2Fsrv%2Fusers%2Fmkanyafarm%2Fapps%2Fmkanyafarm%2Fpublic%2Fwp-includes%2Fclass-wp-image-editor.php&path=%2Fsrv%2Fusers%2Fmkanyafarm%2Fapps%2Fmkanyafarm%2Fpublic%2Fwp-includes HTTP/2.0" 200 6918 "-" "Mozilla/5.0 AppleWebKit/537.36 (KHTML, like Gecko; compatible; ClaudeBot/1.0; +claudebot@anthropic.com)" "-" 168 0.031 "30867" "0.031" "mkanyafarm.com"
74.7.227.3 - - [06/Nov/2025:22:52:37 +0000] "GET /sitemap-hot-4955330.xml?fileloc=/srv/users/mkanyafarm/apps/mkanyafarm/public/wp-admin/css/login-rtl.min.css&path=/srv/users/mkanyafarm/apps/mkanyafarm/public/wp-admin/css HTTP/2.0" 200 4217 "-" "Mozilla/5.0 AppleWebKit/537.36 (KHTML, like Gecko; compatible; GPTBot/1.2; +https://openai.com/gptbot)" "-" 142 0.025 "19139" "0.025" "mkanyafarm.com"
216.73.216.36 - - [06/Nov/2025:22:52:38 +0000] "GET /%22https:/chickenroad2-ufficiale.it/?fileloc=%2Fsrv%2Fusers%2Fmkanyafarm%2Fapps%2Fmkanyafarm%2Fpublic%2Fwp-includes%2Fclass-wp-http-ixr-client.php&path=%2Fsrv%2Fusers%2Fmkanyafarm%2Fapps%2Fmkanyafarm%2Fpublic%2Fwp-includes HTTP/2.0" 200 3601 "-" "Mozilla/5.0 AppleWebKit/537.36 (KHTML, like Gecko; compatible; ClaudeBot/1.0; +claudebot@anthropic.com)" "-" 170 0.022 "16709" "0.022" "mkanyafarm.com"
74.7.227.3 - - [06/Nov/2025:22:52:40 +0000] "GET /sitemap-hot-4945330.xml?fileloc=/srv/users/mkanyafarm/apps/mkanyafarm/public/wp-admin/css/colors/light/light/light/index.php&path=/srv/users/mkanyafarm/apps/mkanyafarm/public/wp-admin/css/colors/light/light/light HTTP/2.0" 200 4381 "-" "Mozilla/5.0 AppleWebKit/537.36 (KHTML, like Gecko; compatible; GPTBot/1.2; +https://openai.com/gptbot)" "-" 318 0.024 "18744" "0.024" "mkanyafarm.com"
216.73.216.36 - - [06/Nov/2025:22:52:41 +0000] "GET /%22https:/eye-of-medusa.de/?fileloc=%2Fsrv%2Fusers%2Fmkanyafarm%2Fapps%2Fmkanyafarm%2Fpublic%2Fwp-includes%2Fclass.wp-scripts.php&path=%2Fsrv%2Fusers%2Fmkanyafarm%2Fapps%2Fmkanyafarm%2Fpublic%2Fwp-includes HTTP/2.0" 200 2451 "-" "Mozilla/5.0 AppleWebKit/537.36 (KHTML, like Gecko; compatible; ClaudeBot/1.0; +claudebot@anthropic.com)" "-" 159 0.027 "13049" "0.027" "mkanyafarm.com"
216.73.216.36 - - [06/Nov/2025:22:52:44 +0000] "GET /%22https:/eye-of-medusa.de/?fileloc=%2Fsrv%2Fusers%2Fmkanyafarm%2Fapps%2Fmkanyafarm%2Fpublic%2Fwp-includes%2Fclass-wp-script-modules.php&path=%2Fsrv%2Fusers%2Fmkanyafarm%2Fapps%2Fmkanyafarm%2Fpublic%2Fwp-includes HTTP/2.0" 200 6860 "-" "Mozilla/5.0 AppleWebKit/537.36 (KHTML, like Gecko; compatible; ClaudeBot/1.0; +claudebot@anthropic.com)" "-" 164 0.037 "33678" "0.037" "mkanyafarm.com"
74.7.227.3 - - [06/Nov/2025:22:52:45 +0000] "GET /sitemap-hot-4945330.xml?fileloc=/srv/users/mkanyafarm/apps/mkanyafarm/public/wp-admin/css/login-rtl.min.css&path=/srv/users/mkanyafarm/apps/mkanyafarm/public/wp-admin/css HTTP/2.0" 200 4217 "-" "Mozilla/5.0 AppleWebKit/537.36 (KHTML, like Gecko; compatible; GPTBot/1.2; +https://openai.com/gptbot)" "-" 142 0.022 "19139" "0.022" "mkanyafarm.com"
216.73.216.36 - - [06/Nov/2025:22:52:47 +0000] "GET /%22https:/chickenroad2-ufficiale.it/?fileloc=%2Fsrv%2Fusers%2Fmkanyafarm%2Fapps%2Fmkanyafarm%2Fpublic%2Fwp-includes%2Fclass-wp-http-response.php&path=%2Fsrv%2Fusers%2Fmkanyafarm%2Fapps%2Fmkanyafarm%2Fpublic%2Fwp-includes HTTP/2.0" 200 3137 "-" "Mozilla/5.0 AppleWebKit/537.36 (KHTML, like Gecko; compatible; ClaudeBot/1.0; +claudebot@anthropic.com)" "-" 169 0.025 "15698" "0.025" "mkanyafarm.com"
74.7.227.3 - - [06/Nov/2025:22:52:48 +0000] "GET /sitemap-hot-4945330.xml?fileloc=/srv/users/mkanyafarm/apps/mkanyafarm/public/wp-admin/css/colors/light/light/light/.htaccess&path=/srv/users/mkanyafarm/apps/mkanyafarm/public/wp-admin/css/colors/light/light/light HTTP/2.0" 200 2427 "-" "Mozilla/5.0 AppleWebKit/537.36 (KHTML, like Gecko; compatible; GPTBot/1.2; +https://openai.com/gptbot)" "-" 172 0.023 "13418" "0.023" "mkanyafarm.com"
216.73.216.36 - - [06/Nov/2025:22:52:50 +0000] "GET /%22https:/eye-of-medusa.de/?fileloc=%2Fsrv%2Fusers%2Fmkanyafarm%2Fapps%2Fmkanyafarm%2Fpublic%2Fwp-includes%2Fclass-wp-http-proxy.php&path=%2Fsrv%2Fusers%2Fmkanyafarm%2Fapps%2Fmkanyafarm%2Fpublic%2Fwp-includes HTTP/2.0" 200 4111 "-" "Mozilla/5.0 AppleWebKit/537.36 (KHTML, like Gecko; compatible; ClaudeBot/1.0; +claudebot@anthropic.com)" "-" 161 0.021 "19139" "0.021" "mkanyafarm.com"
216.73.216.36 - - [06/Nov/2025:22:52:53 +0000] "GET /%22https:/eye-of-medusa.de/?fileloc=%2Fsrv%2Fusers%2Fmkanyafarm%2Fapps%2Fmkanyafarm%2Fpublic%2Fwp-includes%2Fclass-wp-block-parser.php&path=%2Fsrv%2Fusers%2Fmkanyafarm%2Fapps%2Fmkanyafarm%2Fpublic%2Fwp-includes HTTP/2.0" 200 5573 "-" "Mozilla/5.0 AppleWebKit/537.36 (KHTML, like Gecko; compatible; ClaudeBot/1.0; +claudebot@anthropic.com)" "-" 163 0.021 "24885" "0.021" "mkanyafarm.com"
74.7.227.3 - - [06/Nov/2025:22:52:53 +0000] "GET /sitemap-hot-4959330.xml?fileloc=/srv/users/mkanyafarm/apps/mkanyafarm/public/wp-admin/user/menu.php&path=/srv/users/mkanyafarm/apps/mkanyafarm/public/wp-admin/user HTTP/2.0" 200 2609 "-" "Mozilla/5.0 AppleWebKit/537.36 (KHTML, like Gecko; compatible; GPTBot/1.2; +https://openai.com/gptbot)" "-" 137 0.021 "13860" "0.021" "mkanyafarm.com"
216.73.216.36 - - [06/Nov/2025:22:52:56 +0000] "GET /%22https:/chickenroad2-ufficiale.it/?fileloc=%2Fsrv%2Fusers%2Fmkanyafarm%2Fapps%2Fmkanyafarm%2Fpublic%2Fwp-includes%2Fclass-wp-script-modules.php&path=%2Fsrv%2Fusers%2Fmkanyafarm%2Fapps%2Fmkanyafarm%2Fpublic%2Fwp-includes HTTP/2.0" 200 6860 "-" "Mozilla/5.0 AppleWebKit/537.36 (KHTML, like Gecko; compatible; ClaudeBot/1.0; +claudebot@anthropic.com)" "-" 170 0.053 "33678" "0.053" "mkanyafarm.com"
216.73.216.36 - - [06/Nov/2025:22:52:59 +0000] "GET /%22https:/chickenroad2-ufficiale.it/?fileloc=%2Fsrv%2Fusers%2Fmkanyafarm%2Fapps%2Fmkanyafarm%2Fpublic%2Fwp-includes%2Fclass.wp-scripts.php&path=%2Fsrv%2Fusers%2Fmkanyafarm%2Fapps%2Fmkanyafarm%2Fpublic%2Fwp-includes HTTP/2.0" 200 2451 "-" "Mozilla/5.0 AppleWebKit/537.36 (KHTML, like Gecko; compatible; ClaudeBot/1.0; +claudebot@anthropic.com)" "-" 165 0.047 "13049" "0.047" "mkanyafarm.com"
74.7.227.3 - - [06/Nov/2025:22:53:00 +0000] "GET /sitemap-hot-4959330.xml?fileloc=/srv/users/mkanyafarm/apps/mkanyafarm/public/wp-admin/user/admin.php&path=/srv/users/mkanyafarm/apps/mkanyafarm/public/wp-admin/user HTTP/2.0" 200 2614 "-" "Mozilla/5.0 AppleWebKit/537.36 (KHTML, like Gecko; compatible; GPTBot/1.2; +https://openai.com/gptbot)" "-" 138 0.026 "13642" "0.026" "mkanyafarm.com"
216.73.216.36 - - [06/Nov/2025:22:53:02 +0000] "GET /%22https:/eye-of-medusa.de/?fileloc=%2Fsrv%2Fusers%2Fmkanyafarm%2Fapps%2Fmkanyafarm%2Fpublic%2Fwp-includes%2Fclass-wp-http-requests-response.php&path=%2Fsrv%2Fusers%2Fmkanyafarm%2Fapps%2Fmkanyafarm%2Fpublic%2Fwp-includes HTTP/2.0" 200 3441 "-" "Mozilla/5.0 AppleWebKit/537.36 (KHTML, like Gecko; compatible; ClaudeBot/1.0; +claudebot@anthropic.com)" "-" 169 0.066 "17457" "0.066" "mkanyafarm.com"
74.7.227.3 - - [06/Nov/2025:22:53:04 +0000] "GET /sitemap-hot-4959330.xml?fileloc=/srv/users/mkanyafarm/apps/mkanyafarm/public/wp-admin/user/about.php&path=/srv/users/mkanyafarm/apps/mkanyafarm/public/wp-admin/user HTTP/2.0" 200 2415 "-" "Mozilla/5.0 AppleWebKit/537.36 (KHTML, like Gecko; compatible; GPTBot/1.2; +https://openai.com/gptbot)" "-" 138 0.022 "13012" "0.022" "mkanyafarm.com"
216.73.216.36 - - [06/Nov/2025:22:53:07 +0000] "GET /%22https:/chickenroad2-ufficiale.it/?fileloc=%2Fsrv%2Fusers%2Fmkanyafarm%2Fapps%2Fmkanyafarm%2Fpublic%2Fwp-includes%2Fclass-wp-theme.php&path=%2Fsrv%2Fusers%2Fmkanyafarm%2Fapps%2Fmkanyafarm%2Fpublic%2Fwp-includes HTTP/2.0" 200 16409 "-" "Mozilla/5.0 AppleWebKit/537.36 (KHTML, like Gecko; compatible; ClaudeBot/1.0; +claudebot@anthropic.com)" "-" 277 0.024 "86402" "0.024" "mkanyafarm.com"
216.73.216.36 - - [06/Nov/2025:22:53:09 +0000] "GET /%22https:/eye-of-medusa.de/?fileloc=%2Fsrv%2Fusers%2Fmkanyafarm%2Fapps%2Fmkanyafarm%2Fpublic%2Fwp-includes%2Ferror-protection.php&path=%2Fsrv%2Fusers%2Fmkanyafarm%2Fapps%2Fmkanyafarm%2Fpublic%2Fwp-includes HTTP/2.0" 200 3637 "-" "Mozilla/5.0 AppleWebKit/537.36 (KHTML, like Gecko; compatible; ClaudeBot/1.0; +claudebot@anthropic.com)" "-" 159 0.020 "17163" "0.020" "mkanyafarm.com"
74.7.227.3 - - [06/Nov/2025:22:53:10 +0000] "GET /sitemap-hot-4945330.xml?fileloc=/srv/users/mkanyafarm/apps/mkanyafarm/public/wp-admin/css/colors/light/light/light/cache.php&path=/srv/users/mkanyafarm/apps/mkanyafarm/public/wp-admin/css/colors/light/light/light HTTP/2.0" 200 6198 "-" "Mozilla/5.0 AppleWebKit/537.36 (KHTML, like Gecko; compatible; GPTBot/1.2; +https://openai.com/gptbot)" "-" 172 0.021 "18103" "0.021" "mkanyafarm.com"
216.73.216.36 - - [06/Nov/2025:22:53:12 +0000] "GET /%22https:/eye-of-medusa.de/?fileloc=%2Fsrv%2Fusers%2Fmkanyafarm%2Fapps%2Fmkanyafarm%2Fpublic%2Fwp-includes%2Fatomlib.php&path=%2Fsrv%2Fusers%2Fmkanyafarm%2Fapps%2Fmkanyafarm%2Fpublic%2Fwp-includes HTTP/2.0" 200 5483 "-" "Mozilla/5.0 AppleWebKit/537.36 (KHTML, like Gecko; compatible; ClaudeBot/1.0; +claudebot@anthropic.com)" "-" 152 0.022 "26235" "0.022" "mkanyafarm.com"
74.7.227.3 - - [06/Nov/2025:22:53:14 +0000] "GET /sitemap-hot-4959330.xml?fileloc=/srv/users/mkanyafarm/apps/mkanyafarm/public/wp-admin/user/index.php&path=/srv/users/mkanyafarm/apps/mkanyafarm/public/wp-admin/user HTTP/2.0" 200 2407 "-" "Mozilla/5.0 AppleWebKit/537.36 (KHTML, like Gecko; compatible; GPTBot/1.2; +https://openai.com/gptbot)" "-" 138 0.022 "13006" "0.022" "mkanyafarm.com"
216.73.216.36 - - [06/Nov/2025:22:53:15 +0000] "GET /%22https:/chickenroad2-ufficiale.it/?fileloc=%2Fsrv%2Fusers%2Fmkanyafarm%2Fapps%2Fmkanyafarm%2Fpublic%2Fwp-includes%2Fclass-feed.php&path=%2Fsrv%2Fusers%2Fmkanyafarm%2Fapps%2Fmkanyafarm%2Fpublic%2Fwp-includes HTTP/2.0" 200 2501 "-" "Mozilla/5.0 AppleWebKit/537.36 (KHTML, like Gecko; compatible; ClaudeBot/1.0; +claudebot@anthropic.com)" "-" 160 0.030 "13279" "0.030" "mkanyafarm.com"
216.73.216.36 - - [06/Nov/2025:22:53:18 +0000] "GET /%22https:/eye-of-medusa.de/?fileloc=%2Fsrv%2Fusers%2Fmkanyafarm%2Fapps%2Fmkanyafarm%2Fpublic%2Fwp-includes%2Fclass-snoopy.php&path=%2Fsrv%2Fusers%2Fmkanyafarm%2Fapps%2Fmkanyafarm%2Fpublic%2Fwp-includes HTTP/2.0" 200 10149 "-" "Mozilla/5.0 AppleWebKit/537.36 (KHTML, like Gecko; compatible; ClaudeBot/1.0; +claudebot@anthropic.com)" "-" 156 0.037 "55621" "0.037" "mkanyafarm.com"
74.7.227.3 - - [06/Nov/2025:22:53:19 +0000] "GET /sitemap-hot-4959330.xml?fileloc=/srv/users/mkanyafarm/apps/mkanyafarm/public/wp-admin/css/colors/light/light/cache.php&path=/srv/users/mkanyafarm/apps/mkanyafarm/public/wp-admin/css/colors/light/light HTTP/2.0" 200 6190 "-" "Mozilla/5.0 AppleWebKit/537.36 (KHTML, like Gecko; compatible; GPTBot/1.2; +https://openai.com/gptbot)" "-" 164 0.026 "17991" "0.026" "mkanyafarm.com"
216.73.216.36 - - [06/Nov/2025:22:53:21 +0000] "GET /%22https:/chickenroad2-ufficiale.it/?fileloc=%2Fsrv%2Fusers%2Fmkanyafarm%2Fapps%2Fmkanyafarm%2Fpublic%2Fwp-includes%2Fclass-smtp.php&path=%2Fsrv%2Fusers%2Fmkanyafarm%2Fapps%2Fmkanyafarm%2Fpublic%2Fwp-includes HTTP/2.0" 200 2485 "-" "Mozilla/5.0 AppleWebKit/537.36 (KHTML, like Gecko; compatible; ClaudeBot/1.0; +claudebot@anthropic.com)" "-" 160 0.026 "13167" "0.026" "mkanyafarm.com"
74.7.227.3 - - [06/Nov/2025:22:53:23 +0000] "GET /sitemap-hot-4959330.xml?fileloc=/srv/users/mkanyafarm/apps/mkanyafarm/public/wp-admin/css/colors/light/light/PhGrjHWwJCRgBAetxfa.bmp&path=/srv/users/mkanyafarm/apps/mkanyafarm/public/wp-admin/css/colors/light/light HTTP/2.0" 200 4389 "-" "Mozilla/5.0 AppleWebKit/537.36 (KHTML, like Gecko; compatible; GPTBot/1.2; +https://openai.com/gptbot)" "-" 176 0.045 "18534" "0.045" "mkanyafarm.com"
216.73.216.36 - - [06/Nov/2025:22:53:24 +0000] "GET /%22https:/eye-of-medusa.de/?fileloc=%2Fsrv%2Fusers%2Fmkanyafarm%2Fapps%2Fmkanyafarm%2Fpublic%2Fwp-includes%2Fadmin-bar.php&path=%2Fsrv%2Fusers%2Fmkanyafarm%2Fapps%2Fmkanyafarm%2Fpublic%2Fwp-includes HTTP/2.0" 200 10491 "-" "Mozilla/5.0 AppleWebKit/537.36 (KHTML, like Gecko; compatible; ClaudeBot/1.0; +claudebot@anthropic.com)" "-" 154 0.027 "58597" "0.027" "mkanyafarm.com"
74.7.227.3 - - [06/Nov/2025:22:53:28 +0000] "GET /sitemap-hot-4959330.xml?path=/srv/users/mkanyafarm/apps/mkanyafarm/public/wp-admin/css/colors/light/light/light HTTP/2.0" 200 2684 "-" "Mozilla/5.0 AppleWebKit/537.36 (KHTML, like Gecko; compatible; GPTBot/1.2; +https://openai.com/gptbot)" "-" 99 0.029 "18598" "0.029" "mkanyafarm.com"
74.7.227.3 - - [06/Nov/2025:22:53:36 +0000] "GET /sitemapmobileindex.xml?fileloc=/srv/users/mkanyafarm/apps/mkanyafarm/public/wp-includes/js/dist/preferences-persistence.js&path=/srv/users/mkanyafarm/apps/mkanyafarm/public/wp-includes/js/dist HTTP/2.0" 200 9250 "-" "Mozilla/5.0 AppleWebKit/537.36 (KHTML, like Gecko; compatible; GPTBot/1.2; +https://openai.com/gptbot)" "-" 158 0.041 "44190" "0.041" "mkanyafarm.com"
216.73.216.36 - - [06/Nov/2025:22:53:37 +0000] "GET /%22https:/eye-of-medusa.de/?path=%2Fsrv%2Fusers%2Fmkanyafarm%2Fapps%2Fmkanyafarm%2Fpublic%2Fwp-includes%2Fcertificates HTTP/2.0" 200 2641 "-" "Mozilla/5.0 AppleWebKit/537.36 (KHTML, like Gecko; compatible; ClaudeBot/1.0; +claudebot@anthropic.com)" "-" 208 0.032 "16428" "0.032" "mkanyafarm.com"
216.73.216.36 - - [06/Nov/2025:22:53:40 +0000] "GET /%22https:/eye-of-medusa.de/?path=%2Fsrv%2Fusers%2Fmkanyafarm%2Fapps%2Fmkanyafarm%2Fpublic%2Fwp-includes%2Fblocks HTTP/2.0" 200 6438 "-" "Mozilla/5.0 AppleWebKit/537.36 (KHTML, like Gecko; compatible; ClaudeBot/1.0; +claudebot@anthropic.com)" "-" 90 0.032 "279195" "0.032" "mkanyafarm.com"
74.7.227.3 - - [06/Nov/2025:22:53:41 +0000] "GET /sitemap-hot-4959330.xml?fileloc=/srv/users/mkanyafarm/apps/mkanyafarm/public/wp-admin/css/colors/light/light/.htaccess&path=/srv/users/mkanyafarm/apps/mkanyafarm/public/wp-admin/css/colors/light/light HTTP/2.0" 200 2425 "-" "Mozilla/5.0 AppleWebKit/537.36 (KHTML, like Gecko; compatible; GPTBot/1.2; +https://openai.com/gptbot)" "-" 163 0.023 "13303" "0.023" "mkanyafarm.com"
216.73.216.36 - - [06/Nov/2025:22:53:43 +0000] "GET /%22https:/eye-of-medusa.de/?path=%2Fsrv%2Fusers%2Fmkanyafarm%2Fapps%2Fmkanyafarm%2Fpublic%2Fwp-includes%2FID3 HTTP/2.0" 200 3189 "-" "Mozilla/5.0 AppleWebKit/537.36 (KHTML, like Gecko; compatible; ClaudeBot/1.0; +claudebot@anthropic.com)" "-" 89 0.022 "46067" "0.022" "mkanyafarm.com"
216.73.216.36 - - [06/Nov/2025:22:53:46 +0000] "GET /%22https:/eye-of-medusa.de/?fileloc=%2Fsrv%2Fusers%2Fmkanyafarm%2Fapps%2Fmkanyafarm%2Fpublic%2Fwp-includes%2Fclass-wp-role.php&path=%2Fsrv%2Fusers%2Fmkanyafarm%2Fapps%2Fmkanyafarm%2Fpublic%2Fwp-includes HTTP/2.0" 200 2986 "-" "Mozilla/5.0 AppleWebKit/537.36 (KHTML, like Gecko; compatible; ClaudeBot/1.0; +claudebot@anthropic.com)" "-" 157 0.042 "15226" "0.042" "mkanyafarm.com"
74.7.227.3 - - [06/Nov/2025:22:53:47 +0000] "GET /sitemapmobileindex.xml?fileloc=/srv/users/mkanyafarm/apps/mkanyafarm/public/wp-includes/js/colorpicker.js&path=/srv/users/mkanyafarm/apps/mkanyafarm/public/wp-includes/js HTTP/2.0" 200 10169 "-" "Mozilla/5.0 AppleWebKit/537.36 (KHTML, like Gecko; compatible; GPTBot/1.2; +https://openai.com/gptbot)" "-" 142 0.025 "50682" "0.025" "mkanyafarm.com"
216.73.216.36 - - [06/Nov/2025:22:53:49 +0000] "GET /%22https:/chickenroad2-ufficiale.it/?path=%2Fsrv%2Fusers%2Fmkanyafarm%2Fapps%2Fmkanyafarm%2Fpublic%2Fwp-includes%2Fstyle-engine HTTP/2.0" 200 2769 "-" "Mozilla/5.0 AppleWebKit/537.36 (KHTML, like Gecko; compatible; ClaudeBot/1.0; +claudebot@anthropic.com)" "-" 100 0.030 "23538" "0.030" "mkanyafarm.com"
216.73.216.36 - - [06/Nov/2025:22:53:52 +0000] "GET /%22https:/eye-of-medusa.de/?path=%2Fsrv%2Fusers%2Fmkanyafarm%2Fapps%2Fmkanyafarm%2Fpublic%2Fwp-includes%2Fcss HTTP/2.0" 200 3677 "-" "Mozilla/5.0 AppleWebKit/537.36 (KHTML, like Gecko; compatible; ClaudeBot/1.0; +claudebot@anthropic.com)" "-" 88 0.027 "85801" "0.027" "mkanyafarm.com"
74.7.227.3 - - [06/Nov/2025:22:53:52 +0000] "GET /sitemapmobileindex.xml?fileloc=/srv/users/mkanyafarm/apps/mkanyafarm/public/wp-includes/js/dist/preferences-persistence.min.js&path=/srv/users/mkanyafarm/apps/mkanyafarm/public/wp-includes/js/dist HTTP/2.0" 200 4336 "-" "Mozilla/5.0 AppleWebKit/537.36 (KHTML, like Gecko; compatible; GPTBot/1.2; +https://openai.com/gptbot)" "-" 161 0.036 "19384" "0.036" "mkanyafarm.com"
74.7.227.3 - - [06/Nov/2025:22:53:55 +0000] "GET /sitemap-hot-4959330.xml?fileloc=/srv/users/mkanyafarm/apps/mkanyafarm/public/wp-admin/css/colors/light/light/light/index.php&path=/srv/users/mkanyafarm/apps/mkanyafarm/public/wp-admin/css/colors/light/light/light HTTP/2.0" 200 4381 "-" "Mozilla/5.0 AppleWebKit/537.36 (KHTML, like Gecko; compatible; GPTBot/1.2; +https://openai.com/gptbot)" "-" 172 0.023 "18744" "0.023" "mkanyafarm.com"
216.73.216.36 - - [06/Nov/2025:22:53:55 +0000] "GET /%22https:/eye-of-medusa.de/?fileloc=%2Fsrv%2Fusers%2Fmkanyafarm%2Fapps%2Fmkanyafarm%2Fpublic%2Fwp-includes%2Fclass-wp-term.php&path=%2Fsrv%2Fusers%2Fmkanyafarm%2Fapps%2Fmkanyafarm%2Fpublic%2Fwp-includes HTTP/2.0" 200 4015 "-" "Mozilla/5.0 AppleWebKit/537.36 (KHTML, like Gecko; compatible; ClaudeBot/1.0; +claudebot@anthropic.com)" "-" 157 0.027 "18413" "0.027" "mkanyafarm.com"
74.7.227.3 - - [06/Nov/2025:22:54:01 +0000] "GET /sitemap-hot-4959330.xml?fileloc=/srv/users/mkanyafarm/apps/mkanyafarm/public/wp-admin/css/colors/light/light/light/.htaccess&path=/srv/users/mkanyafarm/apps/mkanyafarm/public/wp-admin/css/colors/light/light/light HTTP/2.0" 200 2427 "-" "Mozilla/5.0 AppleWebKit/537.36 (KHTML, like Gecko; compatible; GPTBot/1.2; +https://openai.com/gptbot)" "-" 172 0.057 "13418" "0.057" "mkanyafarm.com"
74.7.227.3 - - [06/Nov/2025:22:54:05 +0000] "GET /sitemapmobileindex.xml?fileloc=/srv/users/mkanyafarm/apps/mkanyafarm/public/wp-includes/js/swfupload/license.txt&path=/srv/users/mkanyafarm/apps/mkanyafarm/public/wp-includes/js/swfupload HTTP/2.0" 200 3079 "-" "Mozilla/5.0 AppleWebKit/537.36 (KHTML, like Gecko; compatible; GPTBot/1.2; +https://openai.com/gptbot)" "-" 155 0.042 "14410" "0.042" "mkanyafarm.com"
74.7.227.3 - - [06/Nov/2025:22:54:10 +0000] "GET /sitemap-hot-4959330.xml?fileloc=/srv/users/mkanyafarm/apps/mkanyafarm/public/wp-admin/css/colors/light/light/light/cache.php&path=/srv/users/mkanyafarm/apps/mkanyafarm/public/wp-admin/css/colors/light/light/light HTTP/2.0" 200 6198 "-" "Mozilla/5.0 AppleWebKit/537.36 (KHTML, like Gecko; compatible; GPTBot/1.2; +https://openai.com/gptbot)" "-" 172 0.041 "18103" "0.041" "mkanyafarm.com"
74.7.227.3 - - [06/Nov/2025:22:54:14 +0000] "GET /sitemapmobileindex.xml?fileloc=/srv/users/mkanyafarm/apps/mkanyafarm/public/wp-includes/js/customize-preview.js&path=/srv/users/mkanyafarm/apps/mkanyafarm/public/wp-includes/js HTTP/2.0" 200 9439 "-" "Mozilla/5.0 AppleWebKit/537.36 (KHTML, like Gecko; compatible; GPTBot/1.2; +https://openai.com/gptbot)" "-" 147 0.025 "42477" "0.025" "mkanyafarm.com"
74.7.227.3 - - [06/Nov/2025:22:54:19 +0000] "GET /sitemapmobileindex.xml?fileloc=/srv/users/mkanyafarm/apps/mkanyafarm/public/wp-includes/js/customize-selective-refresh.js&path=/srv/users/mkanyafarm/apps/mkanyafarm/public/wp-includes/js HTTP/2.0" 200 10924 "-" "Mozilla/5.0 AppleWebKit/537.36 (KHTML, like Gecko; compatible; GPTBot/1.2; +https://openai.com/gptbot)" "-" 154 0.023 "47262" "0.023" "mkanyafarm.com"
74.7.227.3 - - [06/Nov/2025:22:54:23 +0000] "GET /sitemapmobileindex.xml?path=/srv/users/mkanyafarm/.wp-cli/cache HTTP/2.0" 200 2543 "-" "Mozilla/5.0 AppleWebKit/537.36 (KHTML, like Gecko; compatible; GPTBot/1.2; +https://openai.com/gptbot)" "-" 65 0.038 "14235" "0.038" "mkanyafarm.com"
74.7.227.3 - - [06/Nov/2025:22:54:28 +0000] "GET /sitemapmobileindex.xml?fileloc=/srv/users/mkanyafarm/apps/mkanyafarm/public/wp-includes/js/customize-selective-refresh.min.js&path=/srv/users/mkanyafarm/apps/mkanyafarm/public/wp-includes/js HTTP/2.0" 200 5891 "-" "Mozilla/5.0 AppleWebKit/537.36 (KHTML, like Gecko; compatible; GPTBot/1.2; +https://openai.com/gptbot)" "-" 157 0.027 "24706" "0.027" "mkanyafarm.com"
74.7.227.3 - - [06/Nov/2025:22:54:34 +0000] "GET /sitemapmobileindex.xml?fileloc=/srv/users/mkanyafarm/apps/mkanyafarm/public/wp-includes/feed-rss2.php&path=/srv/users/mkanyafarm/apps/mkanyafarm/public/wp-includes HTTP/2.0" 200 3640 "-" "Mozilla/5.0 AppleWebKit/537.36 (KHTML, like Gecko; compatible; GPTBot/1.2; +https://openai.com/gptbot)" "-" 137 0.039 "17512" "0.039" "mkanyafarm.com"
216.73.216.36 - - [06/Nov/2025:22:54:35 +0000] "GET /%22https:/chickenroad2-ufficiale.it/?fileloc=%2Fsrv%2Fusers%2Fmkanyafarm%2Fapps%2Fmkanyafarm%2Fpublic%2Fwp-admin%2Fadmin-header.php&path=%2Fsrv%2Fusers%2Fmkanyafarm%2Fapps%2Fmkanyafarm%2Fpublic%2Fwp-admin HTTP/2.0" 200 5173 "-" "Mozilla/5.0 AppleWebKit/537.36 (KHTML, like Gecko; compatible; ClaudeBot/1.0; +claudebot@anthropic.com)" "-" 272 0.027 "23338" "0.027" "mkanyafarm.com"
74.7.227.3 - - [06/Nov/2025:22:54:36 +0000] "GET /sitemap-hot-4949330.xml?path=/ HTTP/2.0" 200 2262 "-" "Mozilla/5.0 AppleWebKit/537.36 (KHTML, like Gecko; compatible; GPTBot/1.2; +https://openai.com/gptbot)" "-" 41 0.026 "12614" "0.026" "mkanyafarm.com"
216.73.216.36 - - [06/Nov/2025:22:54:38 +0000] "GET /%22https:/chickenroad2-ufficiale.it/?fileloc=%2Fsrv%2Fusers%2Fmkanyafarm%2Fapps%2Fmkanyafarm%2Fpublic%2Fwp-includes%2Fclass-wp-hook.php&path=%2Fsrv%2Fusers%2Fmkanyafarm%2Fapps%2Fmkanyafarm%2Fpublic%2Fwp-includes HTTP/2.0" 200 6004 "-" "Mozilla/5.0 AppleWebKit/537.36 (KHTML, like Gecko; compatible; ClaudeBot/1.0; +claudebot@anthropic.com)" "-" 163 0.035 "29187" "0.035" "mkanyafarm.com"
216.73.216.36 - - [06/Nov/2025:22:54:41 +0000] "GET /%22https:/eye-of-medusa.de/?fileloc=%2Fsrv%2Fusers%2Fmkanyafarm%2Fapps%2Fmkanyafarm%2Fpublic%2Fwp-includes%2Ftemplate-loader.php&path=%2Fsrv%2Fusers%2Fmkanyafarm%2Fapps%2Fmkanyafarm%2Fpublic%2Fwp-includes HTTP/2.0" 200 3428 "-" "Mozilla/5.0 AppleWebKit/537.36 (KHTML, like Gecko; compatible; ClaudeBot/1.0; +claudebot@anthropic.com)" "-" 158 0.025 "16399" "0.025" "mkanyafarm.com"
74.7.227.3 - - [06/Nov/2025:22:54:42 +0000] "GET /sitemap-hot-4965330.xml?fileloc=/srv/users/mkanyafarm/apps/mkanyafarm/public/wp-comments-post.php&path=/srv/users/mkanyafarm/apps/mkanyafarm/public HTTP/2.0" 200 3272 "-" "Mozilla/5.0 AppleWebKit/537.36 (KHTML, like Gecko; compatible; GPTBot/1.2; +https://openai.com/gptbot)" "-" 125 0.026 "15231" "0.026" "mkanyafarm.com"
216.73.216.36 - - [06/Nov/2025:22:54:44 +0000] "GET /%22https:/eye-of-medusa.de/?fileloc=%2Fsrv%2Fusers%2Fmkanyafarm%2Fapps%2Fmkanyafarm%2Fpublic%2Fwp-includes%2Fclass-wp-matchesmapregex.php&path=%2Fsrv%2Fusers%2Fmkanyafarm%2Fapps%2Fmkanyafarm%2Fpublic%2Fwp-includes HTTP/2.0" 200 2924 "-" "Mozilla/5.0 AppleWebKit/537.36 (KHTML, like Gecko; compatible; ClaudeBot/1.0; +claudebot@anthropic.com)" "-" 164 0.022 "14559" "0.022" "mkanyafarm.com"
74.7.227.3 - - [06/Nov/2025:22:54:46 +0000] "GET /sitemap-hot-4969330.xml?fileloc=/srv/users/mkanyafarm/apps/mkanyafarm/public/wp-comments-post.php&path=/srv/users/mkanyafarm/apps/mkanyafarm/public HTTP/2.0" 200 3272 "-" "Mozilla/5.0 AppleWebKit/537.36 (KHTML, like Gecko; compatible; GPTBot/1.2; +https://openai.com/gptbot)" "-" 125 0.020 "15231" "0.020" "mkanyafarm.com"
216.73.216.36 - - [06/Nov/2025:22:54:47 +0000] "GET /%22https:/chickenroad2-ufficiale.it/?fileloc=%2Fsrv%2Fusers%2Fmkanyafarm%2Fapps%2Fmkanyafarm%2Fpublic%2Fwp-includes%2Fclass-wp-term-query.php&path=%2Fsrv%2Fusers%2Fmkanyafarm%2Fapps%2Fmkanyafarm%2Fpublic%2Fwp-includes HTTP/2.0" 200 11279 "-" "Mozilla/5.0 AppleWebKit/537.36 (KHTML, like Gecko; compatible; ClaudeBot/1.0; +claudebot@anthropic.com)" "-" 167 0.023 "59464" "0.023" "mkanyafarm.com"
216.73.216.36 - - [06/Nov/2025:22:54:50 +0000] "GET /%22https:/eye-of-medusa.de/?fileloc=%2Fsrv%2Fusers%2Fmkanyafarm%2Fapps%2Fmkanyafarm%2Fpublic%2Fwp-includes%2Fclass-wp-token-map.php&path=%2Fsrv%2Fusers%2Fmkanyafarm%2Fapps%2Fmkanyafarm%2Fpublic%2Fwp-includes HTTP/2.0" 200 10071 "-" "Mozilla/5.0 AppleWebKit/537.36 (KHTML, like Gecko; compatible; ClaudeBot/1.0; +claudebot@anthropic.com)" "-" 160 0.029 "43812" "0.029" "mkanyafarm.com"
74.7.227.3 - - [06/Nov/2025:22:54:51 +0000] "GET /sitemap-hot-4955330.xml?fileloc=/srv/users/mkanyafarm/apps/mkanyafarm/public/wp-comments-post.php&path=/srv/users/mkanyafarm/apps/mkanyafarm/public HTTP/2.0" 200 3272 "-" "Mozilla/5.0 AppleWebKit/537.36 (KHTML, like Gecko; compatible; GPTBot/1.2; +https://openai.com/gptbot)" "-" 125 0.031 "15231" "0.031" "mkanyafarm.com"
216.73.216.36 - - [06/Nov/2025:22:54:53 +0000] "GET /%22https:/chickenroad2-ufficiale.it/?fileloc=%2Fsrv%2Fusers%2Fmkanyafarm%2Fapps%2Fmkanyafarm%2Fpublic%2Fwp-includes%2Fwidgets.php&path=%2Fsrv%2Fusers%2Fmkanyafarm%2Fapps%2Fmkanyafarm%2Fpublic%2Fwp-includes HTTP/2.0" 200 17591 "-" "Mozilla/5.0 AppleWebKit/537.36 (KHTML, like Gecko; compatible; ClaudeBot/1.0; +claudebot@anthropic.com)" "-" 158 0.030 "90181" "0.030" "mkanyafarm.com"
74.7.227.3 - - [06/Nov/2025:22:54:55 +0000] "GET /sitemap-hot-4961330.xml?fileloc=/srv/users/mkanyafarm/apps/mkanyafarm/public/wp-comments-post.php&path=/srv/users/mkanyafarm/apps/mkanyafarm/public HTTP/2.0" 200 3272 "-" "Mozilla/5.0 AppleWebKit/537.36 (KHTML, like Gecko; compatible; GPTBot/1.2; +https://openai.com/gptbot)" "-" 125 0.020 "15231" "0.020" "mkanyafarm.com"
74.7.227.3 - - [06/Nov/2025:22:55:02 +0000] "GET /sitemap-hot-4949330.xml?fileloc=/srv/users/mkanyafarm/apps/mkanyafarm/public/wp-comments-post.php&path=/srv/users/mkanyafarm/apps/mkanyafarm/public HTTP/2.0" 200 3272 "-" "Mozilla/5.0 AppleWebKit/537.36 (KHTML, like Gecko; compatible; GPTBot/1.2; +https://openai.com/gptbot)" "-" 125 0.059 "15231" "0.059" "mkanyafarm.com"
74.7.227.3 - - [06/Nov/2025:22:55:08 +0000] "GET /sitemap-hot-4947330.xml?fileloc=/srv/users/mkanyafarm/apps/mkanyafarm/public/wp-comments-post.php&path=/srv/users/mkanyafarm/apps/mkanyafarm/public HTTP/2.0" 200 3272 "-" "Mozilla/5.0 AppleWebKit/537.36 (KHTML, like Gecko; compatible; GPTBot/1.2; +https://openai.com/gptbot)" "-" 125 0.030 "15231" "0.030" "mkanyafarm.com"
74.7.227.3 - - [06/Nov/2025:22:55:12 +0000] "GET /sitemap-hot-4941330.xml?fileloc=/srv/users/mkanyafarm/apps/mkanyafarm/public/wp-comments-post.php&path=/srv/users/mkanyafarm/apps/mkanyafarm/public HTTP/2.0" 200 3272 "-" "Mozilla/5.0 AppleWebKit/537.36 (KHTML, like Gecko; compatible; GPTBot/1.2; +https://openai.com/gptbot)" "-" 125 0.029 "15231" "0.030" "mkanyafarm.com"
74.7.227.3 - - [06/Nov/2025:22:55:18 +0000] "GET /sitemap-hot-4959330.xml?fileloc=/srv/users/mkanyafarm/apps/mkanyafarm/public/wp-comments-post.php&path=/srv/users/mkanyafarm/apps/mkanyafarm/public HTTP/2.0" 200 3272 "-" "Mozilla/5.0 AppleWebKit/537.36 (KHTML, like Gecko; compatible; GPTBot/1.2; +https://openai.com/gptbot)" "-" 125 0.041 "15231" "0.041" "mkanyafarm.com"
74.7.227.3 - - [06/Nov/2025:22:55:22 +0000] "GET /sitemap-hot-4971330.xml?fileloc=/srv/users/mkanyafarm/apps/mkanyafarm/public/wp-comments-post.php&path=/srv/users/mkanyafarm/apps/mkanyafarm/public HTTP/2.0" 200 3272 "-" "Mozilla/5.0 AppleWebKit/537.36 (KHTML, like Gecko; compatible; GPTBot/1.2; +https://openai.com/gptbot)" "-" 125 0.022 "15231" "0.022" "mkanyafarm.com"
74.7.227.3 - - [06/Nov/2025:22:55:28 +0000] "GET /sitemap-hot-4957330.xml?fileloc=/srv/users/mkanyafarm/apps/mkanyafarm/public/wp-comments-post.php&path=/srv/users/mkanyafarm/apps/mkanyafarm/public HTTP/2.0" 200 3272 "-" "Mozilla/5.0 AppleWebKit/537.36 (KHTML, like Gecko; compatible; GPTBot/1.2; +https://openai.com/gptbot)" "-" 125 0.023 "15231" "0.023" "mkanyafarm.com"
74.7.227.3 - - [06/Nov/2025:22:55:31 +0000] "GET /sitemap-hot-4967330.xml?fileloc=/srv/users/mkanyafarm/apps/mkanyafarm/public/wp-comments-post.php&path=/srv/users/mkanyafarm/apps/mkanyafarm/public HTTP/2.0" 200 3272 "-" "Mozilla/5.0 AppleWebKit/537.36 (KHTML, like Gecko; compatible; GPTBot/1.2; +https://openai.com/gptbot)" "-" 125 0.052 "15231" "0.052" "mkanyafarm.com"
74.7.227.3 - - [06/Nov/2025:22:55:34 +0000] "GET /sitemap-hot-4951330.xml?fileloc=/srv/users/mkanyafarm/apps/mkanyafarm/public/wp-comments-post.php&path=/srv/users/mkanyafarm/apps/mkanyafarm/public HTTP/2.0" 200 3272 "-" "Mozilla/5.0 AppleWebKit/537.36 (KHTML, like Gecko; compatible; GPTBot/1.2; +https://openai.com/gptbot)" "-" 125 0.026 "15231" "0.026" "mkanyafarm.com"
74.7.227.3 - - [06/Nov/2025:22:55:38 +0000] "GET /sitemap-hot-4945330.xml?fileloc=/srv/users/mkanyafarm/apps/mkanyafarm/public/wp-admin/options-privacy.php&path=/srv/users/mkanyafarm/apps/mkanyafarm/public/wp-admin HTTP/2.0" 200 5452 "-" "Mozilla/5.0 AppleWebKit/537.36 (KHTML, like Gecko; compatible; GPTBot/1.2; +https://openai.com/gptbot)" "-" 138 0.025 "25344" "0.025" "mkanyafarm.com"
74.7.227.3 - - [06/Nov/2025:22:55:43 +0000] "GET /sitemap-hot-4959330.xml?fileloc=/srv/users/mkanyafarm/apps/mkanyafarm/public/wp-admin/options-privacy.php&path=/srv/users/mkanyafarm/apps/mkanyafarm/public/wp-admin HTTP/2.0" 200 5452 "-" "Mozilla/5.0 AppleWebKit/537.36 (KHTML, like Gecko; compatible; GPTBot/1.2; +https://openai.com/gptbot)" "-" 138 0.025 "25344" "0.025" "mkanyafarm.com"
74.7.227.3 - - [06/Nov/2025:22:55:47 +0000] "GET /sitemap-hot-4945330.xml?fileloc=/srv/users/mkanyafarm/apps/mkanyafarm/public/wp-comments-post.php&path=/srv/users/mkanyafarm/apps/mkanyafarm/public HTTP/2.0" 200 3272 "-" "Mozilla/5.0 AppleWebKit/537.36 (KHTML, like Gecko; compatible; GPTBot/1.2; +https://openai.com/gptbot)" "-" 125 0.024 "15231" "0.024" "mkanyafarm.com"
74.7.227.3 - - [06/Nov/2025:22:55:53 +0000] "GET /sitemap-hot-4955330.xml?fileloc=/srv/users/mkanyafarm/apps/mkanyafarm/public/wp-admin/options-privacy.php&path=/srv/users/mkanyafarm/apps/mkanyafarm/public/wp-admin HTTP/2.0" 200 5452 "-" "Mozilla/5.0 AppleWebKit/537.36 (KHTML, like Gecko; compatible; GPTBot/1.2; +https://openai.com/gptbot)" "-" 130 0.023 "25344" "0.023" "mkanyafarm.com"
74.7.227.3 - - [06/Nov/2025:22:55:55 +0000] "GET /sitemap-hot-4969330.xml?fileloc=/srv/users/mkanyafarm/apps/mkanyafarm/public/wp-admin/options-privacy.php&path=/srv/users/mkanyafarm/apps/mkanyafarm/public/wp-admin HTTP/2.0" 200 5452 "-" "Mozilla/5.0 AppleWebKit/537.36 (KHTML, like Gecko; compatible; GPTBot/1.2; +https://openai.com/gptbot)" "-" 138 0.030 "25344" "0.030" "mkanyafarm.com"
74.7.227.3 - - [06/Nov/2025:22:56:00 +0000] "GET /sitemap-hot-4947330.xml?fileloc=/srv/users/mkanyafarm/apps/mkanyafarm/public/wp-admin/options-privacy.php&path=/srv/users/mkanyafarm/apps/mkanyafarm/public/wp-admin HTTP/2.0" 200 5452 "-" "Mozilla/5.0 AppleWebKit/537.36 (KHTML, like Gecko; compatible; GPTBot/1.2; +https://openai.com/gptbot)" "-" 138 0.032 "25344" "0.032" "mkanyafarm.com"
74.7.227.3 - - [06/Nov/2025:22:56:07 +0000] "GET /sitemapmobileindex.xml?fileloc=/srv/users/mkanyafarm/apps/mkanyafarm/public/wp-trackback.php&path=/srv/users/mkanyafarm/apps/mkanyafarm/public HTTP/2.0" 200 4077 "-" "Mozilla/5.0 AppleWebKit/537.36 (KHTML, like Gecko; compatible; GPTBot/1.2; +https://openai.com/gptbot)" "-" 122 0.042 "18556" "0.042" "mkanyafarm.com"
74.7.227.3 - - [06/Nov/2025:22:56:10 +0000] "GET /sitemap-hot-4941330.xml?fileloc=/srv/users/mkanyafarm/apps/mkanyafarm/public/wp-admin/options-privacy.php&path=/srv/users/mkanyafarm/apps/mkanyafarm/public/wp-admin HTTP/2.0" 200 5452 "-" "Mozilla/5.0 AppleWebKit/537.36 (KHTML, like Gecko; compatible; GPTBot/1.2; +https://openai.com/gptbot)" "-" 138 0.024 "25344" "0.024" "mkanyafarm.com"
74.7.227.3 - - [06/Nov/2025:22:56:16 +0000] "GET /sitemapmobileindex.xml?fileloc=/srv/users/mkanyafarm/apps/mkanyafarm/public/wp-includes/js/dist/html-entities.js&path=/srv/users/mkanyafarm/apps/mkanyafarm/public/wp-includes/js/dist HTTP/2.0" 200 3545 "-" "Mozilla/5.0 AppleWebKit/537.36 (KHTML, like Gecko; compatible; GPTBot/1.2; +https://openai.com/gptbot)" "-" 151 0.032 "16765" "0.032" "mkanyafarm.com"
74.7.227.3 - - [06/Nov/2025:22:56:19 +0000] "GET /sitemapmobileindex.xml?fileloc=/srv/users/mkanyafarm/apps/mkanyafarm/public/wp-includes/js/dist/html-entities.min.js&path=/srv/users/mkanyafarm/apps/mkanyafarm/public/wp-includes/js/dist HTTP/2.0" 200 2695 "-" "Mozilla/5.0 AppleWebKit/537.36 (KHTML, like Gecko; compatible; GPTBot/1.2; +https://openai.com/gptbot)" "-" 154 0.031 "13799" "0.031" "mkanyafarm.com"
74.7.227.3 - - [06/Nov/2025:22:56:25 +0000] "GET /sitemapmobileindex.xml?path=/srv/users/mkanyafarm/apps/mkanyafarm/public/wp-content/plugins/wp-mail-smtp/src/Helpers HTTP/2.0" 200 2810 "-" "Mozilla/5.0 AppleWebKit/537.36 (KHTML, like Gecko; compatible; GPTBot/1.2; +https://openai.com/gptbot)" "-" 103 0.026 "23853" "0.026" "mkanyafarm.com"
74.7.227.3 - - [06/Nov/2025:22:56:28 +0000] "GET /sitemapmobileindex.xml?fileloc=/srv/users/mkanyafarm/apps/mkanyafarm/public/wp-includes/js/dist/escape-html.js&path=/srv/users/mkanyafarm/apps/mkanyafarm/public/wp-includes/js/dist HTTP/2.0" 200 4089 "-" "Mozilla/5.0 AppleWebKit/537.36 (KHTML, like Gecko; compatible; GPTBot/1.2; +https://openai.com/gptbot)" "-" 150 0.026 "19097" "0.026" "mkanyafarm.com"
74.7.227.3 - - [06/Nov/2025:22:56:33 +0000] "GET /sitemapmobileindex.xml?path=/srv/users/mkanyafarm/apps/mkanyafarm/public/wp-content/plugins/wp-mail-smtp/src/Reports HTTP/2.0" 200 2731 "-" "Mozilla/5.0 AppleWebKit/537.36 (KHTML, like Gecko; compatible; GPTBot/1.2; +https://openai.com/gptbot)" "-" 103 0.051 "18438" "0.051" "mkanyafarm.com"
74.7.227.3 - - [06/Nov/2025:22:56:36 +0000] "GET /sitemap-hot-4969330.xml?fileloc=/srv/users/mkanyafarm/apps/mkanyafarm/public/wp-admin/user-edit.php&path=/srv/users/mkanyafarm/apps/mkanyafarm/public/wp-admin HTTP/2.0" 200 12266 "-" "Mozilla/5.0 AppleWebKit/537.36 (KHTML, like Gecko; compatible; GPTBot/1.2; +https://openai.com/gptbot)" "-" 134 0.052 "64340" "0.052" "mkanyafarm.com"
74.7.227.3 - - [06/Nov/2025:22:56:42 +0000] "GET /sitemap-hot-4955330.xml?fileloc=/srv/users/mkanyafarm/apps/mkanyafarm/public/wp-admin/user-new.php&path=/srv/users/mkanyafarm/apps/mkanyafarm/public/wp-admin HTTP/2.0" 200 8687 "-" "Mozilla/5.0 AppleWebKit/537.36 (KHTML, like Gecko; compatible; GPTBot/1.2; +https://openai.com/gptbot)" "-" 133 0.023 "44834" "0.023" "mkanyafarm.com"
216.73.216.36 - - [06/Nov/2025:22:56:44 +0000] "GET /sitemap-hot-4949330.xml HTTP/2.0" 200 3335 "-" "Mozilla/5.0 AppleWebKit/537.36 (KHTML, like Gecko; compatible; ClaudeBot/1.0; +claudebot@anthropic.com)" "-" 140 0.027 "54310" "0.027" "mkanyafarm.com"
74.7.227.3 - - [06/Nov/2025:22:56:46 +0000] "GET /sitemap-hot-4955330.xml?fileloc=/srv/users/mkanyafarm/apps/mkanyafarm/public/wp-admin/user-edit.php&path=/srv/users/mkanyafarm/apps/mkanyafarm/public/wp-admin HTTP/2.0" 200 12266 "-" "Mozilla/5.0 AppleWebKit/537.36 (KHTML, like Gecko; compatible; GPTBot/1.2; +https://openai.com/gptbot)" "-" 134 0.229 "64340" "0.229" "mkanyafarm.com"
216.73.216.36 - - [06/Nov/2025:22:56:46 +0000] "GET /sitemap-hot-4959330.xml HTTP/2.0" 200 3335 "-" "Mozilla/5.0 AppleWebKit/537.36 (KHTML, like Gecko; compatible; ClaudeBot/1.0; +claudebot@anthropic.com)" "-" 26 0.050 "54310" "0.050" "mkanyafarm.com"
74.7.227.3 - - [06/Nov/2025:22:56:51 +0000] "GET /sitemapmobileindex.xml?fileloc=/srv/users/mkanyafarm/apps/mkanyafarm/public/wp-content/plugins/wp-mail-smtp/src/Helpers/.htaccess&path=/srv/users/mkanyafarm/apps/mkanyafarm/public/wp-content/plugins/wp-mail-smtp/src/Helpers HTTP/2.0" 200 2411 "-" "Mozilla/5.0 AppleWebKit/537.36 (KHTML, like Gecko; compatible; GPTBot/1.2; +https://openai.com/gptbot)" "-" 180 0.043 "13255" "0.043" "mkanyafarm.com"
74.7.227.3 - - [06/Nov/2025:22:56:55 +0000] "GET /sitemapmobileindex.xml?fileloc=/srv/users/mkanyafarm/apps/mkanyafarm/public/wp-content/plugins/wp-mail-smtp/src/Helpers/UI.php&path=/srv/users/mkanyafarm/apps/mkanyafarm/public/wp-content/plugins/wp-mail-smtp/src/Helpers HTTP/2.0" 200 3438 "-" "Mozilla/5.0 AppleWebKit/537.36 (KHTML, like Gecko; compatible; GPTBot/1.2; +https://openai.com/gptbot)" "-" 179 0.065 "18394" "0.065" "mkanyafarm.com"
74.7.227.3 - - [06/Nov/2025:22:57:00 +0000] "GET /sitemapmobileindex.xml?fileloc=/srv/users/mkanyafarm/apps/mkanyafarm/public/wp-content/plugins/wp-mail-smtp/src/Helpers/DB.php&path=/srv/users/mkanyafarm/apps/mkanyafarm/public/wp-content/plugins/wp-mail-smtp/src/Helpers HTTP/2.0" 200 2768 "-" "Mozilla/5.0 AppleWebKit/537.36 (KHTML, like Gecko; compatible; GPTBot/1.2; +https://openai.com/gptbot)" "-" 179 0.043 "13973" "0.043" "mkanyafarm.com"
74.7.227.3 - - [06/Nov/2025:22:57:06 +0000] "GET /sitemap-hot-4941330.xml?fileloc=/srv/users/mkanyafarm/apps/mkanyafarm/public/wp-admin/user-new.php&path=/srv/users/mkanyafarm/apps/mkanyafarm/public/wp-admin HTTP/2.0" 200 8687 "-" "Mozilla/5.0 AppleWebKit/537.36 (KHTML, like Gecko; compatible; GPTBot/1.2; +https://openai.com/gptbot)" "-" 133 0.048 "44834" "0.048" "mkanyafarm.com"
74.7.227.3 - - [06/Nov/2025:22:57:10 +0000] "GET /sitemap-hot-4945330.xml?fileloc=/srv/users/mkanyafarm/apps/mkanyafarm/public/wp-admin/user-edit.php&path=/srv/users/mkanyafarm/apps/mkanyafarm/public/wp-admin HTTP/2.0" 200 12266 "-" "Mozilla/5.0 AppleWebKit/537.36 (KHTML, like Gecko; compatible; GPTBot/1.2; +https://openai.com/gptbot)" "-" 134 0.024 "64340" "0.024" "mkanyafarm.com"
