74.7.227.3 - - [06/Nov/2025:23:24:48 +0000] "GET /sitemap-hot-4947330.xml?fileloc=/srv/users/mkanyafarm/apps/mkanyafarm/public/wp-admin/js/code-editor.min.js&path=/srv/users/mkanyafarm/apps/mkanyafarm/public/wp-admin/js HTTP/2.0" 200 3580 "-" "Mozilla/5.0 AppleWebKit/537.36 (KHTML, like Gecko; compatible; GPTBot/1.2; +https://openai.com/gptbot)" "-" 142 0.021 "16606" "0.021" "mkanyafarm.com"
74.7.227.3 - - [06/Nov/2025:23:24:52 +0000] "GET /sitemap-hot-4947330.xml?fileloc=/srv/users/mkanyafarm/apps/mkanyafarm/public/wp-admin/js/svg-painter.min.js&path=/srv/users/mkanyafarm/apps/mkanyafarm/public/wp-admin/js HTTP/2.0" 200 3027 "-" "Mozilla/5.0 AppleWebKit/537.36 (KHTML, like Gecko; compatible; GPTBot/1.2; +https://openai.com/gptbot)" "-" 142 0.032 "14730" "0.032" "mkanyafarm.com"
74.7.227.3 - - [06/Nov/2025:23:24:58 +0000] "GET /sitemap-hot-4969330.xml?fileloc=/srv/users/mkanyafarm/apps/mkanyafarm/public/wp-admin/js/image-edit.min.js&path=/srv/users/mkanyafarm/apps/mkanyafarm/public/wp-admin/js HTTP/2.0" 200 7023 "-" "Mozilla/5.0 AppleWebKit/537.36 (KHTML, like Gecko; compatible; GPTBot/1.2; +https://openai.com/gptbot)" "-" 141 0.024 "32508" "0.024" "mkanyafarm.com"
74.7.227.3 - - [06/Nov/2025:23:25:01 +0000] "GET /sitemap-hot-4965330.xml?fileloc=/srv/users/mkanyafarm/apps/mkanyafarm/public/wp-admin/js/svg-painter.min.js&path=/srv/users/mkanyafarm/apps/mkanyafarm/public/wp-admin/js HTTP/2.0" 200 3027 "-" "Mozilla/5.0 AppleWebKit/537.36 (KHTML, like Gecko; compatible; GPTBot/1.2; +https://openai.com/gptbot)" "-" 142 0.027 "14730" "0.027" "mkanyafarm.com"
74.7.227.3 - - [06/Nov/2025:23:25:06 +0000] "GET /sitemap-hot-4969330.xml?fileloc=/srv/users/mkanyafarm/apps/mkanyafarm/public/wp-admin/js/site-health.min.js&path=/srv/users/mkanyafarm/apps/mkanyafarm/public/wp-admin/js HTTP/2.0" 200 4414 "-" "Mozilla/5.0 AppleWebKit/537.36 (KHTML, like Gecko; compatible; GPTBot/1.2; +https://openai.com/gptbot)" "-" 142 0.054 "20573" "0.054" "mkanyafarm.com"
216.73.216.36 - - [06/Nov/2025:23:25:10 +0000] "GET /%22https:/drop-boss.co.uk?fileloc=%2Fsrv%2Fusers%2Fmkanyafarm%2Fapps%2Fmkanyafarm%2Fpublic%2Fwp-admin%2Flink-manager.php&path=%2Fsrv%2Fusers%2Fmkanyafarm%2Fapps%2Fmkanyafarm%2Fpublic%2Fwp-admin HTTP/2.0" 200 4040 "-" "Mozilla/5.0 AppleWebKit/537.36 (KHTML, like Gecko; compatible; ClaudeBot/1.0; +claudebot@anthropic.com)" "-" 265 0.077 "18251" "0.077" "mkanyafarm.com"
74.7.227.3 - - [06/Nov/2025:23:25:10 +0000] "GET /sitemap-hot-4965330.xml?fileloc=/srv/users/mkanyafarm/apps/mkanyafarm/public/wp-admin/js/code-editor.min.js&path=/srv/users/mkanyafarm/apps/mkanyafarm/public/wp-admin/js HTTP/2.0" 200 3580 "-" "Mozilla/5.0 AppleWebKit/537.36 (KHTML, like Gecko; compatible; GPTBot/1.2; +https://openai.com/gptbot)" "-" 142 0.079 "16606" "0.079" "mkanyafarm.com"
216.73.216.36 - - [06/Nov/2025:23:25:13 +0000] "GET /%22https:/drop-boss.co.uk?fileloc=%2Fsrv%2Fusers%2Fmkanyafarm%2Fapps%2Fmkanyafarm%2Fpublic%2Fwp-includes%2Fmedia.php&path=%2Fsrv%2Fusers%2Fmkanyafarm%2Fapps%2Fmkanyafarm%2Fpublic%2Fwp-includes HTTP/2.0" 200 50576 "-" "Mozilla/5.0 AppleWebKit/537.36 (KHTML, like Gecko; compatible; ClaudeBot/1.0; +claudebot@anthropic.com)" "-" 150 0.031 "260387" "0.031" "mkanyafarm.com"
216.73.216.36 - - [06/Nov/2025:23:25:16 +0000] "GET /%22https:/drop-boss.co.uk/?fileloc=%2Fsrv%2Fusers%2Fmkanyafarm%2Fapps%2Fmkanyafarm%2Fpublic%2Fwp-includes%2Fclass-wp-duotone.php&path=%2Fsrv%2Fusers%2Fmkanyafarm%2Fapps%2Fmkanyafarm%2Fpublic%2Fwp-includes HTTP/2.0" 200 11419 "-" "Mozilla/5.0 AppleWebKit/537.36 (KHTML, like Gecko; compatible; ClaudeBot/1.0; +claudebot@anthropic.com)" "-" 158 0.023 "57073" "0.023" "mkanyafarm.com"
74.7.227.3 - - [06/Nov/2025:23:25:16 +0000] "GET /sitemap-hot-4947330.xml?fileloc=/srv/users/mkanyafarm/apps/mkanyafarm/public/wp-admin/js/image-edit.min.js&path=/srv/users/mkanyafarm/apps/mkanyafarm/public/wp-admin/js HTTP/2.0" 200 7023 "-" "Mozilla/5.0 AppleWebKit/537.36 (KHTML, like Gecko; compatible; GPTBot/1.2; +https://openai.com/gptbot)" "-" 141 0.020 "32508" "0.020" "mkanyafarm.com"
216.73.216.36 - - [06/Nov/2025:23:25:19 +0000] "GET /%22https:/drop-boss.co.uk/?fileloc=%2Fsrv%2Fusers%2Fmkanyafarm%2Fapps%2Fmkanyafarm%2Fpublic%2Fwp-includes%2Fblocks.php&path=%2Fsrv%2Fusers%2Fmkanyafarm%2Fapps%2Fmkanyafarm%2Fpublic%2Fwp-includes HTTP/2.0" 200 23831 "-" "Mozilla/5.0 AppleWebKit/537.36 (KHTML, like Gecko; compatible; ClaudeBot/1.0; +claudebot@anthropic.com)" "-" 151 0.025 "133251" "0.025" "mkanyafarm.com"
216.73.216.36 - - [06/Nov/2025:23:25:22 +0000] "GET /%22https:/drop-boss.co.uk/?fileloc=%2Fsrv%2Fusers%2Fmkanyafarm%2Fapps%2Fmkanyafarm%2Fpublic%2Fwp-includes%2Fclass-avif-info.php&path=%2Fsrv%2Fusers%2Fmkanyafarm%2Fapps%2Fmkanyafarm%2Fpublic%2Fwp-includes HTTP/2.0" 200 8096 "-" "Mozilla/5.0 AppleWebKit/537.36 (KHTML, like Gecko; compatible; ClaudeBot/1.0; +claudebot@anthropic.com)" "-" 157 0.022 "44290" "0.022" "mkanyafarm.com"
74.7.227.3 - - [06/Nov/2025:23:25:22 +0000] "GET /sitemap-hot-4969330.xml?fileloc=/srv/users/mkanyafarm/apps/mkanyafarm/public/wp-admin/js/inline-edit-tax.js&path=/srv/users/mkanyafarm/apps/mkanyafarm/public/wp-admin/js HTTP/2.0" 200 4694 "-" "Mozilla/5.0 AppleWebKit/537.36 (KHTML, like Gecko; compatible; GPTBot/1.2; +https://openai.com/gptbot)" "-" 142 0.020 "21505" "0.020" "mkanyafarm.com"
216.73.216.36 - - [06/Nov/2025:23:25:25 +0000] "GET /%22https:/drop-boss.co.uk/?fileloc=%2Fsrv%2Fusers%2Fmkanyafarm%2Fapps%2Fmkanyafarm%2Fpublic%2Fwp-admin%2Fms-edit.php&path=%2Fsrv%2Fusers%2Fmkanyafarm%2Fapps%2Fmkanyafarm%2Fpublic%2Fwp-admin HTTP/2.0" 200 2403 "-" "Mozilla/5.0 AppleWebKit/537.36 (KHTML, like Gecko; compatible; ClaudeBot/1.0; +claudebot@anthropic.com)" "-" 148 0.027 "12874" "0.027" "mkanyafarm.com"
74.7.227.3 - - [06/Nov/2025:23:25:26 +0000] "GET /sitemap-hot-4947330.xml?fileloc=/srv/users/mkanyafarm/apps/mkanyafarm/public/wp-admin/js/inline-edit-tax.js&path=/srv/users/mkanyafarm/apps/mkanyafarm/public/wp-admin/js HTTP/2.0" 200 4694 "-" "Mozilla/5.0 AppleWebKit/537.36 (KHTML, like Gecko; compatible; GPTBot/1.2; +https://openai.com/gptbot)" "-" 142 0.029 "21505" "0.029" "mkanyafarm.com"
74.7.227.3 - - [06/Nov/2025:23:25:31 +0000] "GET /sitemap-hot-4965330.xml?fileloc=/srv/users/mkanyafarm/apps/mkanyafarm/public/wp-admin/js/image-edit.min.js&path=/srv/users/mkanyafarm/apps/mkanyafarm/public/wp-admin/js HTTP/2.0" 200 7023 "-" "Mozilla/5.0 AppleWebKit/537.36 (KHTML, like Gecko; compatible; GPTBot/1.2; +https://openai.com/gptbot)" "-" 141 0.030 "32508" "0.030" "mkanyafarm.com"
74.7.227.3 - - [06/Nov/2025:23:25:35 +0000] "GET /sitemap-hot-4965330.xml?fileloc=/srv/users/mkanyafarm/apps/mkanyafarm/public/wp-admin/js/inline-edit-tax.js&path=/srv/users/mkanyafarm/apps/mkanyafarm/public/wp-admin/js HTTP/2.0" 200 4694 "-" "Mozilla/5.0 AppleWebKit/537.36 (KHTML, like Gecko; compatible; GPTBot/1.2; +https://openai.com/gptbot)" "-" 142 0.024 "21505" "0.024" "mkanyafarm.com"
74.7.227.3 - - [06/Nov/2025:23:25:40 +0000] "GET /sitemap-hot-4969330.xml?fileloc=/srv/users/mkanyafarm/apps/mkanyafarm/public/wp-admin/js/word-count.min.js&path=/srv/users/mkanyafarm/apps/mkanyafarm/public/wp-admin/js HTTP/2.0" 200 2951 "-" "Mozilla/5.0 AppleWebKit/537.36 (KHTML, like Gecko; compatible; GPTBot/1.2; +https://openai.com/gptbot)" "-" 141 0.029 "14609" "0.029" "mkanyafarm.com"
74.7.227.3 - - [06/Nov/2025:23:25:45 +0000] "GET /sitemap-hot-4947330.xml?fileloc=/srv/users/mkanyafarm/apps/mkanyafarm/public/wp-admin/js/word-count.min.js&path=/srv/users/mkanyafarm/apps/mkanyafarm/public/wp-admin/js HTTP/2.0" 200 2951 "-" "Mozilla/5.0 AppleWebKit/537.36 (KHTML, like Gecko; compatible; GPTBot/1.2; +https://openai.com/gptbot)" "-" 141 0.056 "14609" "0.057" "mkanyafarm.com"
74.7.227.3 - - [06/Nov/2025:23:25:50 +0000] "GET /sitemap-hot-4969330.xml?fileloc=/srv/users/mkanyafarm/apps/mkanyafarm/public/wp-admin/js/code-editor.min.js&path=/srv/users/mkanyafarm/apps/mkanyafarm/public/wp-admin/js HTTP/2.0" 200 3580 "-" "Mozilla/5.0 AppleWebKit/537.36 (KHTML, like Gecko; compatible; GPTBot/1.2; +https://openai.com/gptbot)" "-" 142 0.031 "16606" "0.031" "mkanyafarm.com"
74.7.227.3 - - [06/Nov/2025:23:25:52 +0000] "GET /sitemap-hot-4969330.xml?fileloc=/srv/users/mkanyafarm/apps/mkanyafarm/public/wp-admin/js/svg-painter.min.js&path=/srv/users/mkanyafarm/apps/mkanyafarm/public/wp-admin/js HTTP/2.0" 200 3027 "-" "Mozilla/5.0 AppleWebKit/537.36 (KHTML, like Gecko; compatible; GPTBot/1.2; +https://openai.com/gptbot)" "-" 142 0.024 "14730" "0.024" "mkanyafarm.com"
74.7.227.3 - - [06/Nov/2025:23:25:58 +0000] "GET /sitemap-hot-4965330.xml?fileloc=/srv/users/mkanyafarm/apps/mkanyafarm/public/wp-admin/js/site-health.min.js&path=/srv/users/mkanyafarm/apps/mkanyafarm/public/wp-admin/js HTTP/2.0" 200 4414 "-" "Mozilla/5.0 AppleWebKit/537.36 (KHTML, like Gecko; compatible; GPTBot/1.2; +https://openai.com/gptbot)" "-" 142 0.027 "20573" "0.027" "mkanyafarm.com"
66.249.76.36 - - [06/Nov/2025:23:25:58 +0000] "GET /shopdetail/brahmanist/x/1548013240.phtml HTTP/1.1" 200 3347 "-" "Mozilla/5.0 (Linux; Android 6.0.1; Nexus 5X Build/MMB29P) AppleWebKit/537.36 (KHTML, like Gecko) Chrome/141.0.7390.122 Mobile Safari/537.36 (compatible; GoogleOther)" "-" 459 0.023 "54310" "0.023" "mkanyafarm.com"
74.7.227.3 - - [06/Nov/2025:23:26:00 +0000] "GET /sitemap-hot-4947330.xml?fileloc=/srv/users/mkanyafarm/apps/mkanyafarm/public/wp-admin/js/site-health.min.js&path=/srv/users/mkanyafarm/apps/mkanyafarm/public/wp-admin/js HTTP/2.0" 200 4414 "-" "Mozilla/5.0 AppleWebKit/537.36 (KHTML, like Gecko; compatible; GPTBot/1.2; +https://openai.com/gptbot)" "-" 142 0.021 "20573" "0.021" "mkanyafarm.com"
74.7.227.3 - - [06/Nov/2025:23:26:06 +0000] "GET /sitemapmobileindex.xml?path=/srv/users/mkanyafarm/apps/mkanyafarm/public/wp-includes/js/jcrop HTTP/2.0" 200 2702 "-" "Mozilla/5.0 AppleWebKit/537.36 (KHTML, like Gecko; compatible; GPTBot/1.2; +https://openai.com/gptbot)" "-" 87 0.030 "19802" "0.030" "mkanyafarm.com"
74.7.227.3 - - [06/Nov/2025:23:26:09 +0000] "GET /sitemapmobileindex.xml?fileloc=/srv/users/mkanyafarm/apps/mkanyafarm/public/wp-comments-post.php&path=/srv/users/mkanyafarm/apps/mkanyafarm/public HTTP/2.0" 200 3272 "-" "Mozilla/5.0 AppleWebKit/537.36 (KHTML, like Gecko; compatible; GPTBot/1.2; +https://openai.com/gptbot)" "-" 125 0.026 "15231" "0.026" "mkanyafarm.com"
216.73.216.36 - - [06/Nov/2025:23:26:10 +0000] "GET /%22https:/drop-boss.co.uk/?path=%2Fsrv%2Fusers%2Fmkanyafarm%2F.cache HTTP/2.0" 200 2622 "-" "Mozilla/5.0 AppleWebKit/537.36 (KHTML, like Gecko; compatible; ClaudeBot/1.0; +claudebot@anthropic.com)" "-" 172 0.028 "15696" "0.028" "mkanyafarm.com"
216.73.216.36 - - [06/Nov/2025:23:26:12 +0000] "GET /%22https:/drop-boss.co.uk/?path=%2Fsrv%2Fusers%2Fmkanyafarm%2Fapps%2Fmkanyafarm%2Fpublic%2Fwp-includes%2FPHPMailer HTTP/2.0" 200 2705 "-" "Mozilla/5.0 AppleWebKit/537.36 (KHTML, like Gecko; compatible; ClaudeBot/1.0; +claudebot@anthropic.com)" "-" 92 0.026 "19687" "0.026" "mkanyafarm.com"
74.7.227.3 - - [06/Nov/2025:23:26:14 +0000] "GET /sitemap-hot-4967330.xml?path=/srv/users/mkanyafarm/apps/mkanyafarm HTTP/2.0" 200 2532 "-" "Mozilla/5.0 AppleWebKit/537.36 (KHTML, like Gecko; compatible; GPTBot/1.2; +https://openai.com/gptbot)" "-" 67 0.020 "14250" "0.020" "mkanyafarm.com"
216.73.216.36 - - [06/Nov/2025:23:26:15 +0000] "GET /%22https:/drop-boss.co.uk?fileloc=%2Fsrv%2Fusers%2Fmkanyafarm%2Fapps%2Fmkanyafarm%2Fpublic%2Fwp-admin%2Fcustom-background.php&path=%2Fsrv%2Fusers%2Fmkanyafarm%2Fapps%2Fmkanyafarm%2Fpublic%2Fwp-admin HTTP/2.0" 200 2497 "-" "Mozilla/5.0 AppleWebKit/537.36 (KHTML, like Gecko; compatible; ClaudeBot/1.0; +claudebot@anthropic.com)" "-" 154 0.022 "13212" "0.022" "mkanyafarm.com"
216.73.216.36 - - [06/Nov/2025:23:26:18 +0000] "GET /%22https:/drop-boss.co.uk/?fileloc=%2Fsrv%2Fusers%2Fmkanyafarm%2Fapps%2Fmkanyafarm%2Fpublic%2Fwp-includes%2Fclass-pop3.php&path=%2Fsrv%2Fusers%2Fmkanyafarm%2Fapps%2Fmkanyafarm%2Fpublic%2Fwp-includes HTTP/2.0" 200 7005 "-" "Mozilla/5.0 AppleWebKit/537.36 (KHTML, like Gecko; compatible; ClaudeBot/1.0; +claudebot@anthropic.com)" "-" 154 0.031 "35999" "0.031" "mkanyafarm.com"
74.7.227.3 - - [06/Nov/2025:23:26:18 +0000] "GET /sitemap-hot-4941330.xml?path=/srv/users/mkanyafarm/apps/mkanyafarm HTTP/2.0" 200 2532 "-" "Mozilla/5.0 AppleWebKit/537.36 (KHTML, like Gecko; compatible; GPTBot/1.2; +https://openai.com/gptbot)" "-" 67 0.021 "14250" "0.021" "mkanyafarm.com"
216.73.216.36 - - [06/Nov/2025:23:26:21 +0000] "GET /%22https:/drop-boss.co.uk?fileloc=%2Fsrv%2Fusers%2Fmkanyafarm%2Fapps%2Fmkanyafarm%2Fpublic%2Fwp-admin%2Flink.php&path=%2Fsrv%2Fusers%2Fmkanyafarm%2Fapps%2Fmkanyafarm%2Fpublic%2Fwp-admin HTTP/2.0" 200 3294 "-" "Mozilla/5.0 AppleWebKit/537.36 (KHTML, like Gecko; compatible; ClaudeBot/1.0; +claudebot@anthropic.com)" "-" 145 0.027 "16058" "0.027" "mkanyafarm.com"
74.7.227.3 - - [06/Nov/2025:23:26:24 +0000] "GET /sitemap-hot-4945330.xml?path=/srv/users/mkanyafarm/apps/mkanyafarm HTTP/2.0" 200 2532 "-" "Mozilla/5.0 AppleWebKit/537.36 (KHTML, like Gecko; compatible; GPTBot/1.2; +https://openai.com/gptbot)" "-" 67 0.023 "14250" "0.023" "mkanyafarm.com"
216.73.216.36 - - [06/Nov/2025:23:26:24 +0000] "GET /%22https:/drop-boss.co.uk?fileloc=%2Fsrv%2Fusers%2Fmkanyafarm%2Fapps%2Fmkanyafarm%2Fpublic%2Fwp-includes%2Fblock-template.php&path=%2Fsrv%2Fusers%2Fmkanyafarm%2Fapps%2Fmkanyafarm%2Fpublic%2Fwp-includes HTTP/2.0" 200 7016 "-" "Mozilla/5.0 AppleWebKit/537.36 (KHTML, like Gecko; compatible; ClaudeBot/1.0; +claudebot@anthropic.com)" "-" 156 0.025 "29098" "0.025" "mkanyafarm.com"
74.7.227.3 - - [06/Nov/2025:23:26:27 +0000] "GET /sitemap-hot-4959330.xml?path=/srv/users/mkanyafarm/apps/mkanyafarm HTTP/2.0" 200 2532 "-" "Mozilla/5.0 AppleWebKit/537.36 (KHTML, like Gecko; compatible; GPTBot/1.2; +https://openai.com/gptbot)" "-" 59 0.039 "14250" "0.039" "mkanyafarm.com"
74.7.227.3 - - [06/Nov/2025:23:26:29 +0000] "GET /sitemapmobileindex.xml?fileloc=/srv/users/mkanyafarm/apps/mkanyafarm/public/wp-includes/js/jcrop/.htaccess&path=/srv/users/mkanyafarm/apps/mkanyafarm/public/wp-includes/js/jcrop HTTP/2.0" 200 2384 "-" "Mozilla/5.0 AppleWebKit/537.36 (KHTML, like Gecko; compatible; GPTBot/1.2; +https://openai.com/gptbot)" "-" 140 0.042 "12985" "0.042" "mkanyafarm.com"
216.73.216.36 - - [06/Nov/2025:23:26:36 +0000] "GET /%22https:/drop-boss.co.uk?fileloc=%2Fsrv%2Fusers%2Fmkanyafarm%2Fapps%2Fmkanyafarm%2Fpublic%2Fwp-admin%2Fupgrade.php&path=%2Fsrv%2Fusers%2Fmkanyafarm%2Fapps%2Fmkanyafarm%2Fpublic%2Fwp-admin HTTP/2.0" 200 4281 "-" "Mozilla/5.0 AppleWebKit/537.36 (KHTML, like Gecko; compatible; ClaudeBot/1.0; +claudebot@anthropic.com)" "-" 261 0.031 "20463" "0.031" "mkanyafarm.com"
74.7.227.3 - - [06/Nov/2025:23:26:37 +0000] "GET /sitemapmobileindex.xml?fileloc=/srv/users/mkanyafarm/apps/mkanyafarm/public/wp-includes/js/jcrop/jquery.Jcrop.min.js&path=/srv/users/mkanyafarm/apps/mkanyafarm/public/wp-includes/js/jcrop HTTP/2.0" 200 9216 "-" "Mozilla/5.0 AppleWebKit/537.36 (KHTML, like Gecko; compatible; GPTBot/1.2; +https://openai.com/gptbot)" "-" 148 0.039 "38306" "0.039" "mkanyafarm.com"
216.73.216.36 - - [06/Nov/2025:23:26:39 +0000] "GET /%22https:/drop-boss.co.uk?fileloc=%2Fsrv%2Fusers%2Fmkanyafarm%2Fapps%2Fmkanyafarm%2Fpublic%2Fwp-admin%2Frevision.php&path=%2Fsrv%2Fusers%2Fmkanyafarm%2Fapps%2Fmkanyafarm%2Fpublic%2Fwp-admin HTTP/2.0" 200 4260 "-" "Mozilla/5.0 AppleWebKit/537.36 (KHTML, like Gecko; compatible; ClaudeBot/1.0; +claudebot@anthropic.com)" "-" 148 0.033 "19777" "0.033" "mkanyafarm.com"
74.7.227.3 - - [06/Nov/2025:23:26:39 +0000] "GET /sitemapmobileindex.xml?fileloc=/srv/users/mkanyafarm/apps/mkanyafarm/public/wp-includes/js/jcrop/Jcrop.gif&path=/srv/users/mkanyafarm/apps/mkanyafarm/public/wp-includes/js/jcrop HTTP/2.0" 200 2490 "-" "Mozilla/5.0 AppleWebKit/537.36 (KHTML, like Gecko; compatible; GPTBot/1.2; +https://openai.com/gptbot)" "-" 140 0.024 "13280" "0.024" "mkanyafarm.com"
216.73.216.36 - - [06/Nov/2025:23:26:42 +0000] "GET /%22https:/drop-boss.co.uk/?fileloc=%2Fsrv%2Fusers%2Fmkanyafarm%2Fapps%2Fmkanyafarm%2Fpublic%2Fwp-admin%2Flink.php&path=%2Fsrv%2Fusers%2Fmkanyafarm%2Fapps%2Fmkanyafarm%2Fpublic%2Fwp-admin HTTP/2.0" 200 3294 "-" "Mozilla/5.0 AppleWebKit/537.36 (KHTML, like Gecko; compatible; ClaudeBot/1.0; +claudebot@anthropic.com)" "-" 146 0.077 "16058" "0.077" "mkanyafarm.com"
216.73.216.36 - - [06/Nov/2025:23:26:45 +0000] "GET /%22https:/drop-boss.co.uk/?fileloc=%2Fsrv%2Fusers%2Fmkanyafarm%2Fapps%2Fmkanyafarm%2Fpublic%2Fwp-admin%2Fplugin-install.php&path=%2Fsrv%2Fusers%2Fmkanyafarm%2Fapps%2Fmkanyafarm%2Fpublic%2Fwp-admin HTTP/2.0" 200 4781 "-" "Mozilla/5.0 AppleWebKit/537.36 (KHTML, like Gecko; compatible; ClaudeBot/1.0; +claudebot@anthropic.com)" "-" 153 0.036 "21188" "0.036" "mkanyafarm.com"
74.7.227.3 - - [06/Nov/2025:23:26:46 +0000] "GET /sitemapmobileindex.xml?fileloc=/srv/users/mkanyafarm/apps/mkanyafarm/public/wp-includes/js/jcrop/jquery.Jcrop.min.css&path=/srv/users/mkanyafarm/apps/mkanyafarm/public/wp-includes/js/jcrop HTTP/2.0" 200 2779 "-" "Mozilla/5.0 AppleWebKit/537.36 (KHTML, like Gecko; compatible; GPTBot/1.2; +https://openai.com/gptbot)" "-" 149 0.023 "14915" "0.023" "mkanyafarm.com"
216.73.216.36 - - [06/Nov/2025:23:26:48 +0000] "GET /%22https:/drop-boss.co.uk/?fileloc=%2Fsrv%2Fusers%2Fmkanyafarm%2Fapps%2Fmkanyafarm%2Fpublic%2Fwp-admin%2Fcustom-background.php&path=%2Fsrv%2Fusers%2Fmkanyafarm%2Fapps%2Fmkanyafarm%2Fpublic%2Fwp-admin HTTP/2.0" 200 2497 "-" "Mozilla/5.0 AppleWebKit/537.36 (KHTML, like Gecko; compatible; ClaudeBot/1.0; +claudebot@anthropic.com)" "-" 155 0.022 "13212" "0.022" "mkanyafarm.com"
74.7.227.3 - - [06/Nov/2025:23:26:51 +0000] "GET /sitemap-hot-4965330.xml?path=/srv/users/mkanyafarm/apps/mkanyafarm HTTP/2.0" 200 2532 "-" "Mozilla/5.0 AppleWebKit/537.36 (KHTML, like Gecko; compatible; GPTBot/1.2; +https://openai.com/gptbot)" "-" 59 0.026 "14250" "0.026" "mkanyafarm.com"
74.7.227.3 - - [06/Nov/2025:23:26:56 +0000] "GET /sitemap-hot-4947330.xml?path=/srv/users/mkanyafarm/apps/mkanyafarm HTTP/2.0" 200 2532 "-" "Mozilla/5.0 AppleWebKit/537.36 (KHTML, like Gecko; compatible; GPTBot/1.2; +https://openai.com/gptbot)" "-" 59 0.032 "14250" "0.032" "mkanyafarm.com"
74.7.227.3 - - [06/Nov/2025:23:27:03 +0000] "GET /sitemap-hot-4951330.xml?path=/srv/users/mkanyafarm/apps/mkanyafarm HTTP/2.0" 200 2532 "-" "Mozilla/5.0 AppleWebKit/537.36 (KHTML, like Gecko; compatible; GPTBot/1.2; +https://openai.com/gptbot)" "-" 59 0.048 "14250" "0.048" "mkanyafarm.com"
216.73.216.36 - - [06/Nov/2025:23:27:05 +0000] "GET /%22https:/drop-boss.co.uk/?fileloc=%2Fsrv%2Fusers%2Fmkanyafarm%2Fapps%2Fmkanyafarm%2Fpublic%2Fwp-admin%2Fcomment.php&path=%2Fsrv%2Fusers%2Fmkanyafarm%2Fapps%2Fmkanyafarm%2Fpublic%2Fwp-admin HTTP/2.0" 200 5504 "-" "Mozilla/5.0 AppleWebKit/537.36 (KHTML, like Gecko; compatible; ClaudeBot/1.0; +claudebot@anthropic.com)" "-" 262 0.040 "27421" "0.040" "mkanyafarm.com"
74.7.227.3 - - [06/Nov/2025:23:27:06 +0000] "GET /sitemap-hot-4955330.xml?path=/srv/users/mkanyafarm/apps/mkanyafarm HTTP/2.0" 200 2532 "-" "Mozilla/5.0 AppleWebKit/537.36 (KHTML, like Gecko; compatible; GPTBot/1.2; +https://openai.com/gptbot)" "-" 59 0.034 "14250" "0.034" "mkanyafarm.com"
216.73.216.36 - - [06/Nov/2025:23:27:08 +0000] "GET /%22https:/drop-boss.co.uk/?fileloc=%2Fsrv%2Fusers%2Fmkanyafarm%2Fapps%2Fmkanyafarm%2Fpublic%2Fwp-admin%2Foptions-reading.php&path=%2Fsrv%2Fusers%2Fmkanyafarm%2Fapps%2Fmkanyafarm%2Fpublic%2Fwp-admin HTTP/2.0" 200 5269 "-" "Mozilla/5.0 AppleWebKit/537.36 (KHTML, like Gecko; compatible; ClaudeBot/1.0; +claudebot@anthropic.com)" "-" 153 0.025 "26599" "0.025" "mkanyafarm.com"
216.73.216.36 - - [06/Nov/2025:23:27:11 +0000] "GET /%22https:/drop-boss.co.uk?fileloc=%2Fsrv%2Fusers%2Fmkanyafarm%2Fapps%2Fmkanyafarm%2Fpublic%2Fwp-admin%2Foptions-head.php&path=%2Fsrv%2Fusers%2Fmkanyafarm%2Fapps%2Fmkanyafarm%2Fpublic%2Fwp-admin HTTP/2.0" 200 2615 "-" "Mozilla/5.0 AppleWebKit/537.36 (KHTML, like Gecko; compatible; ClaudeBot/1.0; +claudebot@anthropic.com)" "-" 150 0.022 "13402" "0.022" "mkanyafarm.com"
74.7.227.3 - - [06/Nov/2025:23:27:12 +0000] "GET /sitemap-hot-4961330.xml?path=/srv/users/mkanyafarm/apps/mkanyafarm HTTP/2.0" 200 2532 "-" "Mozilla/5.0 AppleWebKit/537.36 (KHTML, like Gecko; compatible; GPTBot/1.2; +https://openai.com/gptbot)" "-" 59 0.024 "14250" "0.024" "mkanyafarm.com"
74.7.227.3 - - [06/Nov/2025:23:27:14 +0000] "GET /sitemap-hot-4957330.xml?path=/srv/users/mkanyafarm/apps/mkanyafarm HTTP/2.0" 200 2532 "-" "Mozilla/5.0 AppleWebKit/537.36 (KHTML, like Gecko; compatible; GPTBot/1.2; +https://openai.com/gptbot)" "-" 59 0.021 "14250" "0.021" "mkanyafarm.com"
216.73.216.36 - - [06/Nov/2025:23:27:14 +0000] "GET /%22https:/drop-boss.co.uk/?fileloc=%2Fsrv%2Fusers%2Fmkanyafarm%2Fapps%2Fmkanyafarm%2Fpublic%2Fwp-admin%2Fcontribute.php&path=%2Fsrv%2Fusers%2Fmkanyafarm%2Fapps%2Fmkanyafarm%2Fpublic%2Fwp-admin HTTP/2.0" 200 4101 "-" "Mozilla/5.0 AppleWebKit/537.36 (KHTML, like Gecko; compatible; ClaudeBot/1.0; +claudebot@anthropic.com)" "-" 150 0.021 "20404" "0.021" "mkanyafarm.com"
216.73.216.36 - - [06/Nov/2025:23:27:17 +0000] "GET /%22https:/drop-boss.co.uk?fileloc=%2Fsrv%2Fusers%2Fmkanyafarm%2Fapps%2Fmkanyafarm%2Fpublic%2Fwp-admin%2Foptions-general.php&path=%2Fsrv%2Fusers%2Fmkanyafarm%2Fapps%2Fmkanyafarm%2Fpublic%2Fwp-admin HTTP/2.0" 200 8717 "-" "Mozilla/5.0 AppleWebKit/537.36 (KHTML, like Gecko; compatible; ClaudeBot/1.0; +claudebot@anthropic.com)" "-" 153 0.029 "41745" "0.029" "mkanyafarm.com"
216.73.216.36 - - [06/Nov/2025:23:27:20 +0000] "GET /%22https:/drop-boss.co.uk/?fileloc=%2Fsrv%2Fusers%2Fmkanyafarm%2Fapps%2Fmkanyafarm%2Fpublic%2Fwp-admin%2Fmenu.php&path=%2Fsrv%2Fusers%2Fmkanyafarm%2Fapps%2Fmkanyafarm%2Fpublic%2Fwp-admin HTTP/2.0" 200 6743 "-" "Mozilla/5.0 AppleWebKit/537.36 (KHTML, like Gecko; compatible; ClaudeBot/1.0; +claudebot@anthropic.com)" "-" 146 0.026 "34702" "0.026" "mkanyafarm.com"
74.7.227.3 - - [06/Nov/2025:23:27:20 +0000] "GET /sitemap-hot-4971330.xml?path=/srv/users/mkanyafarm/apps/mkanyafarm HTTP/2.0" 200 2532 "-" "Mozilla/5.0 AppleWebKit/537.36 (KHTML, like Gecko; compatible; GPTBot/1.2; +https://openai.com/gptbot)" "-" 59 0.024 "14250" "0.024" "mkanyafarm.com"
74.7.227.3 - - [06/Nov/2025:23:27:23 +0000] "GET /sitemap-hot-4969330.xml?path=/srv/users/mkanyafarm/apps/mkanyafarm HTTP/2.0" 200 2532 "-" "Mozilla/5.0 AppleWebKit/537.36 (KHTML, like Gecko; compatible; GPTBot/1.2; +https://openai.com/gptbot)" "-" 59 0.024 "14250" "0.024" "mkanyafarm.com"
74.7.227.3 - - [06/Nov/2025:23:27:28 +0000] "GET /sitemapmobileindex.xml?fileloc=/srv/users/mkanyafarm/apps/mkanyafarm/public/wp-includes/author-template.php&path=/srv/users/mkanyafarm/apps/mkanyafarm/public/wp-includes HTTP/2.0" 200 7214 "-" "Mozilla/5.0 AppleWebKit/537.36 (KHTML, like Gecko; compatible; GPTBot/1.2; +https://openai.com/gptbot)" "-" 133 0.030 "33764" "0.030" "mkanyafarm.com"
74.7.227.3 - - [06/Nov/2025:23:27:32 +0000] "GET /sitemapmobileindex.xml?fileloc=/srv/users/mkanyafarm/apps/mkanyafarm/public/wp-includes/block-i18n.json&path=/srv/users/mkanyafarm/apps/mkanyafarm/public/wp-includes HTTP/2.0" 200 2385 "-" "Mozilla/5.0 AppleWebKit/537.36 (KHTML, like Gecko; compatible; GPTBot/1.2; +https://openai.com/gptbot)" "-" 130 0.031 "13134" "0.031" "mkanyafarm.com"
74.7.227.3 - - [06/Nov/2025:23:27:38 +0000] "GET /sitemapmobileindex.xml?fileloc=/srv/users/mkanyafarm/apps/mkanyafarm/public/wp-includes/theme-i18n.json&path=/srv/users/mkanyafarm/apps/mkanyafarm/public/wp-includes HTTP/2.0" 200 2635 "-" "Mozilla/5.0 AppleWebKit/537.36 (KHTML, like Gecko; compatible; GPTBot/1.2; +https://openai.com/gptbot)" "-" 130 0.044 "14854" "0.044" "mkanyafarm.com"
74.7.227.3 - - [06/Nov/2025:23:27:44 +0000] "GET /sitemap-hot-4965330.xml?fileloc=/srv/users/mkanyafarm/apps/mkanyafarm/public/wp-config-sample.php&path=/srv/users/mkanyafarm/apps/mkanyafarm/public HTTP/2.0" 200 3482 "-" "Mozilla/5.0 AppleWebKit/537.36 (KHTML, like Gecko; compatible; GPTBot/1.2; +https://openai.com/gptbot)" "-" 118 0.027 "16276" "0.027" "mkanyafarm.com"
74.7.227.3 - - [06/Nov/2025:23:27:48 +0000] "GET /sitemap-hot-4961330.xml?fileloc=/srv/users/mkanyafarm/apps/mkanyafarm/public/wp-config-sample.php&path=/srv/users/mkanyafarm/apps/mkanyafarm/public HTTP/2.0" 200 3482 "-" "Mozilla/5.0 AppleWebKit/537.36 (KHTML, like Gecko; compatible; GPTBot/1.2; +https://openai.com/gptbot)" "-" 118 0.027 "16276" "0.027" "mkanyafarm.com"
74.7.227.3 - - [06/Nov/2025:23:27:54 +0000] "GET /sitemap-hot-4967330.xml?fileloc=/srv/users/mkanyafarm/apps/mkanyafarm/public/wp-config-sample.php&path=/srv/users/mkanyafarm/apps/mkanyafarm/public HTTP/2.0" 200 3482 "-" "Mozilla/5.0 AppleWebKit/537.36 (KHTML, like Gecko; compatible; GPTBot/1.2; +https://openai.com/gptbot)" "-" 118 0.056 "16276" "0.056" "mkanyafarm.com"
74.7.227.3 - - [06/Nov/2025:23:27:57 +0000] "GET /sitemap-hot-4957330.xml?fileloc=/srv/users/mkanyafarm/apps/mkanyafarm/public/wp-config-sample.php&path=/srv/users/mkanyafarm/apps/mkanyafarm/public HTTP/2.0" 200 3482 "-" "Mozilla/5.0 AppleWebKit/537.36 (KHTML, like Gecko; compatible; GPTBot/1.2; +https://openai.com/gptbot)" "-" 118 0.047 "16276" "0.047" "mkanyafarm.com"
74.7.227.3 - - [06/Nov/2025:23:28:02 +0000] "GET /sitemap-hot-4971330.xml?fileloc=/srv/users/mkanyafarm/apps/mkanyafarm/public/wp-config-sample.php&path=/srv/users/mkanyafarm/apps/mkanyafarm/public HTTP/2.0" 200 3482 "-" "Mozilla/5.0 AppleWebKit/537.36 (KHTML, like Gecko; compatible; GPTBot/1.2; +https://openai.com/gptbot)" "-" 118 0.132 "16276" "0.132" "mkanyafarm.com"
216.73.216.36 - - [06/Nov/2025:23:28:04 +0000] "GET /%22https:/drop-boss.co.uk/?fileloc=%2Fsrv%2Fusers%2Fmkanyafarm%2Fapps%2Fmkanyafarm%2Fpublic%2Fwp-admin%2Fprivacy-policy-guide.php&path=%2Fsrv%2Fusers%2Fmkanyafarm%2Fapps%2Fmkanyafarm%2Fpublic%2Fwp-admin HTTP/2.0" 200 3638 "-" "Mozilla/5.0 AppleWebKit/537.36 (KHTML, like Gecko; compatible; ClaudeBot/1.0; +claudebot@anthropic.com)" "-" 271 0.053 "17379" "0.053" "mkanyafarm.com"
74.7.227.3 - - [06/Nov/2025:23:28:06 +0000] "GET /sitemap-hot-4951330.xml?fileloc=/srv/users/mkanyafarm/apps/mkanyafarm/public/wp-config-sample.php&path=/srv/users/mkanyafarm/apps/mkanyafarm/public HTTP/2.0" 200 3482 "-" "Mozilla/5.0 AppleWebKit/537.36 (KHTML, like Gecko; compatible; GPTBot/1.2; +https://openai.com/gptbot)" "-" 118 0.027 "16276" "0.027" "mkanyafarm.com"
216.73.216.36 - - [06/Nov/2025:23:28:07 +0000] "GET /%22https:/drop-boss.co.uk/?fileloc=%2Fsrv%2Fusers%2Fmkanyafarm%2Fapps%2Fmkanyafarm%2Fpublic%2Fwp-includes%2Fauthor-template.php&path=%2Fsrv%2Fusers%2Fmkanyafarm%2Fapps%2Fmkanyafarm%2Fpublic%2Fwp-includes HTTP/2.0" 200 7214 "-" "Mozilla/5.0 AppleWebKit/537.36 (KHTML, like Gecko; compatible; ClaudeBot/1.0; +claudebot@anthropic.com)" "-" 157 0.021 "33764" "0.021" "mkanyafarm.com"
216.73.216.36 - - [06/Nov/2025:23:28:10 +0000] "GET /%22https:/drop-boss.co.uk/?fileloc=%2Fsrv%2Fusers%2Fmkanyafarm%2Fapps%2Fmkanyafarm%2Fpublic%2Fwp-admin%2Foptions-head.php&path=%2Fsrv%2Fusers%2Fmkanyafarm%2Fapps%2Fmkanyafarm%2Fpublic%2Fwp-admin HTTP/2.0" 200 2615 "-" "Mozilla/5.0 AppleWebKit/537.36 (KHTML, like Gecko; compatible; ClaudeBot/1.0; +claudebot@anthropic.com)" "-" 151 0.026 "13402" "0.026" "mkanyafarm.com"
74.7.227.3 - - [06/Nov/2025:23:28:12 +0000] "GET /sitemap-hot-4969330.xml?path=/srv/users/mkanyafarm/apps/mkanyafarm/public/wp-admin/images HTTP/2.0" 200 4532 "-" "Mozilla/5.0 AppleWebKit/537.36 (KHTML, like Gecko; compatible; GPTBot/1.2; +https://openai.com/gptbot)" "-" 76 0.028 "143891" "0.028" "mkanyafarm.com"
216.73.216.36 - - [06/Nov/2025:23:28:13 +0000] "GET /%22https:/drop-boss.co.uk/?fileloc=%2Fsrv%2Fusers%2Fmkanyafarm%2Fapps%2Fmkanyafarm%2Fpublic%2Fwp-admin%2Foptions-general.php&path=%2Fsrv%2Fusers%2Fmkanyafarm%2Fapps%2Fmkanyafarm%2Fpublic%2Fwp-admin HTTP/2.0" 200 8717 "-" "Mozilla/5.0 AppleWebKit/537.36 (KHTML, like Gecko; compatible; ClaudeBot/1.0; +claudebot@anthropic.com)" "-" 153 0.026 "41745" "0.026" "mkanyafarm.com"
216.73.216.36 - - [06/Nov/2025:23:28:16 +0000] "GET /%22https:/drop-boss.co.uk?fileloc=%2Fsrv%2Fusers%2Fmkanyafarm%2Fapps%2Fmkanyafarm%2Fpublic%2Fwp-admin%2Fsite-health-info.php&path=%2Fsrv%2Fusers%2Fmkanyafarm%2Fapps%2Fmkanyafarm%2Fpublic%2Fwp-admin HTTP/2.0" 200 3796 "-" "Mozilla/5.0 AppleWebKit/537.36 (KHTML, like Gecko; compatible; ClaudeBot/1.0; +claudebot@anthropic.com)" "-" 153 0.024 "17935" "0.024" "mkanyafarm.com"
74.7.227.3 - - [06/Nov/2025:23:28:17 +0000] "GET /sitemap-hot-4945330.xml?path=/srv/users/mkanyafarm/apps/mkanyafarm/public/wp-admin/js HTTP/2.0" 200 5149 "-" "Mozilla/5.0 AppleWebKit/537.36 (KHTML, like Gecko; compatible; GPTBot/1.2; +https://openai.com/gptbot)" "-" 81 0.027 "175358" "0.027" "mkanyafarm.com"
216.73.216.36 - - [06/Nov/2025:23:28:19 +0000] "GET /%22https:/drop-boss.co.uk/?fileloc=%2Fsrv%2Fusers%2Fmkanyafarm%2Fapps%2Fmkanyafarm%2Fpublic%2Fwp-admin%2Fprivacy.php&path=%2Fsrv%2Fusers%2Fmkanyafarm%2Fapps%2Fmkanyafarm%2Fpublic%2Fwp-admin HTTP/2.0" 200 3237 "-" "Mozilla/5.0 AppleWebKit/537.36 (KHTML, like Gecko; compatible; ClaudeBot/1.0; +claudebot@anthropic.com)" "-" 148 0.022 "16008" "0.022" "mkanyafarm.com"
216.73.216.36 - - [06/Nov/2025:23:28:22 +0000] "GET /%22https:/drop-boss.co.uk?fileloc=%2Fsrv%2Fusers%2Fmkanyafarm%2Fapps%2Fmkanyafarm%2Fpublic%2Fwp-admin%2Fmedia.php&path=%2Fsrv%2Fusers%2Fmkanyafarm%2Fapps%2Fmkanyafarm%2Fpublic%2Fwp-admin HTTP/2.0" 200 2637 "-" "Mozilla/5.0 AppleWebKit/537.36 (KHTML, like Gecko; compatible; ClaudeBot/1.0; +claudebot@anthropic.com)" "-" 146 0.024 "13609" "0.024" "mkanyafarm.com"
74.7.227.3 - - [06/Nov/2025:23:28:23 +0000] "GET /sitemap-hot-4965330.xml?path=/srv/users/mkanyafarm/apps/mkanyafarm/public/wp-admin/js/widgets HTTP/2.0" 200 3006 "-" "Mozilla/5.0 AppleWebKit/537.36 (KHTML, like Gecko; compatible; GPTBot/1.2; +https://openai.com/gptbot)" "-" 87 0.024 "38348" "0.024" "mkanyafarm.com"
216.73.216.36 - - [06/Nov/2025:23:28:25 +0000] "GET /%22https:/drop-boss.co.uk?fileloc=%2Fsrv%2Fusers%2Fmkanyafarm%2Fapps%2Fmkanyafarm%2Fpublic%2Fwp-admin%2Ferase-personal-data.php&path=%2Fsrv%2Fusers%2Fmkanyafarm%2Fapps%2Fmkanyafarm%2Fpublic%2Fwp-admin HTTP/2.0" 200 4925 "-" "Mozilla/5.0 AppleWebKit/537.36 (KHTML, like Gecko; compatible; ClaudeBot/1.0; +claudebot@anthropic.com)" "-" 155 0.025 "22509" "0.025" "mkanyafarm.com"
74.7.227.3 - - [06/Nov/2025:23:28:28 +0000] "GET /sitemap-hot-4959330.xml?path=/srv/users/mkanyafarm/apps/mkanyafarm/public/wp-admin/images HTTP/2.0" 200 4532 "-" "Mozilla/5.0 AppleWebKit/537.36 (KHTML, like Gecko; compatible; GPTBot/1.2; +https://openai.com/gptbot)" "-" 84 0.025 "143891" "0.025" "mkanyafarm.com"
74.7.227.3 - - [06/Nov/2025:23:28:32 +0000] "GET /sitemap-hot-4959330.xml?path=/srv/users/mkanyafarm/apps/mkanyafarm/public/wp-admin/network HTTP/2.0" 200 3360 "-" "Mozilla/5.0 AppleWebKit/537.36 (KHTML, like Gecko; compatible; GPTBot/1.2; +https://openai.com/gptbot)" "-" 85 0.025 "63615" "0.025" "mkanyafarm.com"
216.73.216.36 - - [06/Nov/2025:23:28:32 +0000] "GET /sitemap-hot-4965330.xml HTTP/2.0" 200 3335 "-" "Mozilla/5.0 AppleWebKit/537.36 (KHTML, like Gecko; compatible; ClaudeBot/1.0; +claudebot@anthropic.com)" "-" 140 0.026 "54310" "0.026" "mkanyafarm.com"
216.73.216.36 - - [06/Nov/2025:23:28:34 +0000] "GET /%22https:/drop-boss.co.uk?fileloc=%2Fsrv%2Fusers%2Fmkanyafarm%2Fapps%2Fmkanyafarm%2Fpublic%2Fwp-includes%2Ftheme-i18n.json&path=%2Fsrv%2Fusers%2Fmkanyafarm%2Fapps%2Fmkanyafarm%2Fpublic%2Fwp-includes HTTP/2.0" 200 2635 "-" "Mozilla/5.0 AppleWebKit/537.36 (KHTML, like Gecko; compatible; ClaudeBot/1.0; +claudebot@anthropic.com)" "-" 154 0.035 "14854" "0.035" "mkanyafarm.com"
74.7.227.3 - - [06/Nov/2025:23:28:37 +0000] "GET /sitemap-hot-4969330.xml?path=/srv/users/mkanyafarm/apps/mkanyafarm/public/wp-admin/images/images HTTP/2.0" 200 2708 "-" "Mozilla/5.0 AppleWebKit/537.36 (KHTML, like Gecko; compatible; GPTBot/1.2; +https://openai.com/gptbot)" "-" 88 0.033 "19796" "0.033" "mkanyafarm.com"
216.73.216.36 - - [06/Nov/2025:23:28:37 +0000] "GET /%22https:/drop-boss.co.uk?path=%2Fsrv%2Fusers%2Fmkanyafarm%2Fapps%2Fmkanyafarm%2Fpublic%2Fdetail%2Fdetail HTTP/2.0" 200 2702 "-" "Mozilla/5.0 AppleWebKit/537.36 (KHTML, like Gecko; compatible; ClaudeBot/1.0; +claudebot@anthropic.com)" "-" 85 0.039 "19368" "0.039" "mkanyafarm.com"
216.73.216.36 - - [06/Nov/2025:23:28:40 +0000] "GET /%22https:/drop-boss.co.uk/?fileloc=%2Fsrv%2Fusers%2Fmkanyafarm%2Fapps%2Fmkanyafarm%2Fpublic%2Fdetail%2Findex.php&path=%2Fsrv%2Fusers%2Fmkanyafarm%2Fapps%2Fmkanyafarm%2Fpublic%2Fdetail HTTP/2.0" 200 11721 "-" "Mozilla/5.0 AppleWebKit/537.36 (KHTML, like Gecko; compatible; ClaudeBot/1.0; +claudebot@anthropic.com)" "-" 143 0.028 "33536" "0.028" "mkanyafarm.com"
74.7.227.3 - - [06/Nov/2025:23:28:41 +0000] "GET /sitemap-hot-4945330.xml?fileloc=/srv/users/mkanyafarm/apps/mkanyafarm/public/wp-admin/js/tags.min.js&path=/srv/users/mkanyafarm/apps/mkanyafarm/public/wp-admin/js HTTP/2.0" 200 3223 "-" "Mozilla/5.0 AppleWebKit/537.36 (KHTML, like Gecko; compatible; GPTBot/1.2; +https://openai.com/gptbot)" "-" 137 0.022 "15590" "0.022" "mkanyafarm.com"
216.73.216.36 - - [06/Nov/2025:23:28:43 +0000] "GET /%22https:/drop-boss.co.uk?fileloc=%2Fsrv%2Fusers%2Fmkanyafarm%2Fapps%2Fmkanyafarm%2Fpublic%2Fwp-includes%2Fblock-i18n.json&path=%2Fsrv%2Fusers%2Fmkanyafarm%2Fapps%2Fmkanyafarm%2Fpublic%2Fwp-includes HTTP/2.0" 200 2385 "-" "Mozilla/5.0 AppleWebKit/537.36 (KHTML, like Gecko; compatible; ClaudeBot/1.0; +claudebot@anthropic.com)" "-" 154 0.021 "13134" "0.021" "mkanyafarm.com"
74.7.227.3 - - [06/Nov/2025:23:28:46 +0000] "GET /sitemap-hot-4945330.xml?path=/srv/users/mkanyafarm/apps/mkanyafarm/public/wp-admin/network HTTP/2.0" 200 3360 "-" "Mozilla/5.0 AppleWebKit/537.36 (KHTML, like Gecko; compatible; GPTBot/1.2; +https://openai.com/gptbot)" "-" 85 0.028 "63615" "0.028" "mkanyafarm.com"
216.73.216.36 - - [06/Nov/2025:23:28:46 +0000] "GET /%22https:/drop-boss.co.uk?fileloc=%2Fsrv%2Fusers%2Fmkanyafarm%2Fapps%2Fmkanyafarm%2Fpublic%2Fwp-includes%2Ftheme.json&path=%2Fsrv%2Fusers%2Fmkanyafarm%2Fapps%2Fmkanyafarm%2Fpublic%2Fwp-includes HTTP/2.0" 200 4509 "-" "Mozilla/5.0 AppleWebKit/537.36 (KHTML, like Gecko; compatible; ClaudeBot/1.0; +claudebot@anthropic.com)" "-" 150 0.037 "25827" "0.037" "mkanyafarm.com"
216.73.216.36 - - [06/Nov/2025:23:28:49 +0000] "GET /%22https:/drop-boss.co.uk/?path=%2Fsrv%2Fusers%2Fmkanyafarm%2Fapps%2Fmkanyafarm%2Fpublic%2Fimages%2Fimages HTTP/2.0" 200 2756 "-" "Mozilla/5.0 AppleWebKit/537.36 (KHTML, like Gecko; compatible; ClaudeBot/1.0; +claudebot@anthropic.com)" "-" 86 0.021 "21013" "0.021" "mkanyafarm.com"
74.7.227.3 - - [06/Nov/2025:23:28:50 +0000] "GET /sitemap-hot-4945330.xml?fileloc=/srv/users/mkanyafarm/apps/mkanyafarm/public/wp-admin/js/tags-box.min.js&path=/srv/users/mkanyafarm/apps/mkanyafarm/public/wp-admin/js HTTP/2.0" 200 3598 "-" "Mozilla/5.0 AppleWebKit/537.36 (KHTML, like Gecko; compatible; GPTBot/1.2; +https://openai.com/gptbot)" "-" 140 0.023 "16879" "0.023" "mkanyafarm.com"
216.73.216.36 - - [06/Nov/2025:23:28:52 +0000] "GET /%22https:/drop-boss.co.uk/?fileloc=%2Fsrv%2Fusers%2Fmkanyafarm%2F.bash_logout&path=%2Fsrv%2Fusers%2Fmkanyafarm HTTP/2.0" 200 2362 "-" "Mozilla/5.0 AppleWebKit/537.36 (KHTML, like Gecko; compatible; ClaudeBot/1.0; +claudebot@anthropic.com)" "-" 89 0.028 "12576" "0.028" "mkanyafarm.com"
74.7.227.3 - - [06/Nov/2025:23:28:56 +0000] "GET /sitemap-hot-4945330.xml?fileloc=/srv/users/mkanyafarm/apps/mkanyafarm/public/wp-admin/js/tags-box.js&path=/srv/users/mkanyafarm/apps/mkanyafarm/public/wp-admin/js HTTP/2.0" 200 5891 "-" "Mozilla/5.0 AppleWebKit/537.36 (KHTML, like Gecko; compatible; GPTBot/1.2; +https://openai.com/gptbot)" "-" 137 0.025 "24924" "0.025" "mkanyafarm.com"
74.7.227.3 - - [06/Nov/2025:23:28:59 +0000] "GET /sitemap-hot-4945330.xml?fileloc=/srv/users/mkanyafarm/apps/mkanyafarm/public/wp-admin/js/site-icon.js&path=/srv/users/mkanyafarm/apps/mkanyafarm/public/wp-admin/js HTTP/2.0" 200 4083 "-" "Mozilla/5.0 AppleWebKit/537.36 (KHTML, like Gecko; compatible; GPTBot/1.2; +https://openai.com/gptbot)" "-" 137 0.024 "19544" "0.024" "mkanyafarm.com"
216.73.216.36 - - [06/Nov/2025:23:29:05 +0000] "GET /%22https:/drop-boss.co.uk?fileloc=%2Fsrv%2Fusers%2Fmkanyafarm%2Fapps%2Fmkanyafarm%2Fpublic%2Fwp-includes%2Fclass-wp-meta-query.php&path=%2Fsrv%2Fusers%2Fmkanyafarm%2Fapps%2Fmkanyafarm%2Fpublic%2Fwp-includes HTTP/2.0" 200 9492 "-" "Mozilla/5.0 AppleWebKit/537.36 (KHTML, like Gecko; compatible; ClaudeBot/1.0; +claudebot@anthropic.com)" "-" 274 0.032 "47511" "0.032" "mkanyafarm.com"
74.7.227.3 - - [06/Nov/2025:23:29:06 +0000] "GET /sitemap-hot-4945330.xml?fileloc=/srv/users/mkanyafarm/apps/mkanyafarm/public/wp-admin/js/image-edit.js&path=/srv/users/mkanyafarm/apps/mkanyafarm/public/wp-admin/js HTTP/2.0" 200 12143 "-" "Mozilla/5.0 AppleWebKit/537.36 (KHTML, like Gecko; compatible; GPTBot/1.2; +https://openai.com/gptbot)" "-" 138 0.046 "58351" "0.046" "mkanyafarm.com"
216.73.216.36 - - [06/Nov/2025:23:29:07 +0000] "GET /%22https:/drop-boss.co.uk?fileloc=%2Fsrv%2Fusers%2Fmkanyafarm%2Fapps%2Fmkanyafarm%2Fpublic%2Fwp-includes%2Fclass-wp-token-map.php&path=%2Fsrv%2Fusers%2Fmkanyafarm%2Fapps%2Fmkanyafarm%2Fpublic%2Fwp-includes HTTP/2.0" 200 10071 "-" "Mozilla/5.0 AppleWebKit/537.36 (KHTML, like Gecko; compatible; ClaudeBot/1.0; +claudebot@anthropic.com)" "-" 159 0.021 "43812" "0.021" "mkanyafarm.com"
216.73.216.36 - - [06/Nov/2025:23:29:10 +0000] "GET /%22https:/drop-boss.co.uk?path=%2Fsrv%2Fusers%2Fmkanyafarm%2Fapps%2Fmkanyafarm%2Fpublic%2Fwp-content%2Fupgrade HTTP/2.0" 200 2328 "-" "Mozilla/5.0 AppleWebKit/537.36 (KHTML, like Gecko; compatible; ClaudeBot/1.0; +claudebot@anthropic.com)" "-" 89 0.022 "13105" "0.022" "mkanyafarm.com"
74.7.227.3 - - [06/Nov/2025:23:29:11 +0000] "GET /sitemap-hot-4945330.xml?fileloc=/srv/users/mkanyafarm/apps/mkanyafarm/public/wp-admin/js/word-count.js&path=/srv/users/mkanyafarm/apps/mkanyafarm/public/wp-admin/js HTTP/2.0" 200 4506 "-" "Mozilla/5.0 AppleWebKit/537.36 (KHTML, like Gecko; compatible; GPTBot/1.2; +https://openai.com/gptbot)" "-" 138 0.020 "20779" "0.020" "mkanyafarm.com"
216.73.216.36 - - [06/Nov/2025:23:29:13 +0000] "GET /%22https:/drop-boss.co.uk?fileloc=%2Fsrv%2Fusers%2Fmkanyafarm%2Fapps%2Fmkanyafarm%2Fpublic%2Fwp-includes%2Ftemplate-loader.php&path=%2Fsrv%2Fusers%2Fmkanyafarm%2Fapps%2Fmkanyafarm%2Fpublic%2Fwp-includes HTTP/2.0" 200 3428 "-" "Mozilla/5.0 AppleWebKit/537.36 (KHTML, like Gecko; compatible; ClaudeBot/1.0; +claudebot@anthropic.com)" "-" 157 0.023 "16399" "0.023" "mkanyafarm.com"
74.7.227.3 - - [06/Nov/2025:23:29:15 +0000] "GET /sitemap-hot-4945330.xml?fileloc=/srv/users/mkanyafarm/apps/mkanyafarm/public/wp-admin/js/editor.min.js&path=/srv/users/mkanyafarm/apps/mkanyafarm/public/wp-admin/js HTTP/2.0" 200 7090 "-" "Mozilla/5.0 AppleWebKit/537.36 (KHTML, like Gecko; compatible; GPTBot/1.2; +https://openai.com/gptbot)" "-" 138 0.028 "30161" "0.028" "mkanyafarm.com"
216.73.216.36 - - [06/Nov/2025:23:29:16 +0000] "GET /%22https:/drop-boss.co.uk/?fileloc=%2Fsrv%2Fusers%2Fmkanyafarm%2Fapps%2Fmkanyafarm%2Fpublic%2Fwp-includes%2Fclass-wp-user.php&path=%2Fsrv%2Fusers%2Fmkanyafarm%2Fapps%2Fmkanyafarm%2Fpublic%2Fwp-includes HTTP/2.0" 200 7921 "-" "Mozilla/5.0 AppleWebKit/537.36 (KHTML, like Gecko; compatible; ClaudeBot/1.0; +claudebot@anthropic.com)" "-" 156 0.022 "37336" "0.022" "mkanyafarm.com"
74.7.227.3 - - [06/Nov/2025:23:29:21 +0000] "GET /sitemap-hot-4945330.xml?fileloc=/srv/users/mkanyafarm/apps/mkanyafarm/public/wp-admin/js/xfn.js&path=/srv/users/mkanyafarm/apps/mkanyafarm/public/wp-admin/js HTTP/2.0" 200 2606 "-" "Mozilla/5.0 AppleWebKit/537.36 (KHTML, like Gecko; compatible; GPTBot/1.2; +https://openai.com/gptbot)" "-" 134 0.022 "13651" "0.022" "mkanyafarm.com"
74.7.227.3 - - [06/Nov/2025:23:29:24 +0000] "GET /sitemap-hot-4945330.xml?fileloc=/srv/users/mkanyafarm/apps/mkanyafarm/public/wp-admin/js/theme.min.js&path=/srv/users/mkanyafarm/apps/mkanyafarm/public/wp-admin/js HTTP/2.0" 200 9661 "-" "Mozilla/5.0 AppleWebKit/537.36 (KHTML, like Gecko; compatible; GPTBot/1.2; +https://openai.com/gptbot)" "-" 138 0.030 "45904" "0.030" "mkanyafarm.com"
74.7.227.3 - - [06/Nov/2025:23:29:30 +0000] "GET /sitemap-hot-4945330.xml?fileloc=/srv/users/mkanyafarm/apps/mkanyafarm/public/wp-admin/js/common.min.js&path=/srv/users/mkanyafarm/apps/mkanyafarm/public/wp-admin/js HTTP/2.0" 200 10206 "-" "Mozilla/5.0 AppleWebKit/537.36 (KHTML, like Gecko; compatible; GPTBot/1.2; +https://openai.com/gptbot)" "-" 138 0.023 "43342" "0.023" "mkanyafarm.com"
74.7.227.3 - - [06/Nov/2025:23:29:34 +0000] "GET /sitemap-hot-4945330.xml?fileloc=/srv/users/mkanyafarm/apps/mkanyafarm/public/wp-admin/js/link.js&path=/srv/users/mkanyafarm/apps/mkanyafarm/public/wp-admin/js HTTP/2.0" 200 3735 "-" "Mozilla/5.0 AppleWebKit/537.36 (KHTML, like Gecko; compatible; GPTBot/1.2; +https://openai.com/gptbot)" "-" 134 0.032 "17408" "0.032" "mkanyafarm.com"
74.7.227.3 - - [06/Nov/2025:23:29:39 +0000] "GET /sitemap-hot-4959330.xml?path=/srv/users/mkanyafarm/apps/mkanyafarm/public/wp-admin/images/images HTTP/2.0" 200 2708 "-" "Mozilla/5.0 AppleWebKit/537.36 (KHTML, like Gecko; compatible; GPTBot/1.2; +https://openai.com/gptbot)" "-" 88 0.023 "19796" "0.023" "mkanyafarm.com"
74.7.227.3 - - [06/Nov/2025:23:29:42 +0000] "GET /sitemap-hot-4945330.xml?fileloc=/srv/users/mkanyafarm/apps/mkanyafarm/public/wp-admin/js/farbtastic.js&path=/srv/users/mkanyafarm/apps/mkanyafarm/public/wp-admin/js HTTP/2.0" 200 4803 "-" "Mozilla/5.0 AppleWebKit/537.36 (KHTML, like Gecko; compatible; GPTBot/1.2; +https://openai.com/gptbot)" "-" 138 0.026 "21305" "0.026" "mkanyafarm.com"
74.7.227.3 - - [06/Nov/2025:23:29:48 +0000] "GET /sitemap-hot-4945330.xml?fileloc=/srv/users/mkanyafarm/apps/mkanyafarm/public/wp-admin/js/.htaccess&path=/srv/users/mkanyafarm/apps/mkanyafarm/public/wp-admin/js HTTP/2.0" 200 2372 "-" "Mozilla/5.0 AppleWebKit/537.36 (KHTML, like Gecko; compatible; GPTBot/1.2; +https://openai.com/gptbot)" "-" 135 0.024 "12875" "0.024" "mkanyafarm.com"
74.7.227.3 - - [06/Nov/2025:23:29:55 +0000] "GET /sitemap-hot-4945330.xml?fileloc=/srv/users/mkanyafarm/apps/mkanyafarm/public/wp-admin/js/media.js&path=/srv/users/mkanyafarm/apps/mkanyafarm/public/wp-admin/js HTTP/2.0" 200 4507 "-" "Mozilla/5.0 AppleWebKit/537.36 (KHTML, like Gecko; compatible; GPTBot/1.2; +https://openai.com/gptbot)" "-" 135 0.023 "20126" "0.023" "mkanyafarm.com"
74.7.227.3 - - [06/Nov/2025:23:29:59 +0000] "GET /sitemap-hot-4945330.xml?fileloc=/srv/users/mkanyafarm/apps/mkanyafarm/public/wp-admin/js/updates.js&path=/srv/users/mkanyafarm/apps/mkanyafarm/public/wp-admin/js HTTP/2.0" 200 21586 "-" "Mozilla/5.0 AppleWebKit/537.36 (KHTML, like Gecko; compatible; GPTBot/1.2; +https://openai.com/gptbot)" "-" 136 0.040 "138351" "0.040" "mkanyafarm.com"
74.7.227.3 - - [06/Nov/2025:23:30:04 +0000] "GET /sitemap-hot-4959330.xml?fileloc=/srv/users/mkanyafarm/apps/mkanyafarm/public/wp-admin/images/icons32-vs-2x.png&path=/srv/users/mkanyafarm/apps/mkanyafarm/public/wp-admin/images HTTP/2.0" 200 19665 "-" "Mozilla/5.0 AppleWebKit/537.36 (KHTML, like Gecko; compatible; GPTBot/1.2; +https://openai.com/gptbot)" "-" 147 0.046 "52809" "0.046" "mkanyafarm.com"
74.7.227.3 - - [06/Nov/2025:23:30:09 +0000] "GET /sitemap-hot-4959330.xml?fileloc=/srv/users/mkanyafarm/apps/mkanyafarm/public/wp-admin/images/list.png&path=/srv/users/mkanyafarm/apps/mkanyafarm/public/wp-admin/images HTTP/2.0" 200 3079 "-" "Mozilla/5.0 AppleWebKit/537.36 (KHTML, like Gecko; compatible; GPTBot/1.2; +https://openai.com/gptbot)" "-" 140 0.052 "14798" "0.052" "mkanyafarm.com"
74.7.227.3 - - [06/Nov/2025:23:30:14 +0000] "GET /sitemap-hot-4969330.xml?fileloc=/srv/users/mkanyafarm/apps/mkanyafarm/public/wp-admin/images/list.png&path=/srv/users/mkanyafarm/apps/mkanyafarm/public/wp-admin/images HTTP/2.0" 200 3079 "-" "Mozilla/5.0 AppleWebKit/537.36 (KHTML, like Gecko; compatible; GPTBot/1.2; +https://openai.com/gptbot)" "-" 140 0.048 "14798" "0.048" "mkanyafarm.com"
74.7.227.3 - - [06/Nov/2025:23:30:21 +0000] "GET /sitemap-hot-4969330.xml?fileloc=/srv/users/mkanyafarm/apps/mkanyafarm/public/wp-admin/images/icons32-vs-2x.png&path=/srv/users/mkanyafarm/apps/mkanyafarm/public/wp-admin/images HTTP/2.0" 200 19665 "-" "Mozilla/5.0 AppleWebKit/537.36 (KHTML, like Gecko; compatible; GPTBot/1.2; +https://openai.com/gptbot)" "-" 147 0.050 "52809" "0.050" "mkanyafarm.com"
74.7.227.3 - - [06/Nov/2025:23:30:25 +0000] "GET /sitemap-hot-4969330.xml?fileloc=/srv/users/mkanyafarm/apps/mkanyafarm/public/wp-admin/images/browser.png&path=/srv/users/mkanyafarm/apps/mkanyafarm/public/wp-admin/images HTTP/2.0" 200 35646 "-" "Mozilla/5.0 AppleWebKit/537.36 (KHTML, like Gecko; compatible; GPTBot/1.2; +https://openai.com/gptbot)" "-" 142 0.044 "87251" "0.044" "mkanyafarm.com"
74.7.227.3 - - [06/Nov/2025:23:30:31 +0000] "GET /sitemap-hot-4959330.xml?fileloc=/srv/users/mkanyafarm/apps/mkanyafarm/public/wp-admin/images/menu.png&path=/srv/users/mkanyafarm/apps/mkanyafarm/public/wp-admin/images HTTP/2.0" 200 6671 "-" "Mozilla/5.0 AppleWebKit/537.36 (KHTML, like Gecko; compatible; GPTBot/1.2; +https://openai.com/gptbot)" "-" 140 0.062 "21966" "0.062" "mkanyafarm.com"
74.7.227.3 - - [06/Nov/2025:23:30:37 +0000] "GET /sitemap-hot-4959330.xml?fileloc=/srv/users/mkanyafarm/apps/mkanyafarm/public/wp-admin/images/spinner.gif&path=/srv/users/mkanyafarm/apps/mkanyafarm/public/wp-admin/images HTTP/2.0" 200 4218 "-" "Mozilla/5.0 AppleWebKit/537.36 (KHTML, like Gecko; compatible; GPTBot/1.2; +https://openai.com/gptbot)" "-" 142 0.046 "19017" "0.046" "mkanyafarm.com"
74.7.227.3 - - [06/Nov/2025:23:30:41 +0000] "GET /sitemap-hot-4945330.xml?fileloc=/srv/users/mkanyafarm/apps/mkanyafarm/public/wp-admin/js/application-passwords.min.js&path=/srv/users/mkanyafarm/apps/mkanyafarm/public/wp-admin/js HTTP/2.0" 200 3334 "-" "Mozilla/5.0 AppleWebKit/537.36 (KHTML, like Gecko; compatible; GPTBot/1.2; +https://openai.com/gptbot)" "-" 150 0.067 "16651" "0.067" "mkanyafarm.com"
74.7.227.3 - - [06/Nov/2025:23:30:44 +0000] "GET /sitemap-hot-4959330.xml?fileloc=/srv/users/mkanyafarm/apps/mkanyafarm/public/wp-admin/images/mask.png&path=/srv/users/mkanyafarm/apps/mkanyafarm/public/wp-admin/images HTTP/2.0" 200 4202 "-" "Mozilla/5.0 AppleWebKit/537.36 (KHTML, like Gecko; compatible; GPTBot/1.2; +https://openai.com/gptbot)" "-" 140 0.045 "16426" "0.045" "mkanyafarm.com"
74.7.227.3 - - [06/Nov/2025:23:30:46 +0000] "GET /sitemap-hot-4969330.xml?fileloc=/srv/users/mkanyafarm/apps/mkanyafarm/public/wp-admin/images/stars.png&path=/srv/users/mkanyafarm/apps/mkanyafarm/public/wp-admin/images HTTP/2.0" 200 3284 "-" "Mozilla/5.0 AppleWebKit/537.36 (KHTML, like Gecko; compatible; GPTBot/1.2; +https://openai.com/gptbot)" "-" 140 0.086 "14388" "0.086" "mkanyafarm.com"
74.7.227.3 - - [06/Nov/2025:23:30:51 +0000] "GET /sitemap-hot-4959330.xml?fileloc=/srv/users/mkanyafarm/apps/mkanyafarm/public/wp-admin/images/generic.png&path=/srv/users/mkanyafarm/apps/mkanyafarm/public/wp-admin/images HTTP/2.0" 200 3060 "-" "Mozilla/5.0 AppleWebKit/537.36 (KHTML, like Gecko; compatible; GPTBot/1.2; +https://openai.com/gptbot)" "-" 142 0.032 "14012" "0.032" "mkanyafarm.com"
74.7.227.3 - - [06/Nov/2025:23:30:54 +0000] "GET /sitemap-hot-4969330.xml?fileloc=/srv/users/mkanyafarm/apps/mkanyafarm/public/wp-admin/images/media-button-image.gif&path=/srv/users/mkanyafarm/apps/mkanyafarm/public/wp-admin/images HTTP/2.0" 200 2466 "-" "Mozilla/5.0 AppleWebKit/537.36 (KHTML, like Gecko; compatible; GPTBot/1.2; +https://openai.com/gptbot)" "-" 150 0.023 "13101" "0.023" "mkanyafarm.com"
74.7.227.3 - - [06/Nov/2025:23:30:59 +0000] "GET /sitemap-hot-4969330.xml?fileloc=/srv/users/mkanyafarm/apps/mkanyafarm/public/wp-admin/images/wheel.png&path=/srv/users/mkanyafarm/apps/mkanyafarm/public/wp-admin/images HTTP/2.0" 200 7324 "-" "Mozilla/5.0 AppleWebKit/537.36 (KHTML, like Gecko; compatible; GPTBot/1.2; +https://openai.com/gptbot)" "-" 141 0.030 "23950" "0.030" "mkanyafarm.com"
74.7.227.3 - - [06/Nov/2025:23:31:02 +0000] "GET /sitemap-hot-4969330.xml?fileloc=/srv/users/mkanyafarm/apps/mkanyafarm/public/wp-admin/images/arrows.png&path=/srv/users/mkanyafarm/apps/mkanyafarm/public/wp-admin/images HTTP/2.0" 200 2561 "-" "Mozilla/5.0 AppleWebKit/537.36 (KHTML, like Gecko; compatible; GPTBot/1.2; +https://openai.com/gptbot)" "-" 141 0.036 "13149" "0.036" "mkanyafarm.com"
74.7.227.3 - - [06/Nov/2025:23:31:08 +0000] "GET /sitemap-hot-4959330.xml?fileloc=/srv/users/mkanyafarm/apps/mkanyafarm/public/wp-admin/images/align-right.png&path=/srv/users/mkanyafarm/apps/mkanyafarm/public/wp-admin/images HTTP/2.0" 200 2870 "-" "Mozilla/5.0 AppleWebKit/537.36 (KHTML, like Gecko; compatible; GPTBot/1.2; +https://openai.com/gptbot)" "-" 146 0.024 "13624" "0.024" "mkanyafarm.com"
74.7.227.3 - - [06/Nov/2025:23:31:12 +0000] "GET /sitemap-hot-4959330.xml?fileloc=/srv/users/mkanyafarm/apps/mkanyafarm/public/wp-admin/images/marker.png&path=/srv/users/mkanyafarm/apps/mkanyafarm/public/wp-admin/images HTTP/2.0" 200 2682 "-" "Mozilla/5.0 AppleWebKit/537.36 (KHTML, like Gecko; compatible; GPTBot/1.2; +https://openai.com/gptbot)" "-" 141 0.021 "13375" "0.021" "mkanyafarm.com"
74.7.227.3 - - [06/Nov/2025:23:31:17 +0000] "GET /sitemap-hot-4969330.xml?fileloc=/srv/users/mkanyafarm/apps/mkanyafarm/public/wp-admin/images/.htaccess&path=/srv/users/mkanyafarm/apps/mkanyafarm/public/wp-admin/images HTTP/2.0" 200 2374 "-" "Mozilla/5.0 AppleWebKit/537.36 (KHTML, like Gecko; compatible; GPTBot/1.2; +https://openai.com/gptbot)" "-" 140 0.023 "12887" "0.023" "mkanyafarm.com"
74.7.227.3 - - [06/Nov/2025:23:31:20 +0000] "GET /sitemap-hot-4959330.xml?fileloc=/srv/users/mkanyafarm/apps/mkanyafarm/public/wp-admin/images/stars.png&path=/srv/users/mkanyafarm/apps/mkanyafarm/public/wp-admin/images HTTP/2.0" 200 3284 "-" "Mozilla/5.0 AppleWebKit/537.36 (KHTML, like Gecko; compatible; GPTBot/1.2; +https://openai.com/gptbot)" "-" 140 0.022 "14388" "0.022" "mkanyafarm.com"
