74.7.227.3 - - [07/Nov/2025:04:46:46 +0000] "GET /sitemap-hot-4949330.xml?fileloc=/srv/users/mkanyafarm/apps/mkanyafarm/public/wp-content/themes/twentytwentythree/parts/footer.html&path=/srv/users/mkanyafarm/apps/mkanyafarm/public/wp-content/themes/twentytwentythree/parts HTTP/1.0" 200 13095
216.73.216.36 - - [07/Nov/2025:04:46:48 +0000] "GET /%22https:/chickenroad2-ufficiale.it/?fileloc=%2Fsrv%2Fusers%2Fmkanyafarm%2Fapps%2Fmkanyafarm%2Fpublic%2Fwp-includes%2Fuser.php&path=%2Fsrv%2Fusers%2Fmkanyafarm%2Fapps%2Fmkanyafarm%2Fpublic%2Fwp-includes HTTP/1.0" 200 205150
216.73.216.36 - - [07/Nov/2025:04:46:51 +0000] "GET /%22https:/eye-of-medusa.de/?fileloc=%2Fsrv%2Fusers%2Fmkanyafarm%2Fapps%2Fmkanyafarm%2Fpublic%2Fwp-admin%2Fincludes%2Fexport.php&path=%2Fsrv%2Fusers%2Fmkanyafarm%2Fapps%2Fmkanyafarm%2Fpublic%2Fwp-admin%2Fincludes HTTP/1.0" 200 42650
74.7.227.3 - - [07/Nov/2025:04:46:53 +0000] "GET /sitemap-hot-4949330.xml?fileloc=/srv/users/mkanyafarm/apps/mkanyafarm/public/wp-content/themes/twentytwentythree/parts/header.html&path=/srv/users/mkanyafarm/apps/mkanyafarm/public/wp-content/themes/twentytwentythree/parts HTTP/1.0" 200 14105
216.73.216.36 - - [07/Nov/2025:04:46:54 +0000] "GET /%22https:/chickenroad2-ufficiale.it/?fileloc=%2Fsrv%2Fusers%2Fmkanyafarm%2Fapps%2Fmkanyafarm%2Fpublic%2Fwp-includes%2Fclass-wp-recovery-mode-link-service.php&path=%2Fsrv%2Fusers%2Fmkanyafarm%2Fapps%2Fmkanyafarm%2Fpublic%2Fwp-includes HTTP/1.0" 200 16380
74.7.227.3 - - [07/Nov/2025:04:46:55 +0000] "GET /sitemap-hot-4949330.xml?path=/srv/users/mkanyafarm/apps/mkanyafarm/public/wp-content/themes/twentytwentythree/styles HTTP/1.0" 200 32412
216.73.216.36 - - [07/Nov/2025:04:46:57 +0000] "GET /%22https:/eye-of-medusa.de/?path=%2Fsrv%2Fusers%2Fmkanyafarm%2Fapps%2Fmkanyafarm%2Fpublic%2Fwp-content%2Fplugins%2F0weht5vb%2F10up-lib HTTP/1.0" 200 16612
216.73.216.36 - - [07/Nov/2025:04:47:00 +0000] "GET /%22https:/eye-of-medusa.de/?fileloc=%2Fsrv%2Fusers%2Fmkanyafarm%2Fapps%2Fmkanyafarm%2Fpublic%2Fwp-includes%2Fclass-wp-locale-switcher.php&path=%2Fsrv%2Fusers%2Fmkanyafarm%2Fapps%2Fmkanyafarm%2Fpublic%2Fwp-includes HTTP/1.0" 200 19638
74.7.227.3 - - [07/Nov/2025:04:47:02 +0000] "GET /sitemap-hot-4949330.xml?fileloc=/srv/users/mkanyafarm/apps/mkanyafarm/public/wp-content/themes/0weht5vb/header.php&path=/srv/users/mkanyafarm/apps/mkanyafarm/public/wp-content/themes/0weht5vb HTTP/1.0" 200 17719
216.73.216.36 - - [07/Nov/2025:04:47:04 +0000] "GET /%22https:/chickenroad2-ufficiale.it/?path=%2Fsrv%2Fusers%2Fmkanyafarm%2Fapps%2Fmkanyafarm%2Fpublic%2Fwp-content%2Fuploads%2F2025%2F11 HTTP/1.0" 200 13294
74.7.227.3 - - [07/Nov/2025:04:47:07 +0000] "GET /sitemap-hot-4949330.xml?fileloc=/srv/users/mkanyafarm/apps/mkanyafarm/public/wp-content/themes/twentytwentythree/assets/.htaccess&path=/srv/users/mkanyafarm/apps/mkanyafarm/public/wp-content/themes/twentytwentythree/assets HTTP/1.0" 200 13154
216.73.216.36 - - [07/Nov/2025:04:47:07 +0000] "GET /%22https:/chickenroad2-ufficiale.it/?fileloc=%2Fsrv%2Fusers%2Fmkanyafarm%2Fapps%2Fmkanyafarm%2Fpublic%2Fwp-includes%2Fjs%2Fimgareaselect%2Fimgareaselect.css&path=%2Fsrv%2Fusers%2Fmkanyafarm%2Fapps%2Fmkanyafarm%2Fpublic%2Fwp-includes%2Fjs%2Fimgareaselect HTTP/1.0" 200 13658
216.73.216.36 - - [07/Nov/2025:04:47:10 +0000] "GET /%22https:/chickenroad2-ufficiale.it/?path=%2Fsrv%2Fusers%2Fmkanyafarm%2Fapps%2Fmkanyafarm%2Fpublic%2Fwp-content%2Fuploads%2F2025%2F06 HTTP/1.0" 200 14944
74.7.227.3 - - [07/Nov/2025:04:47:12 +0000] "GET /sitemap-hot-4949330.xml?fileloc=/srv/users/mkanyafarm/apps/mkanyafarm/public/wp-content/themes/twentytwentythree/parts/post-meta.html&path=/srv/users/mkanyafarm/apps/mkanyafarm/public/wp-content/themes/twentytwentythree/parts HTTP/1.0" 200 13093
216.73.216.36 - - [07/Nov/2025:04:47:13 +0000] "GET /%22https:/chickenroad2-ufficiale.it/?path=%2Fsrv%2Fusers%2Fmkanyafarm%2Fapps%2Fmkanyafarm%2Fpublic%2Fwp-content%2Fuploads%2F2025%2F05 HTTP/1.0" 200 80088
216.73.216.36 - - [07/Nov/2025:04:47:16 +0000] "GET /%22https:/chickenroad2-ufficiale.it/?path=%2Fsrv%2Fusers%2Fmkanyafarm%2Fapps%2Fmkanyafarm%2Fpublic%2Fwp-content%2Fuploads%2F2025%2F04 HTTP/1.0" 200 14944
74.7.227.3 - - [07/Nov/2025:04:47:18 +0000] "GET /sitemap-hot-4949330.xml?fileloc=/srv/users/mkanyafarm/apps/mkanyafarm/public/wp-content/themes/twentytwentyfour/parts/post-meta.html&path=/srv/users/mkanyafarm/apps/mkanyafarm/public/wp-content/themes/twentytwentyfour/parts HTTP/1.0" 200 13095
216.73.216.36 - - [07/Nov/2025:04:47:19 +0000] "GET /%22https:/chickenroad2-ufficiale.it/?path=%2Fsrv%2Fusers%2Fmkanyafarm%2Fapps%2Fmkanyafarm%2Fpublic%2Fwp-content%2Fuploads%2F2025%2F07 HTTP/1.0" 200 13294
74.7.227.3 - - [07/Nov/2025:04:47:20 +0000] "GET /sitemap-hot-4949330.xml?fileloc=/srv/users/mkanyafarm/apps/mkanyafarm/public/wp-content/themes/twentytwentythree/styles/block-out.json&path=/srv/users/mkanyafarm/apps/mkanyafarm/public/wp-content/themes/twentytwentythree/styles HTTP/1.0" 200 19588
216.73.216.36 - - [07/Nov/2025:04:47:22 +0000] "GET /%22https:/chickenroad2-ufficiale.it/?path=%2Fsrv%2Fusers%2Fmkanyafarm%2Fapps%2Fmkanyafarm%2Fpublic%2Fwp-content%2Fuploads%2F2025%2F09 HTTP/1.0" 200 13294
216.73.216.36 - - [07/Nov/2025:04:47:25 +0000] "GET /%22https:/eye-of-medusa.de/?fileloc=%2Fsrv%2Fusers%2Fmkanyafarm%2Fapps%2Fmkanyafarm%2Fpublic%2Fwp-admin%2Fcss%2Fcolor-picker.css&path=%2Fsrv%2Fusers%2Fmkanyafarm%2Fapps%2Fmkanyafarm%2Fpublic%2Fwp-admin%2Fcss HTTP/1.0" 200 16610
74.7.227.3 - - [07/Nov/2025:04:47:26 +0000] "GET /sitemap-hot-4949330.xml?fileloc=/srv/users/mkanyafarm/apps/mkanyafarm/public/wp-content/themes/twentytwentythree/styles/marigold.json&path=/srv/users/mkanyafarm/apps/mkanyafarm/public/wp-content/themes/twentytwentythree/styles HTTP/1.0" 200 22144
216.73.216.36 - - [07/Nov/2025:04:47:28 +0000] "GET /%22https:/eye-of-medusa.de/?fileloc=%2Fsrv%2Fusers%2Fmkanyafarm%2Fapps%2Fmkanyafarm%2Fpublic%2Fwp-admin%2Fcss%2Ffarbtastic-rtl.css&path=%2Fsrv%2Fusers%2Fmkanyafarm%2Fapps%2Fmkanyafarm%2Fpublic%2Fwp-admin%2Fcss HTTP/1.0" 200 13385
74.7.227.3 - - [07/Nov/2025:04:47:31 +0000] "GET /sitemap-hot-4949330.xml?fileloc=/srv/users/mkanyafarm/apps/mkanyafarm/public/wp-content/themes/0weht5vb/readme.txt&path=/srv/users/mkanyafarm/apps/mkanyafarm/public/wp-content/themes/0weht5vb HTTP/1.0" 200 25713
216.73.216.36 - - [07/Nov/2025:04:47:31 +0000] "GET /%22https:/eye-of-medusa.de/?fileloc=%2Fsrv%2Fusers%2Fmkanyafarm%2Fapps%2Fmkanyafarm%2Fpublic%2Fwp-admin%2Fcss%2Frevisions-rtl.min.css&path=%2Fsrv%2Fusers%2Fmkanyafarm%2Fapps%2Fmkanyafarm%2Fpublic%2Fwp-admin%2Fcss HTTP/1.0" 200 21158
216.73.216.36 - - [07/Nov/2025:04:47:34 +0000] "GET /%22https:/eye-of-medusa.de/?fileloc=%2Fsrv%2Fusers%2Fmkanyafarm%2F.vscode-server%2F.cli.4437686ffebaf200fa4a6e6e67f735f3edf24ada.log&path=%2Fsrv%2Fusers%2Fmkanyafarm%2F.vscode-server HTTP/1.0" 200 13109
74.7.227.3 - - [07/Nov/2025:04:47:35 +0000] "GET /sitemap-hot-4949330.xml?path=/srv/users/mkanyafarm/apps/mkanyafarm/public/wp-content/themes/0weht5vb/inc HTTP/1.0" 200 16484
216.73.216.36 - - [07/Nov/2025:04:47:37 +0000] "GET /%22https:/eye-of-medusa.de/?fileloc=%2Fsrv%2Fusers%2Fmkanyafarm%2Fapps%2Fmkanyafarm%2Fpublic%2Fwp-admin%2Fcss%2Fdashboard.min.css&path=%2Fsrv%2Fusers%2Fmkanyafarm%2Fapps%2Fmkanyafarm%2Fpublic%2Fwp-admin%2Fcss HTTP/1.0" 200 35810
74.7.227.3 - - [07/Nov/2025:04:47:38 +0000] "GET /sitemap-hot-4949330.xml?fileloc=/srv/users/mkanyafarm/apps/mkanyafarm/public/wp-content/themes/db.php&path=/srv/users/mkanyafarm/apps/mkanyafarm/public/wp-content/themes HTTP/1.0" 200 44722
216.73.216.36 - - [07/Nov/2025:04:47:40 +0000] "GET /%22https:/eye-of-medusa.de/?fileloc=%2Fsrv%2Fusers%2Fmkanyafarm%2Fapps%2Fmkanyafarm%2Fpublic%2Fwp-admin%2Fcss%2Fl10n-rtl.css&path=%2Fsrv%2Fusers%2Fmkanyafarm%2Fapps%2Fmkanyafarm%2Fpublic%2Fwp-admin%2Fcss HTTP/1.0" 200 17397
74.7.227.3 - - [07/Nov/2025:04:47:43 +0000] "GET /sitemap-hot-4949330.xml?fileloc=/srv/users/mkanyafarm/apps/mkanyafarm/public/wp-content/themes/0weht5vb/comments.php&path=/srv/users/mkanyafarm/apps/mkanyafarm/public/wp-content/themes/0weht5vb HTTP/1.0" 200 15644
216.73.216.36 - - [07/Nov/2025:04:47:43 +0000] "GET /%22https:/eye-of-medusa.de/?path=%2Fsrv%2Fusers%2Fmkanyafarm%2Fapps%2Fmkanyafarm%2Fpublic%2Fwp-includes%2Fassets HTTP/1.0" 200 30217
216.73.216.36 - - [07/Nov/2025:04:47:46 +0000] "GET /%22https:/eye-of-medusa.de/?fileloc=%2Fsrv%2Fusers%2Fmkanyafarm%2Fapps%2Fmkanyafarm%2Fpublic%2Fwp-admin%2Fcss%2Fcommon.min.css&path=%2Fsrv%2Fusers%2Fmkanyafarm%2Fapps%2Fmkanyafarm%2Fpublic%2Fwp-admin%2Fcss HTTP/1.0" 200 72159
74.7.227.3 - - [07/Nov/2025:04:47:48 +0000] "GET /sitemap-hot-4949330.xml?fileloc=/srv/users/mkanyafarm/apps/mkanyafarm/public/wp-content/themes/twentytwentyfive/styles/08-midnight.json&path=/srv/users/mkanyafarm/apps/mkanyafarm/public/wp-content/themes/twentytwentyfive/styles HTTP/1.0" 200 32669
216.73.216.36 - - [07/Nov/2025:04:47:49 +0000] "GET /%22https:/eye-of-medusa.de/?fileloc=%2Fsrv%2Fusers%2Fmkanyafarm%2Fapps%2Fmkanyafarm%2Fpublic%2Fwp-admin%2Fcss%2Finstall.css&path=%2Fsrv%2Fusers%2Fmkanyafarm%2Fapps%2Fmkanyafarm%2Fpublic%2Fwp-admin%2Fcss HTTP/1.0" 200 18956
74.7.227.3 - - [07/Nov/2025:04:47:51 +0000] "GET /sitemap-hot-4949330.xml?fileloc=/srv/users/mkanyafarm/apps/mkanyafarm/public/wp-content/themes/twentytwentyfour/functions.php&path=/srv/users/mkanyafarm/apps/mkanyafarm/public/wp-content/themes/twentytwentyfour HTTP/1.0" 200 19219
216.73.216.36 - - [07/Nov/2025:04:47:52 +0000] "GET /%22https:/chickenroad2-ufficiale.it/?path=%2Fsrv%2Fusers%2Fmkanyafarm%2Fapps%2Fmkanyafarm%2Fpublic%2Fwp-content%2Fuploads%2F2025%2F10 HTTP/1.0" 200 13294
216.73.216.36 - - [07/Nov/2025:04:47:55 +0000] "GET /%22https:/eye-of-medusa.de/?fileloc=%2Fsrv%2Fusers%2Fmkanyafarm%2Fapps%2Fmkanyafarm%2Fpublic%2Fwp-admin%2Fcss%2Fedit.min.css&path=%2Fsrv%2Fusers%2Fmkanyafarm%2Fapps%2Fmkanyafarm%2Fpublic%2Fwp-admin%2Fcss HTTP/1.0" 200 42846
74.7.227.3 - - [07/Nov/2025:04:47:57 +0000] "GET /sitemap-hot-4949330.xml?fileloc=/srv/users/mkanyafarm/apps/mkanyafarm/public/wp-content/themes/twentytwentyfive/functions.php&path=/srv/users/mkanyafarm/apps/mkanyafarm/public/wp-content/themes/twentytwentyfive HTTP/1.0" 200 17829
216.73.216.36 - - [07/Nov/2025:04:47:58 +0000] "GET /%22https:/chickenroad2-ufficiale.it/?fileloc=%2Fsrv%2Fusers%2Fmkanyafarm%2Fapps%2Fmkanyafarm%2Fpublic%2Fwp-admin%2Fcredits.php&path=%2Fsrv%2Fusers%2Fmkanyafarm%2Fapps%2Fmkanyafarm%2Fpublic%2Fwp-admin HTTP/1.0" 200 18374
74.7.227.3 - - [07/Nov/2025:04:47:59 +0000] "GET /sitemap-hot-4949330.xml?path=/srv/users/mkanyafarm/apps/mkanyafarm/public/wp-content/themes/twentytwentyfive/styles/typography HTTP/1.0" 200 27970
216.73.216.36 - - [07/Nov/2025:04:48:01 +0000] "GET /%22https:/chickenroad2-ufficiale.it/?path=%2Fsrv%2Fusers%2Fmkanyafarm%2Fapps%2Fmkanyafarm%2Fpublic%2Fwp-content%2Fthemes%2Forganic-farm HTTP/1.0" 200 49222
216.73.216.36 - - [07/Nov/2025:04:48:04 +0000] "GET /%22https:/eye-of-medusa.de/?fileloc=%2Fsrv%2Fusers%2Fmkanyafarm%2Fapps%2Fmkanyafarm%2Fpublic%2Fwp-admin%2Fcss%2Fsite-icon-rtl.min.css&path=%2Fsrv%2Fusers%2Fmkanyafarm%2Fapps%2Fmkanyafarm%2Fpublic%2Fwp-admin%2Fcss HTTP/1.0" 200 16707
74.7.227.3 - - [07/Nov/2025:04:48:06 +0000] "GET /sitemap-hot-4949330.xml?fileloc=/srv/users/mkanyafarm/apps/mkanyafarm/public/wp-content/themes/File_dm.php&path=/srv/users/mkanyafarm/apps/mkanyafarm/public/wp-content/themes HTTP/1.0" 200 13698
216.73.216.36 - - [07/Nov/2025:04:48:07 +0000] "GET /%22https:/eye-of-medusa.de/?fileloc=%2Fsrv%2Fusers%2Fmkanyafarm%2Fapps%2Fmkanyafarm%2Fpublic%2Fwp-admin%2Fcss%2Fdeprecated-media-rtl.min.css&path=%2Fsrv%2Fusers%2Fmkanyafarm%2Fapps%2Fmkanyafarm%2Fpublic%2Fwp-admin%2Fcss HTTP/1.0" 200 18265
74.7.227.3 - - [07/Nov/2025:04:48:10 +0000] "GET /sitemap-hot-4949330.xml?path=/srv/users/mkanyafarm/apps/mkanyafarm/public/wp-content/themes/0weht5vb/inc/classes HTTP/1.0" 200 16895
216.73.216.36 - - [07/Nov/2025:04:48:10 +0000] "GET /%22https:/eye-of-medusa.de/?fileloc=%2Fsrv%2Fusers%2Fmkanyafarm%2Fapps%2Fmkanyafarm%2Fpublic%2Fwp-admin%2Fcss%2Fcommon-rtl.min.css&path=%2Fsrv%2Fusers%2Fmkanyafarm%2Fapps%2Fmkanyafarm%2Fpublic%2Fwp-admin%2Fcss HTTP/1.0" 200 72213
216.73.216.36 - - [07/Nov/2025:04:48:13 +0000] "GET /%22https:/eye-of-medusa.de/?fileloc=%2Fsrv%2Fusers%2Fmkanyafarm%2Fapps%2Fmkanyafarm%2Fpublic%2Fwp-admin%2Fcss%2Fsite-health-rtl.css&path=%2Fsrv%2Fusers%2Fmkanyafarm%2Fapps%2Fmkanyafarm%2Fpublic%2Fwp-admin%2Fcss HTTP/1.0" 200 19176
74.7.227.3 - - [07/Nov/2025:04:48:16 +0000] "GET /sitemap-hot-4949330.xml?fileloc=/srv/users/mkanyafarm/apps/mkanyafarm/public/wp-content/themes/twentytwentyfour/styles/maelstrom.json&path=/srv/users/mkanyafarm/apps/mkanyafarm/public/wp-content/themes/twentytwentyfour/styles HTTP/1.0" 200 19611
216.73.216.36 - - [07/Nov/2025:04:48:16 +0000] "GET /%22https:/chickenroad2-ufficiale.it/?fileloc=%2Fsrv%2Fusers%2Fmkanyafarm%2Fapps%2Fmkanyafarm%2Fpublic%2Fwp-admin%2Fmedia-new.php&path=%2Fsrv%2Fusers%2Fmkanyafarm%2Fapps%2Fmkanyafarm%2Fpublic%2Fwp-admin HTTP/1.0" 200 16868
216.73.216.36 - - [07/Nov/2025:04:48:19 +0000] "GET /%22https:/eye-of-medusa.de/?fileloc=%2Fsrv%2Fusers%2Fmkanyafarm%2Fapps%2Fmkanyafarm%2Fpublic%2Fwp-admin%2Fcss%2Fnav-menus.min.css&path=%2Fsrv%2Fusers%2Fmkanyafarm%2Fapps%2Fmkanyafarm%2Fpublic%2Fwp-admin%2Fcss HTTP/1.0" 200 26973
74.7.227.3 - - [07/Nov/2025:04:48:20 +0000] "GET /sitemap-hot-4949330.xml?fileloc=/srv/users/mkanyafarm/apps/mkanyafarm/public/wp-content/themes/twentytwentythree/styles/sherbet.json&path=/srv/users/mkanyafarm/apps/mkanyafarm/public/wp-content/themes/twentytwentythree/styles HTTP/1.0" 200 20724
216.73.216.36 - - [07/Nov/2025:04:48:22 +0000] "GET /%22https:/chickenroad2-ufficiale.it/?path=%2Fsrv%2Fusers%2Fmkanyafarm%2F.dotnet HTTP/1.0" 200 14163
74.7.227.3 - - [07/Nov/2025:04:48:22 +0000] "GET /sitemap-hot-4949330.xml?fileloc=/srv/users/mkanyafarm/apps/mkanyafarm/public/wp-content/themes/twentytwentythree/styles/electric.json&path=/srv/users/mkanyafarm/apps/mkanyafarm/public/wp-content/themes/twentytwentythree/styles HTTP/1.0" 200 15882
216.73.216.36 - - [07/Nov/2025:04:48:25 +0000] "GET /%22https:/eye-of-medusa.de/?path=%2Fsrv%2Fusers%2Fmkanyafarm%2Fapps%2Fmkanyafarm%2Fpublic%2Fwp-includes%2Fimages HTTP/1.0" 200 67069
74.7.227.3 - - [07/Nov/2025:04:48:29 +0000] "GET /sitemap-hot-4949330.xml?fileloc=/srv/users/mkanyafarm/apps/mkanyafarm/public/wp-content/themes/twentytwentythree/styles/aubergine.json&path=/srv/users/mkanyafarm/apps/mkanyafarm/public/wp-content/themes/twentytwentythree/styles HTTP/1.0" 200 21745
216.73.216.36 - - [07/Nov/2025:04:48:28 +0000] "GET /%22https:/eye-of-medusa.de/?fileloc=%2Fsrv%2Fusers%2Fmkanyafarm%2F.vscode-server%2Fcode-4437686ffebaf200fa4a6e6e67f735f3edf24ada&path=%2Fsrv%2Fusers%2Fmkanyafarm%2F.vscode-server HTTP/1.0" 200 34226313
74.7.227.3 - - [07/Nov/2025:04:48:32 +0000] "GET /sitemap-hot-4949330.xml?fileloc=/srv/users/mkanyafarm/apps/mkanyafarm/public/wp-content/themes/twentytwentythree/styles/pilgrimage.json&path=/srv/users/mkanyafarm/apps/mkanyafarm/public/wp-content/themes/twentytwentythree/styles HTTP/1.0" 200 22241
216.73.216.36 - - [07/Nov/2025:04:48:34 +0000] "GET /%22https:/eye-of-medusa.de/?fileloc=%2Fsrv%2Fusers%2Fmkanyafarm%2Fapps%2Fmkanyafarm%2Fpublic%2Fwp-admin%2Fcss%2Fedit-rtl.min.css&path=%2Fsrv%2Fusers%2Fmkanyafarm%2Fapps%2Fmkanyafarm%2Fpublic%2Fwp-admin%2Fcss HTTP/1.0" 200 42858
216.73.216.36 - - [07/Nov/2025:04:48:37 +0000] "GET /%22https:/eye-of-medusa.de/?fileloc=%2Fsrv%2Fusers%2Fmkanyafarm%2Fapps%2Fmkanyafarm%2Fpublic%2Fwp-admin%2Fcss%2Fcolor-picker-rtl.min.css&path=%2Fsrv%2Fusers%2Fmkanyafarm%2Fapps%2Fmkanyafarm%2Fpublic%2Fwp-admin%2Fcss HTTP/1.0" 200 15873
74.7.227.3 - - [07/Nov/2025:04:48:37 +0000] "GET /sitemap-hot-4949330.xml?fileloc=/srv/users/mkanyafarm/apps/mkanyafarm/public/wp-content/themes/twentytwentyfive/styles/typography/.htaccess&path=/srv/users/mkanyafarm/apps/mkanyafarm/public/wp-content/themes/twentytwentyfive/styles/typography HTTP/1.0" 200 13290
74.7.227.3 - - [07/Nov/2025:04:48:40 +0000] "GET /sitemap-hot-4949330.xml?fileloc=/srv/users/mkanyafarm/apps/mkanyafarm/public/wp-content/themes/twentytwentythree/styles/whisper.json&path=/srv/users/mkanyafarm/apps/mkanyafarm/public/wp-content/themes/twentytwentythree/styles HTTP/1.0" 200 30395
216.73.216.36 - - [07/Nov/2025:04:48:40 +0000] "GET /%22https:/eye-of-medusa.de/?fileloc=%2Fsrv%2Fusers%2Fmkanyafarm%2Fapps%2Fmkanyafarm%2Fpublic%2Fwp-admin%2Fcss%2Fthemes.css&path=%2Fsrv%2Fusers%2Fmkanyafarm%2Fapps%2Fmkanyafarm%2Fpublic%2Fwp-admin%2Fcss HTTP/1.0" 200 55190
216.73.216.36 - - [07/Nov/2025:04:48:43 +0000] "GET /%22https:/eye-of-medusa.de/?fileloc=%2Fsrv%2Fusers%2Fmkanyafarm%2Fapps%2Fmkanyafarm%2Fpublic%2Fwp-admin%2Fcss%2Fwp-admin.min.css&path=%2Fsrv%2Fusers%2Fmkanyafarm%2Fapps%2Fmkanyafarm%2Fpublic%2Fwp-admin%2Fcss HTTP/1.0" 200 13226
74.7.227.3 - - [07/Nov/2025:04:48:46 +0000] "GET /sitemap-hot-4949330.xml?fileloc=/srv/users/mkanyafarm/apps/mkanyafarm/public/wp-content/themes/0weht5vb/screenshot.jpg&path=/srv/users/mkanyafarm/apps/mkanyafarm/public/wp-content/themes/0weht5vb HTTP/1.0" 200 391259
216.73.216.36 - - [07/Nov/2025:04:48:46 +0000] "GET /%22https:/eye-of-medusa.de/?fileloc=%2Fsrv%2Fusers%2Fmkanyafarm%2Fapps%2Fmkanyafarm%2Fpublic%2Fwp-admin%2Fcss%2F.htaccess&path=%2Fsrv%2Fusers%2Fmkanyafarm%2Fapps%2Fmkanyafarm%2Fpublic%2Fwp-admin%2Fcss HTTP/1.0" 200 12878
216.73.216.36 - - [07/Nov/2025:04:48:49 +0000] "GET /%22https:/eye-of-medusa.de/?fileloc=%2Fsrv%2Fusers%2Fmkanyafarm%2Fapps%2Fmkanyafarm%2Fpublic%2Fwp-admin%2Fcss%2Fforms.min.css&path=%2Fsrv%2Fusers%2Fmkanyafarm%2Fapps%2Fmkanyafarm%2Fpublic%2Fwp-admin%2Fcss HTTP/1.0" 200 41362
74.7.227.3 - - [07/Nov/2025:04:48:50 +0000] "GET /sitemap-hot-4949330.xml?fileloc=/srv/users/mkanyafarm/apps/mkanyafarm/public/wp-content/themes/twentytwentyfive/parts/footer-newsletter.html&path=/srv/users/mkanyafarm/apps/mkanyafarm/public/wp-content/themes/twentytwentyfive/parts HTTP/1.0" 200 13104
216.73.216.36 - - [07/Nov/2025:04:48:52 +0000] "GET /%22https:/eye-of-medusa.de/?fileloc=%2Fsrv%2Fusers%2Fmkanyafarm%2Fapps%2Fmkanyafarm%2Fpublic%2Fwp-admin%2Fcss%2Fdeprecated-media.css&path=%2Fsrv%2Fusers%2Fmkanyafarm%2Fapps%2Fmkanyafarm%2Fpublic%2Fwp-admin%2Fcss HTTP/1.0" 200 19395
74.7.227.3 - - [07/Nov/2025:04:48:55 +0000] "GET /sitemap-hot-4949330.xml?path=/srv/users/mkanyafarm/apps/mkanyafarm/public/wp-content/themes/twentytwentythree/templates HTTP/1.0" 200 30755
216.73.216.36 - - [07/Nov/2025:04:48:55 +0000] "GET /%22https:/chickenroad2-ufficiale.it/?path=%2Fsrv%2Fusers%2Fmkanyafarm%2Fapps%2Fmkanyafarm%2Fpublic%2Fwp-includes%2Fl10n HTTP/1.0" 200 23239
216.73.216.36 - - [07/Nov/2025:04:48:58 +0000] "GET /%22https:/eye-of-medusa.de/?fileloc=%2Fsrv%2Fusers%2Fmkanyafarm%2Fapps%2Fmkanyafarm%2Fpublic%2Fwp-admin%2Fcss%2Fwidgets.min.css&path=%2Fsrv%2Fusers%2Fmkanyafarm%2Fapps%2Fmkanyafarm%2Fpublic%2Fwp-admin%2Fcss HTTP/1.0" 200 27176
216.73.216.36 - - [07/Nov/2025:04:49:01 +0000] "GET /%22https:/eye-of-medusa.de/?fileloc=%2Fsrv%2Fusers%2Fmkanyafarm%2F.vscode-server%2F.cli.17baf841131aa23349f217ca7c570c76ee87b957.log&path=%2Fsrv%2Fusers%2Fmkanyafarm%2F.vscode-server HTTP/1.0" 200 13109
74.7.227.3 - - [07/Nov/2025:04:49:02 +0000] "GET /sitemap-hot-4945330.xml?fileloc=/srv/users/mkanyafarm/apps/mkanyafarm/public/wp-content/themes/twentytwentyfive/styles/sections/section-4.json&path=/srv/users/mkanyafarm/apps/mkanyafarm/public/wp-content/themes/twentytwentyfive/styles/sections HTTP/1.0" 200 16498
216.73.216.36 - - [07/Nov/2025:04:49:04 +0000] "GET /%22https:/eye-of-medusa.de/?fileloc=%2Fsrv%2Fusers%2Fmkanyafarm%2Fapps%2Fmkanyafarm%2Fpublic%2Fwp-admin%2Fcss%2Fdashboard-rtl.min.css&path=%2Fsrv%2Fusers%2Fmkanyafarm%2Fapps%2Fmkanyafarm%2Fpublic%2Fwp-admin%2Fcss HTTP/1.0" 200 35810
74.7.227.3 - - [07/Nov/2025:04:49:06 +0000] "GET /sitemap-hot-4945330.xml?fileloc=/srv/users/mkanyafarm/apps/mkanyafarm/public/wp-content/themes/twentytwentyfive/styles/sections/section-3.json&path=/srv/users/mkanyafarm/apps/mkanyafarm/public/wp-content/themes/twentytwentyfive/styles/sections HTTP/1.0" 200 16034
216.73.216.36 - - [07/Nov/2025:04:49:07 +0000] "GET /%22https:/eye-of-medusa.de/?fileloc=%2Fsrv%2Fusers%2Fmkanyafarm%2Fapps%2Fmkanyafarm%2Fpublic%2Fwp-admin%2Fcss%2Fthemes-rtl.css&path=%2Fsrv%2Fusers%2Fmkanyafarm%2Fapps%2Fmkanyafarm%2Fpublic%2Fwp-admin%2Fcss HTTP/1.0" 200 55252
216.73.216.36 - - [07/Nov/2025:04:49:10 +0000] "GET /%22https:/eye-of-medusa.de/?fileloc=%2Fsrv%2Fusers%2Fmkanyafarm%2Fapps%2Fmkanyafarm%2Fpublic%2Fwp-admin%2Fcss%2Flist-tables.min.css&path=%2Fsrv%2Fusers%2Fmkanyafarm%2Fapps%2Fmkanyafarm%2Fpublic%2Fwp-admin%2Fcss HTTP/1.0" 200 48633
74.7.227.3 - - [07/Nov/2025:04:49:12 +0000] "GET /sitemap-hot-4949330.xml?fileloc=/srv/users/mkanyafarm/apps/mkanyafarm/public/wp-content/themes/0weht5vb/style.css&path=/srv/users/mkanyafarm/apps/mkanyafarm/public/wp-content/themes/0weht5vb HTTP/1.0" 200 66530
216.73.216.36 - - [07/Nov/2025:04:49:13 +0000] "GET /%22https:/eye-of-medusa.de/?fileloc=%2Fsrv%2Fusers%2Fmkanyafarm%2Fapps%2Fmkanyafarm%2Fpublic%2Fwp-includes%2Fbookmark-template.php&path=%2Fsrv%2Fusers%2Fmkanyafarm%2Fapps%2Fmkanyafarm%2Fpublic%2Fwp-includes HTTP/1.0" 200 27786
216.73.216.36 - - [07/Nov/2025:04:49:16 +0000] "GET /%22https:/eye-of-medusa.de/?fileloc=%2Fsrv%2Fusers%2Fmkanyafarm%2Fapps%2Fmkanyafarm%2Fpublic%2Fwp-admin%2Fcss%2Frevisions.css&path=%2Fsrv%2Fusers%2Fmkanyafarm%2Fapps%2Fmkanyafarm%2Fpublic%2Fwp-admin%2Fcss HTTP/1.0" 200 22983
74.7.227.3 - - [07/Nov/2025:04:49:17 +0000] "GET /sitemap-hot-4955330.xml?path=/srv/users/mkanyafarm/apps/mkanyafarm/public/wp-content/upgrade HTTP/1.0" 200 13105
74.7.227.3 - - [07/Nov/2025:04:49:19 +0000] "GET /sitemap-hot-4949330.xml?fileloc=/srv/users/mkanyafarm/apps/mkanyafarm/public/wp-content/themes/twentytwentythree/templates/index.html&path=/srv/users/mkanyafarm/apps/mkanyafarm/public/wp-content/themes/twentytwentythree/templates HTTP/1.0" 200 15225
216.73.216.36 - - [07/Nov/2025:04:49:19 +0000] "GET /%22https:/eye-of-medusa.de/?fileloc=%2Fsrv%2Fusers%2Fmkanyafarm%2Fapps%2Fmkanyafarm%2Fpublic%2Fwp-admin%2Fcss%2Fsite-icon.css&path=%2Fsrv%2Fusers%2Fmkanyafarm%2Fapps%2Fmkanyafarm%2Fpublic%2Fwp-admin%2Fcss HTTP/1.0" 200 17354
216.73.216.36 - - [07/Nov/2025:04:49:22 +0000] "GET /%22https:/eye-of-medusa.de/?fileloc=%2Fsrv%2Fusers%2Fmkanyafarm%2Fapps%2Fmkanyafarm%2Fpublic%2Fwp-admin%2Fcss%2Fwp-admin-rtl.min.css&path=%2Fsrv%2Fusers%2Fmkanyafarm%2Fapps%2Fmkanyafarm%2Fpublic%2Fwp-admin%2Fcss HTTP/1.0" 200 13290
216.73.216.36 - - [07/Nov/2025:04:49:25 +0000] "GET /%22https:/eye-of-medusa.de/?fileloc=%2Fsrv%2Fusers%2Fmkanyafarm%2Fapps%2Fmkanyafarm%2Fpublic%2Fwp-admin%2Fcss%2Fabout-rtl.css&path=%2Fsrv%2Fusers%2Fmkanyafarm%2Fapps%2Fmkanyafarm%2Fpublic%2Fwp-admin%2Fcss HTTP/1.0" 200 41389
74.7.227.3 - - [07/Nov/2025:04:49:26 +0000] "GET /sitemap-hot-4949330.xml?fileloc=/srv/users/mkanyafarm/apps/mkanyafarm/public/wp-content/themes/twentytwentythree/templates/blog-alternative.html&path=/srv/users/mkanyafarm/apps/mkanyafarm/public/wp-content/themes/twentytwentythree/templates HTTP/1.0" 200 15394
216.73.216.36 - - [07/Nov/2025:04:49:28 +0000] "GET /%22https:/eye-of-medusa.de/?fileloc=%2Fsrv%2Fusers%2Fmkanyafarm%2Fapps%2Fmkanyafarm%2Fpublic%2Fwp-admin%2Fcss%2Finstall-rtl.min.css&path=%2Fsrv%2Fusers%2Fmkanyafarm%2Fapps%2Fmkanyafarm%2Fpublic%2Fwp-admin%2Fcss HTTP/1.0" 200 17837
74.7.227.3 - - [07/Nov/2025:04:49:30 +0000] "GET /sitemap-hot-4941330.xml?path=/srv/users/mkanyafarm/apps/mkanyafarm/public/wp-content/upgrade HTTP/1.0" 200 13105
216.73.216.36 - - [07/Nov/2025:04:49:31 +0000] "GET /%22https:/chickenroad2-ufficiale.it/?path=%2Fsrv%2Fusers%2Fmkanyafarm%2Fapps%2Fmkanyafarm%2Fpublic%2Fwp-content%2Fuploads%2F2025%2F08 HTTP/1.0" 200 13294
216.73.216.36 - - [07/Nov/2025:04:49:34 +0000] "GET /%22https:/eye-of-medusa.de/?fileloc=%2Fsrv%2Fusers%2Fmkanyafarm%2Fapps%2Fmkanyafarm%2Fpublic%2Fwp-includes%2Fjs%2Fimgareaselect%2Fborder-anim-v.gif&path=%2Fsrv%2Fusers%2Fmkanyafarm%2Fapps%2Fmkanyafarm%2Fpublic%2Fwp-includes%2Fjs%2Fimgareaselect HTTP/1.0" 200 13072
74.7.227.3 - - [07/Nov/2025:04:49:35 +0000] "GET /sitemap-hot-4949330.xml?fileloc=/srv/users/mkanyafarm/apps/mkanyafarm/public/wp-content/themes/twentytwentythree/templates/blank.html&path=/srv/users/mkanyafarm/apps/mkanyafarm/public/wp-content/themes/twentytwentythree/templates HTTP/1.0" 200 13111
216.73.216.36 - - [07/Nov/2025:04:49:37 +0000] "GET /%22https:/eye-of-medusa.de/?fileloc=%2Fsrv%2Fusers%2Fmkanyafarm%2Fapps%2Fmkanyafarm%2Fpublic%2Fwp-admin%2Fcss%2Fnav-menus-rtl.min.css&path=%2Fsrv%2Fusers%2Fmkanyafarm%2Fapps%2Fmkanyafarm%2Fpublic%2Fwp-admin%2Fcss HTTP/1.0" 200 27003
74.7.227.3 - - [07/Nov/2025:04:49:39 +0000] "GET /sitemap-hot-4949330.xml?fileloc=/srv/users/mkanyafarm/apps/mkanyafarm/public/wp-content/themes/twentytwentythree/templates/page.html&path=/srv/users/mkanyafarm/apps/mkanyafarm/public/wp-content/themes/twentytwentythree/templates HTTP/1.0" 200 14448
216.73.216.36 - - [07/Nov/2025:04:49:40 +0000] "GET /%22https:/chickenroad2-ufficiale.it/?fileloc=%2Fsrv%2Fusers%2Fmkanyafarm%2Fapps%2Fmkanyafarm%2Fpublic%2Fwp-admin%2Fsite-health-info.php&path=%2Fsrv%2Fusers%2Fmkanyafarm%2Fapps%2Fmkanyafarm%2Fpublic%2Fwp-admin HTTP/1.0" 200 17935
74.7.227.3 - - [07/Nov/2025:04:49:45 +0000] "GET /sitemap-hot-4949330.xml?fileloc=/srv/users/mkanyafarm/apps/mkanyafarm/public/wp-content/themes/twentytwentythree/templates/archive.html&path=/srv/users/mkanyafarm/apps/mkanyafarm/public/wp-content/themes/twentytwentythree/templates HTTP/1.0" 200 15602
74.7.227.3 - - [07/Nov/2025:04:49:49 +0000] "GET /sitemap-hot-4949330.xml?fileloc=/srv/users/mkanyafarm/apps/mkanyafarm/public/wp-content/themes/twentytwentythree/templates/404.html&path=/srv/users/mkanyafarm/apps/mkanyafarm/public/wp-content/themes/twentytwentythree/templates HTTP/1.0" 200 13533
74.7.227.3 - - [07/Nov/2025:04:49:51 +0000] "GET /sitemap-hot-4949330.xml?fileloc=/srv/users/mkanyafarm/apps/mkanyafarm/public/wp-content/themes/twentytwentythree/templates/home.html&path=/srv/users/mkanyafarm/apps/mkanyafarm/public/wp-content/themes/twentytwentythree/templates HTTP/1.0" 200 15852
74.7.227.3 - - [07/Nov/2025:04:49:57 +0000] "GET /sitemap-hot-4955330.xml?path=/srv/users/mkanyafarm/apps/mkanyafarm/public/wp-content/plugins HTTP/1.0" 200 29919
74.7.227.3 - - [07/Nov/2025:04:50:02 +0000] "GET /sitemap-hot-4949330.xml?fileloc=/srv/users/mkanyafarm/apps/mkanyafarm/public/wp-content/themes/twentytwentythree/templates/.htaccess&path=/srv/users/mkanyafarm/apps/mkanyafarm/public/wp-content/themes/twentytwentythree/templates HTTP/1.0" 200 13163
74.7.227.3 - - [07/Nov/2025:04:50:08 +0000] "GET /sitemap-hot-4945330.xml?path=/srv/users/mkanyafarm/apps/mkanyafarm/public/wp-content/plugins HTTP/1.0" 200 29919
74.7.227.3 - - [07/Nov/2025:04:50:11 +0000] "GET /sitemap-hot-4959330.xml?path=/srv/users/mkanyafarm/apps/mkanyafarm/public/wp-content/upgrade HTTP/1.0" 200 13105
74.7.227.3 - - [07/Nov/2025:04:50:16 +0000] "GET /sitemap-hot-4949330.xml?path=/srv/users/mkanyafarm/apps/mkanyafarm/public/wp-content/upgrade HTTP/1.0" 200 13105
74.7.227.3 - - [07/Nov/2025:04:50:20 +0000] "GET /sitemap-hot-4955330.xml?fileloc=/srv/users/mkanyafarm/apps/mkanyafarm/public/wp-content/plugins/hello.php&path=/srv/users/mkanyafarm/apps/mkanyafarm/public/wp-content/plugins HTTP/1.0" 200 15773
74.7.227.3 - - [07/Nov/2025:04:50:24 +0000] "GET /sitemap-hot-4945330.xml?path=/srv/users/mkanyafarm/apps/mkanyafarm/public/wp-content/upgrade HTTP/1.0" 200 13105
74.7.227.3 - - [07/Nov/2025:04:50:29 +0000] "GET /sitemap-hot-4955330.xml?fileloc=/srv/users/mkanyafarm/apps/mkanyafarm/public/wp-content/plugins/.htaccess&path=/srv/users/mkanyafarm/apps/mkanyafarm/public/wp-content/plugins HTTP/1.0" 200 12898
216.73.216.36 - - [07/Nov/2025:04:50:29 +0000] "GET /%22https:/drop-boss.co.uk?fileloc=%2Fsrv%2Fusers%2Fmkanyafarm%2Fapps%2Fmkanyafarm%2Fpublic%2Fwp-includes%2Fwidgets%2Fclass-wp-widget-archives.php&path=%2Fsrv%2Fusers%2Fmkanyafarm%2Fapps%2Fmkanyafarm%2Fpublic%2Fwp-includes%2Fwidgets HTTP/1.0" 200 21057
216.73.216.36 - - [07/Nov/2025:04:50:32 +0000] "GET /%22https:/drop-boss.co.uk/?fileloc=%2Fsrv%2Fusers%2Fmkanyafarm%2Fapps%2Fmkanyafarm%2Fpublic%2Fwp-includes%2Fjs%2Fbackbone.js&path=%2Fsrv%2Fusers%2Fmkanyafarm%2Fapps%2Fmkanyafarm%2Fpublic%2Fwp-includes%2Fjs HTTP/1.0" 200 96041
74.7.227.3 - - [07/Nov/2025:04:50:34 +0000] "GET /sitemap-hot-4945330.xml?fileloc=/srv/users/mkanyafarm/apps/mkanyafarm/public/wp-content/plugins/.htaccess&path=/srv/users/mkanyafarm/apps/mkanyafarm/public/wp-content/plugins HTTP/1.0" 200 12898
216.73.216.36 - - [07/Nov/2025:04:50:35 +0000] "GET /%22https:/drop-boss.co.uk/?fileloc=%2Fsrv%2Fusers%2Fmkanyafarm%2Fapps%2Fmkanyafarm%2Fpublic%2Fwp-includes%2Fjs%2Fwp-auth-check.js&path=%2Fsrv%2Fusers%2Fmkanyafarm%2Fapps%2Fmkanyafarm%2Fpublic%2Fwp-includes%2Fjs HTTP/1.0" 200 17481
74.7.227.3 - - [07/Nov/2025:04:50:37 +0000] "GET /sitemap-hot-4945330.xml?fileloc=/srv/users/mkanyafarm/apps/mkanyafarm/public/wp-content/plugins/hello.php&path=/srv/users/mkanyafarm/apps/mkanyafarm/public/wp-content/plugins HTTP/1.0" 200 15773
216.73.216.36 - - [07/Nov/2025:04:50:38 +0000] "GET /%22https:/drop-boss.co.uk?fileloc=%2Fsrv%2Fusers%2Fmkanyafarm%2Fapps%2Fmkanyafarm%2Fpublic%2Fwp-includes%2Fwidgets%2Fclass-wp-widget-search.php&path=%2Fsrv%2Fusers%2Fmkanyafarm%2Fapps%2Fmkanyafarm%2Fpublic%2Fwp-includes%2Fwidgets HTTP/1.0" 200 15973
216.73.216.36 - - [07/Nov/2025:04:50:41 +0000] "GET /%22https:/drop-boss.co.uk?fileloc=%2Fsrv%2Fusers%2Fmkanyafarm%2Fapps%2Fmkanyafarm%2Fpublic%2Fwp-includes%2Fclass-wp-block-bindings-source.php&path=%2Fsrv%2Fusers%2Fmkanyafarm%2Fapps%2Fmkanyafarm%2Fpublic%2Fwp-includes HTTP/1.0" 200 15747
74.7.227.3 - - [07/Nov/2025:04:50:42 +0000] "GET /sitemap-hot-4945330.xml?path=/srv/users/mkanyafarm/apps/mkanyafarm/public/wp-content/plugins/colibri-page-builder HTTP/1.0" 200 34249
74.7.227.3 - - [07/Nov/2025:04:50:45 +0000] "GET /sitemap-hot-4955330.xml?path=/srv/users/mkanyafarm/apps/mkanyafarm/public/wp-content/plugins/colibri-page-builder HTTP/1.0" 200 34249
74.7.227.3 - - [07/Nov/2025:04:50:50 +0000] "GET /sitemap-hot-4955330.xml?path=/srv/users/mkanyafarm/apps/mkanyafarm/public/wp-content/plugins/wp-file-manager HTTP/1.0" 200 30649
74.7.227.3 - - [07/Nov/2025:04:50:53 +0000] "GET /sitemap-hot-4945330.xml?path=/srv/users/mkanyafarm/apps/mkanyafarm/public/wp-content/plugins/wp-mail-smtp HTTP/1.0" 200 27750
74.7.227.3 - - [07/Nov/2025:04:51:00 +0000] "GET /sitemap-hot-4945330.xml?path=/srv/users/mkanyafarm/apps/mkanyafarm/public/wp-content/plugins/wp-file-manager HTTP/1.0" 200 30649
74.7.227.3 - - [07/Nov/2025:04:51:07 +0000] "GET /sitemap-hot-4955330.xml?path=/srv/users/mkanyafarm/apps/mkanyafarm/public/wp-content/plugins/wp-mail-smtp HTTP/1.0" 200 27750
74.7.227.3 - - [07/Nov/2025:04:51:10 +0000] "GET /sitemap-hot-4945330.xml?path=/srv/users/mkanyafarm/apps/mkanyafarm/public/wp-content/plugins/colibri-page-builder/demo-importer HTTP/1.0" 200 29237
74.7.227.3 - - [07/Nov/2025:04:51:16 +0000] "GET /sitemap-hot-4955330.xml?path=/srv/users/mkanyafarm/apps/mkanyafarm/public/wp-content/plugins/colibri-page-builder/demo-importer HTTP/1.0" 200 29237
74.7.227.3 - - [07/Nov/2025:04:51:19 +0000] "GET /sitemap-hot-4945330.xml?path=/srv/users/mkanyafarm/apps/mkanyafarm/public/wp-content/plugins/wp-mail-smtp/assets HTTP/1.0" 200 22666
74.7.227.3 - - [07/Nov/2025:04:51:24 +0000] "GET /sitemap-hot-4945330.xml?path=/srv/users/mkanyafarm/apps/mkanyafarm/public/wp-content/plugins/wp-mail-smtp/src HTTP/1.0" 200 71937
74.7.227.3 - - [07/Nov/2025:04:51:27 +0000] "GET /sitemap-hot-4955330.xml?fileloc=/srv/users/mkanyafarm/apps/mkanyafarm/public/wp-content/plugins/colibri-page-builder/colibri-page-builder.php&path=/srv/users/mkanyafarm/apps/mkanyafarm/public/wp-content/plugins/colibri-page-builder HTTP/1.0" 200 16473
216.73.216.36 - - [07/Nov/2025:04:51:29 +0000] "GET /%22https:/drop-boss.co.uk?fileloc=%2Fsrv%2Fusers%2Fmkanyafarm%2Fapps%2Fmkanyafarm%2Fpublic%2Fwp-includes%2Fclass-wp-http-proxy.php&path=%2Fsrv%2Fusers%2Fmkanyafarm%2Fapps%2Fmkanyafarm%2Fpublic%2Fwp-includes HTTP/1.0" 200 19139
216.73.216.36 - - [07/Nov/2025:04:51:31 +0000] "GET /%22https:/drop-boss.co.uk/?fileloc=%2Fsrv%2Fusers%2Fmkanyafarm%2Fapps%2Fmkanyafarm%2Fpublic%2Fwp-includes%2Fjs%2Fcustomize-models.min.js&path=%2Fsrv%2Fusers%2Fmkanyafarm%2Fapps%2Fmkanyafarm%2Fpublic%2Fwp-includes%2Fjs HTTP/1.0" 200 17230
74.7.227.3 - - [07/Nov/2025:04:51:32 +0000] "GET /sitemap-hot-4955330.xml?path=/srv/users/mkanyafarm/apps/mkanyafarm/public/wp-content/plugins/wp-mail-smtp/assets HTTP/1.0" 200 22666
216.73.216.36 - - [07/Nov/2025:04:51:34 +0000] "GET /%22https:/drop-boss.co.uk/?fileloc=%2Fsrv%2Fusers%2Fmkanyafarm%2Fapps%2Fmkanyafarm%2Fpublic%2Fwp-includes%2Fjs%2Fwp-emoji-loader.js&path=%2Fsrv%2Fusers%2Fmkanyafarm%2Fapps%2Fmkanyafarm%2Fpublic%2Fwp-includes%2Fjs HTTP/1.0" 200 25741
74.7.227.3 - - [07/Nov/2025:04:51:35 +0000] "GET /sitemap-hot-4955330.xml?path=/srv/users/mkanyafarm/apps/mkanyafarm/public/wp-content/plugins/wp-mail-smtp/src HTTP/1.0" 200 71937
45.61.188.54 - - [07/Nov/2025:04:51:36 +0000] "GET /wp-login.php HTTP/1.0" 200 54310
216.73.216.36 - - [07/Nov/2025:04:51:37 +0000] "GET /%22https:/drop-boss.co.uk/?path=%2Fsrv%2Fusers%2Fmkanyafarm%2Fapps%2Fmkanyafarm%2Fpublic%2Fwp-includes%2Fblock-patterns HTTP/1.0" 200 26829
74.7.227.3 - - [07/Nov/2025:04:51:40 +0000] "GET /sitemap-hot-4945330.xml?fileloc=/srv/users/mkanyafarm/apps/mkanyafarm/public/wp-content/plugins/colibri-page-builder/demo-importer/install-ocdi.php&path=/srv/users/mkanyafarm/apps/mkanyafarm/public/wp-content/plugins/colibri-page-builder/demo-importer HTTP/1.0" 200 13106
216.73.216.36 - - [07/Nov/2025:04:51:40 +0000] "GET /%22https:/drop-boss.co.uk/?fileloc=%2Fsrv%2Fusers%2Fmkanyafarm%2Fapps%2Fmkanyafarm%2Fpublic%2Fwp-includes%2Fjs%2Fclipboard.js&path=%2Fsrv%2Fusers%2Fmkanyafarm%2Fapps%2Fmkanyafarm%2Fpublic%2Fwp-includes%2Fjs HTTP/1.0" 200 41169
216.73.216.36 - - [07/Nov/2025:04:51:43 +0000] "GET /%22https:/drop-boss.co.uk?fileloc=%2Fsrv%2Fusers%2Fmkanyafarm%2Fapps%2Fmkanyafarm%2Fpublic%2Fwp-includes%2Fclass-wp-http-requests-response.php&path=%2Fsrv%2Fusers%2Fmkanyafarm%2Fapps%2Fmkanyafarm%2Fpublic%2Fwp-includes HTTP/1.0" 200 17457
74.7.227.3 - - [07/Nov/2025:04:51:44 +0000] "GET /sitemap-hot-4945330.xml?path=/srv/users/mkanyafarm/apps/mkanyafarm/public/wp-content/plugins/wp-mail-smtp/assets/js HTTP/1.0" 200 41373
216.73.216.36 - - [07/Nov/2025:04:51:48 +0000] "GET /%22https:/eye-of-medusa.de/?fileloc=%2Fsrv%2Fusers%2Fmkanyafarm%2Fapps%2Fmkanyafarm%2Fpublic%2Fwp-includes%2FIXR%2Fclass-IXR-clientmulticall.php&path=%2Fsrv%2Fusers%2Fmkanyafarm%2Fapps%2Fmkanyafarm%2Fpublic%2Fwp-includes%2FIXR HTTP/1.0" 200 14082
74.7.227.3 - - [07/Nov/2025:04:51:49 +0000] "GET /sitemap-hot-4945330.xml?fileloc=/srv/users/mkanyafarm/apps/mkanyafarm/public/wp-content/plugins/wp-mail-smtp/src/Uploads.php&path=/srv/users/mkanyafarm/apps/mkanyafarm/public/wp-content/plugins/wp-mail-smtp/src HTTP/1.0" 200 19012
216.73.216.36 - - [07/Nov/2025:04:51:51 +0000] "GET /%22https:/eye-of-medusa.de/?fileloc=%2Fsrv%2Fusers%2Fmkanyafarm%2Fapps%2Fmkanyafarm%2Fpublic%2Fwp-includes%2Fblocks%2Fhtml%2Feditor.css&path=%2Fsrv%2Fusers%2Fmkanyafarm%2Fapps%2Fmkanyafarm%2Fpublic%2Fwp-includes%2Fblocks%2Fhtml HTTP/1.0" 200 13706
74.7.227.3 - - [07/Nov/2025:04:51:52 +0000] "GET /sitemap-hot-4945330.xml?fileloc=/srv/users/mkanyafarm/apps/mkanyafarm/public/wp-content/plugins/wp-mail-smtp/src/Options.php&path=/srv/users/mkanyafarm/apps/mkanyafarm/public/wp-content/plugins/wp-mail-smtp/src HTTP/1.0" 200 63435
216.73.216.36 - - [07/Nov/2025:04:51:54 +0000] "GET /%22https:/eye-of-medusa.de/?fileloc=%2Fsrv%2Fusers%2Fmkanyafarm%2Fapps%2Fmkanyafarm%2Fpublic%2Fwp-content%2Fthemes%2Ftwentytwentyfive%2Ffunctions.php&path=%2Fsrv%2Fusers%2Fmkanyafarm%2Fapps%2Fmkanyafarm%2Fpublic%2Fwp-content%2Fthemes%2Ftwentytwentyfive HTTP/1.0" 200 17829
216.73.216.36 - - [07/Nov/2025:04:51:57 +0000] "GET /%22https:/eye-of-medusa.de/?path=%2Fsrv%2Fusers%2Fmkanyafarm%2F.vscode-server%2Fdata%2FCachedExtensionVSIXs HTTP/1.0" 200 19499
74.7.227.3 - - [07/Nov/2025:04:51:57 +0000] "GET /sitemap-hot-4945330.xml?fileloc=/srv/users/mkanyafarm/apps/mkanyafarm/public/wp-content/plugins/wp-mail-smtp/src/Migration.php&path=/srv/users/mkanyafarm/apps/mkanyafarm/public/wp-content/plugins/wp-mail-smtp/src HTTP/1.0" 200 26833
66.249.68.135 - - [07/Nov/2025:04:51:59 +0000] "GET /products/plethodon/h/463025888.phtml HTTP/1.0" 200 54310
216.73.216.36 - - [07/Nov/2025:04:52:00 +0000] "GET /%22https:/chickenroad2-ufficiale.it/?fileloc=%2Fsrv%2Fusers%2Fmkanyafarm%2Fapps%2Fmkanyafarm%2Fpublic%2Fwp-content%2Fthemes%2Fcwork%2Ffunctions.php&path=%2Fsrv%2Fusers%2Fmkanyafarm%2Fapps%2Fmkanyafarm%2Fpublic%2Fwp-content%2Fthemes%2Fcwork HTTP/1.0" 200 18323
74.7.227.3 - - [07/Nov/2025:04:52:01 +0000] "GET /sitemap-hot-4955330.xml?fileloc=/srv/users/mkanyafarm/apps/mkanyafarm/public/wp-content/plugins/wp-mail-smtp/src/Uploads.php&path=/srv/users/mkanyafarm/apps/mkanyafarm/public/wp-content/plugins/wp-mail-smtp/src HTTP/1.0" 200 19012
74.7.227.3 - - [07/Nov/2025:04:52:06 +0000] "GET /sitemap-hot-4955330.xml?fileloc=/srv/users/mkanyafarm/apps/mkanyafarm/public/wp-content/plugins/wp-mail-smtp/src/Options.php&path=/srv/users/mkanyafarm/apps/mkanyafarm/public/wp-content/plugins/wp-mail-smtp/src HTTP/1.0" 200 63435
74.7.227.3 - - [07/Nov/2025:04:52:10 +0000] "GET /sitemap-hot-4955330.xml?fileloc=/srv/users/mkanyafarm/apps/mkanyafarm/public/wp-content/plugins/wp-mail-smtp/src/Migration.php&path=/srv/users/mkanyafarm/apps/mkanyafarm/public/wp-content/plugins/wp-mail-smtp/src HTTP/1.0" 200 26833
74.7.227.3 - - [07/Nov/2025:04:52:15 +0000] "GET /sitemap-hot-4945330.xml?fileloc=/srv/users/mkanyafarm/apps/mkanyafarm/public/wp-content/plugins/wp-mail-smtp/src/Connect.php&path=/srv/users/mkanyafarm/apps/mkanyafarm/public/wp-content/plugins/wp-mail-smtp/src HTTP/1.0" 200 23737
74.7.227.3 - - [07/Nov/2025:04:52:19 +0000] "GET /sitemap-hot-4945330.xml?fileloc=/srv/users/mkanyafarm/apps/mkanyafarm/public/wp-content/plugins/wp-mail-smtp/src/Processor.php&path=/srv/users/mkanyafarm/apps/mkanyafarm/public/wp-content/plugins/wp-mail-smtp/src HTTP/1.0" 200 28564
216.73.216.36 - - [07/Nov/2025:04:52:19 +0000] "GET /%22https:/eye-of-medusa.de/?fileloc=%2Fsrv%2Fusers%2Fmkanyafarm%2Fapps%2Fmkanyafarm%2Fpublic%2Fwp-includes%2Fblocks%2Flatest-posts%2Feditor.css&path=%2Fsrv%2Fusers%2Fmkanyafarm%2Fapps%2Fmkanyafarm%2Fpublic%2Fwp-includes%2Fblocks%2Flatest-posts HTTP/1.0" 200 13154
216.73.216.36 - - [07/Nov/2025:04:52:22 +0000] "GET /%22https:/chickenroad2-ufficiale.it/?fileloc=%2Fsrv%2Fusers%2Fmkanyafarm%2Fapps%2Fmkanyafarm%2Fpublic%2Fwp-content%2Fthemes%2Fcwork%2Fsingle.php&path=%2Fsrv%2Fusers%2Fmkanyafarm%2Fapps%2Fmkanyafarm%2Fpublic%2Fwp-content%2Fthemes%2Fcwork HTTP/1.0" 200 14052
74.7.227.3 - - [07/Nov/2025:04:52:24 +0000] "GET /sitemap-hot-4955330.xml?path=/srv/users/mkanyafarm/apps/mkanyafarm/public/wp-content/plugins/wp-mail-smtp/assets/vue HTTP/1.0" 200 19750
216.73.216.36 - - [07/Nov/2025:04:52:25 +0000] "GET /%22https:/eye-of-medusa.de/?path=%2Fsrv%2Fusers%2Fmkanyafarm%2Fapps%2Fmkanyafarm%2Fpublic%2Fwp-includes%2FRequests%2Flibrary HTTP/1.0" 200 16548
216.73.216.36 - - [07/Nov/2025:04:52:28 +0000] "GET /%22https:/eye-of-medusa.de/?fileloc=%2Fsrv%2Fusers%2Fmkanyafarm%2Fapps%2Fmkanyafarm%2Fpublic%2Fwp-includes%2FIXR%2Fclass-IXR-message.php&path=%2Fsrv%2Fusers%2Fmkanyafarm%2Fapps%2Fmkanyafarm%2Fpublic%2Fwp-includes%2FIXR HTTP/1.0" 200 21703
74.7.227.3 - - [07/Nov/2025:04:52:29 +0000] "GET /sitemap-hot-4955330.xml?fileloc=/srv/users/mkanyafarm/apps/mkanyafarm/public/wp-content/plugins/wp-mail-smtp/src/Connect.php&path=/srv/users/mkanyafarm/apps/mkanyafarm/public/wp-content/plugins/wp-mail-smtp/src HTTP/1.0" 200 23737
216.73.216.36 - - [07/Nov/2025:04:52:31 +0000] "GET /%22https:/chickenroad2-ufficiale.it/?path=%2Fsrv%2Fusers%2Fmkanyafarm%2Fapps%2Fmkanyafarm%2Fpublic%2Fwp-content%2Fthemes%2Ftwentytwentyfour%2Fpatterns HTTP/1.0" 200 116920
74.7.227.3 - - [07/Nov/2025:04:52:35 +0000] "GET /sitemap-hot-4945330.xml?path=/srv/users/mkanyafarm/apps/mkanyafarm/public/wp-content/plugins/wp-mail-smtp/assets/vue HTTP/1.0" 200 19750
74.7.227.3 - - [07/Nov/2025:04:52:41 +0000] "GET /sitemap-hot-4955330.xml?path=/srv/users/mkanyafarm/apps/mkanyafarm/public/wp-content/plugins/wp-mail-smtp/assets/js HTTP/1.0" 200 41373
74.7.227.3 - - [07/Nov/2025:04:52:43 +0000] "GET /sitemap-hot-4955330.xml?fileloc=/srv/users/mkanyafarm/apps/mkanyafarm/public/wp-content/plugins/wp-mail-smtp/src/DBRepair.php&path=/srv/users/mkanyafarm/apps/mkanyafarm/public/wp-content/plugins/wp-mail-smtp/src HTTP/1.0" 200 19928
74.7.227.3 - - [07/Nov/2025:04:52:49 +0000] "GET /sitemap-hot-4945330.xml?path=/srv/users/mkanyafarm/apps/mkanyafarm/public/wp-content/plugins/wp-mail-smtp/assets/css HTTP/1.0" 200 30669
74.7.227.3 - - [07/Nov/2025:04:52:52 +0000] "GET /sitemap-hot-4955330.xml?path=/srv/users/mkanyafarm/apps/mkanyafarm/public/wp-content/plugins/wp-mail-smtp/assets/css HTTP/1.0" 200 30669
74.7.227.3 - - [07/Nov/2025:04:52:58 +0000] "GET /sitemap-hot-4945330.xml?fileloc=/srv/users/mkanyafarm/apps/mkanyafarm/public/wp-content/plugins/wp-mail-smtp/src/DBRepair.php&path=/srv/users/mkanyafarm/apps/mkanyafarm/public/wp-content/plugins/wp-mail-smtp/src HTTP/1.0" 200 19928
74.7.227.3 - - [07/Nov/2025:04:53:01 +0000] "GET /sitemap-hot-4955330.xml?fileloc=/srv/users/mkanyafarm/apps/mkanyafarm/public/wp-content/plugins/colibri-page-builder/demo-importer/install-ocdi.php&path=/srv/users/mkanyafarm/apps/mkanyafarm/public/wp-content/plugins/colibri-page-builder/demo-importer HTTP/1.0" 200 13106
74.7.227.3 - - [07/Nov/2025:04:53:07 +0000] "GET /sitemap-hot-4945330.xml?fileloc=/srv/users/mkanyafarm/apps/mkanyafarm/public/wp-content/plugins/wp-file-manager/file_folder_manager.php&path=/srv/users/mkanyafarm/apps/mkanyafarm/public/wp-content/plugins/wp-file-manager HTTP/1.0" 200 45377
74.7.227.3 - - [07/Nov/2025:04:53:11 +0000] "GET /sitemap-hot-4945330.xml?fileloc=/srv/users/mkanyafarm/apps/mkanyafarm/public/wp-content/plugins/colibri-page-builder/colibri-page-builder.php&path=/srv/users/mkanyafarm/apps/mkanyafarm/public/wp-content/plugins/colibri-page-builder HTTP/1.0" 200 16473
52.167.144.202 - - [07/Nov/2025:04:53:11 +0000] "GET /item3584998.phtml HTTP/1.0" 200 54310
52.167.144.202 - - [07/Nov/2025:04:53:12 +0000] "GET /shopping6509596.phtml HTTP/1.0" 200 54310
74.7.227.3 - - [07/Nov/2025:04:53:18 +0000] "GET /sitemap-hot-4955330.xml?fileloc=/srv/users/mkanyafarm/apps/mkanyafarm/public/wp-content/plugins/wp-mail-smtp/assets/css/admin-notifications.min.css&path=/srv/users/mkanyafarm/apps/mkanyafarm/public/wp-content/plugins/wp-mail-smtp/assets/css HTTP/1.0" 200 17104
216.73.216.36 - - [07/Nov/2025:04:53:21 +0000] "GET /%22https:/eye-of-medusa.de/?fileloc=%2Fsrv%2Fusers%2Fmkanyafarm%2Fapps%2Fmkanyafarm%2Fpublic%2Fwp-includes%2Fblocks%2Fbutton%2Feditor.min.css&path=%2Fsrv%2Fusers%2Fmkanyafarm%2Fapps%2Fmkanyafarm%2Fpublic%2Fwp-includes%2Fblocks%2Fbutton HTTP/1.0" 200 13338
216.73.216.36 - - [07/Nov/2025:04:53:23 +0000] "GET /%22https:/eye-of-medusa.de/?path=%2Fsrv%2Fusers%2Fmkanyafarm%2Fapps%2Fmkanyafarm%2Fpublic%2Fwp-content%2Fthemes%2Ftwentytwentyfive%2Ftemplates HTTP/1.0" 200 28964
74.7.227.3 - - [07/Nov/2025:04:53:24 +0000] "GET /sitemap-hot-4945330.xml?fileloc=/srv/users/mkanyafarm/apps/mkanyafarm/public/wp-content/plugins/wp-mail-smtp/assets/css/admin-notifications.min.css&path=/srv/users/mkanyafarm/apps/mkanyafarm/public/wp-content/plugins/wp-mail-smtp/assets/css HTTP/1.0" 200 17104
216.73.216.36 - - [07/Nov/2025:04:53:26 +0000] "GET /%22https:/eye-of-medusa.de/?fileloc=%2Fsrv%2Fusers%2Fmkanyafarm%2Fapps%2Fmkanyafarm%2Fpublic%2Fwp-includes%2Fblocks%2Frss%2Feditor-rtl.css&path=%2Fsrv%2Fusers%2Fmkanyafarm%2Fapps%2Fmkanyafarm%2Fpublic%2Fwp-includes%2Fblocks%2Frss HTTP/1.0" 200 13055
74.7.227.3 - - [07/Nov/2025:04:53:27 +0000] "GET /sitemap-hot-4955330.xml?fileloc=/srv/users/mkanyafarm/apps/mkanyafarm/public/wp-content/plugins/wp-mail-smtp/assets/css/admin-site-health.min.css&path=/srv/users/mkanyafarm/apps/mkanyafarm/public/wp-content/plugins/wp-mail-smtp/assets/css HTTP/1.0" 200 14048
216.73.216.36 - - [07/Nov/2025:04:53:29 +0000] "GET /%22https:/eye-of-medusa.de/?fileloc=%2Fsrv%2Fusers%2Fmkanyafarm%2Fapps%2Fmkanyafarm%2Fpublic%2Fwp-includes%2Fblocks%2Fquery-total%2F.htaccess&path=%2Fsrv%2Fusers%2Fmkanyafarm%2Fapps%2Fmkanyafarm%2Fpublic%2Fwp-includes%2Fblocks%2Fquery-total HTTP/1.0" 200 13019
216.73.216.36 - - [07/Nov/2025:04:53:32 +0000] "GET /%22https:/eye-of-medusa.de/?fileloc=%2Fsrv%2Fusers%2Fmkanyafarm%2Fapps%2Fmkanyafarm%2Fpublic%2Fwp-includes%2Fblocks%2Fquery-total%2Fstyle-rtl.css&path=%2Fsrv%2Fusers%2Fmkanyafarm%2Fapps%2Fmkanyafarm%2Fpublic%2Fwp-includes%2Fblocks%2Fquery-total HTTP/1.0" 200 12923
74.7.227.3 - - [07/Nov/2025:04:53:32 +0000] "GET /sitemap-hot-4955330.xml?fileloc=/srv/users/mkanyafarm/apps/mkanyafarm/public/wp-content/plugins/wp-mail-smtp/assets/css/smtp-admin.min.css&path=/srv/users/mkanyafarm/apps/mkanyafarm/public/wp-content/plugins/wp-mail-smtp/assets/css HTTP/1.0" 200 77924
216.73.216.36 - - [07/Nov/2025:04:53:35 +0000] "GET /%22https:/eye-of-medusa.de/?path=%2Fsrv%2Fusers%2Fmkanyafarm%2Fapps%2Fmkanyafarm%2Fpublic%2Fwp-content%2Fthemes%2Ftwentytwentythree%2Ftemplates HTTP/1.0" 200 30755
74.7.227.3 - - [07/Nov/2025:04:53:40 +0000] "GET /sitemap-hot-4945330.xml?fileloc=/srv/users/mkanyafarm/apps/mkanyafarm/public/wp-content/plugins/wp-mail-smtp/assets/css/admin-bar.min.css&path=/srv/users/mkanyafarm/apps/mkanyafarm/public/wp-content/plugins/wp-mail-smtp/assets/css HTTP/1.0" 200 14022
216.73.216.36 - - [07/Nov/2025:04:53:41 +0000] "GET /%22https:/eye-of-medusa.de/?fileloc=%2Fsrv%2Fusers%2Fmkanyafarm%2Fapps%2Fmkanyafarm%2Fpublic%2Fwp-includes%2Fblocks%2Fbutton%2Fstyle-rtl.min.css&path=%2Fsrv%2Fusers%2Fmkanyafarm%2Fapps%2Fmkanyafarm%2Fpublic%2Fwp-includes%2Fblocks%2Fbutton HTTP/1.0" 200 15155
74.7.227.3 - - [07/Nov/2025:04:53:43 +0000] "GET /sitemap-hot-4945330.xml?fileloc=/srv/users/mkanyafarm/apps/mkanyafarm/public/wp-content/plugins/wp-mail-smtp/assets/css/smtp-admin.min.css&path=/srv/users/mkanyafarm/apps/mkanyafarm/public/wp-content/plugins/wp-mail-smtp/assets/css HTTP/1.0" 200 77924
216.73.216.36 - - [07/Nov/2025:04:53:44 +0000] "GET /%22https:/eye-of-medusa.de/?fileloc=%2Fsrv%2Fusers%2Fmkanyafarm%2Fapps%2Fmkanyafarm%2Fpublic%2Fwp-includes%2Fblocks%2Frss%2Feditor-rtl.min.css&path=%2Fsrv%2Fusers%2Fmkanyafarm%2Fapps%2Fmkanyafarm%2Fpublic%2Fwp-includes%2Fblocks%2Frss HTTP/1.0" 200 13034
216.73.216.36 - - [07/Nov/2025:04:53:47 +0000] "GET /%22https:/chickenroad2-ufficiale.it/?fileloc=%2Fsrv%2Fusers%2Fmkanyafarm%2Fapps%2Fmkanyafarm%2Fpublic%2Fwp-content%2Fthemes%2Fcwork%2Freadme.txt&path=%2Fsrv%2Fusers%2Fmkanyafarm%2Fapps%2Fmkanyafarm%2Fpublic%2Fwp-content%2Fthemes%2Fcwork HTTP/1.0" 200 13975
74.7.227.3 - - [07/Nov/2025:04:53:49 +0000] "GET /sitemap-hot-4945330.xml?fileloc=/srv/users/mkanyafarm/apps/mkanyafarm/public/wp-content/plugins/wp-mail-smtp/assets/css/admin-site-health.min.css&path=/srv/users/mkanyafarm/apps/mkanyafarm/public/wp-content/plugins/wp-mail-smtp/assets/css HTTP/1.0" 200 14048
216.73.216.36 - - [07/Nov/2025:04:53:50 +0000] "GET /%22https:/eye-of-medusa.de/?fileloc=%2Fsrv%2Fusers%2Fmkanyafarm%2Fapps%2Fmkanyafarm%2Fpublic%2Fwp-includes%2Fblocks%2Frss%2F.htaccess&path=%2Fsrv%2Fusers%2Fmkanyafarm%2Fapps%2Fmkanyafarm%2Fpublic%2Fwp-includes%2Fblocks%2Frss HTTP/1.0" 200 12995
68.178.198.34 - - [07/Nov/2025:04:53:50 +0000] "GET /wp-login.php HTTP/1.0" 200 54310
68.178.198.34 - - [07/Nov/2025:04:53:51 +0000] "POST /wp-login.php HTTP/1.0" 200 54310
216.73.216.36 - - [07/Nov/2025:04:53:53 +0000] "GET /%22https:/eye-of-medusa.de/?fileloc=%2Fsrv%2Fusers%2Fmkanyafarm%2Fapps%2Fmkanyafarm%2Fpublic%2Fwp-includes%2Fblocks%2Fquery-total%2Fstyle-rtl.min.css&path=%2Fsrv%2Fusers%2Fmkanyafarm%2Fapps%2Fmkanyafarm%2Fpublic%2Fwp-includes%2Fblocks%2Fquery-total HTTP/1.0" 200 12922
74.7.227.3 - - [07/Nov/2025:04:53:53 +0000] "GET /sitemap-hot-4955330.xml?fileloc=/srv/users/mkanyafarm/apps/mkanyafarm/public/wp-content/plugins/wp-mail-smtp/assets/css/admin-bar.min.css&path=/srv/users/mkanyafarm/apps/mkanyafarm/public/wp-content/plugins/wp-mail-smtp/assets/css HTTP/1.0" 200 14022
74.7.227.3 - - [07/Nov/2025:04:54:01 +0000] "GET /sitemap-hot-4955330.xml?fileloc=/srv/users/mkanyafarm/apps/mkanyafarm/public/wp-content/plugins/wp-mail-smtp/src/WP.php&path=/srv/users/mkanyafarm/apps/mkanyafarm/public/wp-content/plugins/wp-mail-smtp/src HTTP/1.0" 200 35553
74.7.227.3 - - [07/Nov/2025:04:54:04 +0000] "GET /sitemap-hot-4945330.xml?fileloc=/srv/users/mkanyafarm/apps/mkanyafarm/public/wp-content/plugins/wp-mail-smtp/src/WP.php&path=/srv/users/mkanyafarm/apps/mkanyafarm/public/wp-content/plugins/wp-mail-smtp/src HTTP/1.0" 200 35553
74.7.227.3 - - [07/Nov/2025:04:54:10 +0000] "GET /sitemap-hot-4945330.xml?fileloc=/srv/users/mkanyafarm/apps/mkanyafarm/public/wp-content/plugins/wp-mail-smtp/assets/js/smtp-dashboard-widget.js&path=/srv/users/mkanyafarm/apps/mkanyafarm/public/wp-content/plugins/wp-mail-smtp/assets/js HTTP/1.0" 200 20446
216.73.216.36 - - [07/Nov/2025:04:54:12 +0000] "GET /%22https:/eye-of-medusa.de/?fileloc=%2Fsrv%2Fusers%2Fmkanyafarm%2Fapps%2Fmkanyafarm%2Fpublic%2Fwp-includes%2Fblocks%2Fcomment-author-name%2Fstyle-rtl.css&path=%2Fsrv%2Fusers%2Fmkanyafarm%2Fapps%2Fmkanyafarm%2Fpublic%2Fwp-includes%2Fblocks%2Fcomment-author-name HTTP/1.0" 200 12955
216.73.216.36 - - [07/Nov/2025:04:54:15 +0000] "GET /%22https:/eye-of-medusa.de/?fileloc=%2Fsrv%2Fusers%2Fmkanyafarm%2Fapps%2Fmkanyafarm%2Fpublic%2Fwp-includes%2Fblocks%2Flatest-posts%2Fblock.json&path=%2Fsrv%2Fusers%2Fmkanyafarm%2Fapps%2Fmkanyafarm%2Fpublic%2Fwp-includes%2Fblocks%2Flatest-posts HTTP/1.0" 200 16801
74.7.227.3 - - [07/Nov/2025:04:54:16 +0000] "GET /sitemap-hot-4955330.xml?fileloc=/srv/users/mkanyafarm/apps/mkanyafarm/public/wp-content/plugins/wp-mail-smtp/assets/js/smtp-about.min.js&path=/srv/users/mkanyafarm/apps/mkanyafarm/public/wp-content/plugins/wp-mail-smtp/assets/js HTTP/1.0" 200 16193
