216.73.216.36 - - [07/Nov/2025:03:28:00 +0000] "GET /%22https:/eye-of-medusa.de/?fileloc=%2Fsrv%2Fusers%2Fmkanyafarm%2Fapps%2Fmkanyafarm%2Fpublic%2Fwp-includes%2Fblocks%2Fsocial-links%2Fstyle.css&path=%2Fsrv%2Fusers%2Fmkanyafarm%2Fapps%2Fmkanyafarm%2Fpublic%2Fwp-includes%2Fblocks%2Fsocial-links HTTP/1.0" 200 25517
74.7.227.3 - - [07/Nov/2025:03:28:01 +0000] "GET /sitemap-hot-4941330.xml?path=/srv/users/mkanyafarm/.cache/Microsoft HTTP/1.0" 200 14289
216.73.216.36 - - [07/Nov/2025:03:28:03 +0000] "GET /%22https:/chickenroad2-ufficiale.it/?fileloc=%2Fsrv%2Fusers%2Fmkanyafarm%2Flog%2Fmkanyafarm%2Fmkanyafarm_nginx.error_ssl.log.6.gz&path=%2Fsrv%2Fusers%2Fmkanyafarm%2Flog%2Fmkanyafarm HTTP/1.0" 200 12516
216.73.216.36 - - [07/Nov/2025:03:28:06 +0000] "GET /%22https:/chickenroad2-ufficiale.it/?fileloc=%2Fsrv%2Fusers%2Fmkanyafarm%2Flog%2Fmkanyafarm%2Fmkanyafarm_nginx.error_ssl.log.2.gz&path=%2Fsrv%2Fusers%2Fmkanyafarm%2Flog%2Fmkanyafarm HTTP/1.0" 200 12520
74.7.227.3 - - [07/Nov/2025:03:28:08 +0000] "GET /sitemap-hot-4949330.xml?path=/srv/users/mkanyafarm/.vscode-server/extensions/github.copilot-1.303.0/dist HTTP/1.0" 200 60513
216.73.216.36 - - [07/Nov/2025:03:28:12 +0000] "GET /%22https:/drop-boss.co.uk/?path=%2Fsrv%2Fusers%2Fmkanyafarm%2F.wp-cli HTTP/1.0" 200 14159
74.7.227.3 - - [07/Nov/2025:03:28:13 +0000] "GET /sitemap-hot-4941330.xml?fileloc=/srv/users/mkanyafarm/.cache/motd.legal-displayed&path=/srv/users/mkanyafarm/.cache HTTP/1.0" 200 12409
216.73.216.36 - - [07/Nov/2025:03:28:14 +0000] "GET /%22https:/drop-boss.co.uk/?fileloc=%2Fsrv%2Fusers%2Fmkanyafarm%2Fapps%2Fmkanyafarm%2Fpublic%2Fwp-includes%2Fautoload_classmap.php&path=%2Fsrv%2Fusers%2Fmkanyafarm%2Fapps%2Fmkanyafarm%2Fpublic%2Fwp-includes HTTP/1.0" 200 32260
216.73.216.36 - - [07/Nov/2025:03:28:17 +0000] "GET /%22https:/drop-boss.co.uk?fileloc=%2Fsrv%2Fusers%2Fmkanyafarm%2Fapps%2Fmkanyafarm%2Fpublic%2Fwp-includes%2Fhttps-migration.php&path=%2Fsrv%2Fusers%2Fmkanyafarm%2Fapps%2Fmkanyafarm%2Fpublic%2Fwp-includes HTTP/1.0" 200 17747
74.7.227.3 - - [07/Nov/2025:03:28:19 +0000] "GET /sitemap-hot-4949330.xml?path=/srv/users/mkanyafarm/.vscode-server/data/User/workspaceStorage HTTP/1.0" 200 14623
216.73.216.36 - - [07/Nov/2025:03:28:20 +0000] "GET /%22https:/drop-boss.co.uk/?fileloc=%2Fsrv%2Fusers%2Fmkanyafarm%2Fapps%2Fmkanyafarm%2Fpublic%2Fwp-includes%2Fclass-wp-scripts.php&path=%2Fsrv%2Fusers%2Fmkanyafarm%2Fapps%2Fmkanyafarm%2Fpublic%2Fwp-includes HTTP/1.0" 200 42965
216.73.216.36 - - [07/Nov/2025:03:28:23 +0000] "GET /%22https:/drop-boss.co.uk/?fileloc=%2Fsrv%2Fusers%2Fmkanyafarm%2Fapps%2Fmkanyafarm%2Fpublic%2Fwp-includes%2Fclass-wp-plugin-dependencies.php&path=%2Fsrv%2Fusers%2Fmkanyafarm%2Fapps%2Fmkanyafarm%2Fpublic%2Fwp-includes HTTP/1.0" 200 39550
74.7.227.3 - - [07/Nov/2025:03:28:26 +0000] "GET /sitemap-hot-4941330.xml?path=/srv/users/mkanyafarm/log HTTP/1.0" 200 14151
216.73.216.36 - - [07/Nov/2025:03:28:26 +0000] "GET /%22https:/drop-boss.co.uk/?fileloc=%2Fsrv%2Fusers%2Fmkanyafarm%2Fapps%2Fmkanyafarm%2Fpublic%2Fwp-includes%2Fclass-wp-oembed-controller.php&path=%2Fsrv%2Fusers%2Fmkanyafarm%2Fapps%2Fmkanyafarm%2Fpublic%2Fwp-includes HTTP/1.0" 200 20769
74.7.227.3 - - [07/Nov/2025:03:28:29 +0000] "GET /sitemap-hot-4949330.xml?fileloc=/srv/users/mkanyafarm/.vscode-server/data/logs/20250417T111650/remoteTelemetry.log&path=/srv/users/mkanyafarm/.vscode-server/data/logs/20250417T111650 HTTP/1.0" 200 12696
216.73.216.36 - - [07/Nov/2025:03:28:29 +0000] "GET /%22https:/drop-boss.co.uk/?fileloc=%2Fsrv%2Fusers%2Fmkanyafarm%2Fapps%2Fmkanyafarm%2Fpublic%2Fwp-admin%2Fjs%2Fpassword-strength-meter.min.js&path=%2Fsrv%2Fusers%2Fmkanyafarm%2Fapps%2Fmkanyafarm%2Fpublic%2Fwp-admin%2Fjs HTTP/1.0" 200 14102
216.73.216.36 - - [07/Nov/2025:03:28:32 +0000] "GET /%22https:/drop-boss.co.uk?fileloc=%2Fsrv%2Fusers%2Fmkanyafarm%2Fapps%2Fmkanyafarm%2Fpublic%2Fwp-includes%2Fspeculative-loading.php&path=%2Fsrv%2Fusers%2Fmkanyafarm%2Fapps%2Fmkanyafarm%2Fpublic%2Fwp-includes HTTP/1.0" 200 22372
74.7.227.3 - - [07/Nov/2025:03:28:35 +0000] "GET /sitemap-hot-4949330.xml?fileloc=/srv/users/mkanyafarm/.vscode-server/extensions/github.copilot-1.303.0/dist/crypt32.node&path=/srv/users/mkanyafarm/.vscode-server/extensions/github.copilot-1.303.0/dist HTTP/1.0" 200 238366
216.73.216.36 - - [07/Nov/2025:03:28:35 +0000] "GET /%22https:/drop-boss.co.uk?fileloc=%2Fsrv%2Fusers%2Fmkanyafarm%2Fapps%2Fmkanyafarm%2Fpublic%2Fwp-admin%2Fincludes%2Fimage-edit.php&path=%2Fsrv%2Fusers%2Fmkanyafarm%2Fapps%2Fmkanyafarm%2Fpublic%2Fwp-admin%2Fincludes HTTP/1.0" 200 66312
216.73.216.36 - - [07/Nov/2025:03:28:38 +0000] "GET /%22https:/drop-boss.co.uk?fileloc=%2Fsrv%2Fusers%2Fmkanyafarm%2Fapps%2Fmkanyafarm%2Fpublic%2Fwp-admin%2Fincludes%2Fupdate-core.php&path=%2Fsrv%2Fusers%2Fmkanyafarm%2Fapps%2Fmkanyafarm%2Fpublic%2Fwp-admin%2Fincludes HTTP/1.0" 200 94669
74.7.227.3 - - [07/Nov/2025:03:28:39 +0000] "GET /sitemap-hot-4949330.xml?fileloc=/srv/users/mkanyafarm/.vscode-server/extensions/github.copilot-1.303.0/dist/main.js&path=/srv/users/mkanyafarm/.vscode-server/extensions/github.copilot-1.303.0/dist HTTP/1.0" 200 3588074
216.73.216.36 - - [07/Nov/2025:03:28:41 +0000] "GET /%22https:/drop-boss.co.uk?fileloc=%2Fsrv%2Fusers%2Fmkanyafarm%2Fapps%2Fmkanyafarm%2Fpublic%2Fwp-includes%2Fdefault-constants.php&path=%2Fsrv%2Fusers%2Fmkanyafarm%2Fapps%2Fmkanyafarm%2Fpublic%2Fwp-includes HTTP/1.0" 200 25652
216.73.216.36 - - [07/Nov/2025:03:28:44 +0000] "GET /%22https:/drop-boss.co.uk/?fileloc=%2Fsrv%2Fusers%2Fmkanyafarm%2Fapps%2Fmkanyafarm%2Fpublic%2Fwp-includes%2Fclass-wp-block-bindings-registry.php&path=%2Fsrv%2Fusers%2Fmkanyafarm%2Fapps%2Fmkanyafarm%2Fpublic%2Fwp-includes HTTP/1.0" 200 21622
74.7.227.3 - - [07/Nov/2025:03:28:45 +0000] "GET /sitemap-hot-4941330.xml?path=/srv/users/mkanyafarm/run HTTP/1.0" 200 12783
216.73.216.36 - - [07/Nov/2025:03:28:47 +0000] "GET /%22https:/drop-boss.co.uk?fileloc=%2Fsrv%2Fusers%2Fmkanyafarm%2Fapps%2Fmkanyafarm%2Fpublic%2Fwp-admin%2Fincludes%2Fms-deprecated.php&path=%2Fsrv%2Fusers%2Fmkanyafarm%2Fapps%2Fmkanyafarm%2Fpublic%2Fwp-admin%2Fincludes HTTP/1.0" 200 16725
74.7.227.3 - - [07/Nov/2025:03:28:49 +0000] "GET /sitemap-hot-4949330.xml?path=/srv/users/mkanyafarm/.vscode-server/data/logs/20250417T111650/exthost1 HTTP/1.0" 200 25860
216.73.216.36 - - [07/Nov/2025:03:28:50 +0000] "GET /%22https:/drop-boss.co.uk?fileloc=%2Fsrv%2Fusers%2Fmkanyafarm%2Fapps%2Fmkanyafarm%2Fpublic%2Fwp-includes%2Fclass-wp-session-tokens.php&path=%2Fsrv%2Fusers%2Fmkanyafarm%2Fapps%2Fmkanyafarm%2Fpublic%2Fwp-includes HTTP/1.0" 200 20246
74.7.227.3 - - [07/Nov/2025:03:28:51 +0000] "GET /sitemap-hot-4949330.xml?fileloc=/srv/users/mkanyafarm/.vscode-server/extensions/github.copilot-1.303.0/dist/tree-sitter-python.wasm&path=/srv/users/mkanyafarm/.vscode-server/extensions/github.copilot-1.303.0/dist HTTP/1.0" 200 323190
216.73.216.36 - - [07/Nov/2025:03:28:53 +0000] "GET /%22https:/drop-boss.co.uk?fileloc=%2Fsrv%2Fusers%2Fmkanyafarm%2Fapps%2Fmkanyafarm%2Fpublic%2Fwp-admin%2Fincludes%2Fclass-wp-upgrader-skin.php&path=%2Fsrv%2Fusers%2Fmkanyafarm%2Fapps%2Fmkanyafarm%2Fpublic%2Fwp-admin%2Fincludes HTTP/1.0" 200 20482
74.7.227.3 - - [07/Nov/2025:03:28:55 +0000] "GET /sitemap-hot-4949330.xml?fileloc=/srv/users/mkanyafarm/.vscode-server/extensions/github.copilot-1.303.0/dist/extension.js.map&path=/srv/users/mkanyafarm/.vscode-server/extensions/github.copilot-1.303.0/dist HTTP/1.0" 200 7178927
216.73.216.36 - - [07/Nov/2025:03:28:56 +0000] "GET /%22https:/drop-boss.co.uk?fileloc=%2Fsrv%2Fusers%2Fmkanyafarm%2Fapps%2Fmkanyafarm%2Fpublic%2Fwp-includes%2Fclass-wp-feed-cache.php&path=%2Fsrv%2Fusers%2Fmkanyafarm%2Fapps%2Fmkanyafarm%2Fpublic%2Fwp-includes HTTP/1.0" 200 13688
216.73.216.36 - - [07/Nov/2025:03:28:59 +0000] "GET /%22https:/drop-boss.co.uk?fileloc=%2Fsrv%2Fusers%2Fmkanyafarm%2Fapps%2Fmkanyafarm%2Fpublic%2Fwp-includes%2Fjs%2Ftwemoji.min.js&path=%2Fsrv%2Fusers%2Fmkanyafarm%2Fapps%2Fmkanyafarm%2Fpublic%2Fwp-includes%2Fjs HTTP/1.0" 200 29798
74.7.227.3 - - [07/Nov/2025:03:29:00 +0000] "GET /sitemap-hot-4949330.xml?fileloc=/srv/users/mkanyafarm/.vscode-server/extensions/github.copilot-1.303.0/dist/extensionUninstalled.js&path=/srv/users/mkanyafarm/.vscode-server/extensions/github.copilot-1.303.0/dist HTTP/1.0" 200 2343221
216.73.216.36 - - [07/Nov/2025:03:29:02 +0000] "GET /%22https:/drop-boss.co.uk/?fileloc=%2Fsrv%2Fusers%2Fmkanyafarm%2Fapps%2Fmkanyafarm%2Fpublic%2Fwp-admin%2Fjs%2Fmedia.js&path=%2Fsrv%2Fusers%2Fmkanyafarm%2Fapps%2Fmkanyafarm%2Fpublic%2Fwp-admin%2Fjs HTTP/1.0" 200 20126
74.7.227.3 - - [07/Nov/2025:03:29:02 +0000] "GET /sitemap-hot-4949330.xml?fileloc=/srv/users/mkanyafarm/.vscode-server/extensions/github.copilot-1.303.0/dist/extension.js&path=/srv/users/mkanyafarm/.vscode-server/extensions/github.copilot-1.303.0/dist HTTP/1.0" 200 13154182
216.73.216.36 - - [07/Nov/2025:03:29:05 +0000] "GET /%22https:/drop-boss.co.uk?fileloc=%2Fsrv%2Fusers%2Fmkanyafarm%2Fapps%2Fmkanyafarm%2Fpublic%2Fwp-includes%2FID3%2Fgetid3.lib.php&path=%2Fsrv%2Fusers%2Fmkanyafarm%2Fapps%2Fmkanyafarm%2Fpublic%2Fwp-includes%2FID3 HTTP/1.0" 200 72058
216.73.216.36 - - [07/Nov/2025:03:29:08 +0000] "GET /%22https:/drop-boss.co.uk/?fileloc=%2Fsrv%2Fusers%2Fmkanyafarm%2Fapps%2Fmkanyafarm%2Fpublic%2Fwp-admin%2Fjs%2Fprivacy-tools.min.js&path=%2Fsrv%2Fusers%2Fmkanyafarm%2Fapps%2Fmkanyafarm%2Fpublic%2Fwp-admin%2Fjs HTTP/1.0" 200 19183
74.7.227.3 - - [07/Nov/2025:03:29:09 +0000] "GET /sitemap-hot-4949330.xml?fileloc=/srv/users/mkanyafarm/.vscode-server/extensions/github.copilot-1.303.0/dist/tree-sitter-javascript.wasm&path=/srv/users/mkanyafarm/.vscode-server/extensions/github.copilot-1.303.0/dist HTTP/1.0" 200 284235
216.73.216.36 - - [07/Nov/2025:03:29:11 +0000] "GET /%22https:/drop-boss.co.uk?fileloc=%2Fsrv%2Fusers%2Fmkanyafarm%2Fapps%2Fmkanyafarm%2Fpublic%2Fwp-includes%2Fsitemaps%2Fclass-wp-sitemaps-index.php&path=%2Fsrv%2Fusers%2Fmkanyafarm%2Fapps%2Fmkanyafarm%2Fpublic%2Fwp-includes%2Fsitemaps HTTP/1.0" 200 14837
74.7.227.3 - - [07/Nov/2025:03:29:12 +0000] "GET /sitemap-hot-4949330.xml?fileloc=/srv/users/mkanyafarm/.vscode-server/data/logs/20250417T111650/exthost1/remoteExtHostTelemetry.log&path=/srv/users/mkanyafarm/.vscode-server/data/logs/20250417T111650/exthost1 HTTP/1.0" 200 12813
216.73.216.36 - - [07/Nov/2025:03:29:14 +0000] "GET /%22https:/drop-boss.co.uk/?fileloc=%2Fsrv%2Fusers%2Fmkanyafarm%2Fapps%2Fmkanyafarm%2Fpublic%2Fwp-admin%2Fjs%2Ftheme.min.js&path=%2Fsrv%2Fusers%2Fmkanyafarm%2Fapps%2Fmkanyafarm%2Fpublic%2Fwp-admin%2Fjs HTTP/1.0" 200 45904
216.73.216.36 - - [07/Nov/2025:03:29:17 +0000] "GET /%22https:/drop-boss.co.uk?fileloc=%2Fsrv%2Fusers%2Fmkanyafarm%2Fapps%2Fmkanyafarm%2Fpublic%2Fwp-admin%2Fincludes%2Fclass-wp-media-list-table.php&path=%2Fsrv%2Fusers%2Fmkanyafarm%2Fapps%2Fmkanyafarm%2Fpublic%2Fwp-admin%2Fincludes HTTP/1.0" 200 43940
74.7.227.3 - - [07/Nov/2025:03:29:17 +0000] "GET /sitemap-hot-4949330.xml?fileloc=/srv/users/mkanyafarm/.vscode-server/data/logs/20250417T111650/exthost1/remoteexthost.log&path=/srv/users/mkanyafarm/.vscode-server/data/logs/20250417T111650/exthost1 HTTP/1.0" 200 15328
216.73.216.36 - - [07/Nov/2025:03:29:20 +0000] "GET /%22https:/drop-boss.co.uk/?fileloc=%2Fsrv%2Fusers%2Fmkanyafarm%2Fapps%2Fmkanyafarm%2Fpublic%2Fwp-admin%2Fjs%2Fpost.js&path=%2Fsrv%2Fusers%2Fmkanyafarm%2Fapps%2Fmkanyafarm%2Fpublic%2Fwp-admin%2Fjs HTTP/1.0" 200 58808
66.249.68.135 - - [07/Nov/2025:03:29:21 +0000] "GET /shopping/heads/xg/834931012.phtml HTTP/1.0" 200 54310
74.7.227.3 - - [07/Nov/2025:03:29:21 +0000] "GET /sitemap-hot-4949330.xml?fileloc=/srv/users/mkanyafarm/.vscode-server/extensions/github.copilot-1.303.0/dist/tree-sitter-typescript.wasm&path=/srv/users/mkanyafarm/.vscode-server/extensions/github.copilot-1.303.0/dist HTTP/1.0" 200 1161870
216.73.216.36 - - [07/Nov/2025:03:29:23 +0000] "GET /%22https:/drop-boss.co.uk/?fileloc=%2Fsrv%2Fusers%2Fmkanyafarm%2Fapps%2Fmkanyafarm%2Fpublic%2Fwp-admin%2Fjs%2Finline-edit-tax.js&path=%2Fsrv%2Fusers%2Fmkanyafarm%2Fapps%2Fmkanyafarm%2Fpublic%2Fwp-admin%2Fjs HTTP/1.0" 200 21505
74.7.227.3 - - [07/Nov/2025:03:29:25 +0000] "GET /sitemap-hot-4949330.xml?fileloc=/srv/users/mkanyafarm/.vscode-server/extensions/github.copilot-1.303.0/dist/tree-sitter-ruby.wasm&path=/srv/users/mkanyafarm/.vscode-server/extensions/github.copilot-1.303.0/dist HTTP/1.0" 200 1169740
216.73.216.36 - - [07/Nov/2025:03:29:26 +0000] "GET /%22https:/drop-boss.co.uk/?fileloc=%2Fsrv%2Fusers%2Fmkanyafarm%2Fapps%2Fmkanyafarm%2Fpublic%2Fwp-admin%2Fjs%2Firis.min.js&path=%2Fsrv%2Fusers%2Fmkanyafarm%2Fapps%2Fmkanyafarm%2Fpublic%2Fwp-admin%2Fjs HTTP/1.0" 200 41043
216.73.216.36 - - [07/Nov/2025:03:29:29 +0000] "GET /%22https:/drop-boss.co.uk?fileloc=%2Fsrv%2Fusers%2Fmkanyafarm%2Fapps%2Fmkanyafarm%2Fpublic%2Fwp-includes%2Fjs%2Fwp-emoji.min.js&path=%2Fsrv%2Fusers%2Fmkanyafarm%2Fapps%2Fmkanyafarm%2Fpublic%2Fwp-includes%2Fjs HTTP/1.0" 200 16022
74.7.227.3 - - [07/Nov/2025:03:29:30 +0000] "GET /sitemap-hot-4949330.xml?fileloc=/srv/users/mkanyafarm/.vscode-server/extensions/github.copilot-1.303.0/dist/tree-sitter-go.wasm&path=/srv/users/mkanyafarm/.vscode-server/extensions/github.copilot-1.303.0/dist HTTP/1.0" 200 268441
216.73.216.36 - - [07/Nov/2025:03:29:32 +0000] "GET /%22https:/drop-boss.co.uk?fileloc=%2Fsrv%2Fusers%2Fmkanyafarm%2Fapps%2Fmkanyafarm%2Fpublic%2Fwp-admin%2Fincludes%2Fclass-wp-filesystem-base.php&path=%2Fsrv%2Fusers%2Fmkanyafarm%2Fapps%2Fmkanyafarm%2Fpublic%2Fwp-admin%2Fincludes HTTP/1.0" 200 38481
216.73.216.36 - - [07/Nov/2025:03:29:35 +0000] "GET /%22https:/drop-boss.co.uk?fileloc=%2Fsrv%2Fusers%2Fmkanyafarm%2Fapps%2Fmkanyafarm%2Fpublic%2Fwp-admin%2Fincludes%2Fclass-automatic-upgrader-skin.php&path=%2Fsrv%2Fusers%2Fmkanyafarm%2Fapps%2Fmkanyafarm%2Fpublic%2Fwp-admin%2Fincludes HTTP/1.0" 200 16566
74.7.227.3 - - [07/Nov/2025:03:29:35 +0000] "GET /sitemap-hot-4949330.xml?fileloc=/srv/users/mkanyafarm/.vscode-server/extensions/github.copilot-1.303.0/dist/tree-sitter-java.wasm&path=/srv/users/mkanyafarm/.vscode-server/extensions/github.copilot-1.303.0/dist HTTP/1.0" 200 487973
216.73.216.36 - - [07/Nov/2025:03:29:38 +0000] "GET /%22https:/drop-boss.co.uk?path=%2Fsrv%2Fusers%2Fmkanyafarm%2Fapps%2Fmkanyafarm%2Fpublic%2Fwp-includes%2Fjs%2Fimgareaselect HTTP/1.0" 200 23419
74.7.227.3 - - [07/Nov/2025:03:29:39 +0000] "GET /sitemap-hot-4949330.xml?fileloc=/srv/users/mkanyafarm/.vscode-server/extensions/github.copilot-1.303.0/dist/tree-sitter-c_sharp.wasm&path=/srv/users/mkanyafarm/.vscode-server/extensions/github.copilot-1.303.0/dist HTTP/1.0" 200 6966424
216.73.216.36 - - [07/Nov/2025:03:29:41 +0000] "GET /%22https:/drop-boss.co.uk/?fileloc=%2Fsrv%2Fusers%2Fmkanyafarm%2Fapps%2Fmkanyafarm%2Fpublic%2Fwp-admin%2Fjs%2Fupdates.js&path=%2Fsrv%2Fusers%2Fmkanyafarm%2Fapps%2Fmkanyafarm%2Fpublic%2Fwp-admin%2Fjs HTTP/1.0" 200 138351
74.7.227.3 - - [07/Nov/2025:03:29:44 +0000] "GET /sitemap-hot-4949330.xml?fileloc=/srv/users/mkanyafarm/.vscode-server/extensions/github.copilot-1.303.0/dist/tree-sitter.wasm&path=/srv/users/mkanyafarm/.vscode-server/extensions/github.copilot-1.303.0/dist HTTP/1.0" 200 239873
216.73.216.36 - - [07/Nov/2025:03:29:44 +0000] "GET /%22https:/drop-boss.co.uk/?fileloc=%2Fsrv%2Fusers%2Fmkanyafarm%2Fapps%2Fmkanyafarm%2Fpublic%2Fwp-admin%2Fjs%2Fsite-health.js&path=%2Fsrv%2Fusers%2Fmkanyafarm%2Fapps%2Fmkanyafarm%2Fpublic%2Fwp-admin%2Fjs HTTP/1.0" 200 27894
74.7.227.3 - - [07/Nov/2025:03:29:46 +0000] "GET /sitemap-hot-4949330.xml?fileloc=/srv/users/mkanyafarm/.vscode-server/extensions/github.copilot-1.303.0/dist/indexWorker.js.map&path=/srv/users/mkanyafarm/.vscode-server/extensions/github.copilot-1.303.0/dist HTTP/1.0" 200 504576
216.73.216.36 - - [07/Nov/2025:03:29:47 +0000] "GET /%22https:/drop-boss.co.uk/?fileloc=%2Fsrv%2Fusers%2Fmkanyafarm%2Fapps%2Fmkanyafarm%2Fpublic%2Fwp-includes%2Fwidgets%2Fclass-wp-widget-media-audio.php&path=%2Fsrv%2Fusers%2Fmkanyafarm%2Fapps%2Fmkanyafarm%2Fpublic%2Fwp-includes%2Fwidgets HTTP/1.0" 200 20124
216.73.216.36 - - [07/Nov/2025:03:29:50 +0000] "GET /%22https:/drop-boss.co.uk/?fileloc=%2Fsrv%2Fusers%2Fmkanyafarm%2Fapps%2Fmkanyafarm%2Fpublic%2Fwp-admin%2Fjs%2Fmedia-gallery.js&path=%2Fsrv%2Fusers%2Fmkanyafarm%2Fapps%2Fmkanyafarm%2Fpublic%2Fwp-admin%2Fjs HTTP/1.0" 200 14174
74.7.227.3 - - [07/Nov/2025:03:29:51 +0000] "GET /sitemap-hot-4949330.xml?path=/srv/users/mkanyafarm/.vscode-server/extensions/github.copilot-1.303.0/dist/node_modules HTTP/1.0" 200 14774
216.73.216.36 - - [07/Nov/2025:03:29:53 +0000] "GET /%22https:/drop-boss.co.uk/?fileloc=%2Fsrv%2Fusers%2Fmkanyafarm%2Fapps%2Fmkanyafarm%2Fpublic%2Fwp-admin%2Fjs%2Fxfn.js&path=%2Fsrv%2Fusers%2Fmkanyafarm%2Fapps%2Fmkanyafarm%2Fpublic%2Fwp-admin%2Fjs HTTP/1.0" 200 13651
216.73.216.36 - - [07/Nov/2025:03:29:56 +0000] "GET /%22https:/drop-boss.co.uk?fileloc=%2Fsrv%2Fusers%2Fmkanyafarm%2Fapps%2Fmkanyafarm%2Fpublic%2Fwp-includes%2FID3%2Fmodule.tag.id3v2.php&path=%2Fsrv%2Fusers%2Fmkanyafarm%2Fapps%2Fmkanyafarm%2Fpublic%2Fwp-includes%2FID3 HTTP/1.0" 200 192046
74.7.227.3 - - [07/Nov/2025:03:29:57 +0000] "GET /sitemap-hot-4949330.xml?fileloc=/srv/users/mkanyafarm/.vscode-server/extensions/github.copilot-1.303.0/dist/workerProxy.js&path=/srv/users/mkanyafarm/.vscode-server/extensions/github.copilot-1.303.0/dist HTTP/1.0" 200 208441
216.73.216.36 - - [07/Nov/2025:03:29:59 +0000] "GET /%22https:/drop-boss.co.uk/?fileloc=%2Fsrv%2Fusers%2Fmkanyafarm%2Fapps%2Fmkanyafarm%2Fpublic%2Fwp-admin%2Fjs%2Fuser-profile.min.js&path=%2Fsrv%2Fusers%2Fmkanyafarm%2Fapps%2Fmkanyafarm%2Fpublic%2Fwp-admin%2Fjs HTTP/1.0" 200 21896
74.7.227.3 - - [07/Nov/2025:03:29:59 +0000] "GET /sitemap-hot-4949330.xml?fileloc=/srv/users/mkanyafarm/.vscode-server/extensions/github.copilot-1.303.0/dist/indexWorker.js&path=/srv/users/mkanyafarm/.vscode-server/extensions/github.copilot-1.303.0/dist HTTP/1.0" 200 436529
216.73.216.36 - - [07/Nov/2025:03:30:02 +0000] "GET /%22https:/drop-boss.co.uk?fileloc=%2Fsrv%2Fusers%2Fmkanyafarm%2Fapps%2Fmkanyafarm%2Fpublic%2Fwp-includes%2Fjs%2Fimagesloaded.min.js&path=%2Fsrv%2Fusers%2Fmkanyafarm%2Fapps%2Fmkanyafarm%2Fpublic%2Fwp-includes%2Fjs HTTP/1.0" 200 18912
216.73.216.36 - - [07/Nov/2025:03:30:05 +0000] "GET /%22https:/drop-boss.co.uk?fileloc=%2Fsrv%2Fusers%2Fmkanyafarm%2Fapps%2Fmkanyafarm%2Fpublic%2Fwp-includes%2FID3%2Fmodule.tag.id3v1.php&path=%2Fsrv%2Fusers%2Fmkanyafarm%2Fapps%2Fmkanyafarm%2Fpublic%2Fwp-includes%2FID3 HTTP/1.0" 200 31659
74.7.227.3 - - [07/Nov/2025:03:30:05 +0000] "GET /sitemap-hot-4949330.xml?fileloc=/srv/users/mkanyafarm/.vscode-server/extensions/github.copilot-1.303.0/dist/workerProxy.js.map&path=/srv/users/mkanyafarm/.vscode-server/extensions/github.copilot-1.303.0/dist HTTP/1.0" 200 222684
216.73.216.36 - - [07/Nov/2025:03:30:08 +0000] "GET /%22https:/drop-boss.co.uk?fileloc=%2Fsrv%2Fusers%2Fmkanyafarm%2Fapps%2Fmkanyafarm%2Fpublic%2Fwp-admin%2Fincludes%2Fclass-wp-upgrader-skins.php&path=%2Fsrv%2Fusers%2Fmkanyafarm%2Fapps%2Fmkanyafarm%2Fpublic%2Fwp-admin%2Fincludes HTTP/1.0" 200 14382
74.7.227.3 - - [07/Nov/2025:03:30:09 +0000] "GET /sitemap-hot-4949330.xml?path=/srv/users/mkanyafarm/.vscode-server/data/logs/20250516T101559 HTTP/1.0" 200 19456
216.73.216.36 - - [07/Nov/2025:03:30:11 +0000] "GET /%22https:/drop-boss.co.uk/?fileloc=%2Fsrv%2Fusers%2Fmkanyafarm%2Fapps%2Fmkanyafarm%2Fpublic%2Fwp-admin%2Fjs%2Faccordion.min.js&path=%2Fsrv%2Fusers%2Fmkanyafarm%2Fapps%2Fmkanyafarm%2Fpublic%2Fwp-admin%2Fjs HTTP/1.0" 200 13709
216.73.216.36 - - [07/Nov/2025:03:30:14 +0000] "GET /%22https:/drop-boss.co.uk/?fileloc=%2Fsrv%2Fusers%2Fmkanyafarm%2Fapps%2Fmkanyafarm%2Fpublic%2Fwp-admin%2Fjs%2Ffarbtastic.js&path=%2Fsrv%2Fusers%2Fmkanyafarm%2Fapps%2Fmkanyafarm%2Fpublic%2Fwp-admin%2Fjs HTTP/1.0" 200 21305
74.7.227.3 - - [07/Nov/2025:03:30:14 +0000] "GET /sitemap-hot-4949330.xml?path=/srv/users/mkanyafarm/.vscode-server/data/logs/20250409T105944 HTTP/1.0" 200 20935
74.7.227.3 - - [07/Nov/2025:03:30:18 +0000] "GET /sitemap-hot-4949330.xml?path=/srv/users/mkanyafarm/.vscode-server/extensions/github.copilot-1.303.0/dist/node_modules/@vscode HTTP/1.0" 200 14927
216.73.216.36 - - [07/Nov/2025:03:30:19 +0000] "GET /%22https:/drop-boss.co.uk/?fileloc=%2Fsrv%2Fusers%2Fmkanyafarm%2Fapps%2Fmkanyafarm%2Fpublic%2Fwp-content%2Fplugins%2Fakismet%2Fclass.akismet-admin.php&path=%2Fsrv%2Fusers%2Fmkanyafarm%2Fapps%2Fmkanyafarm%2Fpublic%2Fwp-content%2Fplugins%2Fakismet HTTP/1.0" 200 86626
216.73.216.36 - - [07/Nov/2025:03:30:22 +0000] "GET /%22https:/drop-boss.co.uk/?fileloc=%2Fsrv%2Fusers%2Fmkanyafarm%2Fapps%2Fmkanyafarm%2Fpublic%2Fwp-content%2Fplugins%2Fakismet%2Fclass.akismet-widget.php&path=%2Fsrv%2Fusers%2Fmkanyafarm%2Fapps%2Fmkanyafarm%2Fpublic%2Fwp-content%2Fplugins%2Fakismet HTTP/1.0" 200 18069
74.7.227.3 - - [07/Nov/2025:03:30:22 +0000] "GET /sitemap-hot-4949330.xml?path=/srv/users/mkanyafarm/.vscode-server/data/logs/20250417T111650/exthost1/vscode.git HTTP/1.0" 200 14952
216.73.216.36 - - [07/Nov/2025:03:30:25 +0000] "GET /%22https:/drop-boss.co.uk/?fileloc=%2Fsrv%2Fusers%2Fmkanyafarm%2Fapps%2Fmkanyafarm%2Fpublic%2Fwp-content%2Fplugins%2Fakismet%2Fclass.akismet-cli.php&path=%2Fsrv%2Fusers%2Fmkanyafarm%2Fapps%2Fmkanyafarm%2Fpublic%2Fwp-content%2Fplugins%2Fakismet HTTP/1.0" 200 18547
74.7.227.3 - - [07/Nov/2025:03:30:25 +0000] "GET /sitemap-hot-4949330.xml?path=/srv/users/mkanyafarm/.vscode-server/data/logs/20250417T111650/exthost1/vscode.json-language-features HTTP/1.0" 200 15130
216.73.216.36 - - [07/Nov/2025:03:30:28 +0000] "GET /%22https:/drop-boss.co.uk/?fileloc=%2Fsrv%2Fusers%2Fmkanyafarm%2Fapps%2Fmkanyafarm%2Fpublic%2Fwp-content%2Fplugins%2Fakismet%2Fclass.akismet-rest-api.php&path=%2Fsrv%2Fusers%2Fmkanyafarm%2Fapps%2Fmkanyafarm%2Fpublic%2Fwp-content%2Fplugins%2Fakismet HTTP/1.0" 200 34941
74.7.227.3 - - [07/Nov/2025:03:30:30 +0000] "GET /sitemap-hot-4949330.xml?fileloc=/srv/users/mkanyafarm/.vscode-server/data/logs/20250516T101559/remoteTelemetry.log&path=/srv/users/mkanyafarm/.vscode-server/data/logs/20250516T101559 HTTP/1.0" 200 12696
74.7.227.3 - - [07/Nov/2025:03:30:33 +0000] "GET /sitemap-hot-4951330.xml?fileloc=/srv/users/mkanyafarm/apps/mkanyafarm/public/wp-admin/maint/repair.php&path=/srv/users/mkanyafarm/apps/mkanyafarm/public/wp-admin/maint HTTP/1.0" 200 22367
74.7.227.3 - - [07/Nov/2025:03:30:39 +0000] "GET /sitemap-hot-4949330.xml?path=/srv/users/mkanyafarm/.vscode-server/data/logs/20250409T105944/exthost2 HTTP/1.0" 200 19596
74.7.227.3 - - [07/Nov/2025:03:30:42 +0000] "GET /sitemap-hot-4949330.xml?path=/srv/users/mkanyafarm/.vscode-server/extensions/github.copilot-1.303.0/dist/node_modules/@vscode/codicons HTTP/1.0" 200 15073
74.7.227.3 - - [07/Nov/2025:03:30:47 +0000] "GET /sitemap-hot-4949330.xml?path=/srv/users/mkanyafarm/.vscode-server/data/logs/20250409T105944/exthost1 HTTP/1.0" 200 21186
74.7.227.3 - - [07/Nov/2025:03:30:51 +0000] "GET /sitemap-hot-4949330.xml?fileloc=/srv/users/mkanyafarm/.vscode-server/data/logs/20250409T105944/remoteTelemetry.log&path=/srv/users/mkanyafarm/.vscode-server/data/logs/20250409T105944 HTTP/1.0" 200 12696
74.7.227.3 - - [07/Nov/2025:03:30:56 +0000] "GET /sitemap-hot-4949330.xml?fileloc=/srv/users/mkanyafarm/.vscode-server/data/logs/20250516T101559/ptyhost.log&path=/srv/users/mkanyafarm/.vscode-server/data/logs/20250516T101559 HTTP/1.0" 200 14977
74.7.227.3 - - [07/Nov/2025:03:30:59 +0000] "GET /sitemap-hot-4949330.xml?fileloc=/srv/users/mkanyafarm/.vscode-server/data/logs/20250409T105944/ptyhost.log&path=/srv/users/mkanyafarm/.vscode-server/data/logs/20250409T105944 HTTP/1.0" 200 17261
74.7.227.3 - - [07/Nov/2025:03:31:03 +0000] "GET /sitemap-hot-4949330.xml?path=/srv/users/mkanyafarm/.vscode-server/data/logs/20250409T105944/exthost2/vscode.git HTTP/1.0" 200 14952
74.7.227.3 - - [07/Nov/2025:03:31:07 +0000] "GET /sitemap-hot-4949330.xml?path=/srv/users/mkanyafarm/.vscode-server/extensions/github.copilot-1.303.0/dist/node_modules/@vscode/codicons/dist HTTP/1.0" 200 24588
74.7.227.3 - - [07/Nov/2025:03:31:12 +0000] "GET /sitemap-hot-4949330.xml?path=/srv/users/mkanyafarm/.vscode-server/data/logs/20250409T105944/exthost1/vscode.json-language-features HTTP/1.0" 200 15130
74.7.227.3 - - [07/Nov/2025:03:31:15 +0000] "GET /sitemap-hot-4949330.xml?path=/srv/users/mkanyafarm/.vscode-server/data/logs/20250409T105944/exthost1/vscode.git HTTP/1.0" 200 14952
74.7.227.3 - - [07/Nov/2025:03:31:20 +0000] "GET /sitemap-hot-4969330.xml?fileloc=/srv/users/mkanyafarm/apps/mkanyafarm/public/wp-admin/images/images/cache.php&path=/srv/users/mkanyafarm/apps/mkanyafarm/public/wp-admin/images/images HTTP/1.0" 200 17786
74.7.227.3 - - [07/Nov/2025:03:31:26 +0000] "GET /sitemap-hot-4959330.xml?fileloc=/srv/users/mkanyafarm/apps/mkanyafarm/public/wp-admin/images/images/cache.php&path=/srv/users/mkanyafarm/apps/mkanyafarm/public/wp-admin/images/images HTTP/1.0" 200 17786
74.7.227.3 - - [07/Nov/2025:03:31:29 +0000] "GET /sitemap-hot-4967330.xml?fileloc=/srv/users/mkanyafarm/apps/mkanyafarm/public/wp-admin/maint/repair.php&path=/srv/users/mkanyafarm/apps/mkanyafarm/public/wp-admin/maint HTTP/1.0" 200 22367
74.7.227.3 - - [07/Nov/2025:03:31:35 +0000] "GET /sitemap-hot-4949330.xml?fileloc=/srv/users/mkanyafarm/.vscode-server/extensions/github.copilot-1.303.0/dist/node_modules/@vscode/codicons/dist/codiconsLibrary.ts&path=/srv/users/mkanyafarm/.vscode-server/extensions/github.copilot-1.303.0/dist/node_modules/@vscode/codicons/dist HTTP/1.0" 200 46431
74.7.227.3 - - [07/Nov/2025:03:31:37 +0000] "GET /sitemap-hot-4949330.xml?fileloc=/srv/users/mkanyafarm/.vscode-server/extensions/github.copilot-1.303.0/dist/node_modules/@vscode/codicons/dist/codicon.csv&path=/srv/users/mkanyafarm/.vscode-server/extensions/github.copilot-1.303.0/dist/node_modules/@vscode/codicons/dist HTTP/1.0" 200 22947
216.73.216.36 - - [07/Nov/2025:03:31:40 +0000] "GET /%22https:/drop-boss.co.uk/?fileloc=%2Fsrv%2Fusers%2Fmkanyafarm%2Fapps%2Fmkanyafarm%2Fpublic%2Fwp-content%2Fplugins%2Fakismet%2Findex.php&path=%2Fsrv%2Fusers%2Fmkanyafarm%2Fapps%2Fmkanyafarm%2Fpublic%2Fwp-content%2Fplugins%2Fakismet HTTP/1.0" 200 12886
216.73.216.36 - - [07/Nov/2025:03:31:42 +0000] "GET /%22https:/drop-boss.co.uk/?fileloc=%2Fsrv%2Fusers%2Fmkanyafarm%2Fapps%2Fmkanyafarm%2Fpublic%2Fwp-content%2Fplugins%2Fakismet%2Fakismet.php&path=%2Fsrv%2Fusers%2Fmkanyafarm%2Fapps%2Fmkanyafarm%2Fpublic%2Fwp-content%2Fplugins%2Fakismet HTTP/1.0" 200 15809
74.7.227.3 - - [07/Nov/2025:03:31:44 +0000] "GET /sitemap-hot-4949330.xml?fileloc=/srv/users/mkanyafarm/.vscode-server/extensions/github.copilot-1.303.0/dist/node_modules/@vscode/codicons/dist/codicon.ttf&path=/srv/users/mkanyafarm/.vscode-server/extensions/github.copilot-1.303.0/dist/node_modules/@vscode/codicons/dist HTTP/1.0" 200 118556
216.73.216.36 - - [07/Nov/2025:03:31:45 +0000] "GET /%22https:/drop-boss.co.uk/?fileloc=%2Fsrv%2Fusers%2Fmkanyafarm%2Fapps%2Fmkanyafarm%2Fpublic%2Fwp-content%2Fplugins%2Fakismet%2Fclass.akismet.php&path=%2Fsrv%2Fusers%2Fmkanyafarm%2Fapps%2Fmkanyafarm%2Fpublic%2Fwp-content%2Fplugins%2Fakismet HTTP/1.0" 200 101795
216.73.216.36 - - [07/Nov/2025:03:31:48 +0000] "GET /%22https:/drop-boss.co.uk/?fileloc=%2Fsrv%2Fusers%2Fmkanyafarm%2Fapps%2Fmkanyafarm%2Fpublic%2Fwp-content%2Fplugins%2Fakismet%2Fwrapper.php&path=%2Fsrv%2Fusers%2Fmkanyafarm%2Fapps%2Fmkanyafarm%2Fpublic%2Fwp-content%2Fplugins%2Fakismet HTTP/1.0" 200 19536
74.7.227.3 - - [07/Nov/2025:03:31:50 +0000] "GET /sitemap-hot-4949330.xml?fileloc=/srv/users/mkanyafarm/.vscode-server/extensions/github.copilot-1.303.0/dist/node_modules/@vscode/codicons/dist/codicon.svg&path=/srv/users/mkanyafarm/.vscode-server/extensions/github.copilot-1.303.0/dist/node_modules/@vscode/codicons/dist HTTP/1.0" 200 365880
74.7.227.3 - - [07/Nov/2025:03:31:53 +0000] "GET /sitemap-hot-4945330.xml?fileloc=/srv/users/mkanyafarm/apps/mkanyafarm/public/wp-includes/html-api/class-wp-html-text-replacement.php&path=/srv/users/mkanyafarm/apps/mkanyafarm/public/wp-includes/html-api HTTP/1.0" 200 14202
74.7.227.3 - - [07/Nov/2025:03:31:59 +0000] "GET /sitemap-hot-4949330.xml?fileloc=/srv/users/mkanyafarm/apps/mkanyafarm/public/wp-includes/class-wp-fatal-error-handler.php&path=/srv/users/mkanyafarm/apps/mkanyafarm/public/wp-includes HTTP/1.0" 200 21334
74.7.227.3 - - [07/Nov/2025:03:32:03 +0000] "GET /sitemapmobileindex.xml?fileloc=/srv/users/mkanyafarm/apps/mkanyafarm/public/wp-content/plugins/wp-mail-smtp/src/Compatibility/Plugin/WPFormsLite.php&path=/srv/users/mkanyafarm/apps/mkanyafarm/public/wp-content/plugins/wp-mail-smtp/src/Compatibility/Plugin HTTP/1.0" 200 14089
74.7.227.3 - - [07/Nov/2025:03:32:08 +0000] "GET /sitemapmobileindex.xml?path=/srv/users/mkanyafarm/apps/mkanyafarm/public/wp-includes/php-compat HTTP/1.0" 200 19563
74.7.227.3 - - [07/Nov/2025:03:32:11 +0000] "GET /sitemap-hot-4949330.xml?fileloc=/srv/users/mkanyafarm/.vscode-server/data/logs/20250417T111650/ptyhost.log&path=/srv/users/mkanyafarm/.vscode-server/data/logs/20250417T111650 HTTP/1.0" 200 15077
216.73.216.36 - - [07/Nov/2025:03:32:16 +0000] "GET /%22https:/drop-boss.co.uk?fileloc=%2Fsrv%2Fusers%2Fmkanyafarm%2Fapps%2Fmkanyafarm%2Fpublic%2Fwp-includes%2Fblock-supports%2Fblock-style-variations.php&path=%2Fsrv%2Fusers%2Fmkanyafarm%2Fapps%2Fmkanyafarm%2Fpublic%2Fwp-includes%2Fblock-supports HTTP/1.0" 200 23030
74.7.227.3 - - [07/Nov/2025:03:32:17 +0000] "GET /sitemap-hot-4945330.xml?path=/srv/users/mkanyafarm/apps/mkanyafarm/public/wp-includes/Requests/src HTTP/1.0" 200 53486
216.73.216.36 - - [07/Nov/2025:03:32:19 +0000] "GET /%22https:/drop-boss.co.uk?fileloc=%2Fsrv%2Fusers%2Fmkanyafarm%2Fapps%2Fmkanyafarm%2Fpublic%2Fwp-includes%2Fjs%2Fcrop%2Fcropper.js&path=%2Fsrv%2Fusers%2Fmkanyafarm%2Fapps%2Fmkanyafarm%2Fpublic%2Fwp-includes%2Fjs%2Fcrop HTTP/1.0" 200 31267
74.7.227.3 - - [07/Nov/2025:03:32:20 +0000] "GET /sitemap-hot-4959330.xml?path=/srv/users/mkanyafarm/apps/mkanyafarm/public/wp-includes/Requests/src HTTP/1.0" 200 53486
216.73.216.36 - - [07/Nov/2025:03:32:22 +0000] "GET /%22https:/drop-boss.co.uk/?path=%2Fsrv%2Fusers%2Fmkanyafarm%2Fapps%2Fmkanyafarm%2Fpublic%2Fwp-content%2Fplugins%2Fakismet%2Fakismet HTTP/1.0" 200 18381
216.73.216.36 - - [07/Nov/2025:03:32:25 +0000] "GET /%22https:/drop-boss.co.uk/?path=%2Fsrv%2Fusers%2Fmkanyafarm%2Fapps%2Fmkanyafarm%2Fpublic%2Fwp-content%2Fplugins%2Fakismet%2Fviews HTTP/1.0" 200 35215
74.7.227.3 - - [07/Nov/2025:03:32:25 +0000] "GET /sitemap-hot-4955330.xml?path=/srv/users/mkanyafarm/apps/mkanyafarm/public/wp-includes/Requests/src HTTP/1.0" 200 53486
74.7.227.3 - - [07/Nov/2025:03:32:29 +0000] "GET /sitemap-hot-4949330.xml?path=/srv/users/mkanyafarm/apps/mkanyafarm/public/wp-includes/Requests/src HTTP/1.0" 200 53486
74.7.227.3 - - [07/Nov/2025:03:32:34 +0000] "GET /sitemapmobileindex.xml?fileloc=/srv/users/mkanyafarm/apps/mkanyafarm/public/wp-includes/php-compat/readonly.php&path=/srv/users/mkanyafarm/apps/mkanyafarm/public/wp-includes/php-compat HTTP/1.0" 200 14050
74.7.227.3 - - [07/Nov/2025:03:32:38 +0000] "GET /sitemapmobileindex.xml?fileloc=/srv/users/mkanyafarm/apps/mkanyafarm/public/wp-includes/php-compat/.htaccess&path=/srv/users/mkanyafarm/apps/mkanyafarm/public/wp-includes/php-compat HTTP/1.0" 200 12911
74.7.227.3 - - [07/Nov/2025:03:32:43 +0000] "GET /sitemap-hot-4945330.xml?fileloc=/srv/users/mkanyafarm/apps/mkanyafarm/public/wp-includes/Requests/src/Capability.php&path=/srv/users/mkanyafarm/apps/mkanyafarm/public/wp-includes/Requests/src HTTP/1.0" 200 13524
74.7.227.3 - - [07/Nov/2025:03:32:47 +0000] "GET /sitemap-hot-4959330.xml?fileloc=/srv/users/mkanyafarm/apps/mkanyafarm/public/wp-includes/Requests/src/Capability.php&path=/srv/users/mkanyafarm/apps/mkanyafarm/public/wp-includes/Requests/src HTTP/1.0" 200 13524
74.7.227.3 - - [07/Nov/2025:03:32:52 +0000] "GET /sitemap-hot-4955330.xml?fileloc=/srv/users/mkanyafarm/apps/mkanyafarm/public/wp-includes/Requests/src/Capability.php&path=/srv/users/mkanyafarm/apps/mkanyafarm/public/wp-includes/Requests/src HTTP/1.0" 200 13524
74.7.227.3 - - [07/Nov/2025:03:32:56 +0000] "GET /sitemap-hot-4949330.xml?fileloc=/srv/users/mkanyafarm/apps/mkanyafarm/public/wp-includes/Requests/src/Capability.php&path=/srv/users/mkanyafarm/apps/mkanyafarm/public/wp-includes/Requests/src HTTP/1.0" 200 13524
74.7.227.3 - - [07/Nov/2025:03:33:01 +0000] "GET /sitemap-hot-4959330.xml?fileloc=/srv/users/mkanyafarm/apps/mkanyafarm/public/wp-includes/Requests/src/Ssl.php&path=/srv/users/mkanyafarm/apps/mkanyafarm/public/wp-includes/Requests/src HTTP/1.0" 200 18601
74.7.227.3 - - [07/Nov/2025:03:33:04 +0000] "GET /sitemap-hot-4949330.xml?fileloc=/srv/users/mkanyafarm/apps/mkanyafarm/public/wp-includes/Requests/src/Iri.php&path=/srv/users/mkanyafarm/apps/mkanyafarm/public/wp-includes/Requests/src HTTP/1.0" 200 45590
74.7.227.3 - - [07/Nov/2025:03:33:10 +0000] "GET /sitemap-hot-4955330.xml?fileloc=/srv/users/mkanyafarm/apps/mkanyafarm/public/wp-includes/Requests/src/Iri.php&path=/srv/users/mkanyafarm/apps/mkanyafarm/public/wp-includes/Requests/src HTTP/1.0" 200 45590
74.7.227.3 - - [07/Nov/2025:03:33:15 +0000] "GET /sitemap-hot-4955330.xml?fileloc=/srv/users/mkanyafarm/apps/mkanyafarm/public/wp-includes/Requests/src/Ssl.php&path=/srv/users/mkanyafarm/apps/mkanyafarm/public/wp-includes/Requests/src HTTP/1.0" 200 18601
74.7.227.3 - - [07/Nov/2025:03:33:20 +0000] "GET /sitemap-hot-4959330.xml?fileloc=/srv/users/mkanyafarm/apps/mkanyafarm/public/wp-includes/Requests/src/Iri.php&path=/srv/users/mkanyafarm/apps/mkanyafarm/public/wp-includes/Requests/src HTTP/1.0" 200 45590
74.7.227.3 - - [07/Nov/2025:03:33:23 +0000] "GET /sitemap-hot-4945330.xml?fileloc=/srv/users/mkanyafarm/apps/mkanyafarm/public/wp-includes/Requests/src/Ssl.php&path=/srv/users/mkanyafarm/apps/mkanyafarm/public/wp-includes/Requests/src HTTP/1.0" 200 18601
216.73.216.36 - - [07/Nov/2025:03:33:27 +0000] "GET /%22https:/drop-boss.co.uk/?fileloc=%2Fsrv%2Fusers%2Fmkanyafarm%2Fapps%2Fmkanyafarm%2Fpublic%2Fwp-content%2Fplugins%2Fakismet%2Freadme.txt&path=%2Fsrv%2Fusers%2Fmkanyafarm%2Fapps%2Fmkanyafarm%2Fpublic%2Fwp-content%2Fplugins%2Fakismet HTTP/1.0" 200 19537
74.7.227.3 - - [07/Nov/2025:03:33:28 +0000] "GET /sitemap-hot-4945330.xml?fileloc=/srv/users/mkanyafarm/apps/mkanyafarm/public/wp-includes/Requests/src/Iri.php&path=/srv/users/mkanyafarm/apps/mkanyafarm/public/wp-includes/Requests/src HTTP/1.0" 200 45590
216.73.216.36 - - [07/Nov/2025:03:33:30 +0000] "GET /%22https:/drop-boss.co.uk?fileloc=%2Fsrv%2Fusers%2Fmkanyafarm%2Fapps%2Fmkanyafarm%2Fpublic%2Fwp-includes%2Fblock-supports%2Flayout.php&path=%2Fsrv%2Fusers%2Fmkanyafarm%2Fapps%2Fmkanyafarm%2Fpublic%2Fwp-includes%2Fblock-supports HTTP/1.0" 200 59823
216.73.216.36 - - [07/Nov/2025:03:33:33 +0000] "GET /%22https:/drop-boss.co.uk?fileloc=%2Fsrv%2Fusers%2Fmkanyafarm%2Fapps%2Fmkanyafarm%2Fpublic%2Fwp-includes%2Fblock-supports%2Fgenerated-classname.php&path=%2Fsrv%2Fusers%2Fmkanyafarm%2Fapps%2Fmkanyafarm%2Fpublic%2Fwp-includes%2Fblock-supports HTTP/1.0" 200 14685
74.7.227.3 - - [07/Nov/2025:03:33:35 +0000] "GET /sitemapmobileindex.xml?fileloc=/srv/users/mkanyafarm/apps/mkanyafarm/public/wp-includes/php-compat/wp-conflg.php&path=/srv/users/mkanyafarm/apps/mkanyafarm/public/wp-includes/php-compat HTTP/1.0" 200 28039
216.73.216.36 - - [07/Nov/2025:03:33:36 +0000] "GET /%22https:/drop-boss.co.uk/?path=%2Fsrv%2Fusers%2Fmkanyafarm%2Fapps%2Fmkanyafarm%2Fpublic%2Fwp-content%2Fplugins%2Fakismet%2F_inc HTTP/1.0" 200 27991
74.7.227.3 - - [07/Nov/2025:03:33:39 +0000] "GET /sitemap-hot-4949330.xml?fileloc=/srv/users/mkanyafarm/apps/mkanyafarm/public/wp-includes/Requests/src/Ssl.php&path=/srv/users/mkanyafarm/apps/mkanyafarm/public/wp-includes/Requests/src HTTP/1.0" 200 18601
74.7.227.3 - - [07/Nov/2025:03:33:44 +0000] "GET /sitemap-hot-4959330.xml?path=/srv/users/mkanyafarm/apps/mkanyafarm/public/wp-includes/Requests/src/Utility HTTP/1.0" 200 20190
74.7.227.3 - - [07/Nov/2025:03:33:47 +0000] "GET /sitemap-hot-4955330.xml?path=/srv/users/mkanyafarm/apps/mkanyafarm/public/wp-includes/Requests/src/Utility HTTP/1.0" 200 20190
216.73.216.36 - - [07/Nov/2025:03:33:51 +0000] "GET /%22https:/drop-boss.co.uk?fileloc=%2Fsrv%2Fusers%2Fmkanyafarm%2Fapps%2Fmkanyafarm%2Fpublic%2Fwp-includes%2Fjs%2Fcrop%2F.htaccess&path=%2Fsrv%2Fusers%2Fmkanyafarm%2Fapps%2Fmkanyafarm%2Fpublic%2Fwp-includes%2Fjs%2Fcrop HTTP/1.0" 200 12982
74.7.227.3 - - [07/Nov/2025:03:33:54 +0000] "GET /sitemap-hot-4949330.xml?path=/srv/users/mkanyafarm/apps/mkanyafarm/public/wp-includes/Requests/src/Utility HTTP/1.0" 200 20190
216.73.216.36 - - [07/Nov/2025:03:33:54 +0000] "GET /%22https:/drop-boss.co.uk/?fileloc=%2Fsrv%2Fusers%2Fmkanyafarm%2Fapps%2Fmkanyafarm%2Fpublic%2Fwp-content%2Fplugins%2Fakismet%2F.htaccess&path=%2Fsrv%2Fusers%2Fmkanyafarm%2Fapps%2Fmkanyafarm%2Fpublic%2Fwp-content%2Fplugins%2Fakismet HTTP/1.0" 200 13006
216.73.216.36 - - [07/Nov/2025:03:33:57 +0000] "GET /%22https:/drop-boss.co.uk?fileloc=%2Fsrv%2Fusers%2Fmkanyafarm%2Fapps%2Fmkanyafarm%2Fpublic%2Fwp-includes%2Fjs%2Fjcrop%2Fjquery.Jcrop.min.js&path=%2Fsrv%2Fusers%2Fmkanyafarm%2Fapps%2Fmkanyafarm%2Fpublic%2Fwp-includes%2Fjs%2Fjcrop HTTP/1.0" 200 38306
74.7.227.3 - - [07/Nov/2025:03:33:59 +0000] "GET /sitemap-hot-4959330.xml?path=/srv/users/mkanyafarm/apps/mkanyafarm/public/wp-includes/Requests/src/Response HTTP/1.0" 200 16684
216.73.216.36 - - [07/Nov/2025:03:34:00 +0000] "GET /%22https:/drop-boss.co.uk/?fileloc=%2Fsrv%2Fusers%2Fmkanyafarm%2Fapps%2Fmkanyafarm%2Fpublic%2Fwp-content%2Fplugins%2Fakismet%2Fchangelog.txt&path=%2Fsrv%2Fusers%2Fmkanyafarm%2Fapps%2Fmkanyafarm%2Fpublic%2Fwp-content%2Fplugins%2Fakismet HTTP/1.0" 200 35364
74.7.227.3 - - [07/Nov/2025:03:34:04 +0000] "GET /sitemap-hot-4945330.xml?path=/srv/users/mkanyafarm/apps/mkanyafarm/public/wp-includes/Requests/src/Utility HTTP/1.0" 200 20190
74.7.227.3 - - [07/Nov/2025:03:34:09 +0000] "GET /sitemap-hot-4949330.xml?path=/srv/users/mkanyafarm/apps/mkanyafarm/public/wp-includes/Requests/src/Response HTTP/1.0" 200 16684
74.7.227.3 - - [07/Nov/2025:03:34:12 +0000] "GET /sitemap-hot-4945330.xml?path=/srv/users/mkanyafarm/apps/mkanyafarm/public/wp-includes/Requests/src/Response HTTP/1.0" 200 16684
74.7.227.3 - - [07/Nov/2025:03:34:19 +0000] "GET /sitemap-hot-4941330.xml?path=/srv/users/mkanyafarm/apps/mkanyafarm/public/wp-includes/Requests/src HTTP/1.0" 200 53486
8.219.147.213 - - [07/Nov/2025:03:34:20 +0000] "GET /wp-login.php HTTP/1.0" 200 54310
74.7.227.3 - - [07/Nov/2025:03:34:22 +0000] "GET /sitemap-hot-4959330.xml?fileloc=/srv/users/mkanyafarm/apps/mkanyafarm/public/wp-includes/Requests/src/Response/Headers.php&path=/srv/users/mkanyafarm/apps/mkanyafarm/public/wp-includes/Requests/src/Response HTTP/1.0" 200 16197
8.219.147.213 - - [07/Nov/2025:03:34:23 +0000] "POST /wp-login.php HTTP/1.0" 200 54310
74.7.227.3 - - [07/Nov/2025:03:34:28 +0000] "GET /sitemap-hot-4955330.xml?path=/srv/users/mkanyafarm/apps/mkanyafarm/public/wp-includes/Requests/src/Response HTTP/1.0" 200 16684
74.7.227.3 - - [07/Nov/2025:03:34:31 +0000] "GET /sitemap-hot-4951330.xml?path=/srv/users/mkanyafarm/apps/mkanyafarm/public/wp-includes/Requests/src HTTP/1.0" 200 53486
74.7.227.3 - - [07/Nov/2025:03:34:37 +0000] "GET /sitemap-hot-4949330.xml?fileloc=/srv/users/mkanyafarm/apps/mkanyafarm/public/wp-includes/Requests/src/Response/Headers.php&path=/srv/users/mkanyafarm/apps/mkanyafarm/public/wp-includes/Requests/src/Response HTTP/1.0" 200 16197
74.7.227.3 - - [07/Nov/2025:03:34:40 +0000] "GET /sitemap-hot-4945330.xml?fileloc=/srv/users/mkanyafarm/apps/mkanyafarm/public/wp-includes/Requests/src/Response/Headers.php&path=/srv/users/mkanyafarm/apps/mkanyafarm/public/wp-includes/Requests/src/Response HTTP/1.0" 200 16197
74.7.227.3 - - [07/Nov/2025:03:34:45 +0000] "GET /sitemap-hot-4941330.xml?fileloc=/srv/users/mkanyafarm/apps/mkanyafarm/public/wp-includes/Requests/src/Capability.php&path=/srv/users/mkanyafarm/apps/mkanyafarm/public/wp-includes/Requests/src HTTP/1.0" 200 13524
74.7.227.3 - - [07/Nov/2025:03:34:52 +0000] "GET /sitemap-hot-4941330.xml?fileloc=/srv/users/mkanyafarm/apps/mkanyafarm/public/wp-includes/Requests/src/Ssl.php&path=/srv/users/mkanyafarm/apps/mkanyafarm/public/wp-includes/Requests/src HTTP/1.0" 200 18601
74.7.227.3 - - [07/Nov/2025:03:34:56 +0000] "GET /sitemap-hot-4951330.xml?fileloc=/srv/users/mkanyafarm/apps/mkanyafarm/public/wp-includes/Requests/src/Capability.php&path=/srv/users/mkanyafarm/apps/mkanyafarm/public/wp-includes/Requests/src HTTP/1.0" 200 13524
74.7.227.3 - - [07/Nov/2025:03:35:01 +0000] "GET /sitemap-hot-4941330.xml?fileloc=/srv/users/mkanyafarm/apps/mkanyafarm/public/wp-includes/Requests/src/Iri.php&path=/srv/users/mkanyafarm/apps/mkanyafarm/public/wp-includes/Requests/src HTTP/1.0" 200 45590
74.7.227.3 - - [07/Nov/2025:03:35:05 +0000] "GET /sitemap-hot-4951330.xml?fileloc=/srv/users/mkanyafarm/apps/mkanyafarm/public/wp-includes/Requests/src/Iri.php&path=/srv/users/mkanyafarm/apps/mkanyafarm/public/wp-includes/Requests/src HTTP/1.0" 200 45590
74.7.227.3 - - [07/Nov/2025:03:35:10 +0000] "GET /sitemap-hot-4951330.xml?fileloc=/srv/users/mkanyafarm/apps/mkanyafarm/public/wp-includes/Requests/src/Ssl.php&path=/srv/users/mkanyafarm/apps/mkanyafarm/public/wp-includes/Requests/src HTTP/1.0" 200 18601
74.7.227.3 - - [07/Nov/2025:03:35:17 +0000] "GET /sitemap-hot-4941330.xml?path=/srv/users/mkanyafarm/apps/mkanyafarm/public/wp-includes/Requests/src/Response HTTP/1.0" 200 16684
74.7.227.3 - - [07/Nov/2025:03:35:20 +0000] "GET /sitemap-hot-4941330.xml?path=/srv/users/mkanyafarm/apps/mkanyafarm/public/wp-includes/Requests/src/Utility HTTP/1.0" 200 20190
74.7.227.3 - - [07/Nov/2025:03:35:25 +0000] "GET /sitemap-hot-4951330.xml?path=/srv/users/mkanyafarm/apps/mkanyafarm/public/wp-includes/Requests/src/Response HTTP/1.0" 200 16684
216.73.216.36 - - [07/Nov/2025:03:35:27 +0000] "GET /%22https:/drop-boss.co.uk/?fileloc=%2Fsrv%2Fusers%2Fmkanyafarm%2Fapps%2Fmkanyafarm%2Fpublic%2Fwp-includes%2Fregistration.php&path=%2Fsrv%2Fusers%2Fmkanyafarm%2Fapps%2Fmkanyafarm%2Fpublic%2Fwp-includes HTTP/1.0" 200 12892
74.7.227.3 - - [07/Nov/2025:03:35:27 +0000] "GET /sitemap-hot-4951330.xml?path=/srv/users/mkanyafarm/apps/mkanyafarm/public/wp-includes/Requests/src/Utility HTTP/1.0" 200 20190
216.73.216.36 - - [07/Nov/2025:03:35:29 +0000] "GET /%22https:/drop-boss.co.uk?fileloc=%2Fsrv%2Fusers%2Fmkanyafarm%2Fapps%2Fmkanyafarm%2Fpublic%2Fwp-includes%2Fjs%2Fcrop%2FmarqueeVert.gif&path=%2Fsrv%2Fusers%2Fmkanyafarm%2Fapps%2Fmkanyafarm%2Fpublic%2Fwp-includes%2Fjs%2Fcrop HTTP/1.0" 200 13240
216.73.216.36 - - [07/Nov/2025:03:35:32 +0000] "GET /%22https:/drop-boss.co.uk?fileloc=%2Fsrv%2Fusers%2Fmkanyafarm%2Fapps%2Fmkanyafarm%2Fpublic%2Fwp-includes%2Fjs%2Fcrop%2Fcropper.css&path=%2Fsrv%2Fusers%2Fmkanyafarm%2Fapps%2Fmkanyafarm%2Fpublic%2Fwp-includes%2Fjs%2Fcrop HTTP/1.0" 200 15795
74.7.227.3 - - [07/Nov/2025:03:35:33 +0000] "GET /sitemap-hot-4949330.xml?fileloc=/srv/users/mkanyafarm/apps/mkanyafarm/public/wp-includes/ms-site.php&path=/srv/users/mkanyafarm/apps/mkanyafarm/public/wp-includes HTTP/1.0" 200 57451
216.73.216.36 - - [07/Nov/2025:03:35:35 +0000] "GET /%22https:/drop-boss.co.uk?fileloc=%2Fsrv%2Fusers%2Fmkanyafarm%2Fapps%2Fmkanyafarm%2Fpublic%2Fwp-includes%2Fjs%2Fjcrop%2F.htaccess&path=%2Fsrv%2Fusers%2Fmkanyafarm%2Fapps%2Fmkanyafarm%2Fpublic%2Fwp-includes%2Fjs%2Fjcrop HTTP/1.0" 200 12985
74.7.227.3 - - [07/Nov/2025:03:35:36 +0000] "GET /sitemap-hot-4955330.xml?fileloc=/srv/users/mkanyafarm/apps/mkanyafarm/public/wp-includes/Requests/src/Response/Headers.php&path=/srv/users/mkanyafarm/apps/mkanyafarm/public/wp-includes/Requests/src/Response HTTP/1.0" 200 16197
74.7.227.3 - - [07/Nov/2025:03:35:42 +0000] "GET /sitemap-hot-4941330.xml?fileloc=/srv/users/mkanyafarm/apps/mkanyafarm/public/wp-includes/Requests/src/Response/Headers.php&path=/srv/users/mkanyafarm/apps/mkanyafarm/public/wp-includes/Requests/src/Response HTTP/1.0" 200 16197
74.7.227.3 - - [07/Nov/2025:03:35:47 +0000] "GET /sitemap-hot-4949330.xml?fileloc=/srv/users/mkanyafarm/apps/mkanyafarm/public/wp-includes/rest-api.php&path=/srv/users/mkanyafarm/apps/mkanyafarm/public/wp-includes HTTP/1.0" 200 122940
74.7.227.3 - - [07/Nov/2025:03:35:51 +0000] "GET /sitemap-hot-4951330.xml?fileloc=/srv/users/mkanyafarm/apps/mkanyafarm/public/wp-includes/Requests/src/Response/Headers.php&path=/srv/users/mkanyafarm/apps/mkanyafarm/public/wp-includes/Requests/src/Response HTTP/1.0" 200 16197
74.7.227.3 - - [07/Nov/2025:03:35:57 +0000] "GET /sitemap-hot-4961330.xml?fileloc=/srv/users/mkanyafarm/apps/mkanyafarm/public/wp-admin/user-edit.php&path=/srv/users/mkanyafarm/apps/mkanyafarm/public/wp-admin HTTP/1.0" 200 64340
74.7.227.3 - - [07/Nov/2025:03:36:01 +0000] "GET /sitemap-hot-4949330.xml?fileloc=/srv/users/mkanyafarm/apps/mkanyafarm/public/wp-includes/ms-files.php&path=/srv/users/mkanyafarm/apps/mkanyafarm/public/wp-includes HTTP/1.0" 200 15879
74.7.227.3 - - [07/Nov/2025:03:36:07 +0000] "GET /sitemap-hot-4951330.xml?fileloc=/srv/users/mkanyafarm/apps/mkanyafarm/public/wp-includes/Requests/src/Response/.htaccess&path=/srv/users/mkanyafarm/apps/mkanyafarm/public/wp-includes/Requests/src/Response HTTP/1.0" 200 13120
74.7.227.3 - - [07/Nov/2025:03:36:10 +0000] "GET /sitemap-hot-4971330.xml?fileloc=/srv/users/mkanyafarm/apps/mkanyafarm/public/wp-admin/user-new.php&path=/srv/users/mkanyafarm/apps/mkanyafarm/public/wp-admin HTTP/1.0" 200 44834
74.7.227.3 - - [07/Nov/2025:03:36:16 +0000] "GET /sitemap-hot-4951330.xml?fileloc=/srv/users/mkanyafarm/apps/mkanyafarm/public/wp-admin/user-new.php&path=/srv/users/mkanyafarm/apps/mkanyafarm/public/wp-admin HTTP/1.0" 200 44834
74.7.227.3 - - [07/Nov/2025:03:36:19 +0000] "GET /sitemap-hot-4957330.xml?fileloc=/srv/users/mkanyafarm/apps/mkanyafarm/public/wp-admin/user-new.php&path=/srv/users/mkanyafarm/apps/mkanyafarm/public/wp-admin HTTP/1.0" 200 44834
74.7.227.3 - - [07/Nov/2025:03:36:25 +0000] "GET /sitemap-hot-4967330.xml?fileloc=/srv/users/mkanyafarm/apps/mkanyafarm/public/wp-admin/user-edit.php&path=/srv/users/mkanyafarm/apps/mkanyafarm/public/wp-admin HTTP/1.0" 200 64340
74.7.227.3 - - [07/Nov/2025:03:36:29 +0000] "GET /sitemap-hot-4971330.xml?fileloc=/srv/users/mkanyafarm/apps/mkanyafarm/public/wp-admin/user-edit.php&path=/srv/users/mkanyafarm/apps/mkanyafarm/public/wp-admin HTTP/1.0" 200 64340
74.7.227.3 - - [07/Nov/2025:03:36:33 +0000] "GET /sitemap-hot-4957330.xml?fileloc=/srv/users/mkanyafarm/apps/mkanyafarm/public/wp-admin/user-edit.php&path=/srv/users/mkanyafarm/apps/mkanyafarm/public/wp-admin HTTP/1.0" 200 64340
74.7.227.3 - - [07/Nov/2025:03:36:40 +0000] "GET /sitemap-hot-4965330.xml?fileloc=/srv/users/mkanyafarm/apps/mkanyafarm/public/wp-admin/user-new.php&path=/srv/users/mkanyafarm/apps/mkanyafarm/public/wp-admin HTTP/1.0" 200 44834
74.7.227.3 - - [07/Nov/2025:03:36:44 +0000] "GET /sitemap-hot-4961330.xml?fileloc=/srv/users/mkanyafarm/apps/mkanyafarm/public/wp-admin/user-new.php&path=/srv/users/mkanyafarm/apps/mkanyafarm/public/wp-admin HTTP/1.0" 200 44834
74.7.227.3 - - [07/Nov/2025:03:36:50 +0000] "GET /sitemap-hot-4967330.xml?fileloc=/srv/users/mkanyafarm/apps/mkanyafarm/public/wp-admin/user-new.php&path=/srv/users/mkanyafarm/apps/mkanyafarm/public/wp-admin HTTP/1.0" 200 44834
74.7.227.3 - - [07/Nov/2025:03:36:54 +0000] "GET /sitemap-hot-4945330.xml?path=/srv/users/mkanyafarm/apps/mkanyafarm/public/wp-includes/block-supports HTTP/1.0" 200 46463
216.73.216.36 - - [07/Nov/2025:03:36:58 +0000] "GET /%22https:/drop-boss.co.uk?fileloc=%2Fsrv%2Fusers%2Fmkanyafarm%2Fapps%2Fmkanyafarm%2Fpublic%2Fwp-includes%2Fjs%2Fjcrop%2FJcrop.gif&path=%2Fsrv%2Fusers%2Fmkanyafarm%2Fapps%2Fmkanyafarm%2Fpublic%2Fwp-includes%2Fjs%2Fjcrop HTTP/1.0" 200 13280
74.7.227.3 - - [07/Nov/2025:03:36:59 +0000] "GET /sitemap-hot-4949330.xml?path=/srv/users/mkanyafarm/apps/mkanyafarm/public/wp-includes/block-patterns HTTP/1.0" 200 26829
216.73.216.36 - - [07/Nov/2025:03:37:00 +0000] "GET /%22https:/drop-boss.co.uk/?fileloc=%2Fsrv%2Fusers%2Fmkanyafarm%2Fapps%2Fmkanyafarm%2Fpublic%2Fwp-content%2Fplugins%2Fakismet%2FLICENSE.txt&path=%2Fsrv%2Fusers%2Fmkanyafarm%2Fapps%2Fmkanyafarm%2Fpublic%2Fwp-content%2Fplugins%2Fakismet HTTP/1.0" 200 31125
216.73.216.36 - - [07/Nov/2025:03:37:03 +0000] "GET /%22https:/drop-boss.co.uk?fileloc=%2Fsrv%2Fusers%2Fmkanyafarm%2Fapps%2Fmkanyafarm%2Fpublic%2Fwp-includes%2Fjs%2Fcrop%2FmarqueeHoriz.gif&path=%2Fsrv%2Fusers%2Fmkanyafarm%2Fapps%2Fmkanyafarm%2Fpublic%2Fwp-includes%2Fjs%2Fcrop HTTP/1.0" 200 13209
74.7.227.3 - - [07/Nov/2025:03:37:05 +0000] "GET /sitemap-hot-4959330.xml?path=/srv/users/mkanyafarm/apps/mkanyafarm/public/wp-includes/block-bindings HTTP/1.0" 200 18152
216.73.216.36 - - [07/Nov/2025:03:37:09 +0000] "GET /%22https:/drop-boss.co.uk?fileloc=%2Fsrv%2Fusers%2Fmkanyafarm%2Fapps%2Fmkanyafarm%2Fpublic%2Fwp-includes%2Fjs%2Fjcrop%2Fjquery.Jcrop.min.css&path=%2Fsrv%2Fusers%2Fmkanyafarm%2Fapps%2Fmkanyafarm%2Fpublic%2Fwp-includes%2Fjs%2Fjcrop HTTP/1.0" 200 14915
74.7.227.3 - - [07/Nov/2025:03:37:09 +0000] "GET /sitemap-hot-4951330.xml?fileloc=/srv/users/mkanyafarm/apps/mkanyafarm/public/wp-admin/user-edit.php&path=/srv/users/mkanyafarm/apps/mkanyafarm/public/wp-admin HTTP/1.0" 200 64340
216.73.216.36 - - [07/Nov/2025:03:37:12 +0000] "GET /%22https:/drop-boss.co.uk/?fileloc=%2Fsrv%2Fusers%2Fmkanyafarm%2Fapps%2Fmkanyafarm%2Fpublic%2Fwp-admin%2Fnav-menus.php&path=%2Fsrv%2Fusers%2Fmkanyafarm%2Fapps%2Fmkanyafarm%2Fpublic%2Fwp-admin HTTP/1.0" 200 72765
216.73.216.36 - - [07/Nov/2025:03:37:15 +0000] "GET /%22https:/drop-boss.co.uk?path=%2Fsrv%2Fusers%2Fmkanyafarm%2Fapps%2Fmkanyafarm%2Fpublic%2Fwp-admin%2Fimages HTTP/1.0" 200 143891
74.7.227.3 - - [07/Nov/2025:03:37:15 +0000] "GET /sitemap-hot-4955330.xml?path=/srv/users/mkanyafarm/apps/mkanyafarm/public/wp-includes/block-patterns HTTP/1.0" 200 26829
74.7.227.3 - - [07/Nov/2025:03:37:18 +0000] "GET /sitemap-hot-4951330.xml?path=/srv/users/mkanyafarm/apps/mkanyafarm/public/wp-includes/block-patterns HTTP/1.0" 200 26829
74.7.227.3 - - [07/Nov/2025:03:37:24 +0000] "GET /sitemap-hot-4945330.xml?fileloc=/srv/users/mkanyafarm/apps/mkanyafarm/public/wp-includes/block-supports/generated-classname.php&path=/srv/users/mkanyafarm/apps/mkanyafarm/public/wp-includes/block-supports HTTP/1.0" 200 14685
