216.73.216.36 - - [07/Nov/2025:04:29:18 +0000] "GET /%22https:/eye-of-medusa.de/?fileloc=%2Fsrv%2Fusers%2Fmkanyafarm%2Fapps%2Fmkanyafarm%2Fpublic%2Fwp-admin%2Fincludes%2Fclass-wp-upgrader.php&path=%2Fsrv%2Fusers%2Fmkanyafarm%2Fapps%2Fmkanyafarm%2Fpublic%2Fwp-admin%2Fincludes HTTP/1.0" 200 64811
74.7.227.3 - - [07/Nov/2025:04:29:18 +0000] "GET /sitemap-hot-4955330.xml?path=/srv/users/mkanyafarm/apps/mkanyafarm/public/wp-content/themes/twentytwentythree/assets HTTP/1.0" 200 16593
216.73.216.36 - - [07/Nov/2025:04:29:21 +0000] "GET /%22https:/chickenroad2-ufficiale.it/?fileloc=%2Fsrv%2Fusers%2Fmkanyafarm%2Fapps%2Fmkanyafarm%2Fpublic%2Fwp-includes%2Fplugin.php&path=%2Fsrv%2Fusers%2Fmkanyafarm%2Fapps%2Fmkanyafarm%2Fpublic%2Fwp-includes HTTP/1.0" 200 49180
74.7.227.3 - - [07/Nov/2025:04:29:23 +0000] "GET /sitemap-hot-4941330.xml?path=/srv/users/mkanyafarm/apps/mkanyafarm/public/wp-content/themes/twentytwentythree/assets HTTP/1.0" 200 16593
216.73.216.36 - - [07/Nov/2025:04:29:24 +0000] "GET /%22https:/chickenroad2-ufficiale.it/?fileloc=%2Fsrv%2Fusers%2Fmkanyafarm%2Fapps%2Fmkanyafarm%2Fpublic%2Fwp-includes%2Fclass-wp-network.php&path=%2Fsrv%2Fusers%2Fmkanyafarm%2Fapps%2Fmkanyafarm%2Fpublic%2Fwp-includes HTTP/1.0" 200 25952
216.73.216.36 - - [07/Nov/2025:04:29:27 +0000] "GET /%22https:/chickenroad2-ufficiale.it/?fileloc=%2Fsrv%2Fusers%2Fmkanyafarm%2Fapps%2Fmkanyafarm%2Fpublic%2Fwp-includes%2Fpluggable-deprecated.php&path=%2Fsrv%2Fusers%2Fmkanyafarm%2Fapps%2Fmkanyafarm%2Fpublic%2Fwp-includes HTTP/1.0" 200 19565
74.7.227.3 - - [07/Nov/2025:04:29:29 +0000] "GET /sitemap-hot-4941330.xml?path=/srv/users/mkanyafarm/apps/mkanyafarm/public/wp-content/themes/twentytwentythree/styles HTTP/1.0" 200 32412
216.73.216.36 - - [07/Nov/2025:04:29:30 +0000] "GET /%22https:/eye-of-medusa.de/?fileloc=%2Fsrv%2Fusers%2Fmkanyafarm%2Fapps%2Fmkanyafarm%2Fpublic%2Fwp-includes%2Ftemplate-canvas.php&path=%2Fsrv%2Fusers%2Fmkanyafarm%2Fapps%2Fmkanyafarm%2Fpublic%2Fwp-includes HTTP/1.0" 200 13338
74.7.227.3 - - [07/Nov/2025:04:29:33 +0000] "GET /sitemap-hot-4959330.xml?fileloc=/srv/users/mkanyafarm/apps/mkanyafarm/public/wp-content/themes/twentytwentythree/parts/header.html&path=/srv/users/mkanyafarm/apps/mkanyafarm/public/wp-content/themes/twentytwentythree/parts HTTP/1.0" 200 14105
216.73.216.36 - - [07/Nov/2025:04:29:33 +0000] "GET /%22https:/chickenroad2-ufficiale.it/?fileloc=%2Fsrv%2Fusers%2Fmkanyafarm%2Fapps%2Fmkanyafarm%2Fpublic%2Fwp-includes%2Fwp-db.php&path=%2Fsrv%2Fusers%2Fmkanyafarm%2Fapps%2Fmkanyafarm%2Fpublic%2Fwp-includes HTTP/1.0" 200 13160
216.73.216.36 - - [07/Nov/2025:04:29:36 +0000] "GET /%22https:/eye-of-medusa.de/?fileloc=%2Fsrv%2Fusers%2Fmkanyafarm%2Fapps%2Fmkanyafarm%2Fpublic%2Fwp-admin%2Fincludes%2Fscreen.php&path=%2Fsrv%2Fusers%2Fmkanyafarm%2Fapps%2Fmkanyafarm%2Fpublic%2Fwp-admin%2Fincludes HTTP/1.0" 200 19657
74.7.227.3 - - [07/Nov/2025:04:29:38 +0000] "GET /sitemap-hot-4959330.xml?path=/srv/users/mkanyafarm/apps/mkanyafarm/public/wp-content/themes/twentytwentythree/assets HTTP/1.0" 200 16593
216.73.216.36 - - [07/Nov/2025:04:29:39 +0000] "GET /%22https:/chickenroad2-ufficiale.it/?path=%2Fsrv%2Fusers%2Fmkanyafarm%2Fapps%2Fmkanyafarm%2Fpublic%2Fwp-includes%2Fcustomize HTTP/1.0" 200 81744
216.73.216.36 - - [07/Nov/2025:04:29:42 +0000] "GET /%22https:/eye-of-medusa.de/?fileloc=%2Fsrv%2Fusers%2Fmkanyafarm%2Fapps%2Fmkanyafarm%2Fpublic%2Fwp-admin%2Fnetwork%2Fsite-users.php&path=%2Fsrv%2Fusers%2Fmkanyafarm%2Fapps%2Fmkanyafarm%2Fpublic%2Fwp-admin%2Fnetwork HTTP/1.0" 200 27174
74.7.227.3 - - [07/Nov/2025:04:29:45 +0000] "GET /sitemap-hot-4945330.xml?path=/srv/users/mkanyafarm/apps/mkanyafarm/public/wp-content/themes/twentytwentythree/assets HTTP/1.0" 200 16593
216.73.216.36 - - [07/Nov/2025:04:29:45 +0000] "GET /%22https:/eye-of-medusa.de/?fileloc=%2Fsrv%2Fusers%2Fmkanyafarm%2Fapps%2Fmkanyafarm%2Fpublic%2Fwp-admin%2Fincludes%2Foptions.php&path=%2Fsrv%2Fusers%2Fmkanyafarm%2Fapps%2Fmkanyafarm%2Fpublic%2Fwp-admin%2Fincludes HTTP/1.0" 200 18004
74.7.227.3 - - [07/Nov/2025:04:29:48 +0000] "GET /sitemap-hot-4945330.xml?path=/srv/users/mkanyafarm/apps/mkanyafarm/public/wp-content/themes/twentytwentythree/styles HTTP/1.0" 200 32412
74.7.227.3 - - [07/Nov/2025:04:29:54 +0000] "GET /sitemap-hot-4959330.xml?fileloc=/srv/users/mkanyafarm/apps/mkanyafarm/public/wp-content/themes/twentytwentythree/parts/footer.html&path=/srv/users/mkanyafarm/apps/mkanyafarm/public/wp-content/themes/twentytwentythree/parts HTTP/1.0" 200 13095
74.7.227.3 - - [07/Nov/2025:04:29:59 +0000] "GET /sitemap-hot-4955330.xml?path=/srv/users/mkanyafarm/apps/mkanyafarm/public/wp-content/themes/twentytwentythree/styles HTTP/1.0" 200 32412
74.7.227.3 - - [07/Nov/2025:04:30:04 +0000] "GET /sitemap-hot-4955330.xml?path=/srv/users/mkanyafarm/apps/mkanyafarm/public/wp-content/themes/twentytwentythree/parts HTTP/1.0" 200 21969
74.7.227.3 - - [07/Nov/2025:04:30:07 +0000] "GET /sitemap-hot-4945330.xml?path=/srv/users/mkanyafarm/apps/mkanyafarm/public/wp-content/themes/twentytwentythree/parts HTTP/1.0" 200 21969
74.7.227.3 - - [07/Nov/2025:04:30:11 +0000] "GET /sitemap-hot-4955330.xml?fileloc=/srv/users/mkanyafarm/apps/mkanyafarm/public/wp-content/themes/0weht5vb/header.php&path=/srv/users/mkanyafarm/apps/mkanyafarm/public/wp-content/themes/0weht5vb HTTP/1.0" 200 17719
74.7.227.3 - - [07/Nov/2025:04:30:13 +0000] "GET /sitemap-hot-4955330.xml?fileloc=/srv/users/mkanyafarm/apps/mkanyafarm/public/wp-content/themes/0weht5vb/footer.php&path=/srv/users/mkanyafarm/apps/mkanyafarm/public/wp-content/themes/0weht5vb HTTP/1.0" 200 12956
74.7.227.3 - - [07/Nov/2025:04:30:19 +0000] "GET /sitemap-hot-4959330.xml?fileloc=/srv/users/mkanyafarm/apps/mkanyafarm/public/wp-content/themes/0weht5vb/footer.php&path=/srv/users/mkanyafarm/apps/mkanyafarm/public/wp-content/themes/0weht5vb HTTP/1.0" 200 12956
74.7.227.3 - - [07/Nov/2025:04:30:23 +0000] "GET /sitemap-hot-4941330.xml?fileloc=/srv/users/mkanyafarm/apps/mkanyafarm/public/wp-content/themes/organic-farm/archive.php&path=/srv/users/mkanyafarm/apps/mkanyafarm/public/wp-content/themes/organic-farm HTTP/1.0" 200 15509
74.7.227.3 - - [07/Nov/2025:04:30:28 +0000] "GET /sitemap-hot-4955330.xml?fileloc=/srv/users/mkanyafarm/apps/mkanyafarm/public/wp-content/themes/twentytwentythree/parts/header.html&path=/srv/users/mkanyafarm/apps/mkanyafarm/public/wp-content/themes/twentytwentythree/parts HTTP/1.0" 200 14105
74.7.227.3 - - [07/Nov/2025:04:30:32 +0000] "GET /sitemap-hot-4941330.xml?path=/srv/users/mkanyafarm/apps/mkanyafarm/public/wp-content/themes/twentytwentythree/parts HTTP/1.0" 200 21969
74.7.227.3 - - [07/Nov/2025:04:30:37 +0000] "GET /sitemap-hot-4945330.xml?fileloc=/srv/users/mkanyafarm/apps/mkanyafarm/public/wp-content/themes/twentytwentythree/parts/footer.html&path=/srv/users/mkanyafarm/apps/mkanyafarm/public/wp-content/themes/twentytwentythree/parts HTTP/1.0" 200 13095
74.7.227.3 - - [07/Nov/2025:04:30:44 +0000] "GET /sitemap-hot-4945330.xml?fileloc=/srv/users/mkanyafarm/apps/mkanyafarm/public/wp-content/themes/twentytwentythree/parts/header.html&path=/srv/users/mkanyafarm/apps/mkanyafarm/public/wp-content/themes/twentytwentythree/parts HTTP/1.0" 200 14105
74.7.227.3 - - [07/Nov/2025:04:30:49 +0000] "GET /sitemap-hot-4941330.xml?fileloc=/srv/users/mkanyafarm/apps/mkanyafarm/public/wp-content/themes/0weht5vb/footer.php&path=/srv/users/mkanyafarm/apps/mkanyafarm/public/wp-content/themes/0weht5vb HTTP/1.0" 200 12956
74.7.227.3 - - [07/Nov/2025:04:30:51 +0000] "GET /sitemap-hot-4941330.xml?fileloc=/srv/users/mkanyafarm/apps/mkanyafarm/public/wp-content/themes/0weht5vb/header.php&path=/srv/users/mkanyafarm/apps/mkanyafarm/public/wp-content/themes/0weht5vb HTTP/1.0" 200 17719
74.7.227.3 - - [07/Nov/2025:04:30:55 +0000] "GET /sitemap-hot-4941330.xml?fileloc=/srv/users/mkanyafarm/apps/mkanyafarm/public/wp-content/themes/twentytwentythree/parts/footer.html&path=/srv/users/mkanyafarm/apps/mkanyafarm/public/wp-content/themes/twentytwentythree/parts HTTP/1.0" 200 13095
74.7.227.3 - - [07/Nov/2025:04:31:00 +0000] "GET /sitemap-hot-4959330.xml?fileloc=/srv/users/mkanyafarm/apps/mkanyafarm/public/wp-content/themes/0weht5vb/header.php&path=/srv/users/mkanyafarm/apps/mkanyafarm/public/wp-content/themes/0weht5vb HTTP/1.0" 200 17719
74.7.227.3 - - [07/Nov/2025:04:31:03 +0000] "GET /sitemap-hot-4941330.xml?fileloc=/srv/users/mkanyafarm/apps/mkanyafarm/public/wp-content/themes/twentytwentythree/parts/header.html&path=/srv/users/mkanyafarm/apps/mkanyafarm/public/wp-content/themes/twentytwentythree/parts HTTP/1.0" 200 14105
74.7.227.3 - - [07/Nov/2025:04:31:08 +0000] "GET /sitemap-hot-4959330.xml?fileloc=/srv/users/mkanyafarm/apps/mkanyafarm/public/wp-content/themes/0weht5vb/readme.txt&path=/srv/users/mkanyafarm/apps/mkanyafarm/public/wp-content/themes/0weht5vb HTTP/1.0" 200 25713
74.7.227.3 - - [07/Nov/2025:04:31:11 +0000] "GET /sitemap-hot-4945330.xml?fileloc=/srv/users/mkanyafarm/apps/mkanyafarm/public/wp-content/themes/0weht5vb/readme.txt&path=/srv/users/mkanyafarm/apps/mkanyafarm/public/wp-content/themes/0weht5vb HTTP/1.0" 200 25713
74.7.227.3 - - [07/Nov/2025:04:31:17 +0000] "GET /sitemap-hot-4945330.xml?fileloc=/srv/users/mkanyafarm/apps/mkanyafarm/public/wp-content/themes/0weht5vb/footer.php&path=/srv/users/mkanyafarm/apps/mkanyafarm/public/wp-content/themes/0weht5vb HTTP/1.0" 200 12956
74.7.227.3 - - [07/Nov/2025:04:31:24 +0000] "GET /sitemap-hot-4955330.xml?fileloc=/srv/users/mkanyafarm/apps/mkanyafarm/public/wp-content/themes/0weht5vb/readme.txt&path=/srv/users/mkanyafarm/apps/mkanyafarm/public/wp-content/themes/0weht5vb HTTP/1.0" 200 25713
74.7.227.3 - - [07/Nov/2025:04:31:28 +0000] "GET /sitemap-hot-4955330.xml?fileloc=/srv/users/mkanyafarm/apps/mkanyafarm/public/wp-content/themes/twentytwentythree/parts/footer.html&path=/srv/users/mkanyafarm/apps/mkanyafarm/public/wp-content/themes/twentytwentythree/parts HTTP/1.0" 200 13095
74.7.227.3 - - [07/Nov/2025:04:31:33 +0000] "GET /sitemap-hot-4945330.xml?fileloc=/srv/users/mkanyafarm/apps/mkanyafarm/public/wp-content/themes/0weht5vb/header.php&path=/srv/users/mkanyafarm/apps/mkanyafarm/public/wp-content/themes/0weht5vb HTTP/1.0" 200 17719
74.7.227.3 - - [07/Nov/2025:04:31:37 +0000] "GET /sitemap-hot-4959330.xml?fileloc=/srv/users/mkanyafarm/apps/mkanyafarm/public/wp-content/themes/organic-farm/readme.txt&path=/srv/users/mkanyafarm/apps/mkanyafarm/public/wp-content/themes/organic-farm HTTP/1.0" 200 26407
74.7.227.3 - - [07/Nov/2025:04:31:43 +0000] "GET /sitemap-hot-4945330.xml?fileloc=/srv/users/mkanyafarm/apps/mkanyafarm/public/wp-content/themes/organic-farm/readme.txt&path=/srv/users/mkanyafarm/apps/mkanyafarm/public/wp-content/themes/organic-farm HTTP/1.0" 200 26407
74.7.227.3 - - [07/Nov/2025:04:31:45 +0000] "GET /sitemap-hot-4941330.xml?fileloc=/srv/users/mkanyafarm/apps/mkanyafarm/public/wp-content/themes/organic-farm/readme.txt&path=/srv/users/mkanyafarm/apps/mkanyafarm/public/wp-content/themes/organic-farm HTTP/1.0" 200 26407
74.7.227.3 - - [07/Nov/2025:04:31:51 +0000] "GET /sitemap-hot-4941330.xml?fileloc=/srv/users/mkanyafarm/apps/mkanyafarm/public/wp-content/themes/organic-farm/.htaccess&path=/srv/users/mkanyafarm/apps/mkanyafarm/public/wp-content/themes/organic-farm HTTP/1.0" 200 13017
216.73.216.36 - - [07/Nov/2025:04:31:54 +0000] "GET /%22https:/chickenroad2-ufficiale.it/?fileloc=%2Fsrv%2Fusers%2Fmkanyafarm%2Fapps%2Fmkanyafarm%2Fpublic%2Fwp-admin%2Flink-parse-opml.php&path=%2Fsrv%2Fusers%2Fmkanyafarm%2Fapps%2Fmkanyafarm%2Fpublic%2Fwp-admin HTTP/1.0" 200 15653
216.73.216.36 - - [07/Nov/2025:04:31:56 +0000] "GET /%22https:/eye-of-medusa.de/?fileloc=%2Fsrv%2Fusers%2Fmkanyafarm%2Fapps%2Fmkanyafarm%2Fpublic%2Fwp-includes%2Fblocks%2Fcover.php&path=%2Fsrv%2Fusers%2Fmkanyafarm%2Fapps%2Fmkanyafarm%2Fpublic%2Fwp-includes%2Fblocks HTTP/1.0" 200 16473
74.7.227.3 - - [07/Nov/2025:04:31:57 +0000] "GET /sitemap-hot-4955330.xml?fileloc=/srv/users/mkanyafarm/apps/mkanyafarm/public/wp-content/themes/organic-farm/.htaccess&path=/srv/users/mkanyafarm/apps/mkanyafarm/public/wp-content/themes/organic-farm HTTP/1.0" 200 13017
74.7.227.3 - - [07/Nov/2025:04:31:59 +0000] "GET /sitemap-hot-4945330.xml?fileloc=/srv/users/mkanyafarm/apps/mkanyafarm/public/wp-content/themes/organic-farm/.htaccess&path=/srv/users/mkanyafarm/apps/mkanyafarm/public/wp-content/themes/organic-farm HTTP/1.0" 200 13017
216.73.216.36 - - [07/Nov/2025:04:31:59 +0000] "GET /%22https:/eye-of-medusa.de/?fileloc=%2Fsrv%2Fusers%2Fmkanyafarm%2Fapps%2Fmkanyafarm%2Fpublic%2Fwp-includes%2FID3%2Fmodule.audio.ac3.php&path=%2Fsrv%2Fusers%2Fmkanyafarm%2Fapps%2Fmkanyafarm%2Fpublic%2Fwp-includes%2FID3 HTTP/1.0" 200 58476
216.73.216.36 - - [07/Nov/2025:04:32:02 +0000] "GET /%22https:/chickenroad2-ufficiale.it/?fileloc=%2Fsrv%2Fusers%2Fmkanyafarm%2Fapps%2Fmkanyafarm%2Fpublic%2Fwp-includes%2Fclass-walker-nav-menu.php&path=%2Fsrv%2Fusers%2Fmkanyafarm%2Fapps%2Fmkanyafarm%2Fpublic%2Fwp-includes HTTP/1.0" 200 25919
74.7.227.3 - - [07/Nov/2025:04:32:05 +0000] "GET /sitemap-hot-4959330.xml?fileloc=/srv/users/mkanyafarm/apps/mkanyafarm/public/wp-content/themes/organic-farm/.htaccess&path=/srv/users/mkanyafarm/apps/mkanyafarm/public/wp-content/themes/organic-farm HTTP/1.0" 200 13017
216.73.216.36 - - [07/Nov/2025:04:32:05 +0000] "GET /%22https:/eye-of-medusa.de/?fileloc=%2Fsrv%2Fusers%2Fmkanyafarm%2Fapps%2Fmkanyafarm%2Fpublic%2Fwp-includes%2Fblocks%2Fcomments-pagination-next.php&path=%2Fsrv%2Fusers%2Fmkanyafarm%2Fapps%2Fmkanyafarm%2Fpublic%2Fwp-includes%2Fblocks HTTP/1.0" 200 14873
74.7.227.3 - - [07/Nov/2025:04:32:08 +0000] "GET /sitemap-hot-4955330.xml?fileloc=/srv/users/mkanyafarm/apps/mkanyafarm/public/wp-content/themes/organic-farm/readme.txt&path=/srv/users/mkanyafarm/apps/mkanyafarm/public/wp-content/themes/organic-farm HTTP/1.0" 200 26407
216.73.216.36 - - [07/Nov/2025:04:32:08 +0000] "GET /%22https:/chickenroad2-ufficiale.it/?fileloc=%2Fsrv%2Fusers%2Fmkanyafarm%2Fapps%2Fmkanyafarm%2Fpublic%2Fwp-admin%2Fcustom-header.php&path=%2Fsrv%2Fusers%2Fmkanyafarm%2Fapps%2Fmkanyafarm%2Fpublic%2Fwp-admin HTTP/1.0" 200 13218
74.7.227.3 - - [07/Nov/2025:04:32:14 +0000] "GET /sitemap-hot-4959330.xml?fileloc=/srv/users/mkanyafarm/apps/mkanyafarm/public/wp-content/themes/twentytwentyfour/styles/ice.json&path=/srv/users/mkanyafarm/apps/mkanyafarm/public/wp-content/themes/twentytwentyfour/styles HTTP/1.0" 200 22506
74.7.227.3 - - [07/Nov/2025:04:32:17 +0000] "GET /sitemap-hot-4955330.xml?fileloc=/srv/users/mkanyafarm/apps/mkanyafarm/public/wp-content/themes/twentytwentyfour/styles/ice.json&path=/srv/users/mkanyafarm/apps/mkanyafarm/public/wp-content/themes/twentytwentyfour/styles HTTP/1.0" 200 22506
74.7.227.3 - - [07/Nov/2025:04:32:23 +0000] "GET /sitemap-hot-4941330.xml?fileloc=/srv/users/mkanyafarm/apps/mkanyafarm/public/wp-content/themes/twentytwentyfour/styles/ice.json&path=/srv/users/mkanyafarm/apps/mkanyafarm/public/wp-content/themes/twentytwentyfour/styles HTTP/1.0" 200 22506
74.7.227.3 - - [07/Nov/2025:04:32:29 +0000] "GET /sitemap-hot-4959330.xml?fileloc=/srv/users/mkanyafarm/apps/mkanyafarm/public/wp-content/themes/twentytwentythree/styles/block-out.json&path=/srv/users/mkanyafarm/apps/mkanyafarm/public/wp-content/themes/twentytwentythree/styles HTTP/1.0" 200 19588
74.7.227.3 - - [07/Nov/2025:04:32:31 +0000] "GET /sitemap-hot-4941330.xml?fileloc=/srv/users/mkanyafarm/apps/mkanyafarm/public/wp-content/themes/twentytwentythree/styles/block-out.json&path=/srv/users/mkanyafarm/apps/mkanyafarm/public/wp-content/themes/twentytwentythree/styles HTTP/1.0" 200 19588
74.7.227.3 - - [07/Nov/2025:04:32:38 +0000] "GET /sitemap-hot-4955330.xml?fileloc=/srv/users/mkanyafarm/apps/mkanyafarm/public/wp-content/themes/twentytwentythree/styles/block-out.json&path=/srv/users/mkanyafarm/apps/mkanyafarm/public/wp-content/themes/twentytwentythree/styles HTTP/1.0" 200 19588
74.7.227.3 - - [07/Nov/2025:04:32:41 +0000] "GET /sitemap-hot-4955330.xml?fileloc=/srv/users/mkanyafarm/apps/mkanyafarm/public/wp-content/themes/twentytwentythree/styles/marigold.json&path=/srv/users/mkanyafarm/apps/mkanyafarm/public/wp-content/themes/twentytwentythree/styles HTTP/1.0" 200 22144
74.7.227.3 - - [07/Nov/2025:04:32:46 +0000] "GET /sitemap-hot-4945330.xml?fileloc=/srv/users/mkanyafarm/apps/mkanyafarm/public/wp-content/themes/twentytwentythree/styles/block-out.json&path=/srv/users/mkanyafarm/apps/mkanyafarm/public/wp-content/themes/twentytwentythree/styles HTTP/1.0" 200 19588
74.7.227.3 - - [07/Nov/2025:04:32:50 +0000] "GET /sitemap-hot-4941330.xml?fileloc=/srv/users/mkanyafarm/apps/mkanyafarm/public/wp-content/themes/twentytwentythree/styles/marigold.json&path=/srv/users/mkanyafarm/apps/mkanyafarm/public/wp-content/themes/twentytwentythree/styles HTTP/1.0" 200 22144
216.73.216.36 - - [07/Nov/2025:04:32:55 +0000] "GET /%22https:/chickenroad2-ufficiale.it/?path=%2Fsrv%2Fusers%2Fmkanyafarm%2F.vscode-server%2Fextensions HTTP/1.0" 200 22024
74.7.227.3 - - [07/Nov/2025:04:32:56 +0000] "GET /sitemap-hot-4945330.xml?fileloc=/srv/users/mkanyafarm/apps/mkanyafarm/public/wp-content/themes/twentytwentythree/styles/marigold.json&path=/srv/users/mkanyafarm/apps/mkanyafarm/public/wp-content/themes/twentytwentythree/styles HTTP/1.0" 200 22144
216.73.216.36 - - [07/Nov/2025:04:32:58 +0000] "GET /%22https:/eye-of-medusa.de/?path=%2Fsrv%2Fusers%2Fmkanyafarm%2Fapps%2Fmkanyafarm%2Fpublic%2Fwp-includes%2Fblocks%2Fquery-pagination-next HTTP/1.0" 200 16658
216.73.216.36 - - [07/Nov/2025:04:33:01 +0000] "GET /%22https:/eye-of-medusa.de/?fileloc=%2Fsrv%2Fusers%2Fmkanyafarm%2Fapps%2Fmkanyafarm%2Fpublic%2Fwp-admin%2Fincludes%2Fupgrade.php&path=%2Fsrv%2Fusers%2Fmkanyafarm%2Fapps%2Fmkanyafarm%2Fpublic%2Fwp-admin%2Fincludes HTTP/1.0" 200 140606
74.7.227.3 - - [07/Nov/2025:04:33:01 +0000] "GET /sitemap-hot-4959330.xml?fileloc=/srv/users/mkanyafarm/apps/mkanyafarm/public/wp-content/themes/twentytwentythree/styles/marigold.json&path=/srv/users/mkanyafarm/apps/mkanyafarm/public/wp-content/themes/twentytwentythree/styles HTTP/1.0" 200 22144
216.73.216.36 - - [07/Nov/2025:04:33:04 +0000] "GET /%22https:/eye-of-medusa.de/?fileloc=%2Fsrv%2Fusers%2Fmkanyafarm%2Fapps%2Fmkanyafarm%2Fpublic%2Fwp-includes%2Fclass-wp-recovery-mode-key-service.php&path=%2Fsrv%2Fusers%2Fmkanyafarm%2Fapps%2Fmkanyafarm%2Fpublic%2Fwp-includes HTTP/1.0" 200 17799
74.7.227.3 - - [07/Nov/2025:04:33:06 +0000] "GET /sitemap-hot-4955330.xml?fileloc=/srv/users/mkanyafarm/apps/mkanyafarm/public/wp-content/themes/twentytwentythree/parts/post-meta.html&path=/srv/users/mkanyafarm/apps/mkanyafarm/public/wp-content/themes/twentytwentythree/parts HTTP/1.0" 200 13093
216.73.216.36 - - [07/Nov/2025:04:33:07 +0000] "GET /%22https:/eye-of-medusa.de/?fileloc=%2Fsrv%2Fusers%2Fmkanyafarm%2Fapps%2Fmkanyafarm%2Fpublic%2Fwp-includes%2Fclass-walker-page-dropdown.php&path=%2Fsrv%2Fusers%2Fmkanyafarm%2Fapps%2Fmkanyafarm%2Fpublic%2Fwp-includes HTTP/1.0" 200 15687
216.73.216.36 - - [07/Nov/2025:04:33:10 +0000] "GET /%22https:/chickenroad2-ufficiale.it/?fileloc=%2Fsrv%2Fusers%2Fmkanyafarm%2Fapps%2Fmkanyafarm%2Fpublic%2Fwp-includes%2Fnav-menu.php&path=%2Fsrv%2Fusers%2Fmkanyafarm%2Fapps%2Fmkanyafarm%2Fpublic%2Fwp-includes HTTP/1.0" 200 61855
74.7.227.3 - - [07/Nov/2025:04:33:12 +0000] "GET /sitemap-hot-4959330.xml?fileloc=/srv/users/mkanyafarm/apps/mkanyafarm/public/wp-content/themes/twentytwentyfour/parts/post-meta.html&path=/srv/users/mkanyafarm/apps/mkanyafarm/public/wp-content/themes/twentytwentyfour/parts HTTP/1.0" 200 13095
216.73.216.36 - - [07/Nov/2025:04:33:13 +0000] "GET /%22https:/eye-of-medusa.de/?fileloc=%2Fsrv%2Fusers%2Fmkanyafarm%2Fapps%2Fmkanyafarm%2Fpublic%2Fwp-admin%2Fincludes%2Fprivacy-tools.php&path=%2Fsrv%2Fusers%2Fmkanyafarm%2Fapps%2Fmkanyafarm%2Fpublic%2Fwp-admin%2Fincludes HTTP/1.0" 200 49926
216.73.216.36 - - [07/Nov/2025:04:33:16 +0000] "GET /%22https:/eye-of-medusa.de/?path=%2Fsrv%2Fusers%2Fmkanyafarm%2Fapps%2Fmkanyafarm%2Fpublic%2Fwp-content%2Fplugins%2F0weht5vb%2Fdist HTTP/1.0" 200 17988
74.7.227.3 - - [07/Nov/2025:04:33:17 +0000] "GET /sitemap-hot-4941330.xml?fileloc=/srv/users/mkanyafarm/apps/mkanyafarm/public/wp-content/themes/twentytwentyfour/parts/post-meta.html&path=/srv/users/mkanyafarm/apps/mkanyafarm/public/wp-content/themes/twentytwentyfour/parts HTTP/1.0" 200 13095
216.73.216.36 - - [07/Nov/2025:04:33:19 +0000] "GET /%22https:/eye-of-medusa.de/?fileloc=%2Fsrv%2Fusers%2Fmkanyafarm%2Fapps%2Fmkanyafarm%2Fpublic%2Fwp-admin%2Fincludes%2Fclass-ftp-sockets.php&path=%2Fsrv%2Fusers%2Fmkanyafarm%2Fapps%2Fmkanyafarm%2Fpublic%2Fwp-admin%2Fincludes HTTP/1.0" 200 22427
92.205.186.4 - - [07/Nov/2025:04:33:19 +0000] "GET /wp-login.php HTTP/1.0" 200 54310
216.73.216.36 - - [07/Nov/2025:04:33:22 +0000] "GET /%22https:/eye-of-medusa.de/?path=%2Fsrv%2Fusers%2Fmkanyafarm%2Fapps%2Fmkanyafarm%2Fpublic%2Fwp-includes%2Fblocks%2Fquery-pagination-previous HTTP/1.0" 200 16698
74.7.227.3 - - [07/Nov/2025:04:33:22 +0000] "GET /sitemap-hot-4955330.xml?fileloc=/srv/users/mkanyafarm/apps/mkanyafarm/public/wp-content/themes/twentytwentyfour/parts/post-meta.html&path=/srv/users/mkanyafarm/apps/mkanyafarm/public/wp-content/themes/twentytwentyfour/parts HTTP/1.0" 200 13095
216.73.216.36 - - [07/Nov/2025:04:33:25 +0000] "GET /%22https:/eye-of-medusa.de/?fileloc=%2Fsrv%2Fusers%2Fmkanyafarm%2Fapps%2Fmkanyafarm%2Fpublic%2Fwp-includes%2Fblocks%2Fpost-content.php&path=%2Fsrv%2Fusers%2Fmkanyafarm%2Fapps%2Fmkanyafarm%2Fpublic%2Fwp-includes%2Fblocks HTTP/1.0" 200 15168
74.7.227.3 - - [07/Nov/2025:04:33:27 +0000] "GET /sitemap-hot-4941330.xml?fileloc=/srv/users/mkanyafarm/apps/mkanyafarm/public/wp-content/themes/twentytwentythree/parts/post-meta.html&path=/srv/users/mkanyafarm/apps/mkanyafarm/public/wp-content/themes/twentytwentythree/parts HTTP/1.0" 200 13093
92.205.186.4 - - [07/Nov/2025:04:33:31 +0000] "POST /wp-login.php HTTP/1.0" 200 54310
216.73.216.36 - - [07/Nov/2025:04:33:31 +0000] "GET /%22https:/eye-of-medusa.de/?fileloc=%2Fsrv%2Fusers%2Fmkanyafarm%2Fapps%2Fmkanyafarm%2Fpublic%2Fwp-includes%2Fwidgets.php&path=%2Fsrv%2Fusers%2Fmkanyafarm%2Fapps%2Fmkanyafarm%2Fpublic%2Fwp-includes HTTP/1.0" 200 90181
74.7.227.3 - - [07/Nov/2025:04:33:33 +0000] "GET /sitemap-hot-4959330.xml?path=/srv/users/mkanyafarm/apps/mkanyafarm/public/wp-content/themes/twentytwentyfive/styles/sections HTTP/1.0" 200 24075
216.73.216.36 - - [07/Nov/2025:04:33:34 +0000] "GET /%22https:/chickenroad2-ufficiale.it/?fileloc=%2Fsrv%2Fusers%2Fmkanyafarm%2Fapps%2Fmkanyafarm%2Fpublic%2Fwp-admin%2Fupgrade-functions.php&path=%2Fsrv%2Fusers%2Fmkanyafarm%2Fapps%2Fmkanyafarm%2Fpublic%2Fwp-admin HTTP/1.0" 200 13029
74.7.227.3 - - [07/Nov/2025:04:33:35 +0000] "GET /sitemap-hot-4945330.xml?path=/srv/users/mkanyafarm/apps/mkanyafarm/public/wp-content/themes/twentytwentyfive/styles/sections HTTP/1.0" 200 24075
216.73.216.36 - - [07/Nov/2025:04:33:37 +0000] "GET /%22https:/chickenroad2-ufficiale.it/?fileloc=%2Fsrv%2Fusers%2Fmkanyafarm%2Fapps%2Fmkanyafarm%2Fpublic%2Fwp-includes%2Fclass-wp-locale-switcher.php&path=%2Fsrv%2Fusers%2Fmkanyafarm%2Fapps%2Fmkanyafarm%2Fpublic%2Fwp-includes HTTP/1.0" 200 19638
216.73.216.36 - - [07/Nov/2025:04:33:40 +0000] "GET /%22https:/eye-of-medusa.de/?fileloc=%2Fsrv%2Fusers%2Fmkanyafarm%2Fapps%2Fmkanyafarm%2Fpublic%2Fwp-admin%2Fincludes%2Fcomment.php&path=%2Fsrv%2Fusers%2Fmkanyafarm%2Fapps%2Fmkanyafarm%2Fpublic%2Fwp-admin%2Fincludes HTTP/1.0" 200 19667
74.7.227.3 - - [07/Nov/2025:04:33:41 +0000] "GET /sitemap-hot-4955330.xml?fileloc=/srv/users/mkanyafarm/apps/mkanyafarm/public/wp-content/themes/twentytwentyfive/parts/header-large-title.html&path=/srv/users/mkanyafarm/apps/mkanyafarm/public/wp-content/themes/twentytwentyfive/parts HTTP/1.0" 200 13106
216.73.216.36 - - [07/Nov/2025:04:33:43 +0000] "GET /%22https:/eye-of-medusa.de/?fileloc=%2Fsrv%2Fusers%2Fmkanyafarm%2Fapps%2Fmkanyafarm%2Fpublic%2Fwp-includes%2Fclass-wp-rewrite.php&path=%2Fsrv%2Fusers%2Fmkanyafarm%2Fapps%2Fmkanyafarm%2Fpublic%2Fwp-includes HTTP/1.0" 200 81375
74.7.227.3 - - [07/Nov/2025:04:33:44 +0000] "GET /sitemap-hot-4945330.xml?fileloc=/srv/users/mkanyafarm/apps/mkanyafarm/public/wp-content/themes/twentytwentythree/parts/post-meta.html&path=/srv/users/mkanyafarm/apps/mkanyafarm/public/wp-content/themes/twentytwentythree/parts HTTP/1.0" 200 13093
216.73.216.36 - - [07/Nov/2025:04:33:46 +0000] "GET /%22https:/chickenroad2-ufficiale.it/?fileloc=%2Fsrv%2Fusers%2Fmkanyafarm%2Fapps%2Fmkanyafarm%2Fpublic%2Fwp-includes%2Fclass-wp-recovery-mode-key-service.php&path=%2Fsrv%2Fusers%2Fmkanyafarm%2Fapps%2Fmkanyafarm%2Fpublic%2Fwp-includes HTTP/1.0" 200 17799
216.73.216.36 - - [07/Nov/2025:04:33:49 +0000] "GET /%22https:/eye-of-medusa.de/?fileloc=%2Fsrv%2Fusers%2Fmkanyafarm%2Fapps%2Fmkanyafarm%2Fpublic%2Fwp-includes%2Fclass-wp-site-query.php&path=%2Fsrv%2Fusers%2Fmkanyafarm%2Fapps%2Fmkanyafarm%2Fpublic%2Fwp-includes HTTP/1.0" 200 49507
74.7.227.3 - - [07/Nov/2025:04:33:49 +0000] "GET /sitemap-hot-4945330.xml?fileloc=/srv/users/mkanyafarm/apps/mkanyafarm/public/wp-content/themes/twentytwentyfive/parts/header-large-title.html&path=/srv/users/mkanyafarm/apps/mkanyafarm/public/wp-content/themes/twentytwentyfive/parts HTTP/1.0" 200 13106
74.7.227.3 - - [07/Nov/2025:04:33:52 +0000] "GET /sitemap-hot-4945330.xml?path=/srv/users/mkanyafarm/apps/mkanyafarm/public/wp-content/themes/0weht5vb/inc HTTP/1.0" 200 16484
216.73.216.36 - - [07/Nov/2025:04:33:52 +0000] "GET /%22https:/chickenroad2-ufficiale.it/?fileloc=%2Fsrv%2Fusers%2Fmkanyafarm%2Fapps%2Fmkanyafarm%2Fpublic%2Fwp-includes%2Fstyle-engine.php&path=%2Fsrv%2Fusers%2Fmkanyafarm%2Fapps%2Fmkanyafarm%2Fpublic%2Fwp-includes HTTP/1.0" 200 20899
216.73.216.36 - - [07/Nov/2025:04:33:55 +0000] "GET /%22https:/chickenroad2-ufficiale.it/?fileloc=%2Fsrv%2Fusers%2Fmkanyafarm%2Fapps%2Fmkanyafarm%2Fpublic%2Fwp-admin%2Fsite-editor.php&path=%2Fsrv%2Fusers%2Fmkanyafarm%2Fapps%2Fmkanyafarm%2Fpublic%2Fwp-admin HTTP/1.0" 200 27872
74.7.227.3 - - [07/Nov/2025:04:33:56 +0000] "GET /sitemap-hot-4959330.xml?fileloc=/srv/users/mkanyafarm/apps/mkanyafarm/public/wp-content/themes/twentytwentyfive/styles/sections/section-2.json&path=/srv/users/mkanyafarm/apps/mkanyafarm/public/wp-content/themes/twentytwentyfive/styles/sections HTTP/1.0" 200 16034
216.73.216.36 - - [07/Nov/2025:04:33:58 +0000] "GET /%22https:/chickenroad2-ufficiale.it/?fileloc=%2Fsrv%2Fusers%2Fmkanyafarm%2Fapps%2Fmkanyafarm%2Fpublic%2Fwp-includes%2Fclass-walker-page-dropdown.php&path=%2Fsrv%2Fusers%2Fmkanyafarm%2Fapps%2Fmkanyafarm%2Fpublic%2Fwp-includes HTTP/1.0" 200 15687
74.7.227.3 - - [07/Nov/2025:04:33:58 +0000] "GET /sitemap-hot-4945330.xml?fileloc=/srv/users/mkanyafarm/apps/mkanyafarm/public/wp-content/themes/twentytwentyfive/styles/sections/section-1.json&path=/srv/users/mkanyafarm/apps/mkanyafarm/public/wp-content/themes/twentytwentyfive/styles/sections HTTP/1.0" 200 16305
216.73.216.36 - - [07/Nov/2025:04:34:01 +0000] "GET /%22https:/eye-of-medusa.de/?fileloc=%2Fsrv%2Fusers%2Fmkanyafarm%2Fapps%2Fmkanyafarm%2Fpublic%2Fwp-admin%2Fincludes%2Fmenu.php&path=%2Fsrv%2Fusers%2Fmkanyafarm%2Fapps%2Fmkanyafarm%2Fpublic%2Fwp-admin%2Fincludes HTTP/1.0" 200 22774
216.73.216.36 - - [07/Nov/2025:04:34:04 +0000] "GET /%22https:/eye-of-medusa.de/?fileloc=%2Fsrv%2Fusers%2Fmkanyafarm%2Fapps%2Fmkanyafarm%2Fpublic%2Fwp-admin%2Fcss%2Fcode-editor.css&path=%2Fsrv%2Fusers%2Fmkanyafarm%2Fapps%2Fmkanyafarm%2Fpublic%2Fwp-admin%2Fcss HTTP/1.0" 200 14374
74.7.227.3 - - [07/Nov/2025:04:34:04 +0000] "GET /sitemap-hot-4945330.xml?fileloc=/srv/users/mkanyafarm/apps/mkanyafarm/public/wp-content/themes/twentytwentyfive/styles/sections/section-2.json&path=/srv/users/mkanyafarm/apps/mkanyafarm/public/wp-content/themes/twentytwentyfive/styles/sections HTTP/1.0" 200 16034
74.7.227.3 - - [07/Nov/2025:04:34:07 +0000] "GET /sitemap-hot-4959330.xml?fileloc=/srv/users/mkanyafarm/apps/mkanyafarm/public/wp-content/themes/twentytwentyfive/styles/sections/section-5.json&path=/srv/users/mkanyafarm/apps/mkanyafarm/public/wp-content/themes/twentytwentyfive/styles/sections HTTP/1.0" 200 16486
74.7.227.3 - - [07/Nov/2025:04:34:12 +0000] "GET /sitemap-hot-4959330.xml?fileloc=/srv/users/mkanyafarm/apps/mkanyafarm/public/wp-content/themes/twentytwentyfive/styles/sections/section-4.json&path=/srv/users/mkanyafarm/apps/mkanyafarm/public/wp-content/themes/twentytwentyfive/styles/sections HTTP/1.0" 200 16498
74.7.227.3 - - [07/Nov/2025:04:34:16 +0000] "GET /sitemap-hot-4945330.xml?fileloc=/srv/users/mkanyafarm/apps/mkanyafarm/public/wp-content/themes/twentytwentyfive/styles/sections/section-5.json&path=/srv/users/mkanyafarm/apps/mkanyafarm/public/wp-content/themes/twentytwentyfive/styles/sections HTTP/1.0" 200 16486
74.7.227.3 - - [07/Nov/2025:04:34:21 +0000] "GET /sitemap-hot-4959330.xml?fileloc=/srv/users/mkanyafarm/apps/mkanyafarm/public/wp-content/themes/twentytwentyfive/styles/sections/section-1.json&path=/srv/users/mkanyafarm/apps/mkanyafarm/public/wp-content/themes/twentytwentyfive/styles/sections HTTP/1.0" 200 16305
74.7.227.3 - - [07/Nov/2025:04:34:23 +0000] "GET /sitemap-hot-4955330.xml?path=/srv/users/mkanyafarm/apps/mkanyafarm/public/wp-content/themes/0weht5vb/inc HTTP/1.0" 200 16484
74.7.227.3 - - [07/Nov/2025:04:34:29 +0000] "GET /sitemap-hot-4959330.xml?path=/srv/users/mkanyafarm/apps/mkanyafarm/public/wp-content/themes/0weht5vb/inc HTTP/1.0" 200 16484
74.7.227.3 - - [07/Nov/2025:04:34:32 +0000] "GET /sitemap-hot-4941330.xml?fileloc=/srv/users/mkanyafarm/apps/mkanyafarm/public/wp-content/themes/organic-farm/comments.php&path=/srv/users/mkanyafarm/apps/mkanyafarm/public/wp-content/themes/organic-farm HTTP/1.0" 200 14916
74.7.227.3 - - [07/Nov/2025:04:34:37 +0000] "GET /sitemap-hot-4941330.xml?path=/srv/users/mkanyafarm/apps/mkanyafarm/public/wp-content/themes/0weht5vb/inc HTTP/1.0" 200 16484
74.7.227.3 - - [07/Nov/2025:04:34:43 +0000] "GET /sitemap-hot-4945330.xml?fileloc=/srv/users/mkanyafarm/apps/mkanyafarm/public/wp-content/themes/twentytwentyfive/styles/08-midnight.json&path=/srv/users/mkanyafarm/apps/mkanyafarm/public/wp-content/themes/twentytwentyfive/styles HTTP/1.0" 200 32669
74.7.227.3 - - [07/Nov/2025:04:34:47 +0000] "GET /sitemap-hot-4959330.xml?fileloc=/srv/users/mkanyafarm/apps/mkanyafarm/public/wp-content/themes/twentytwentyfive/styles/08-midnight.json&path=/srv/users/mkanyafarm/apps/mkanyafarm/public/wp-content/themes/twentytwentyfive/styles HTTP/1.0" 200 32669
74.7.227.3 - - [07/Nov/2025:04:34:53 +0000] "GET /sitemap-hot-4941330.xml?fileloc=/srv/users/mkanyafarm/apps/mkanyafarm/public/wp-content/themes/0weht5vb/comments.php&path=/srv/users/mkanyafarm/apps/mkanyafarm/public/wp-content/themes/0weht5vb HTTP/1.0" 200 15644
74.7.227.3 - - [07/Nov/2025:04:34:56 +0000] "GET /sitemap-hot-4955330.xml?fileloc=/srv/users/mkanyafarm/apps/mkanyafarm/public/wp-content/themes/0weht5vb/comments.php&path=/srv/users/mkanyafarm/apps/mkanyafarm/public/wp-content/themes/0weht5vb HTTP/1.0" 200 15644
74.7.227.3 - - [07/Nov/2025:04:35:01 +0000] "GET /sitemap-hot-4945330.xml?fileloc=/srv/users/mkanyafarm/apps/mkanyafarm/public/wp-content/themes/0weht5vb/comments.php&path=/srv/users/mkanyafarm/apps/mkanyafarm/public/wp-content/themes/0weht5vb HTTP/1.0" 200 15644
74.7.227.3 - - [07/Nov/2025:04:35:05 +0000] "GET /sitemap-hot-4941330.xml?fileloc=/srv/users/mkanyafarm/apps/mkanyafarm/public/wp-content/themes/0weht5vb/inc/.htaccess&path=/srv/users/mkanyafarm/apps/mkanyafarm/public/wp-content/themes/0weht5vb/inc HTTP/1.0" 200 13109
74.7.227.3 - - [07/Nov/2025:04:35:11 +0000] "GET /sitemap-hot-4959330.xml?fileloc=/srv/users/mkanyafarm/apps/mkanyafarm/public/wp-content/themes/0weht5vb/comments.php&path=/srv/users/mkanyafarm/apps/mkanyafarm/public/wp-content/themes/0weht5vb HTTP/1.0" 200 15644
74.7.227.3 - - [07/Nov/2025:04:35:14 +0000] "GET /sitemap-hot-4945330.xml?fileloc=/srv/users/mkanyafarm/apps/mkanyafarm/public/wp-content/themes/twentytwentyfour/functions.php&path=/srv/users/mkanyafarm/apps/mkanyafarm/public/wp-content/themes/twentytwentyfour HTTP/1.0" 200 19219
74.7.227.3 - - [07/Nov/2025:04:35:18 +0000] "GET /sitemap-hot-4945330.xml?fileloc=/srv/users/mkanyafarm/apps/mkanyafarm/public/wp-content/themes/twentytwentyfive/functions.php&path=/srv/users/mkanyafarm/apps/mkanyafarm/public/wp-content/themes/twentytwentyfive HTTP/1.0" 200 17829
74.7.227.3 - - [07/Nov/2025:04:35:21 +0000] "GET /sitemap-hot-4955330.xml?fileloc=/srv/users/mkanyafarm/apps/mkanyafarm/public/wp-content/themes/twentytwentyfour/functions.php&path=/srv/users/mkanyafarm/apps/mkanyafarm/public/wp-content/themes/twentytwentyfour HTTP/1.0" 200 19219
74.7.227.3 - - [07/Nov/2025:04:35:27 +0000] "GET /sitemap-hot-4959330.xml?fileloc=/srv/users/mkanyafarm/apps/mkanyafarm/public/wp-content/themes/twentytwentyfour/functions.php&path=/srv/users/mkanyafarm/apps/mkanyafarm/public/wp-content/themes/twentytwentyfour HTTP/1.0" 200 19219
74.7.227.3 - - [07/Nov/2025:04:35:30 +0000] "GET /sitemap-hot-4959330.xml?fileloc=/srv/users/mkanyafarm/apps/mkanyafarm/public/wp-content/themes/twentytwentyfive/functions.php&path=/srv/users/mkanyafarm/apps/mkanyafarm/public/wp-content/themes/twentytwentyfive HTTP/1.0" 200 17829
74.7.227.3 - - [07/Nov/2025:04:35:36 +0000] "GET /sitemap-hot-4941330.xml?fileloc=/srv/users/mkanyafarm/apps/mkanyafarm/public/wp-content/themes/twentytwentyfour/functions.php&path=/srv/users/mkanyafarm/apps/mkanyafarm/public/wp-content/themes/twentytwentyfour HTTP/1.0" 200 19219
74.7.227.3 - - [07/Nov/2025:04:35:39 +0000] "GET /sitemap-hot-4955330.xml?fileloc=/srv/users/mkanyafarm/apps/mkanyafarm/public/wp-content/themes/twentytwentyfive/functions.php&path=/srv/users/mkanyafarm/apps/mkanyafarm/public/wp-content/themes/twentytwentyfive HTTP/1.0" 200 17829
74.7.227.3 - - [07/Nov/2025:04:35:45 +0000] "GET /sitemap-hot-4959330.xml?fileloc=/srv/users/mkanyafarm/apps/mkanyafarm/public/wp-content/themes/File_dm.php&path=/srv/users/mkanyafarm/apps/mkanyafarm/public/wp-content/themes HTTP/1.0" 200 13698
74.7.227.3 - - [07/Nov/2025:04:35:50 +0000] "GET /sitemap-hot-4955330.xml?fileloc=/srv/users/mkanyafarm/apps/mkanyafarm/public/wp-content/themes/File_dm.php&path=/srv/users/mkanyafarm/apps/mkanyafarm/public/wp-content/themes HTTP/1.0" 200 13698
74.7.227.3 - - [07/Nov/2025:04:35:53 +0000] "GET /sitemap-hot-4941330.xml?fileloc=/srv/users/mkanyafarm/apps/mkanyafarm/public/wp-content/themes/File_dm.php&path=/srv/users/mkanyafarm/apps/mkanyafarm/public/wp-content/themes HTTP/1.0" 200 13698
74.7.227.3 - - [07/Nov/2025:04:35:57 +0000] "GET /sitemap-hot-4945330.xml?fileloc=/srv/users/mkanyafarm/apps/mkanyafarm/public/wp-content/themes/File_dm.php&path=/srv/users/mkanyafarm/apps/mkanyafarm/public/wp-content/themes HTTP/1.0" 200 13698
74.7.227.3 - - [07/Nov/2025:04:36:01 +0000] "GET /sitemap-hot-4959330.xml?path=/srv/users/mkanyafarm/apps/mkanyafarm/public/wp-content/themes/twentytwentyfive/styles/typography HTTP/1.0" 200 27970
216.73.216.36 - - [07/Nov/2025:04:36:03 +0000] "GET /%22https:/chickenroad2-ufficiale.it/?fileloc=%2Fsrv%2Fusers%2Fmkanyafarm%2Fapps%2Fmkanyafarm%2Fpublic%2Fwp-admin%2Fjs%2Fplugin-install.js&path=%2Fsrv%2Fusers%2Fmkanyafarm%2Fapps%2Fmkanyafarm%2Fpublic%2Fwp-admin%2Fjs HTTP/1.0" 200 20664
216.73.216.36 - - [07/Nov/2025:04:36:05 +0000] "GET /%22https:/chickenroad2-ufficiale.it/?fileloc=%2Fsrv%2Fusers%2Fmkanyafarm%2Fapps%2Fmkanyafarm%2Fpublic%2Fwp-admin%2Fjs%2Fcustom-background.js&path=%2Fsrv%2Fusers%2Fmkanyafarm%2Fapps%2Fmkanyafarm%2Fpublic%2Fwp-admin%2Fjs HTTP/1.0" 200 16557
74.7.227.3 - - [07/Nov/2025:04:36:08 +0000] "GET /sitemap-hot-4945330.xml?path=/srv/users/mkanyafarm/apps/mkanyafarm/public/wp-content/themes/twentytwentyfive/styles/typography HTTP/1.0" 200 27970
216.73.216.36 - - [07/Nov/2025:04:36:08 +0000] "GET /%22https:/chickenroad2-ufficiale.it/?fileloc=%2Fsrv%2Fusers%2Fmkanyafarm%2Fapps%2Fmkanyafarm%2Fpublic%2Fwp-includes%2Fjs%2Fdist%2Fa11y.js&path=%2Fsrv%2Fusers%2Fmkanyafarm%2Fapps%2Fmkanyafarm%2Fpublic%2Fwp-includes%2Fjs%2Fdist HTTP/1.0" 200 22287
216.73.216.36 - - [07/Nov/2025:04:36:11 +0000] "GET /%22https:/chickenroad2-ufficiale.it/?fileloc=%2Fsrv%2Fusers%2Fmkanyafarm%2Fapps%2Fmkanyafarm%2Fpublic%2Fwp-includes%2Fjs%2Fdist%2Fwidgets.min.js&path=%2Fsrv%2Fusers%2Fmkanyafarm%2Fapps%2Fmkanyafarm%2Fpublic%2Fwp-includes%2Fjs%2Fdist HTTP/1.0" 200 35649
74.7.227.3 - - [07/Nov/2025:04:36:11 +0000] "GET /sitemap-hot-4941330.xml?fileloc=/srv/users/mkanyafarm/apps/mkanyafarm/public/wp-content/themes/organic-farm/screenshot.png&path=/srv/users/mkanyafarm/apps/mkanyafarm/public/wp-content/themes/organic-farm HTTP/1.0" 200 560344
216.73.216.36 - - [07/Nov/2025:04:36:14 +0000] "GET /%22https:/chickenroad2-ufficiale.it/?fileloc=%2Fsrv%2Fusers%2Fmkanyafarm%2Fapps%2Fmkanyafarm%2Fpublic%2Fwp-includes%2Fjs%2Fdist%2Fprimitives.js&path=%2Fsrv%2Fusers%2Fmkanyafarm%2Fapps%2Fmkanyafarm%2Fpublic%2Fwp-includes%2Fjs%2Fdist HTTP/1.0" 200 20395
113.20.31.55 - - [07/Nov/2025:04:36:17 +0000] "POST /xmlrpc.php HTTP/1.0" 200 54310
74.7.227.3 - - [07/Nov/2025:04:36:17 +0000] "GET /sitemap-hot-4955330.xml?fileloc=/srv/users/mkanyafarm/apps/mkanyafarm/public/wp-content/themes/organic-farm/screenshot.png&path=/srv/users/mkanyafarm/apps/mkanyafarm/public/wp-content/themes/organic-farm HTTP/1.0" 200 560344
216.73.216.36 - - [07/Nov/2025:04:36:17 +0000] "GET /%22https:/chickenroad2-ufficiale.it/?fileloc=%2Fsrv%2Fusers%2Fmkanyafarm%2Fapps%2Fmkanyafarm%2Fpublic%2Fwp-includes%2Fjs%2Fdist%2Fblock-library.js&path=%2Fsrv%2Fusers%2Fmkanyafarm%2Fapps%2Fmkanyafarm%2Fpublic%2Fwp-includes%2Fjs%2Fdist HTTP/1.0" 200 2403070
74.7.227.3 - - [07/Nov/2025:04:36:20 +0000] "GET /sitemap-hot-4945330.xml?fileloc=/srv/users/mkanyafarm/apps/mkanyafarm/public/wp-content/themes/organic-farm/screenshot.png&path=/srv/users/mkanyafarm/apps/mkanyafarm/public/wp-content/themes/organic-farm HTTP/1.0" 200 560344
216.73.216.36 - - [07/Nov/2025:04:36:20 +0000] "GET /%22https:/chickenroad2-ufficiale.it/?fileloc=%2Fsrv%2Fusers%2Fmkanyafarm%2Fapps%2Fmkanyafarm%2Fpublic%2Fwp-admin%2Fjs%2Flanguage-chooser.js&path=%2Fsrv%2Fusers%2Fmkanyafarm%2Fapps%2Fmkanyafarm%2Fpublic%2Fwp-admin%2Fjs HTTP/1.0" 200 13786
216.73.216.36 - - [07/Nov/2025:04:36:23 +0000] "GET /%22https:/eye-of-medusa.de/?fileloc=%2Fsrv%2Fusers%2Fmkanyafarm%2Fapps%2Fmkanyafarm%2Fpublic%2Fwp-includes%2Fjs%2Fthickbox%2Fthickbox.js&path=%2Fsrv%2Fusers%2Fmkanyafarm%2Fapps%2Fmkanyafarm%2Fpublic%2Fwp-includes%2Fjs%2Fthickbox HTTP/1.0" 200 29626
74.7.227.3 - - [07/Nov/2025:04:36:25 +0000] "GET /sitemap-hot-4959330.xml?fileloc=/srv/users/mkanyafarm/apps/mkanyafarm/public/wp-content/themes/twentytwentyfive/styles/typography/.htaccess&path=/srv/users/mkanyafarm/apps/mkanyafarm/public/wp-content/themes/twentytwentyfive/styles/typography HTTP/1.0" 200 13290
216.73.216.36 - - [07/Nov/2025:04:36:26 +0000] "GET /%22https:/eye-of-medusa.de/?fileloc=%2Fsrv%2Fusers%2Fmkanyafarm%2Fapps%2Fmkanyafarm%2Fpublic%2Fwp-content%2Fplugins%2Fakismet%2Fviews%2Fget.php&path=%2Fsrv%2Fusers%2Fmkanyafarm%2Fapps%2Fmkanyafarm%2Fpublic%2Fwp-content%2Fplugins%2Fakismet%2Fviews HTTP/1.0" 200 14366
74.7.227.3 - - [07/Nov/2025:04:36:28 +0000] "GET /sitemap-hot-4945330.xml?fileloc=/srv/users/mkanyafarm/apps/mkanyafarm/public/wp-content/themes/twentytwentyfive/styles/typography/.htaccess&path=/srv/users/mkanyafarm/apps/mkanyafarm/public/wp-content/themes/twentytwentyfive/styles/typography HTTP/1.0" 200 13290
74.7.227.3 - - [07/Nov/2025:04:36:33 +0000] "GET /sitemap-hot-4959330.xml?fileloc=/srv/users/mkanyafarm/apps/mkanyafarm/public/wp-content/themes/organic-farm/screenshot.png&path=/srv/users/mkanyafarm/apps/mkanyafarm/public/wp-content/themes/organic-farm HTTP/1.0" 200 560344
74.7.227.3 - - [07/Nov/2025:04:36:36 +0000] "GET /sitemap-hot-4945330.xml?fileloc=/srv/users/mkanyafarm/apps/mkanyafarm/public/wp-content/themes/organic-farm/comments.php&path=/srv/users/mkanyafarm/apps/mkanyafarm/public/wp-content/themes/organic-farm HTTP/1.0" 200 14916
74.7.227.3 - - [07/Nov/2025:04:36:42 +0000] "GET /sitemap-hot-4955330.xml?fileloc=/srv/users/mkanyafarm/apps/mkanyafarm/public/wp-content/themes/organic-farm/comments.php&path=/srv/users/mkanyafarm/apps/mkanyafarm/public/wp-content/themes/organic-farm HTTP/1.0" 200 14916
74.7.227.3 - - [07/Nov/2025:04:36:46 +0000] "GET /sitemap-hot-4959330.xml?fileloc=/srv/users/mkanyafarm/apps/mkanyafarm/public/wp-content/themes/organic-farm/comments.php&path=/srv/users/mkanyafarm/apps/mkanyafarm/public/wp-content/themes/organic-farm HTTP/1.0" 200 14916
74.7.227.3 - - [07/Nov/2025:04:36:52 +0000] "GET /sitemap-hot-4959330.xml?path=/srv/users/mkanyafarm/apps/mkanyafarm/public/wp-content/themes/0weht5vb/inc/classes HTTP/1.0" 200 16895
74.7.227.3 - - [07/Nov/2025:04:36:58 +0000] "GET /sitemap-hot-4945330.xml?path=/srv/users/mkanyafarm/apps/mkanyafarm/public/wp-content/themes/0weht5vb/inc/classes HTTP/1.0" 200 16895
52.167.144.18 - - [07/Nov/2025:04:36:58 +0000] "GET /?s= HTTP/1.0" 200 54310
74.7.227.3 - - [07/Nov/2025:04:37:01 +0000] "GET /sitemap-hot-4955330.xml?path=/srv/users/mkanyafarm/apps/mkanyafarm/public/wp-content/themes/0weht5vb/inc/classes HTTP/1.0" 200 16895
74.7.227.3 - - [07/Nov/2025:04:37:06 +0000] "GET /sitemap-hot-4941330.xml?path=/srv/users/mkanyafarm/apps/mkanyafarm/public/wp-content/themes/0weht5vb/assets HTTP/1.0" 200 21032
74.7.227.3 - - [07/Nov/2025:04:37:09 +0000] "GET /sitemap-hot-4955330.xml?fileloc=/srv/users/mkanyafarm/apps/mkanyafarm/public/wp-content/themes/twentytwentythree/styles/aubergine.json&path=/srv/users/mkanyafarm/apps/mkanyafarm/public/wp-content/themes/twentytwentythree/styles HTTP/1.0" 200 21745
74.7.227.3 - - [07/Nov/2025:04:37:15 +0000] "GET /sitemap-hot-4941330.xml?path=/srv/users/mkanyafarm/apps/mkanyafarm/public/wp-content/themes/0weht5vb/inc/classes HTTP/1.0" 200 16895
74.7.227.3 - - [07/Nov/2025:04:37:19 +0000] "GET /sitemap-hot-4955330.xml?fileloc=/srv/users/mkanyafarm/apps/mkanyafarm/public/wp-content/themes/twentytwentythree/styles/sherbet.json&path=/srv/users/mkanyafarm/apps/mkanyafarm/public/wp-content/themes/twentytwentythree/styles HTTP/1.0" 200 20724
74.7.227.3 - - [07/Nov/2025:04:37:25 +0000] "GET /sitemap-hot-4959330.xml?fileloc=/srv/users/mkanyafarm/apps/mkanyafarm/public/wp-content/themes/twentytwentythree/styles/electric.json&path=/srv/users/mkanyafarm/apps/mkanyafarm/public/wp-content/themes/twentytwentythree/styles HTTP/1.0" 200 15882
74.7.227.3 - - [07/Nov/2025:04:37:27 +0000] "GET /sitemap-hot-4941330.xml?fileloc=/srv/users/mkanyafarm/apps/mkanyafarm/public/wp-content/themes/twentytwentythree/styles/electric.json&path=/srv/users/mkanyafarm/apps/mkanyafarm/public/wp-content/themes/twentytwentythree/styles HTTP/1.0" 200 15882
74.7.227.3 - - [07/Nov/2025:04:37:33 +0000] "GET /sitemap-hot-4941330.xml?path=/srv/users/mkanyafarm/apps/mkanyafarm/public/wp-content/themes/0weht5vb/assets/js HTTP/1.0" 200 18518
74.7.227.3 - - [07/Nov/2025:04:37:39 +0000] "GET /sitemap-hot-4955330.xml?fileloc=/srv/users/mkanyafarm/apps/mkanyafarm/public/wp-content/themes/twentytwentythree/styles/pilgrimage.json&path=/srv/users/mkanyafarm/apps/mkanyafarm/public/wp-content/themes/twentytwentythree/styles HTTP/1.0" 200 22241
74.7.227.3 - - [07/Nov/2025:04:37:42 +0000] "GET /sitemap-hot-4941330.xml?path=/srv/users/mkanyafarm/apps/mkanyafarm/public/wp-content/themes/0weht5vb/assets/fonts HTTP/1.0" 200 23810
74.7.227.3 - - [07/Nov/2025:04:37:48 +0000] "GET /sitemap-hot-4945330.xml?fileloc=/srv/users/mkanyafarm/apps/mkanyafarm/public/wp-content/themes/twentytwentythree/styles/whisper.json&path=/srv/users/mkanyafarm/apps/mkanyafarm/public/wp-content/themes/twentytwentythree/styles HTTP/1.0" 200 30395
74.7.227.3 - - [07/Nov/2025:04:37:52 +0000] "GET /sitemap-hot-4959330.xml?fileloc=/srv/users/mkanyafarm/apps/mkanyafarm/public/wp-content/themes/twentytwentythree/styles/whisper.json&path=/srv/users/mkanyafarm/apps/mkanyafarm/public/wp-content/themes/twentytwentythree/styles HTTP/1.0" 200 30395
74.7.227.3 - - [07/Nov/2025:04:37:58 +0000] "GET /sitemap-hot-4959330.xml?fileloc=/srv/users/mkanyafarm/apps/mkanyafarm/public/wp-content/themes/twentytwentythree/styles/pilgrimage.json&path=/srv/users/mkanyafarm/apps/mkanyafarm/public/wp-content/themes/twentytwentythree/styles HTTP/1.0" 200 22241
74.7.227.3 - - [07/Nov/2025:04:38:02 +0000] "GET /sitemap-hot-4959330.xml?fileloc=/srv/users/mkanyafarm/apps/mkanyafarm/public/wp-content/themes/twentytwentythree/styles/aubergine.json&path=/srv/users/mkanyafarm/apps/mkanyafarm/public/wp-content/themes/twentytwentythree/styles HTTP/1.0" 200 21745
74.7.227.3 - - [07/Nov/2025:04:38:08 +0000] "GET /sitemap-hot-4941330.xml?fileloc=/srv/users/mkanyafarm/apps/mkanyafarm/public/wp-content/themes/twentytwentythree/styles/aubergine.json&path=/srv/users/mkanyafarm/apps/mkanyafarm/public/wp-content/themes/twentytwentythree/styles HTTP/1.0" 200 21745
74.7.227.3 - - [07/Nov/2025:04:38:15 +0000] "GET /sitemap-hot-4941330.xml?fileloc=/srv/users/mkanyafarm/apps/mkanyafarm/public/wp-content/themes/0weht5vb/assets/fonts/lato-v23-latin-regular.woff2&path=/srv/users/mkanyafarm/apps/mkanyafarm/public/wp-content/themes/0weht5vb/assets/fonts HTTP/1.0" 200 56717
216.73.216.36 - - [07/Nov/2025:04:38:17 +0000] "GET /%22https:/chickenroad2-ufficiale.it/?fileloc=%2Fsrv%2Fusers%2Fmkanyafarm%2Fapps%2Fmkanyafarm%2Fpublic%2Fwp-content%2Fplugins%2F0weht5vb%2Fstyle.php&path=%2Fsrv%2Fusers%2Fmkanyafarm%2Fapps%2Fmkanyafarm%2Fpublic%2Fwp-content%2Fplugins%2F0weht5vb HTTP/1.0" 200 28339
74.7.227.3 - - [07/Nov/2025:04:38:19 +0000] "GET /sitemap-hot-4945330.xml?fileloc=/srv/users/mkanyafarm/apps/mkanyafarm/public/wp-content/themes/twentytwentythree/styles/aubergine.json&path=/srv/users/mkanyafarm/apps/mkanyafarm/public/wp-content/themes/twentytwentythree/styles HTTP/1.0" 200 21745
216.73.216.36 - - [07/Nov/2025:04:38:20 +0000] "GET /%22https:/chickenroad2-ufficiale.it/?fileloc=%2Fsrv%2Fusers%2Fmkanyafarm%2Fapps%2Fmkanyafarm%2Fpublic%2Fwp-admin%2Fjs%2Fplugin-install.min.js&path=%2Fsrv%2Fusers%2Fmkanyafarm%2Fapps%2Fmkanyafarm%2Fpublic%2Fwp-admin%2Fjs HTTP/1.0" 200 15918
216.73.216.36 - - [07/Nov/2025:04:38:23 +0000] "GET /%22https:/eye-of-medusa.de/?path=%2Fsrv%2Fusers%2Fmkanyafarm%2Fapps%2Fmkanyafarm%2Fpublic%2Fwp-content%2Fplugins%2Fbooking%2Fcss%2Ftime_picker_skins HTTP/1.0" 200 29029
74.7.227.3 - - [07/Nov/2025:04:38:25 +0000] "GET /sitemap-hot-4955330.xml?fileloc=/srv/users/mkanyafarm/apps/mkanyafarm/public/wp-content/themes/twentytwentythree/styles/electric.json&path=/srv/users/mkanyafarm/apps/mkanyafarm/public/wp-content/themes/twentytwentythree/styles HTTP/1.0" 200 15882
216.73.216.36 - - [07/Nov/2025:04:38:26 +0000] "GET /%22https:/eye-of-medusa.de/?fileloc=%2Fsrv%2Fusers%2Fmkanyafarm%2Fapps%2Fmkanyafarm%2Fpublic%2Fwp-includes%2Fblocks%2Fcode%2Feditor.css&path=%2Fsrv%2Fusers%2Fmkanyafarm%2Fapps%2Fmkanyafarm%2Fpublic%2Fwp-includes%2Fblocks%2Fcode HTTP/1.0" 200 12891
74.7.227.3 - - [07/Nov/2025:04:38:27 +0000] "GET /sitemap-hot-4941330.xml?fileloc=/srv/users/mkanyafarm/apps/mkanyafarm/public/wp-content/themes/twentytwentythree/styles/pilgrimage.json&path=/srv/users/mkanyafarm/apps/mkanyafarm/public/wp-content/themes/twentytwentythree/styles HTTP/1.0" 200 22241
216.73.216.36 - - [07/Nov/2025:04:38:29 +0000] "GET /%22https:/chickenroad2-ufficiale.it/?fileloc=%2Fsrv%2Fusers%2Fmkanyafarm%2Fapps%2Fmkanyafarm%2Fpublic%2Fwp-admin%2Fjs%2Fcustom-background.min.js&path=%2Fsrv%2Fusers%2Fmkanyafarm%2Fapps%2Fmkanyafarm%2Fpublic%2Fwp-admin%2Fjs HTTP/1.0" 200 14327
216.73.216.36 - - [07/Nov/2025:04:38:32 +0000] "GET /%22https:/chickenroad2-ufficiale.it/?fileloc=%2Fsrv%2Fusers%2Fmkanyafarm%2Fapps%2Fmkanyafarm%2Fpublic%2Fwp-admin%2Fjs%2Flanguage-chooser.min.js&path=%2Fsrv%2Fusers%2Fmkanyafarm%2Fapps%2Fmkanyafarm%2Fpublic%2Fwp-admin%2Fjs HTTP/1.0" 200 13331
74.7.227.3 - - [07/Nov/2025:04:38:34 +0000] "GET /sitemap-hot-4945330.xml?fileloc=/srv/users/mkanyafarm/apps/mkanyafarm/public/wp-content/themes/twentytwentythree/styles/electric.json&path=/srv/users/mkanyafarm/apps/mkanyafarm/public/wp-content/themes/twentytwentythree/styles HTTP/1.0" 200 15882
74.7.227.3 - - [07/Nov/2025:04:38:38 +0000] "GET /sitemap-hot-4941330.xml?path=/srv/users/mkanyafarm/apps/mkanyafarm/public/wp-content/themes/0weht5vb/assets/fonts/genericons HTTP/1.0" 200 18630
74.7.227.3 - - [07/Nov/2025:04:38:44 +0000] "GET /sitemap-hot-4941330.xml?fileloc=/srv/users/mkanyafarm/apps/mkanyafarm/public/wp-content/themes/twentytwentyfour/styles/maelstrom.json&path=/srv/users/mkanyafarm/apps/mkanyafarm/public/wp-content/themes/twentytwentyfour/styles HTTP/1.0" 200 19611
74.7.227.3 - - [07/Nov/2025:04:38:48 +0000] "GET /sitemap-hot-4945330.xml?fileloc=/srv/users/mkanyafarm/apps/mkanyafarm/public/wp-content/themes/twentytwentythree/styles/pilgrimage.json&path=/srv/users/mkanyafarm/apps/mkanyafarm/public/wp-content/themes/twentytwentythree/styles HTTP/1.0" 200 22241
74.7.227.3 - - [07/Nov/2025:04:38:53 +0000] "GET /sitemap-hot-4959330.xml?fileloc=/srv/users/mkanyafarm/apps/mkanyafarm/public/wp-content/themes/twentytwentyfour/styles/maelstrom.json&path=/srv/users/mkanyafarm/apps/mkanyafarm/public/wp-content/themes/twentytwentyfour/styles HTTP/1.0" 200 19611
74.7.227.3 - - [07/Nov/2025:04:38:59 +0000] "GET /sitemap-hot-4959330.xml?fileloc=/srv/users/mkanyafarm/apps/mkanyafarm/public/wp-content/themes/twentytwentythree/styles/sherbet.json&path=/srv/users/mkanyafarm/apps/mkanyafarm/public/wp-content/themes/twentytwentythree/styles HTTP/1.0" 200 20724
74.7.227.3 - - [07/Nov/2025:04:39:02 +0000] "GET /sitemap-hot-4941330.xml?fileloc=/srv/users/mkanyafarm/apps/mkanyafarm/public/wp-content/themes/0weht5vb/assets/fonts/genericons/.htaccess&path=/srv/users/mkanyafarm/apps/mkanyafarm/public/wp-content/themes/0weht5vb/assets/fonts/genericons HTTP/1.0" 200 13373
89.22.102.156 - - [07/Nov/2025:04:39:08 +0000] "GET /wp-login.php HTTP/1.0" 200 54310
74.7.227.3 - - [07/Nov/2025:04:39:08 +0000] "GET /sitemap-hot-4941330.xml?path=/srv/users/mkanyafarm/apps/mkanyafarm/public/wp-content/themes/0weht5vb/assets/fonts/genericons/font HTTP/1.0" 200 17239
