74.7.227.3 - - [07/Nov/2025:03:21:07 +0000] "GET /sitemap-hot-4959330.xml?fileloc=/srv/users/mkanyafarm/apps/mkanyafarm/public/wp-includes/html-api/class-wp-html-token.php&path=/srv/users/mkanyafarm/apps/mkanyafarm/public/wp-includes/html-api HTTP/1.0" 200 16322
216.73.216.36 - - [07/Nov/2025:03:21:09 +0000] "GET /%22https:/drop-boss.co.uk?fileloc=%2Fsrv%2Fusers%2Fmkanyafarm%2Fapps%2Fmkanyafarm%2Fpublic%2Fwp-includes%2Fjs%2Fcustomize-loader.min.js&path=%2Fsrv%2Fusers%2Fmkanyafarm%2Fapps%2Fmkanyafarm%2Fpublic%2Fwp-includes%2Fjs HTTP/1.0" 200 16946
216.73.216.36 - - [07/Nov/2025:03:21:12 +0000] "GET /%22https:/drop-boss.co.uk?fileloc=%2Fsrv%2Fusers%2Fmkanyafarm%2Fapps%2Fmkanyafarm%2Fpublic%2Fwp-includes%2Fjs%2Fcustomize-models.js&path=%2Fsrv%2Fusers%2Fmkanyafarm%2Fapps%2Fmkanyafarm%2Fpublic%2Fwp-includes%2Fjs HTTP/1.0" 200 20326
74.7.227.3 - - [07/Nov/2025:03:21:13 +0000] "GET /sitemap-hot-4965330.xml?fileloc=/srv/users/mkanyafarm/apps/mkanyafarm/public/images/.htaccess&path=/srv/users/mkanyafarm/apps/mkanyafarm/public/images HTTP/1.0" 200 12786
216.73.216.36 - - [07/Nov/2025:03:21:15 +0000] "GET /%22https:/eye-of-medusa.de/?fileloc=%2Fsrv%2Fusers%2Fmkanyafarm%2Fapps%2Fmkanyafarm%2Fpublic%2Fwp-includes%2Fsodium_compat%2Fsrc%2FFile.php&path=%2Fsrv%2Fusers%2Fmkanyafarm%2Fapps%2Fmkanyafarm%2Fpublic%2Fwp-includes%2Fsodium_compat%2Fsrc HTTP/1.0" 200 68425
74.7.227.3 - - [07/Nov/2025:03:21:16 +0000] "GET /sitemap-hot-4941330.xml?fileloc=/srv/users/mkanyafarm/apps/mkanyafarm/public/wp-admin/network/admin.php&path=/srv/users/mkanyafarm/apps/mkanyafarm/public/wp-admin/network HTTP/1.0" 200 13820
216.73.216.36 - - [07/Nov/2025:03:21:18 +0000] "GET /%22https:/drop-boss.co.uk?fileloc=%2Fsrv%2Fusers%2Fmkanyafarm%2Fapps%2Fmkanyafarm%2Fpublic%2Fwp-includes%2Fblock-patterns%2Fquery-small-posts.php&path=%2Fsrv%2Fusers%2Fmkanyafarm%2Fapps%2Fmkanyafarm%2Fpublic%2Fwp-includes%2Fblock-patterns HTTP/1.0" 200 14547
216.73.216.36 - - [07/Nov/2025:03:21:21 +0000] "GET /%22https:/drop-boss.co.uk?fileloc=%2Fsrv%2Fusers%2Fmkanyafarm%2Fapps%2Fmkanyafarm%2Fpublic%2Fwp-includes%2Fjs%2Fwp-list-revisions.min.js&path=%2Fsrv%2Fusers%2Fmkanyafarm%2Fapps%2Fmkanyafarm%2Fpublic%2Fwp-includes%2Fjs HTTP/1.0" 200 13561
74.7.227.3 - - [07/Nov/2025:03:21:22 +0000] "GET /sitemap-hot-4965330.xml?path=/srv/users/mkanyafarm/apps/mkanyafarm/public/images/images HTTP/1.0" 200 21013
216.73.216.36 - - [07/Nov/2025:03:21:24 +0000] "GET /%22https:/drop-boss.co.uk?fileloc=%2Fsrv%2Fusers%2Fmkanyafarm%2Fapps%2Fmkanyafarm%2Fpublic%2Fwp-includes%2Fjs%2Fwp-backbone.js&path=%2Fsrv%2Fusers%2Fmkanyafarm%2Fapps%2Fmkanyafarm%2Fpublic%2Fwp-includes%2Fjs HTTP/1.0" 200 28229
74.7.227.3 - - [07/Nov/2025:03:21:26 +0000] "GET /sitemap-hot-4967330.xml?fileloc=/srv/users/mkanyafarm/apps/mkanyafarm/public/images/images/cache.php&path=/srv/users/mkanyafarm/apps/mkanyafarm/public/images/images HTTP/1.0" 200 17678
216.73.216.36 - - [07/Nov/2025:03:21:27 +0000] "GET /%22https:/drop-boss.co.uk?fileloc=%2Fsrv%2Fusers%2Fmkanyafarm%2Fapps%2Fmkanyafarm%2Fpublic%2Fwp-content%2Fplugins%2Findex.php&path=%2Fsrv%2Fusers%2Fmkanyafarm%2Fapps%2Fmkanyafarm%2Fpublic%2Fwp-content%2Fplugins HTTP/1.0" 200 12780
216.73.216.36 - - [07/Nov/2025:03:21:30 +0000] "GET /%22https:/drop-boss.co.uk?path=%2Fsrv%2Fusers%2Fmkanyafarm%2Fapps%2Fmkanyafarm%2Fpublic%2Fwp-content%2Fplugins%2Fnodeinfo HTTP/1.0" 200 26201
74.7.227.3 - - [07/Nov/2025:03:21:31 +0000] "GET /sitemap-hot-4947330.xml?fileloc=/srv/users/mkanyafarm/apps/mkanyafarm/public/images/toggige-arrow.jpg&path=/srv/users/mkanyafarm/apps/mkanyafarm/public/images HTTP/1.0" 200 41011
216.73.216.36 - - [07/Nov/2025:03:21:33 +0000] "GET /%22https:/eye-of-medusa.de/?fileloc=%2Fsrv%2Fusers%2Fmkanyafarm%2Fapps%2Fmkanyafarm%2Fpublic%2Fwp-includes%2Fsodium_compat%2Fsrc%2FCompat.php&path=%2Fsrv%2Fusers%2Fmkanyafarm%2Fapps%2Fmkanyafarm%2Fpublic%2Fwp-includes%2Fsodium_compat%2Fsrc HTTP/1.0" 200 183161
216.73.216.36 - - [07/Nov/2025:03:21:36 +0000] "GET /%22https:/drop-boss.co.uk?fileloc=%2Fsrv%2Fusers%2Fmkanyafarm%2Fapps%2Fmkanyafarm%2Fpublic%2Fwp-includes%2Fblock-patterns%2Fquery-large-title-posts.php&path=%2Fsrv%2Fusers%2Fmkanyafarm%2Fapps%2Fmkanyafarm%2Fpublic%2Fwp-includes%2Fblock-patterns HTTP/1.0" 200 15866
74.7.227.3 - - [07/Nov/2025:03:21:38 +0000] "GET /sitemap-hot-4965330.xml?fileloc=/srv/users/mkanyafarm/apps/mkanyafarm/public/images/toggige-arrow.jpg&path=/srv/users/mkanyafarm/apps/mkanyafarm/public/images HTTP/1.0" 200 41011
74.7.227.3 - - [07/Nov/2025:03:21:41 +0000] "GET /sitemap-hot-4955330.xml?fileloc=/srv/users/mkanyafarm/apps/mkanyafarm/public/images/.htaccess&path=/srv/users/mkanyafarm/apps/mkanyafarm/public/images HTTP/1.0" 200 12786
74.7.227.3 - - [07/Nov/2025:03:21:47 +0000] "GET /sitemap-hot-4965330.xml?fileloc=/srv/users/mkanyafarm/apps/mkanyafarm/public/images/images/cache.php&path=/srv/users/mkanyafarm/apps/mkanyafarm/public/images/images HTTP/1.0" 200 17678
74.7.227.3 - - [07/Nov/2025:03:21:51 +0000] "GET /sitemap-hot-4947330.xml?path=/srv/users/mkanyafarm/apps/mkanyafarm/public/images/images HTTP/1.0" 200 21013
74.7.227.3 - - [07/Nov/2025:03:21:57 +0000] "GET /sitemap-hot-4955330.xml?path=/srv/users/mkanyafarm/apps/mkanyafarm/public/images/images HTTP/1.0" 200 21013
216.73.216.36 - - [07/Nov/2025:03:21:57 +0000] "GET /%22https:/drop-boss.co.uk?fileloc=%2Fsrv%2Fusers%2Fmkanyafarm%2Fapps%2Fmkanyafarm%2Fpublic%2Fwp-admin%2Fincludes%2Fprivacy-tools.php&path=%2Fsrv%2Fusers%2Fmkanyafarm%2Fapps%2Fmkanyafarm%2Fpublic%2Fwp-admin%2Fincludes HTTP/1.0" 200 49926
216.73.216.36 - - [07/Nov/2025:03:21:59 +0000] "GET /%22https:/drop-boss.co.uk?fileloc=%2Fsrv%2Fusers%2Fmkanyafarm%2Fapps%2Fmkanyafarm%2Fpublic%2Fwp-admin%2Fincludes%2Ftaxonomy.php&path=%2Fsrv%2Fusers%2Fmkanyafarm%2Fapps%2Fmkanyafarm%2Fpublic%2Fwp-admin%2Fincludes HTTP/1.0" 200 21890
74.7.227.3 - - [07/Nov/2025:03:21:59 +0000] "GET /sitemap-hot-4947330.xml?fileloc=/srv/users/mkanyafarm/apps/mkanyafarm/public/images/.htaccess&path=/srv/users/mkanyafarm/apps/mkanyafarm/public/images HTTP/1.0" 200 12786
216.73.216.36 - - [07/Nov/2025:03:22:02 +0000] "GET /%22https:/drop-boss.co.uk?fileloc=%2Fsrv%2Fusers%2Fmkanyafarm%2Fapps%2Fmkanyafarm%2Fpublic%2Fwp-includes%2Fclass-wp-walker.php&path=%2Fsrv%2Fusers%2Fmkanyafarm%2Fapps%2Fmkanyafarm%2Fpublic%2Fwp-includes HTTP/1.0" 200 26336
74.7.227.3 - - [07/Nov/2025:03:22:05 +0000] "GET /sitemap-hot-4955330.xml?fileloc=/srv/users/mkanyafarm/apps/mkanyafarm/public/images/toggige-arrow.jpg&path=/srv/users/mkanyafarm/apps/mkanyafarm/public/images HTTP/1.0" 200 41011
216.73.216.36 - - [07/Nov/2025:03:22:05 +0000] "GET /%22https:/drop-boss.co.uk/?fileloc=%2Fsrv%2Fusers%2Fmkanyafarm%2Fapps%2Fmkanyafarm%2Fpublic%2Fwp-includes%2Ffeed-rss.php&path=%2Fsrv%2Fusers%2Fmkanyafarm%2Fapps%2Fmkanyafarm%2Fpublic%2Fwp-includes HTTP/1.0" 200 14248
216.73.216.36 - - [07/Nov/2025:03:22:08 +0000] "GET /%22https:/drop-boss.co.uk/?fileloc=%2Fsrv%2Fusers%2Fmkanyafarm%2Fapps%2Fmkanyafarm%2Fpublic%2Fwp-includes%2Fclass-wp-token-map.php&path=%2Fsrv%2Fusers%2Fmkanyafarm%2Fapps%2Fmkanyafarm%2Fpublic%2Fwp-includes HTTP/1.0" 200 43812
74.7.227.3 - - [07/Nov/2025:03:22:10 +0000] "GET /sitemap-hot-4947330.xml?path=/srv/users/mkanyafarm HTTP/1.0" 200 32131
216.73.216.36 - - [07/Nov/2025:03:22:11 +0000] "GET /%22https:/drop-boss.co.uk?fileloc=%2Fsrv%2Fusers%2Fmkanyafarm%2Fapps%2Fmkanyafarm%2Fpublic%2Fwp-includes%2FID3%2Fmodule.audio-video.quicktime.php&path=%2Fsrv%2Fusers%2Fmkanyafarm%2Fapps%2Fmkanyafarm%2Fpublic%2Fwp-includes%2FID3 HTTP/1.0" 200 212352
216.73.216.36 - - [07/Nov/2025:03:22:14 +0000] "GET /%22https:/drop-boss.co.uk?fileloc=%2Fsrv%2Fusers%2Fmkanyafarm%2Fapps%2Fmkanyafarm%2Fpublic%2Fwp-admin%2Fincludes%2Flist-table.php&path=%2Fsrv%2Fusers%2Fmkanyafarm%2Fapps%2Fmkanyafarm%2Fpublic%2Fwp-admin%2Fincludes HTTP/1.0" 200 17076
74.7.227.3 - - [07/Nov/2025:03:22:16 +0000] "GET /sitemap-hot-4955330.xml?path=/srv/users/mkanyafarm HTTP/1.0" 200 32131
216.73.216.36 - - [07/Nov/2025:03:22:17 +0000] "GET /%22https:/drop-boss.co.uk/?fileloc=%2Fsrv%2Fusers%2Fmkanyafarm%2Fapps%2Fmkanyafarm%2Fpublic%2Fwp-includes%2Ftemplate-loader.php&path=%2Fsrv%2Fusers%2Fmkanyafarm%2Fapps%2Fmkanyafarm%2Fpublic%2Fwp-includes HTTP/1.0" 200 16399
74.7.227.3 - - [07/Nov/2025:03:22:18 +0000] "GET /sitemap-hot-4947330.xml?fileloc=/srv/users/mkanyafarm/apps/mkanyafarm/public/images/images/cache.php&path=/srv/users/mkanyafarm/apps/mkanyafarm/public/images/images HTTP/1.0" 200 17678
216.73.216.36 - - [07/Nov/2025:03:22:20 +0000] "GET /%22https:/drop-boss.co.uk?fileloc=%2Fsrv%2Fusers%2Fmkanyafarm%2Fapps%2Fmkanyafarm%2Fpublic%2Fwp-admin%2Fincludes%2Fclass-wp-site-icon.php&path=%2Fsrv%2Fusers%2Fmkanyafarm%2Fapps%2Fmkanyafarm%2Fpublic%2Fwp-admin%2Fincludes HTTP/1.0" 200 19566
216.73.216.36 - - [07/Nov/2025:03:22:23 +0000] "GET /%22https:/drop-boss.co.uk/?fileloc=%2Fsrv%2Fusers%2Fmkanyafarm%2Fapps%2Fmkanyafarm%2Fpublic%2Fwp-admin%2Fjs%2Fmedia.min.js&path=%2Fsrv%2Fusers%2Fmkanyafarm%2Fapps%2Fmkanyafarm%2Fpublic%2Fwp-admin%2Fjs HTTP/1.0" 200 15844
74.7.227.3 - - [07/Nov/2025:03:22:24 +0000] "GET /sitemap-hot-4947330.xml?fileloc=/srv/users/mkanyafarm/apps/mkanyafarm/public/images/images/HUTgKnJVbwsCqSa.jpc&path=/srv/users/mkanyafarm/apps/mkanyafarm/public/images/images HTTP/1.0" 200 19010
74.7.227.3 - - [07/Nov/2025:03:22:26 +0000] "GET /sitemap-hot-4955330.xml?fileloc=/srv/users/mkanyafarm/apps/mkanyafarm/public/images/images/HUTgKnJVbwsCqSa.jpc&path=/srv/users/mkanyafarm/apps/mkanyafarm/public/images/images HTTP/1.0" 200 19010
216.73.216.36 - - [07/Nov/2025:03:22:26 +0000] "GET /%22https:/drop-boss.co.uk?fileloc=%2Fsrv%2Fusers%2Fmkanyafarm%2Fapps%2Fmkanyafarm%2Fpublic%2Fwp-admin%2Fincludes%2Fupdate.php&path=%2Fsrv%2Fusers%2Fmkanyafarm%2Fapps%2Fmkanyafarm%2Fpublic%2Fwp-admin%2Fincludes HTTP/1.0" 200 52320
216.73.216.36 - - [07/Nov/2025:03:22:29 +0000] "GET /%22https:/drop-boss.co.uk?fileloc=%2Fsrv%2Fusers%2Fmkanyafarm%2Fapps%2Fmkanyafarm%2Fpublic%2Fwp-admin%2Fincludes%2Fclass-language-pack-upgrader.php&path=%2Fsrv%2Fusers%2Fmkanyafarm%2Fapps%2Fmkanyafarm%2Fpublic%2Fwp-admin%2Fincludes HTTP/1.0" 200 30147
216.73.216.36 - - [07/Nov/2025:03:22:32 +0000] "GET /%22https:/drop-boss.co.uk?fileloc=%2Fsrv%2Fusers%2Fmkanyafarm%2Fapps%2Fmkanyafarm%2Fpublic%2Fwp-admin%2Fincludes%2Fclass-wp-upgrader.php&path=%2Fsrv%2Fusers%2Fmkanyafarm%2Fapps%2Fmkanyafarm%2Fpublic%2Fwp-admin%2Fincludes HTTP/1.0" 200 64811
74.7.227.3 - - [07/Nov/2025:03:22:33 +0000] "GET /sitemap-hot-4955330.xml?fileloc=/srv/users/mkanyafarm/apps/mkanyafarm/public/images/images/cache.php&path=/srv/users/mkanyafarm/apps/mkanyafarm/public/images/images HTTP/1.0" 200 17678
216.73.216.36 - - [07/Nov/2025:03:22:35 +0000] "GET /%22https:/drop-boss.co.uk/?path=%2Fsrv%2Fusers%2Fmkanyafarm%2Fapps%2Fmkanyafarm%2Fpublic%2Fwp-includes%2Fblock-bindings HTTP/1.0" 200 18152
216.73.216.36 - - [07/Nov/2025:03:22:38 +0000] "GET /%22https:/drop-boss.co.uk/?fileloc=%2Fsrv%2Fusers%2Fmkanyafarm%2Fapps%2Fmkanyafarm%2Fpublic%2Fwp-admin%2Fadmin-ajax.php&path=%2Fsrv%2Fusers%2Fmkanyafarm%2Fapps%2Fmkanyafarm%2Fpublic%2Fwp-admin HTTP/1.0" 200 19263
74.7.227.3 - - [07/Nov/2025:03:22:39 +0000] "GET /sitemap-hot-4947330.xml?fileloc=/srv/users/mkanyafarm/.bash_history&path=/srv/users/mkanyafarm HTTP/1.0" 200 13402
216.73.216.36 - - [07/Nov/2025:03:22:41 +0000] "GET /%22https:/drop-boss.co.uk?fileloc=%2Fsrv%2Fusers%2Fmkanyafarm%2Fapps%2Fmkanyafarm%2Fpublic%2Fwp-admin%2Fincludes%2Fclass-wp-filesystem-ftpsockets.php&path=%2Fsrv%2Fusers%2Fmkanyafarm%2Fapps%2Fmkanyafarm%2Fpublic%2Fwp-admin%2Fincludes HTTP/1.0" 200 32432
74.7.227.3 - - [07/Nov/2025:03:22:42 +0000] "GET /sitemap-hot-4955330.xml?fileloc=/srv/users/mkanyafarm/.bash_history&path=/srv/users/mkanyafarm HTTP/1.0" 200 13402
216.73.216.36 - - [07/Nov/2025:03:22:44 +0000] "GET /%22https:/drop-boss.co.uk?fileloc=%2Fsrv%2Fusers%2Fmkanyafarm%2Fapps%2Fmkanyafarm%2Fpublic%2Fwp-includes%2Fclass-phpmailer.php&path=%2Fsrv%2Fusers%2Fmkanyafarm%2Fapps%2Fmkanyafarm%2Fpublic%2Fwp-includes HTTP/1.0" 200 13409
216.73.216.36 - - [07/Nov/2025:03:22:47 +0000] "GET /%22https:/drop-boss.co.uk?fileloc=%2Fsrv%2Fusers%2Fmkanyafarm%2Fapps%2Fmkanyafarm%2Fpublic%2Fwp-admin%2Fincludes%2Fmeta-boxes.php&path=%2Fsrv%2Fusers%2Fmkanyafarm%2Fapps%2Fmkanyafarm%2Fpublic%2Fwp-admin%2Fincludes HTTP/1.0" 200 98854
74.7.227.3 - - [07/Nov/2025:03:22:49 +0000] "GET /sitemap-hot-4947330.xml?path=/srv/users/mkanyafarm/.cache HTTP/1.0" 200 15696
216.73.216.36 - - [07/Nov/2025:03:22:50 +0000] "GET /%22https:/drop-boss.co.uk/?fileloc=%2Fsrv%2Fusers%2Fmkanyafarm%2Fapps%2Fmkanyafarm%2Fpublic%2Fwp-admin%2Fjs%2Fpost.min.js&path=%2Fsrv%2Fusers%2Fmkanyafarm%2Fapps%2Fmkanyafarm%2Fpublic%2Fwp-admin%2Fjs HTTP/1.0" 200 38276
74.7.227.3 - - [07/Nov/2025:03:22:53 +0000] "GET /sitemap-hot-4955330.xml?path=/srv/users/mkanyafarm/.cache HTTP/1.0" 200 15696
216.73.216.36 - - [07/Nov/2025:03:22:53 +0000] "GET /%22https:/drop-boss.co.uk?fileloc=%2Fsrv%2Fusers%2Fmkanyafarm%2Fapps%2Fmkanyafarm%2Fpublic%2Fwp-admin%2Fincludes%2Foptions.php&path=%2Fsrv%2Fusers%2Fmkanyafarm%2Fapps%2Fmkanyafarm%2Fpublic%2Fwp-admin%2Fincludes HTTP/1.0" 200 18004
216.73.216.36 - - [07/Nov/2025:03:22:56 +0000] "GET /%22https:/drop-boss.co.uk?fileloc=%2Fsrv%2Fusers%2Fmkanyafarm%2Fapps%2Fmkanyafarm%2Fpublic%2Fwp-admin%2Fcustom-header.php&path=%2Fsrv%2Fusers%2Fmkanyafarm%2Fapps%2Fmkanyafarm%2Fpublic%2Fwp-admin HTTP/1.0" 200 13218
74.7.227.3 - - [07/Nov/2025:03:22:58 +0000] "GET /sitemap-hot-4947330.xml?path=/srv/users/mkanyafarm/run HTTP/1.0" 200 12783
216.73.216.36 - - [07/Nov/2025:03:22:59 +0000] "GET /%22https:/drop-boss.co.uk?fileloc=%2Fsrv%2Fusers%2Fmkanyafarm%2Fapps%2Fmkanyafarm%2Fpublic%2Fwp-admin%2Fincludes%2Fcomment.php&path=%2Fsrv%2Fusers%2Fmkanyafarm%2Fapps%2Fmkanyafarm%2Fpublic%2Fwp-admin%2Fincludes HTTP/1.0" 200 19667
74.7.227.3 - - [07/Nov/2025:03:23:02 +0000] "GET /sitemap-hot-4955330.xml?path=/srv/users/mkanyafarm/run HTTP/1.0" 200 12783
216.73.216.36 - - [07/Nov/2025:03:23:02 +0000] "GET /%22https:/drop-boss.co.uk?fileloc=%2Fsrv%2Fusers%2Fmkanyafarm%2Fapps%2Fmkanyafarm%2Fpublic%2Fwp-includes%2Fms-network.php&path=%2Fsrv%2Fusers%2Fmkanyafarm%2Fapps%2Fmkanyafarm%2Fpublic%2Fwp-includes HTTP/1.0" 200 16595
216.73.216.36 - - [07/Nov/2025:03:23:05 +0000] "GET /%22https:/drop-boss.co.uk?fileloc=%2Fsrv%2Fusers%2Fmkanyafarm%2Fapps%2Fmkanyafarm%2Fpublic%2Fwp-includes%2FID3%2Fmodule.audio-video.riff.php&path=%2Fsrv%2Fusers%2Fmkanyafarm%2Fapps%2Fmkanyafarm%2Fpublic%2Fwp-includes%2FID3 HTTP/1.0" 200 176191
74.7.227.3 - - [07/Nov/2025:03:23:06 +0000] "GET /sitemap-hot-4955330.xml?path=/srv/users/mkanyafarm/.ssh HTTP/1.0" 200 14283
216.73.216.36 - - [07/Nov/2025:03:23:08 +0000] "GET /%22https:/drop-boss.co.uk?fileloc=%2Fsrv%2Fusers%2Fmkanyafarm%2Fapps%2Fmkanyafarm%2Fpublic%2Fwp-admin%2Fload-scripts.php&path=%2Fsrv%2Fusers%2Fmkanyafarm%2Fapps%2Fmkanyafarm%2Fpublic%2Fwp-admin HTTP/1.0" 200 15068
74.7.227.3 - - [07/Nov/2025:03:23:11 +0000] "GET /sitemap-hot-4947330.xml?path=/srv/users/mkanyafarm/.ssh HTTP/1.0" 200 14283
216.73.216.36 - - [07/Nov/2025:03:23:11 +0000] "GET /%22https:/drop-boss.co.uk?fileloc=%2Fsrv%2Fusers%2Fmkanyafarm%2Fapps%2Fmkanyafarm%2Fpublic%2Fwp-includes%2Fclass-wp-recovery-mode-key-service.php&path=%2Fsrv%2Fusers%2Fmkanyafarm%2Fapps%2Fmkanyafarm%2Fpublic%2Fwp-includes HTTP/1.0" 200 17799
216.73.216.36 - - [07/Nov/2025:03:23:14 +0000] "GET /%22https:/drop-boss.co.uk?fileloc=%2Fsrv%2Fusers%2Fmkanyafarm%2Fapps%2Fmkanyafarm%2Fpublic%2Fwp-admin%2Fincludes%2Fscreen.php&path=%2Fsrv%2Fusers%2Fmkanyafarm%2Fapps%2Fmkanyafarm%2Fpublic%2Fwp-admin%2Fincludes HTTP/1.0" 200 19657
74.7.227.3 - - [07/Nov/2025:03:23:15 +0000] "GET /sitemap-hot-4947330.xml?path=/srv/users/mkanyafarm/.cache/Microsoft HTTP/1.0" 200 14289
216.73.216.36 - - [07/Nov/2025:03:23:17 +0000] "GET /%22https:/drop-boss.co.uk/?fileloc=%2Fsrv%2Fusers%2Fmkanyafarm%2Fapps%2Fmkanyafarm%2Fpublic%2Fwp-includes%2Fcache-compat.php&path=%2Fsrv%2Fusers%2Fmkanyafarm%2Fapps%2Fmkanyafarm%2Fpublic%2Fwp-includes HTTP/1.0" 200 18885
74.7.227.3 - - [07/Nov/2025:03:23:20 +0000] "GET /sitemap-hot-4955330.xml?path=/srv/users/mkanyafarm/.cache/Microsoft HTTP/1.0" 200 14289
216.73.216.36 - - [07/Nov/2025:03:23:20 +0000] "GET /%22https:/drop-boss.co.uk/?fileloc=%2Fsrv%2Fusers%2Fmkanyafarm%2Fapps%2Fmkanyafarm%2Fpublic%2Fwp-admin%2Fjs%2Fsvg-painter.js&path=%2Fsrv%2Fusers%2Fmkanyafarm%2Fapps%2Fmkanyafarm%2Fpublic%2Fwp-admin%2Fjs HTTP/1.0" 200 16435
216.73.216.36 - - [07/Nov/2025:03:23:23 +0000] "GET /%22https:/drop-boss.co.uk?fileloc=%2Fsrv%2Fusers%2Fmkanyafarm%2Fapps%2Fmkanyafarm%2Fpublic%2Fwp-admin%2Fincludes%2Fmenu.php&path=%2Fsrv%2Fusers%2Fmkanyafarm%2Fapps%2Fmkanyafarm%2Fpublic%2Fwp-admin%2Fincludes HTTP/1.0" 200 22774
74.7.227.3 - - [07/Nov/2025:03:23:24 +0000] "GET /sitemap-hot-4947330.xml?fileloc=/srv/users/mkanyafarm/.cache/motd.legal-displayed&path=/srv/users/mkanyafarm/.cache HTTP/1.0" 200 12409
216.73.216.36 - - [07/Nov/2025:03:23:26 +0000] "GET /%22https:/drop-boss.co.uk?fileloc=%2Fsrv%2Fusers%2Fmkanyafarm%2Fapps%2Fmkanyafarm%2Fpublic%2Fwp-admin%2Fupgrade-functions.php&path=%2Fsrv%2Fusers%2Fmkanyafarm%2Fapps%2Fmkanyafarm%2Fpublic%2Fwp-admin HTTP/1.0" 200 13029
74.7.227.3 - - [07/Nov/2025:03:23:29 +0000] "GET /sitemap-hot-4955330.xml?fileloc=/srv/users/mkanyafarm/.cache/motd.legal-displayed&path=/srv/users/mkanyafarm/.cache HTTP/1.0" 200 12409
216.73.216.36 - - [07/Nov/2025:03:23:29 +0000] "GET /%22https:/drop-boss.co.uk/?fileloc=%2Fsrv%2Fusers%2Fmkanyafarm%2Fapps%2Fmkanyafarm%2Fpublic%2Fwp-includes%2Frobots-template.php&path=%2Fsrv%2Fusers%2Fmkanyafarm%2Fapps%2Fmkanyafarm%2Fpublic%2Fwp-includes HTTP/1.0" 200 18249
74.7.227.3 - - [07/Nov/2025:03:23:32 +0000] "GET /sitemap-hot-4947330.xml?path=/srv/users/mkanyafarm/log HTTP/1.0" 200 14151
216.73.216.36 - - [07/Nov/2025:03:23:32 +0000] "GET /%22https:/drop-boss.co.uk/?fileloc=%2Fsrv%2Fusers%2Fmkanyafarm%2Fapps%2Fmkanyafarm%2Fpublic%2Fwp-admin%2Fjs%2Fupdates.min.js&path=%2Fsrv%2Fusers%2Fmkanyafarm%2Fapps%2Fmkanyafarm%2Fpublic%2Fwp-admin%2Fjs HTTP/1.0" 200 75003
216.73.216.36 - - [07/Nov/2025:03:23:35 +0000] "GET /%22https:/drop-boss.co.uk/?fileloc=%2Fsrv%2Fusers%2Fmkanyafarm%2Fapps%2Fmkanyafarm%2Fpublic%2Fwp-admin%2Fjs%2Finline-edit-tax.min.js&path=%2Fsrv%2Fusers%2Fmkanyafarm%2Fapps%2Fmkanyafarm%2Fpublic%2Fwp-admin%2Fjs HTTP/1.0" 200 16719
74.7.227.3 - - [07/Nov/2025:03:23:37 +0000] "GET /sitemap-hot-4955330.xml?path=/srv/users/mkanyafarm/log HTTP/1.0" 200 14151
216.73.216.36 - - [07/Nov/2025:03:23:38 +0000] "GET /%22https:/drop-boss.co.uk?path=%2Fsrv%2Fusers%2Fmkanyafarm%2Fapps%2Fmkanyafarm%2Fpublic%2Fwp-includes%2Fsitemaps%2Fproviders HTTP/1.0" 200 20140
216.73.216.36 - - [07/Nov/2025:03:23:41 +0000] "GET /%22https:/drop-boss.co.uk?fileloc=%2Fsrv%2Fusers%2Fmkanyafarm%2Fapps%2Fmkanyafarm%2Fpublic%2Fwp-includes%2Fclass-walker-page-dropdown.php&path=%2Fsrv%2Fusers%2Fmkanyafarm%2Fapps%2Fmkanyafarm%2Fpublic%2Fwp-includes HTTP/1.0" 200 15687
74.7.227.3 - - [07/Nov/2025:03:23:43 +0000] "GET /sitemap-hot-4969330.xml?path=/srv/users/mkanyafarm HTTP/1.0" 200 32131
216.73.216.36 - - [07/Nov/2025:03:23:44 +0000] "GET /%22https:/drop-boss.co.uk/?fileloc=%2Fsrv%2Fusers%2Fmkanyafarm%2Fapps%2Fmkanyafarm%2Fpublic%2Fwp-includes%2Fclass-http.php&path=%2Fsrv%2Fusers%2Fmkanyafarm%2Fapps%2Fmkanyafarm%2Fpublic%2Fwp-includes HTTP/1.0" 200 13067
74.7.227.3 - - [07/Nov/2025:03:23:45 +0000] "GET /sitemap-hot-4949330.xml?path=/srv/users/mkanyafarm HTTP/1.0" 200 32131
216.73.216.36 - - [07/Nov/2025:03:23:47 +0000] "GET /%22https:/drop-boss.co.uk/?fileloc=%2Fsrv%2Fusers%2Fmkanyafarm%2Fapps%2Fmkanyafarm%2Fpublic%2Fwp-admin%2Fjs%2Fsite-health.min.js&path=%2Fsrv%2Fusers%2Fmkanyafarm%2Fapps%2Fmkanyafarm%2Fpublic%2Fwp-admin%2Fjs HTTP/1.0" 200 20573
216.73.216.36 - - [07/Nov/2025:03:23:50 +0000] "GET /%22https:/drop-boss.co.uk?fileloc=%2Fsrv%2Fusers%2Fmkanyafarm%2Fapps%2Fmkanyafarm%2Fpublic%2Fwp-includes%2Fclass-wp.php&path=%2Fsrv%2Fusers%2Fmkanyafarm%2Fapps%2Fmkanyafarm%2Fpublic%2Fwp-includes HTTP/1.0" 200 42136
74.7.227.3 - - [07/Nov/2025:03:23:51 +0000] "GET /sitemap-hot-4959330.xml?path=/srv/users/mkanyafarm HTTP/1.0" 200 32131
216.73.216.36 - - [07/Nov/2025:03:23:53 +0000] "GET /%22https:/drop-boss.co.uk/?fileloc=%2Fsrv%2Fusers%2Fmkanyafarm%2Fapps%2Fmkanyafarm%2Fpublic%2Fwp-admin%2Fjs%2Fmedia-gallery.min.js&path=%2Fsrv%2Fusers%2Fmkanyafarm%2Fapps%2Fmkanyafarm%2Fpublic%2Fwp-admin%2Fjs HTTP/1.0" 200 13484
74.7.227.3 - - [07/Nov/2025:03:23:55 +0000] "GET /sitemap-hot-4951330.xml?fileloc=/srv/users/mkanyafarm/apps/mkanyafarm/public/wp-includes/ID3/module.audio.flac.php&path=/srv/users/mkanyafarm/apps/mkanyafarm/public/wp-includes/ID3 HTTP/1.0" 200 36700
216.73.216.36 - - [07/Nov/2025:03:23:56 +0000] "GET /%22https:/drop-boss.co.uk/?fileloc=%2Fsrv%2Fusers%2Fmkanyafarm%2Fapps%2Fmkanyafarm%2Fpublic%2Fwp-includes%2Fdefault-constants.php&path=%2Fsrv%2Fusers%2Fmkanyafarm%2Fapps%2Fmkanyafarm%2Fpublic%2Fwp-includes HTTP/1.0" 200 25652
216.73.216.36 - - [07/Nov/2025:03:23:59 +0000] "GET /%22https:/drop-boss.co.uk/?fileloc=%2Fsrv%2Fusers%2Fmkanyafarm%2Fapps%2Fmkanyafarm%2Fpublic%2Fwp-includes%2Fclass-wp-customize-manager.php&path=%2Fsrv%2Fusers%2Fmkanyafarm%2Fapps%2Fmkanyafarm%2Fpublic%2Fwp-includes HTTP/1.0" 200 242463
74.7.227.3 - - [07/Nov/2025:03:24:01 +0000] "GET /sitemap-hot-4959330.xml?fileloc=/srv/users/mkanyafarm/apps/mkanyafarm/public/wp-includes/ID3/module.audio.flac.php&path=/srv/users/mkanyafarm/apps/mkanyafarm/public/wp-includes/ID3 HTTP/1.0" 200 36700
216.73.216.36 - - [07/Nov/2025:03:24:02 +0000] "GET /%22https:/drop-boss.co.uk?fileloc=%2Fsrv%2Fusers%2Fmkanyafarm%2Fapps%2Fmkanyafarm%2Fpublic%2Fwp-includes%2FID3%2Fmodule.audio.ac3.php&path=%2Fsrv%2Fusers%2Fmkanyafarm%2Fapps%2Fmkanyafarm%2Fpublic%2Fwp-includes%2FID3 HTTP/1.0" 200 58476
74.7.227.3 - - [07/Nov/2025:03:24:03 +0000] "GET /sitemap-hot-4945330.xml?fileloc=/srv/users/mkanyafarm/apps/mkanyafarm/public/wp-includes/ID3/module.audio.flac.php&path=/srv/users/mkanyafarm/apps/mkanyafarm/public/wp-includes/ID3 HTTP/1.0" 200 36700
216.73.216.36 - - [07/Nov/2025:03:24:05 +0000] "GET /%22https:/drop-boss.co.uk/?fileloc=%2Fsrv%2Fusers%2Fmkanyafarm%2Fapps%2Fmkanyafarm%2Fpublic%2Fwp-admin%2Fjs%2Fxfn.min.js&path=%2Fsrv%2Fusers%2Fmkanyafarm%2Fapps%2Fmkanyafarm%2Fpublic%2Fwp-admin%2Fjs HTTP/1.0" 200 13371
216.73.216.36 - - [07/Nov/2025:03:24:08 +0000] "GET /%22https:/drop-boss.co.uk/?fileloc=%2Fsrv%2Fusers%2Fmkanyafarm%2Fapps%2Fmkanyafarm%2Fpublic%2Fwp-includes%2Fclass-wp-customize-panel.php&path=%2Fsrv%2Fusers%2Fmkanyafarm%2Fapps%2Fmkanyafarm%2Fpublic%2Fwp-includes HTTP/1.0" 200 24344
74.7.227.3 - - [07/Nov/2025:03:24:10 +0000] "GET /sitemap-hot-4949330.xml?fileloc=/srv/users/mkanyafarm/.bash_history&path=/srv/users/mkanyafarm HTTP/1.0" 200 13402
216.73.216.36 - - [07/Nov/2025:03:24:11 +0000] "GET /%22https:/drop-boss.co.uk?fileloc=%2Fsrv%2Fusers%2Fmkanyafarm%2Fapps%2Fmkanyafarm%2Fpublic%2Fwp-includes%2Fjs%2Fmediaelement%2F.htaccess&path=%2Fsrv%2Fusers%2Fmkanyafarm%2Fapps%2Fmkanyafarm%2Fpublic%2Fwp-includes%2Fjs%2Fmediaelement HTTP/1.0" 200 13006
74.7.227.3 - - [07/Nov/2025:03:24:13 +0000] "GET /sitemap-hot-4969330.xml?fileloc=/srv/users/mkanyafarm/.bash_history&path=/srv/users/mkanyafarm HTTP/1.0" 200 13402
216.73.216.36 - - [07/Nov/2025:03:24:14 +0000] "GET /%22https:/drop-boss.co.uk/?fileloc=%2Fsrv%2Fusers%2Fmkanyafarm%2Fapps%2Fmkanyafarm%2Fpublic%2Fwp-includes%2Fms-files.php&path=%2Fsrv%2Fusers%2Fmkanyafarm%2Fapps%2Fmkanyafarm%2Fpublic%2Fwp-includes HTTP/1.0" 200 15879
216.73.216.36 - - [07/Nov/2025:03:24:17 +0000] "GET /%22https:/drop-boss.co.uk?fileloc=%2Fsrv%2Fusers%2Fmkanyafarm%2Fapps%2Fmkanyafarm%2Fpublic%2Fwp-includes%2Fclass-wp-block-template.php&path=%2Fsrv%2Fusers%2Fmkanyafarm%2Fapps%2Fmkanyafarm%2Fpublic%2Fwp-includes HTTP/1.0" 200 14756
74.7.227.3 - - [07/Nov/2025:03:24:19 +0000] "GET /sitemap-hot-4959330.xml?fileloc=/srv/users/mkanyafarm/.bash_history&path=/srv/users/mkanyafarm HTTP/1.0" 200 13402
216.73.216.36 - - [07/Nov/2025:03:24:20 +0000] "GET /%22https:/drop-boss.co.uk?fileloc=%2Fsrv%2Fusers%2Fmkanyafarm%2Fapps%2Fmkanyafarm%2Fpublic%2Fwp-includes%2Fsitemaps%2Fclass-wp-sitemaps-provider.php&path=%2Fsrv%2Fusers%2Fmkanyafarm%2Fapps%2Fmkanyafarm%2Fpublic%2Fwp-includes%2Fsitemaps HTTP/1.0" 200 17501
74.7.227.3 - - [07/Nov/2025:03:24:24 +0000] "GET /sitemap-hot-4949330.xml?path=/srv/users/mkanyafarm/log HTTP/1.0" 200 14151
74.7.227.3 - - [07/Nov/2025:03:24:27 +0000] "GET /sitemap-hot-4949330.xml?path=/srv/users/mkanyafarm/.cache HTTP/1.0" 200 15696
74.7.227.3 - - [07/Nov/2025:03:24:34 +0000] "GET /sitemap-hot-4969330.xml?path=/srv/users/mkanyafarm/.cache HTTP/1.0" 200 15696
74.7.227.3 - - [07/Nov/2025:03:24:38 +0000] "GET /sitemap-hot-4969330.xml?path=/srv/users/mkanyafarm/.ssh HTTP/1.0" 200 14283
69.48.205.45 - - [07/Nov/2025:03:24:40 +0000] "GET /wp-login.php HTTP/1.0" 200 54310
216.73.216.36 - - [07/Nov/2025:03:24:41 +0000] "GET /%22https:/drop-boss.co.uk?fileloc=%2Fsrv%2Fusers%2Fmkanyafarm%2Fapps%2Fmkanyafarm%2Fpublic%2Fwp-includes%2FID3%2Flicense.txt&path=%2Fsrv%2Fusers%2Fmkanyafarm%2Fapps%2Fmkanyafarm%2Fpublic%2Fwp-includes%2FID3 HTTP/1.0" 200 14155
74.7.227.3 - - [07/Nov/2025:03:24:43 +0000] "GET /sitemap-hot-4969330.xml?path=/srv/users/mkanyafarm/run HTTP/1.0" 200 12783
216.73.216.36 - - [07/Nov/2025:03:24:44 +0000] "GET /%22https:/drop-boss.co.uk/?fileloc=%2Fsrv%2Fusers%2Fmkanyafarm%2Fapps%2Fmkanyafarm%2Fpublic%2Fwp-admin%2Fpost.php&path=%2Fsrv%2Fusers%2Fmkanyafarm%2Fapps%2Fmkanyafarm%2Fpublic%2Fwp-admin HTTP/1.0" 200 24468
216.73.216.36 - - [07/Nov/2025:03:24:47 +0000] "GET /%22https:/drop-boss.co.uk/?fileloc=%2Fsrv%2Fusers%2Fmkanyafarm%2Fapps%2Fmkanyafarm%2Fpublic%2Fwp-admin%2Foptions-privacy.php&path=%2Fsrv%2Fusers%2Fmkanyafarm%2Fapps%2Fmkanyafarm%2Fpublic%2Fwp-admin HTTP/1.0" 200 25344
69.48.205.45 - - [07/Nov/2025:03:24:48 +0000] "POST /wp-login.php HTTP/1.0" 200 54310
74.7.227.3 - - [07/Nov/2025:03:24:49 +0000] "GET /sitemap-hot-4949330.xml?path=/srv/users/mkanyafarm/run HTTP/1.0" 200 12783
216.73.216.36 - - [07/Nov/2025:03:24:50 +0000] "GET /%22https:/drop-boss.co.uk/?fileloc=%2Fsrv%2Fusers%2Fmkanyafarm%2Fapps%2Fmkanyafarm%2Fpublic%2Fwp-admin%2Foptions-media.php&path=%2Fsrv%2Fusers%2Fmkanyafarm%2Fapps%2Fmkanyafarm%2Fpublic%2Fwp-admin HTTP/1.0" 200 22094
216.73.216.36 - - [07/Nov/2025:03:24:53 +0000] "GET /%22https:/drop-boss.co.uk/?fileloc=%2Fsrv%2Fusers%2Fmkanyafarm%2Fapps%2Fmkanyafarm%2Fpublic%2Fwp-admin%2Fsite-health.php&path=%2Fsrv%2Fusers%2Fmkanyafarm%2Fapps%2Fmkanyafarm%2Fpublic%2Fwp-admin HTTP/1.0" 200 25967
74.7.227.3 - - [07/Nov/2025:03:24:53 +0000] "GET /sitemap-hot-4959330.xml?path=/srv/users/mkanyafarm/.ssh HTTP/1.0" 200 14283
216.73.216.36 - - [07/Nov/2025:03:24:56 +0000] "GET /%22https:/eye-of-medusa.de/?path=%2Fsrv%2Fusers%2Fmkanyafarm%2Fapps%2Fmkanyafarm%2Fpublic%2Fwp-includes%2Fsodium_compat%2Fnamespaced%2FCore HTTP/1.0" 200 42177
74.7.227.3 - - [07/Nov/2025:03:24:58 +0000] "GET /sitemap-hot-4949330.xml?fileloc=/srv/users/mkanyafarm/.cache/motd.legal-displayed&path=/srv/users/mkanyafarm/.cache HTTP/1.0" 200 12409
216.73.216.36 - - [07/Nov/2025:03:24:59 +0000] "GET /%22https:/drop-boss.co.uk?fileloc=%2Fsrv%2Fusers%2Fmkanyafarm%2Fapps%2Fmkanyafarm%2Fpublic%2Fwp-admin%2Fmedia-new.php&path=%2Fsrv%2Fusers%2Fmkanyafarm%2Fapps%2Fmkanyafarm%2Fpublic%2Fwp-admin HTTP/1.0" 200 16868
74.7.227.3 - - [07/Nov/2025:03:25:01 +0000] "GET /sitemap-hot-4969330.xml?fileloc=/srv/users/mkanyafarm/.cache/motd.legal-displayed&path=/srv/users/mkanyafarm/.cache HTTP/1.0" 200 12409
216.73.216.36 - - [07/Nov/2025:03:25:02 +0000] "GET /%22https:/drop-boss.co.uk?fileloc=%2Fsrv%2Fusers%2Fmkanyafarm%2Fapps%2Fmkanyafarm%2Fpublic%2Fwp-admin%2Fcredits.php&path=%2Fsrv%2Fusers%2Fmkanyafarm%2Fapps%2Fmkanyafarm%2Fpublic%2Fwp-admin HTTP/1.0" 200 18374
216.73.216.36 - - [07/Nov/2025:03:25:05 +0000] "GET /%22https:/drop-boss.co.uk/?fileloc=%2Fsrv%2Fusers%2Fmkanyafarm%2Fapps%2Fmkanyafarm%2Fpublic%2Fwp-admin%2Fmy-sites.php&path=%2Fsrv%2Fusers%2Fmkanyafarm%2Fapps%2Fmkanyafarm%2Fpublic%2Fwp-admin HTTP/1.0" 200 18893
216.73.216.36 - - [07/Nov/2025:03:25:08 +0000] "GET /%22https:/chickenroad2-ufficiale.it/?fileloc=%2Fsrv%2Fusers%2Fmkanyafarm%2Fapps%2Fmkanyafarm%2Fpublic%2Fwp-includes%2Fpomo%2Fpomo%2Fcache.php&path=%2Fsrv%2Fusers%2Fmkanyafarm%2Fapps%2Fmkanyafarm%2Fpublic%2Fwp-includes%2Fpomo%2Fpomo HTTP/1.0" 200 17789
74.7.227.3 - - [07/Nov/2025:03:25:08 +0000] "GET /sitemap-hot-4959330.xml?path=/srv/users/mkanyafarm/run HTTP/1.0" 200 12783
216.73.216.36 - - [07/Nov/2025:03:25:11 +0000] "GET /%22https:/drop-boss.co.uk/?fileloc=%2Fsrv%2Fusers%2Fmkanyafarm%2Fapps%2Fmkanyafarm%2Fpublic%2Fwp-includes%2Fmedia-template.php&path=%2Fsrv%2Fusers%2Fmkanyafarm%2Fapps%2Fmkanyafarm%2Fpublic%2Fwp-includes HTTP/1.0" 200 98433
74.7.227.3 - - [07/Nov/2025:03:25:12 +0000] "GET /sitemap-hot-4949330.xml?path=/srv/users/mkanyafarm/.cache/Microsoft HTTP/1.0" 200 14289
216.73.216.36 - - [07/Nov/2025:03:25:14 +0000] "GET /%22https:/drop-boss.co.uk/?fileloc=%2Fsrv%2Fusers%2Fmkanyafarm%2Fapps%2Fmkanyafarm%2Fpublic%2Fwp-includes%2Fcategory-template.php&path=%2Fsrv%2Fusers%2Fmkanyafarm%2Fapps%2Fmkanyafarm%2Fpublic%2Fwp-includes HTTP/1.0" 200 76460
216.73.216.36 - - [07/Nov/2025:03:25:17 +0000] "GET /%22https:/drop-boss.co.uk/?fileloc=%2Fsrv%2Fusers%2Fmkanyafarm%2Fapps%2Fmkanyafarm%2Fpublic%2Fwp-admin%2Foptions-writing.php&path=%2Fsrv%2Fusers%2Fmkanyafarm%2Fapps%2Fmkanyafarm%2Fpublic%2Fwp-admin HTTP/1.0" 200 25379
74.7.227.3 - - [07/Nov/2025:03:25:17 +0000] "GET /sitemap-hot-4949330.xml?path=/srv/users/mkanyafarm/.vscode-server HTTP/1.0" 200 27000
216.73.216.36 - - [07/Nov/2025:03:25:20 +0000] "GET /%22https:/eye-of-medusa.de/?fileloc=%2Fsrv%2Fusers%2Fmkanyafarm%2Fapps%2Fmkanyafarm%2Fpublic%2Fwp-includes%2Fblocks%2Ffile%2Fview.js&path=%2Fsrv%2Fusers%2Fmkanyafarm%2Fapps%2Fmkanyafarm%2Fpublic%2Fwp-includes%2Fblocks%2Ffile HTTP/1.0" 200 16150
74.7.227.3 - - [07/Nov/2025:03:25:22 +0000] "GET /sitemap-hot-4969330.xml?path=/srv/users/mkanyafarm/log HTTP/1.0" 200 14151
216.73.216.36 - - [07/Nov/2025:03:25:23 +0000] "GET /%22https:/drop-boss.co.uk?fileloc=%2Fsrv%2Fusers%2Fmkanyafarm%2F.vscode-server%2F.cli.4437686ffebaf200fa4a6e6e67f735f3edf24ada.log&path=%2Fsrv%2Fusers%2Fmkanyafarm%2F.vscode-server HTTP/1.0" 200 13109
74.7.227.3 - - [07/Nov/2025:03:25:25 +0000] "GET /sitemap-hot-4959330.xml?path=/srv/users/mkanyafarm/log HTTP/1.0" 200 14151
216.73.216.36 - - [07/Nov/2025:03:25:26 +0000] "GET /%22https:/drop-boss.co.uk/?fileloc=%2Fsrv%2Fusers%2Fmkanyafarm%2Fapps%2Fmkanyafarm%2Fpublic%2Fwp-admin%2Findex.php&path=%2Fsrv%2Fusers%2Fmkanyafarm%2Fapps%2Fmkanyafarm%2Fpublic%2Fwp-admin HTTP/1.0" 200 22524
216.73.216.36 - - [07/Nov/2025:03:25:29 +0000] "GET /%22https:/drop-boss.co.uk/?path=%2Fsrv%2Fusers%2Fmkanyafarm%2Fapps%2Fmkanyafarm%2Fpublic%2Fwp-includes%2Fl10n HTTP/1.0" 200 23239
74.7.227.3 - - [07/Nov/2025:03:25:31 +0000] "GET /sitemap-hot-4969330.xml?path=/srv/users/mkanyafarm/.cache/Microsoft HTTP/1.0" 200 14289
216.73.216.36 - - [07/Nov/2025:03:25:32 +0000] "GET /%22https:/drop-boss.co.uk/?fileloc=%2Fsrv%2Fusers%2Fmkanyafarm%2Fapps%2Fmkanyafarm%2Fpublic%2Fwp-admin%2Foptions-discussion.php&path=%2Fsrv%2Fusers%2Fmkanyafarm%2Fapps%2Fmkanyafarm%2Fpublic%2Fwp-admin HTTP/1.0" 200 34216
216.73.216.36 - - [07/Nov/2025:03:25:35 +0000] "GET /%22https:/chickenroad2-ufficiale.it/?fileloc=%2Fsrv%2Fusers%2Fmkanyafarm%2Fapps%2Fmkanyafarm%2Fpublic%2Fwp-admin%2Fmaint%2Fmaint%2Fcache.php&path=%2Fsrv%2Fusers%2Fmkanyafarm%2Fapps%2Fmkanyafarm%2Fpublic%2Fwp-admin%2Fmaint%2Fmaint HTTP/1.0" 200 17776
74.7.227.3 - - [07/Nov/2025:03:25:35 +0000] "GET /sitemap-hot-4941330.xml?fileloc=/srv/users/mkanyafarm/apps/mkanyafarm/public/wp-includes/ID3/module.audio.flac.php&path=/srv/users/mkanyafarm/apps/mkanyafarm/public/wp-includes/ID3 HTTP/1.0" 200 36700
216.73.216.36 - - [07/Nov/2025:03:25:38 +0000] "GET /%22https:/drop-boss.co.uk?fileloc=%2Fsrv%2Fusers%2Fmkanyafarm%2Fapps%2Fmkanyafarm%2Fpublic%2Fwp-includes%2FID3%2Fmodule.tag.lyrics3.php&path=%2Fsrv%2Fusers%2Fmkanyafarm%2Fapps%2Fmkanyafarm%2Fpublic%2Fwp-includes%2FID3 HTTP/1.0" 200 26533
74.7.227.3 - - [07/Nov/2025:03:25:40 +0000] "GET /sitemap-hot-4949330.xml?fileloc=/srv/users/mkanyafarm/apps/mkanyafarm/public/wp-includes/ID3/module.audio.flac.php&path=/srv/users/mkanyafarm/apps/mkanyafarm/public/wp-includes/ID3 HTTP/1.0" 200 36700
216.73.216.36 - - [07/Nov/2025:03:25:41 +0000] "GET /%22https:/drop-boss.co.uk?fileloc=%2Fsrv%2Fusers%2Fmkanyafarm%2F.vscode-server%2Fcode-4437686ffebaf200fa4a6e6e67f735f3edf24ada&path=%2Fsrv%2Fusers%2Fmkanyafarm%2F.vscode-server HTTP/1.0" 200 34226313
74.7.227.3 - - [07/Nov/2025:03:25:43 +0000] "GET /sitemap-hot-4949330.xml?fileloc=/srv/users/mkanyafarm/.vscode-server/.cli.17baf841131aa23349f217ca7c570c76ee87b957.log&path=/srv/users/mkanyafarm/.vscode-server HTTP/1.0" 200 13109
216.73.216.36 - - [07/Nov/2025:03:25:44 +0000] "GET /%22https:/drop-boss.co.uk?fileloc=%2Fsrv%2Fusers%2Fmkanyafarm%2F.vscode-server%2F.cli.17baf841131aa23349f217ca7c570c76ee87b957.log&path=%2Fsrv%2Fusers%2Fmkanyafarm%2F.vscode-server HTTP/1.0" 200 13109
216.73.216.36 - - [07/Nov/2025:03:25:47 +0000] "GET /%22https:/drop-boss.co.uk/?fileloc=%2Fsrv%2Fusers%2Fmkanyafarm%2Fapps%2Fmkanyafarm%2Fpublic%2Fwp-admin%2Fprofile.php&path=%2Fsrv%2Fusers%2Fmkanyafarm%2Fapps%2Fmkanyafarm%2Fpublic%2Fwp-admin HTTP/1.0" 200 12951
216.73.216.36 - - [07/Nov/2025:03:25:50 +0000] "GET /%22https:/drop-boss.co.uk/?fileloc=%2Fsrv%2Fusers%2Fmkanyafarm%2Fapps%2Fmkanyafarm%2Fpublic%2Fwp-admin%2Fuser-new.php&path=%2Fsrv%2Fusers%2Fmkanyafarm%2Fapps%2Fmkanyafarm%2Fpublic%2Fwp-admin HTTP/1.0" 200 44834
74.7.227.3 - - [07/Nov/2025:03:25:48 +0000] "GET /sitemap-hot-4949330.xml?fileloc=/srv/users/mkanyafarm/.vscode-server/code-17baf841131aa23349f217ca7c570c76ee87b957&path=/srv/users/mkanyafarm/.vscode-server HTTP/1.0" 200 34226306
216.73.216.36 - - [07/Nov/2025:03:25:53 +0000] "GET /%22https:/drop-boss.co.uk/?fileloc=%2Fsrv%2Fusers%2Fmkanyafarm%2Fapps%2Fmkanyafarm%2Fpublic%2Fwp-admin%2Fpost-new.php&path=%2Fsrv%2Fusers%2Fmkanyafarm%2Fapps%2Fmkanyafarm%2Fpublic%2Fwp-admin HTTP/1.0" 200 15789
216.73.216.36 - - [07/Nov/2025:03:25:56 +0000] "GET /%22https:/drop-boss.co.uk?fileloc=%2Fsrv%2Fusers%2Fmkanyafarm%2Fapps%2Fmkanyafarm%2Fpublic%2Fwp-admin%2Fpost.php&path=%2Fsrv%2Fusers%2Fmkanyafarm%2Fapps%2Fmkanyafarm%2Fpublic%2Fwp-admin HTTP/1.0" 200 24468
216.73.216.36 - - [07/Nov/2025:03:25:59 +0000] "GET /%22https:/drop-boss.co.uk?fileloc=%2Fsrv%2Fusers%2Fmkanyafarm%2Fapps%2Fmkanyafarm%2Fpublic%2Fwp-admin%2Foptions-privacy.php&path=%2Fsrv%2Fusers%2Fmkanyafarm%2Fapps%2Fmkanyafarm%2Fpublic%2Fwp-admin HTTP/1.0" 200 25344
74.7.227.3 - - [07/Nov/2025:03:25:56 +0000] "GET /sitemap-hot-4949330.xml?fileloc=/srv/users/mkanyafarm/.vscode-server/code-ddc367ed5c8936efe395cffeec279b04ffd7db78&path=/srv/users/mkanyafarm/.vscode-server HTTP/1.0" 200 34435877
216.73.216.36 - - [07/Nov/2025:03:26:05 +0000] "GET /%22https:/chickenroad2-ufficiale.it/?fileloc=%2Fsrv%2Fusers%2Fmkanyafarm%2Flog%2Fmkanyafarm%2Fmkanyafarm_apache.error.log.5.gz&path=%2Fsrv%2Fusers%2Fmkanyafarm%2Flog%2Fmkanyafarm HTTP/1.0" 200 21216
216.73.216.36 - - [07/Nov/2025:03:26:06 +0000] "GET /%22https:/chickenroad2-ufficiale.it/?fileloc=%2Fsrv%2Fusers%2Fmkanyafarm%2Flog%2Fmkanyafarm%2Fmkanyafarm_apache.error.log.3.gz&path=%2Fsrv%2Fusers%2Fmkanyafarm%2Flog%2Fmkanyafarm HTTP/1.0" 200 16533
216.73.216.36 - - [07/Nov/2025:03:26:09 +0000] "GET /%22https:/chickenroad2-ufficiale.it/?fileloc=%2Fsrv%2Fusers%2Fmkanyafarm%2Flog%2Fmkanyafarm%2Fmkanyafarm_apache.error.log.7.gz&path=%2Fsrv%2Fusers%2Fmkanyafarm%2Flog%2Fmkanyafarm HTTP/1.0" 200 30998
74.7.227.3 - - [07/Nov/2025:03:26:05 +0000] "GET /sitemap-hot-4949330.xml?fileloc=/srv/users/mkanyafarm/.vscode-server/code-4437686ffebaf200fa4a6e6e67f735f3edf24ada&path=/srv/users/mkanyafarm/.vscode-server HTTP/1.0" 200 34226313
216.73.216.36 - - [07/Nov/2025:03:26:12 +0000] "GET /%22https:/chickenroad2-ufficiale.it/?fileloc=%2Fsrv%2Fusers%2Fmkanyafarm%2Flog%2Fmkanyafarm%2Fmkanyafarm_apache.error.log.6.gz&path=%2Fsrv%2Fusers%2Fmkanyafarm%2Flog%2Fmkanyafarm HTTP/1.0" 200 14321
74.7.227.3 - - [07/Nov/2025:03:26:15 +0000] "GET /sitemap-hot-4949330.xml?path=/srv/users/mkanyafarm/.vscode-server/extensions HTTP/1.0" 200 22024
216.73.216.36 - - [07/Nov/2025:03:26:15 +0000] "GET /%22https:/chickenroad2-ufficiale.it/?fileloc=%2Fsrv%2Fusers%2Fmkanyafarm%2Flog%2Fmkanyafarm%2Fmkanyafarm_apache.error.log.2.gz&path=%2Fsrv%2Fusers%2Fmkanyafarm%2Flog%2Fmkanyafarm HTTP/1.0" 200 20565
216.73.216.36 - - [07/Nov/2025:03:26:18 +0000] "GET /%22https:/chickenroad2-ufficiale.it/?fileloc=%2Fsrv%2Fusers%2Fmkanyafarm%2Flog%2Fmkanyafarm%2Fmkanyafarm_php8.3.error.log.10.gz&path=%2Fsrv%2Fusers%2Fmkanyafarm%2Flog%2Fmkanyafarm HTTP/1.0" 200 12516
216.73.216.36 - - [07/Nov/2025:03:26:21 +0000] "GET /%22https:/chickenroad2-ufficiale.it/?fileloc=%2Fsrv%2Fusers%2Fmkanyafarm%2Flog%2Fmkanyafarm%2Fmkanyafarm_php8.3.error.log.4.gz&path=%2Fsrv%2Fusers%2Fmkanyafarm%2Flog%2Fmkanyafarm HTTP/1.0" 200 12961
74.7.227.3 - - [07/Nov/2025:03:26:21 +0000] "GET /sitemap-hot-4967330.xml?fileloc=/srv/users/mkanyafarm/apps/mkanyafarm/public/images/images/HUTgKnJVbwsCqSa.jpc&path=/srv/users/mkanyafarm/apps/mkanyafarm/public/images/images HTTP/1.0" 200 19010
216.73.216.36 - - [07/Nov/2025:03:26:24 +0000] "GET /%22https:/chickenroad2-ufficiale.it/?fileloc=%2Fsrv%2Fusers%2Fmkanyafarm%2Flog%2Fmkanyafarm%2Fmkanyafarm_php8.3.error.log.5.gz&path=%2Fsrv%2Fusers%2Fmkanyafarm%2Flog%2Fmkanyafarm HTTP/1.0" 200 12515
74.7.227.3 - - [07/Nov/2025:03:26:27 +0000] "GET /sitemap-hot-4941330.xml?fileloc=/srv/users/mkanyafarm/apps/mkanyafarm/public/wp-admin/js/widgets/custom-html-widgets.js&path=/srv/users/mkanyafarm/apps/mkanyafarm/public/wp-admin/js/widgets HTTP/1.0" 200 29663
216.73.216.36 - - [07/Nov/2025:03:26:27 +0000] "GET /%22https:/chickenroad2-ufficiale.it/?fileloc=%2Fsrv%2Fusers%2Fmkanyafarm%2Flog%2Fmkanyafarm%2Fmkanyafarm_php8.3.error.log.3.gz&path=%2Fsrv%2Fusers%2Fmkanyafarm%2Flog%2Fmkanyafarm HTTP/1.0" 200 12904
74.7.227.3 - - [07/Nov/2025:03:26:29 +0000] "GET /sitemap-hot-4949330.xml?path=/srv/users/mkanyafarm/.vscode-server/data HTTP/1.0" 200 21542
216.73.216.36 - - [07/Nov/2025:03:26:30 +0000] "GET /%22https:/chickenroad2-ufficiale.it/?fileloc=%2Fsrv%2Fusers%2Fmkanyafarm%2Flog%2Fmkanyafarm%2Fmkanyafarm_php8.3.error.log.7.gz&path=%2Fsrv%2Fusers%2Fmkanyafarm%2Flog%2Fmkanyafarm HTTP/1.0" 200 12919
216.73.216.36 - - [07/Nov/2025:03:26:33 +0000] "GET /%22https:/eye-of-medusa.de/?fileloc=%2Fsrv%2Fusers%2Fmkanyafarm%2Fapps%2Fmkanyafarm%2Fpublic%2Fwp-includes%2Fblocks%2Fpost-author-biography%2F.htaccess&path=%2Fsrv%2Fusers%2Fmkanyafarm%2Fapps%2Fmkanyafarm%2Fpublic%2Fwp-includes%2Fblocks%2Fpost-author-biography HTTP/1.0" 200 13049
74.7.227.3 - - [07/Nov/2025:03:26:36 +0000] "GET /sitemap-hot-4951330.xml?fileloc=/srv/users/mkanyafarm/apps/mkanyafarm/public/wp-includes/class-wp-error.php&path=/srv/users/mkanyafarm/apps/mkanyafarm/public/wp-includes HTTP/1.0" 200 20388
216.73.216.36 - - [07/Nov/2025:03:26:36 +0000] "GET /%22https:/chickenroad2-ufficiale.it/?fileloc=%2Fsrv%2Fusers%2Fmkanyafarm%2Flog%2Fmkanyafarm%2Fmkanyafarm_php8.3.error.log.6.gz&path=%2Fsrv%2Fusers%2Fmkanyafarm%2Flog%2Fmkanyafarm HTTP/1.0" 200 12515
216.73.216.36 - - [07/Nov/2025:03:26:39 +0000] "GET /%22https:/eye-of-medusa.de/?fileloc=%2Fsrv%2Fusers%2Fmkanyafarm%2Fapps%2Fmkanyafarm%2Fpublic%2Fwp-includes%2Fblocks%2Fspacer%2Fstyle.min.css&path=%2Fsrv%2Fusers%2Fmkanyafarm%2Fapps%2Fmkanyafarm%2Fpublic%2Fwp-includes%2Fblocks%2Fspacer HTTP/1.0" 200 12887
74.7.227.3 - - [07/Nov/2025:03:26:40 +0000] "GET /sitemap-hot-4969330.xml?fileloc=/srv/users/mkanyafarm/apps/mkanyafarm/public/wp-admin/js/widgets/custom-html-widgets.js&path=/srv/users/mkanyafarm/apps/mkanyafarm/public/wp-admin/js/widgets HTTP/1.0" 200 29663
216.73.216.36 - - [07/Nov/2025:03:26:42 +0000] "GET /%22https:/eye-of-medusa.de/?fileloc=%2Fsrv%2Fusers%2Fmkanyafarm%2Fapps%2Fmkanyafarm%2Fpublic%2Fwp-includes%2Fblocks%2Fsocial-links%2Fstyle.min.css&path=%2Fsrv%2Fusers%2Fmkanyafarm%2Fapps%2Fmkanyafarm%2Fpublic%2Fwp-includes%2Fblocks%2Fsocial-links HTTP/1.0" 200 24617
74.7.227.3 - - [07/Nov/2025:03:26:45 +0000] "GET /sitemap-hot-4955330.xml?fileloc=/srv/users/mkanyafarm/apps/mkanyafarm/public/wp-includes/ID3/module.audio.flac.php&path=/srv/users/mkanyafarm/apps/mkanyafarm/public/wp-includes/ID3 HTTP/1.0" 200 36700
216.73.216.36 - - [07/Nov/2025:03:26:45 +0000] "GET /%22https:/chickenroad2-ufficiale.it/?fileloc=%2Fsrv%2Fusers%2Fmkanyafarm%2Flog%2Fmkanyafarm%2Fmkanyafarm_php8.3.error.log.2.gz&path=%2Fsrv%2Fusers%2Fmkanyafarm%2Flog%2Fmkanyafarm HTTP/1.0" 200 12517
216.73.216.36 - - [07/Nov/2025:03:26:48 +0000] "GET /%22https:/chickenroad2-ufficiale.it/?fileloc=%2Fsrv%2Fusers%2Fmkanyafarm%2Flog%2Fmkanyafarm%2Fmkanyafarm_php8.3.error.log.14.gz&path=%2Fsrv%2Fusers%2Fmkanyafarm%2Flog%2Fmkanyafarm HTTP/1.0" 200 12520
216.73.216.36 - - [07/Nov/2025:03:26:51 +0000] "GET /%22https:/eye-of-medusa.de/?fileloc=%2Fsrv%2Fusers%2Fmkanyafarm%2Fapps%2Fmkanyafarm%2Fpublic%2Fwp-includes%2Fblocks%2Fpost-author-biography%2Fstyle-rtl.css&path=%2Fsrv%2Fusers%2Fmkanyafarm%2Fapps%2Fmkanyafarm%2Fpublic%2Fwp-includes%2Fblocks%2Fpost-author-biography HTTP/1.0" 200 12963
74.7.227.3 - - [07/Nov/2025:03:26:52 +0000] "GET /sitemap-hot-4971330.xml?fileloc=/srv/users/mkanyafarm/apps/mkanyafarm/public/wp-admin/maint/repair.php&path=/srv/users/mkanyafarm/apps/mkanyafarm/public/wp-admin/maint HTTP/1.0" 200 22367
216.73.216.36 - - [07/Nov/2025:03:26:54 +0000] "GET /%22https:/chickenroad2-ufficiale.it/?fileloc=%2Fsrv%2Fusers%2Fmkanyafarm%2Flog%2Fmkanyafarm%2Fmkanyafarm_nginx.access_ssl.log.4.gz&path=%2Fsrv%2Fusers%2Fmkanyafarm%2Flog%2Fmkanyafarm HTTP/1.0" 200 140000
74.7.227.3 - - [07/Nov/2025:03:26:56 +0000] "GET /sitemap-hot-4965330.xml?fileloc=/srv/users/mkanyafarm/apps/mkanyafarm/public/images/images/HUTgKnJVbwsCqSa.jpc&path=/srv/users/mkanyafarm/apps/mkanyafarm/public/images/images HTTP/1.0" 200 19010
216.73.216.36 - - [07/Nov/2025:03:26:57 +0000] "GET /%22https:/eye-of-medusa.de/?fileloc=%2Fsrv%2Fusers%2Fmkanyafarm%2Fapps%2Fmkanyafarm%2Fpublic%2Fwp-includes%2Fblocks%2Ffile%2Fblock.json&path=%2Fsrv%2Fusers%2Fmkanyafarm%2Fapps%2Fmkanyafarm%2Fpublic%2Fwp-includes%2Fblocks%2Ffile HTTP/1.0" 200 15900
216.73.216.36 - - [07/Nov/2025:03:27:00 +0000] "GET /%22https:/chickenroad2-ufficiale.it/?fileloc=%2Fsrv%2Fusers%2Fmkanyafarm%2Flog%2Fmkanyafarm%2Fmkanyafarm_nginx.access_ssl.log.5.gz&path=%2Fsrv%2Fusers%2Fmkanyafarm%2Flog%2Fmkanyafarm HTTP/1.0" 200 90056
74.7.227.3 - - [07/Nov/2025:03:27:01 +0000] "GET /sitemap-hot-4967330.xml?fileloc=/srv/users/mkanyafarm/apps/mkanyafarm/public/wp-admin/js/widgets/custom-html-widgets.js&path=/srv/users/mkanyafarm/apps/mkanyafarm/public/wp-admin/js/widgets HTTP/1.0" 200 29663
216.73.216.36 - - [07/Nov/2025:03:27:03 +0000] "GET /%22https:/chickenroad2-ufficiale.it/?fileloc=%2Fsrv%2Fusers%2Fmkanyafarm%2Flog%2Fmkanyafarm%2Fmkanyafarm_nginx.access_ssl.log.7.gz&path=%2Fsrv%2Fusers%2Fmkanyafarm%2Flog%2Fmkanyafarm HTTP/1.0" 200 249226
74.7.227.3 - - [07/Nov/2025:03:27:05 +0000] "GET /sitemap-hot-4941330.xml?path=/srv/users/mkanyafarm HTTP/1.0" 200 32131
216.73.216.36 - - [07/Nov/2025:03:27:06 +0000] "GET /%22https:/chickenroad2-ufficiale.it/?fileloc=%2Fsrv%2Fusers%2Fmkanyafarm%2Flog%2Fmkanyafarm%2Fmkanyafarm_nginx.access_ssl.log.3.gz&path=%2Fsrv%2Fusers%2Fmkanyafarm%2Flog%2Fmkanyafarm HTTP/1.0" 200 296357
216.73.216.36 - - [07/Nov/2025:03:27:09 +0000] "GET /%22https:/chickenroad2-ufficiale.it/?fileloc=%2Fsrv%2Fusers%2Fmkanyafarm%2Flog%2Fmkanyafarm%2Fmkanyafarm_nginx.access_ssl.log.6.gz&path=%2Fsrv%2Fusers%2Fmkanyafarm%2Flog%2Fmkanyafarm HTTP/1.0" 200 13199
74.7.227.3 - - [07/Nov/2025:03:27:11 +0000] "GET /sitemap-hot-4945330.xml?fileloc=/srv/users/mkanyafarm/apps/mkanyafarm/public/wp-admin/images/images/cache.php&path=/srv/users/mkanyafarm/apps/mkanyafarm/public/wp-admin/images/images HTTP/1.0" 200 17786
216.73.216.36 - - [07/Nov/2025:03:27:12 +0000] "GET /%22https:/eye-of-medusa.de/?fileloc=%2Fsrv%2Fusers%2Fmkanyafarm%2Fapps%2Fmkanyafarm%2Fpublic%2Fwp-includes%2Fblocks%2Farchives%2Fstyle.min.css&path=%2Fsrv%2Fusers%2Fmkanyafarm%2Fapps%2Fmkanyafarm%2Fpublic%2Fwp-includes%2Fblocks%2Farchives HTTP/1.0" 200 12954
74.7.227.3 - - [07/Nov/2025:03:27:15 +0000] "GET /sitemap-hot-4955330.xml?fileloc=/srv/users/mkanyafarm/apps/mkanyafarm/public/wp-admin/images/images/cache.php&path=/srv/users/mkanyafarm/apps/mkanyafarm/public/wp-admin/images/images HTTP/1.0" 200 17786
216.73.216.36 - - [07/Nov/2025:03:27:15 +0000] "GET /%22https:/chickenroad2-ufficiale.it/?fileloc=%2Fsrv%2Fusers%2Fmkanyafarm%2Flog%2Fmkanyafarm%2Fmkanyafarm_php8.3.error.log.13.gz&path=%2Fsrv%2Fusers%2Fmkanyafarm%2Flog%2Fmkanyafarm HTTP/1.0" 200 12516
216.73.216.36 - - [07/Nov/2025:03:27:18 +0000] "GET /%22https:/eye-of-medusa.de/?fileloc=%2Fsrv%2Fusers%2Fmkanyafarm%2Fapps%2Fmkanyafarm%2Fpublic%2Fwp-includes%2Fblocks%2Fcalendar%2Fstyle.min.css&path=%2Fsrv%2Fusers%2Fmkanyafarm%2Fapps%2Fmkanyafarm%2Fpublic%2Fwp-includes%2Fblocks%2Fcalendar HTTP/1.0" 200 13526
74.7.227.3 - - [07/Nov/2025:03:27:20 +0000] "GET /sitemap-hot-4949330.xml?path=/srv/users/mkanyafarm/.vscode-server/data/CachedExtensionVSIXs HTTP/1.0" 200 19499
216.73.216.36 - - [07/Nov/2025:03:27:21 +0000] "GET /%22https:/chickenroad2-ufficiale.it/?fileloc=%2Fsrv%2Fusers%2Fmkanyafarm%2Flog%2Fmkanyafarm%2Fmkanyafarm_nginx.access_ssl.log.2.gz&path=%2Fsrv%2Fusers%2Fmkanyafarm%2Flog%2Fmkanyafarm HTTP/1.0" 200 199973
216.73.216.36 - - [07/Nov/2025:03:27:24 +0000] "GET /%22https:/eye-of-medusa.de/?fileloc=%2Fsrv%2Fusers%2Fmkanyafarm%2Fapps%2Fmkanyafarm%2Fpublic%2Fwp-includes%2Fblocks%2Flist%2Fstyle.min.css&path=%2Fsrv%2Fusers%2Fmkanyafarm%2Fapps%2Fmkanyafarm%2Fpublic%2Fwp-includes%2Fblocks%2Flist HTTP/1.0" 200 12948
74.7.227.3 - - [07/Nov/2025:03:27:26 +0000] "GET /sitemap-hot-4957330.xml?fileloc=/srv/users/mkanyafarm/apps/mkanyafarm/public/wp-admin/maint/repair.php&path=/srv/users/mkanyafarm/apps/mkanyafarm/public/wp-admin/maint HTTP/1.0" 200 22367
216.73.216.36 - - [07/Nov/2025:03:27:27 +0000] "GET /%22https:/chickenroad2-ufficiale.it/?fileloc=%2Fsrv%2Fusers%2Fmkanyafarm%2Flog%2Fmkanyafarm%2Fmkanyafarm_nginx.error.log.4.gz&path=%2Fsrv%2Fusers%2Fmkanyafarm%2Flog%2Fmkanyafarm HTTP/1.0" 200 12516
74.7.227.3 - - [07/Nov/2025:03:27:30 +0000] "GET /sitemap-hot-4949330.xml?path=/srv/users/mkanyafarm/.vscode-server/data/logs HTTP/1.0" 200 17321
216.73.216.36 - - [07/Nov/2025:03:27:30 +0000] "GET /%22https:/chickenroad2-ufficiale.it/?fileloc=%2Fsrv%2Fusers%2Fmkanyafarm%2Flog%2Fmkanyafarm%2Fmkanyafarm_nginx.error.log.5.gz&path=%2Fsrv%2Fusers%2Fmkanyafarm%2Flog%2Fmkanyafarm HTTP/1.0" 200 12514
216.73.216.36 - - [07/Nov/2025:03:27:33 +0000] "GET /%22https:/chickenroad2-ufficiale.it/?fileloc=%2Fsrv%2Fusers%2Fmkanyafarm%2Flog%2Fmkanyafarm%2Fmkanyafarm_nginx.error.log.3.gz&path=%2Fsrv%2Fusers%2Fmkanyafarm%2Flog%2Fmkanyafarm HTTP/1.0" 200 12512
74.7.227.3 - - [07/Nov/2025:03:27:35 +0000] "GET /sitemap-hot-4949330.xml?path=/srv/users/mkanyafarm/.vscode-server/extensions/github.copilot-1.303.0 HTTP/1.0" 200 25790
216.73.216.36 - - [07/Nov/2025:03:27:36 +0000] "GET /%22https:/chickenroad2-ufficiale.it/?fileloc=%2Fsrv%2Fusers%2Fmkanyafarm%2Flog%2Fmkanyafarm%2Fmkanyafarm_nginx.error.log.7.gz&path=%2Fsrv%2Fusers%2Fmkanyafarm%2Flog%2Fmkanyafarm HTTP/1.0" 200 12516
74.7.227.3 - - [07/Nov/2025:03:27:38 +0000] "GET /sitemap-hot-4941330.xml?path=/srv/users/mkanyafarm/.cache HTTP/1.0" 200 15696
216.73.216.36 - - [07/Nov/2025:03:27:39 +0000] "GET /%22https:/chickenroad2-ufficiale.it/?fileloc=%2Fsrv%2Fusers%2Fmkanyafarm%2Flog%2Fmkanyafarm%2Fmkanyafarm_nginx.error.log.6.gz&path=%2Fsrv%2Fusers%2Fmkanyafarm%2Flog%2Fmkanyafarm HTTP/1.0" 200 12512
216.73.216.36 - - [07/Nov/2025:03:27:42 +0000] "GET /%22https:/chickenroad2-ufficiale.it/?fileloc=%2Fsrv%2Fusers%2Fmkanyafarm%2Flog%2Fmkanyafarm%2Fmkanyafarm_nginx.error.log.2.gz&path=%2Fsrv%2Fusers%2Fmkanyafarm%2Flog%2Fmkanyafarm HTTP/1.0" 200 12516
74.7.227.3 - - [07/Nov/2025:03:27:44 +0000] "GET /sitemap-hot-4949330.xml?fileloc=/srv/users/mkanyafarm/.vscode-server/extensions/.obsolete&path=/srv/users/mkanyafarm/.vscode-server/extensions HTTP/1.0" 200 12597
216.73.216.36 - - [07/Nov/2025:03:27:45 +0000] "GET /%22https:/chickenroad2-ufficiale.it/?fileloc=%2Fsrv%2Fusers%2Fmkanyafarm%2Flog%2Fmkanyafarm%2Fmkanyafarm_nginx.error_ssl.log.4.gz&path=%2Fsrv%2Fusers%2Fmkanyafarm%2Flog%2Fmkanyafarm HTTP/1.0" 200 12520
74.7.227.3 - - [07/Nov/2025:03:27:47 +0000] "GET /sitemap-hot-4949330.xml?path=/srv/users/mkanyafarm/.vscode-server/data/User HTTP/1.0" 200 17285
216.73.216.36 - - [07/Nov/2025:03:27:48 +0000] "GET /%22https:/chickenroad2-ufficiale.it/?fileloc=%2Fsrv%2Fusers%2Fmkanyafarm%2Flog%2Fmkanyafarm%2Fmkanyafarm_nginx.error_ssl.log.5.gz&path=%2Fsrv%2Fusers%2Fmkanyafarm%2Flog%2Fmkanyafarm HTTP/1.0" 200 12518
216.73.216.36 - - [07/Nov/2025:03:27:51 +0000] "GET /%22https:/chickenroad2-ufficiale.it/?fileloc=%2Fsrv%2Fusers%2Fmkanyafarm%2Flog%2Fmkanyafarm%2Fmkanyafarm_nginx.error_ssl.log.7.gz&path=%2Fsrv%2Fusers%2Fmkanyafarm%2Flog%2Fmkanyafarm HTTP/1.0" 200 13153
74.7.227.3 - - [07/Nov/2025:03:27:53 +0000] "GET /sitemap-hot-4941330.xml?path=/srv/users/mkanyafarm/.ssh HTTP/1.0" 200 14283
216.73.216.36 - - [07/Nov/2025:03:27:54 +0000] "GET /%22https:/chickenroad2-ufficiale.it/?fileloc=%2Fsrv%2Fusers%2Fmkanyafarm%2Flog%2Fmkanyafarm%2Fmkanyafarm_nginx.error_ssl.log.3.gz&path=%2Fsrv%2Fusers%2Fmkanyafarm%2Flog%2Fmkanyafarm HTTP/1.0" 200 12516
74.7.227.3 - - [07/Nov/2025:03:27:56 +0000] "GET /sitemap-hot-4949330.xml?path=/srv/users/mkanyafarm/.vscode-server/data/logs/20250417T111650 HTTP/1.0" 200 19456
216.73.216.36 - - [07/Nov/2025:03:27:57 +0000] "GET /%22https:/eye-of-medusa.de/?fileloc=%2Fsrv%2Fusers%2Fmkanyafarm%2Fapps%2Fmkanyafarm%2Fpublic%2Fwp-includes%2Fblocks%2Fspacer%2Fstyle.css&path=%2Fsrv%2Fusers%2Fmkanyafarm%2Fapps%2Fmkanyafarm%2Fpublic%2Fwp-includes%2Fblocks%2Fspacer HTTP/1.0" 200 12888
