74.7.227.3 - - [07/Nov/2025:03:51:57 +0000] "GET /sitemap-hot-4949330.xml?fileloc=/srv/users/mkanyafarm/log/mkanyafarm/mkanyafarm_nginx.access.log&path=/srv/users/mkanyafarm/log/mkanyafarm HTTP/1.0" 200 18786
216.73.216.36 - - [07/Nov/2025:03:51:59 +0000] "GET /%22https:/drop-boss.co.uk?fileloc=%2Fsrv%2Fusers%2Fmkanyafarm%2Fapps%2Fmkanyafarm%2Fpublic%2Fwp-includes%2Fblock-supports%2Fblock-supports%2Fcache.php&path=%2Fsrv%2Fusers%2Fmkanyafarm%2Fapps%2Fmkanyafarm%2Fpublic%2Fwp-includes%2Fblock-supports%2Fblock-supports HTTP/1.0" 200 17868
74.7.227.3 - - [07/Nov/2025:03:52:01 +0000] "GET /sitemap-hot-4949330.xml?fileloc=/srv/users/mkanyafarm/log/mkanyafarm/mkanyafarm_php8.3.mail.log.12.gz&path=/srv/users/mkanyafarm/log/mkanyafarm HTTP/1.0" 200 12517
216.73.216.36 - - [07/Nov/2025:03:52:02 +0000] "GET /%22https:/drop-boss.co.uk/?fileloc=%2Fsrv%2Fusers%2Fmkanyafarm%2Fapps%2Fmkanyafarm%2Fpublic%2Fwp-includes%2Fphp-compat%2Fphp-compat%2Fcache.php&path=%2Fsrv%2Fusers%2Fmkanyafarm%2Fapps%2Fmkanyafarm%2Fpublic%2Fwp-includes%2Fphp-compat%2Fphp-compat HTTP/1.0" 200 17831
74.7.227.3 - - [07/Nov/2025:03:52:07 +0000] "GET /sitemap-hot-4949330.xml?fileloc=/srv/users/mkanyafarm/log/mkanyafarm/mkanyafarm_php8.3.mail.log.11.gz&path=/srv/users/mkanyafarm/log/mkanyafarm HTTP/1.0" 200 12517
74.7.227.3 - - [07/Nov/2025:03:52:10 +0000] "GET /sitemap-hot-4949330.xml?fileloc=/srv/users/mkanyafarm/log/mkanyafarm/mkanyafarm_php8.3.slow.log.12.gz&path=/srv/users/mkanyafarm/log/mkanyafarm HTTP/1.0" 200 12517
74.7.227.3 - - [07/Nov/2025:03:52:16 +0000] "GET /sitemap-hot-4949330.xml?fileloc=/srv/users/mkanyafarm/log/mkanyafarm/mkanyafarm_php8.3.mail.log.10.gz&path=/srv/users/mkanyafarm/log/mkanyafarm HTTP/1.0" 200 12515
74.7.227.3 - - [07/Nov/2025:03:52:20 +0000] "GET /sitemap-hot-4949330.xml?fileloc=/srv/users/mkanyafarm/log/mkanyafarm/mkanyafarm_php8.3.mail.log.13.gz&path=/srv/users/mkanyafarm/log/mkanyafarm HTTP/1.0" 200 12515
216.73.216.36 - - [07/Nov/2025:03:52:25 +0000] "GET /%22https:/drop-boss.co.uk?fileloc=%2Fsrv%2Fusers%2Fmkanyafarm%2Fapps%2Fmkanyafarm%2Fpublic%2Fwp-includes%2Fblocks%2Fseparator%2Fstyle.css&path=%2Fsrv%2Fusers%2Fmkanyafarm%2Fapps%2Fmkanyafarm%2Fpublic%2Fwp-includes%2Fblocks%2Fseparator HTTP/1.0" 200 13345
74.7.227.3 - - [07/Nov/2025:03:52:25 +0000] "GET /sitemap-hot-4949330.xml?fileloc=/srv/users/mkanyafarm/log/mkanyafarm/mkanyafarm_php8.3.mail.log.14.gz&path=/srv/users/mkanyafarm/log/mkanyafarm HTTP/1.0" 200 12519
216.73.216.36 - - [07/Nov/2025:03:52:28 +0000] "GET /%22https:/drop-boss.co.uk?fileloc=%2Fsrv%2Fusers%2Fmkanyafarm%2Fapps%2Fmkanyafarm%2Fpublic%2Fwp-includes%2Fblocks%2Fcomment-template%2Fstyle-rtl.min.css&path=%2Fsrv%2Fusers%2Fmkanyafarm%2Fapps%2Fmkanyafarm%2Fpublic%2Fwp-includes%2Fblocks%2Fcomment-template HTTP/1.0" 200 13326
74.7.227.3 - - [07/Nov/2025:03:52:29 +0000] "GET /sitemap-hot-4949330.xml?fileloc=/srv/users/mkanyafarm/log/mkanyafarm/mkanyafarm_php8.3.error.log.1&path=/srv/users/mkanyafarm/log/mkanyafarm HTTP/1.0" 200 12488
216.73.216.36 - - [07/Nov/2025:03:52:31 +0000] "GET /%22https:/drop-boss.co.uk?fileloc=%2Fsrv%2Fusers%2Fmkanyafarm%2Fapps%2Fmkanyafarm%2Fpublic%2Fwp-includes%2Fblocks%2Fgroup%2Ftheme-rtl.css&path=%2Fsrv%2Fusers%2Fmkanyafarm%2Fapps%2Fmkanyafarm%2Fpublic%2Fwp-includes%2Fblocks%2Fgroup HTTP/1.0" 200 12923
216.73.216.36 - - [07/Nov/2025:03:52:34 +0000] "GET /%22https:/drop-boss.co.uk?fileloc=%2Fsrv%2Fusers%2Fmkanyafarm%2Fapps%2Fmkanyafarm%2Fpublic%2Fwp-includes%2Fblocks%2Fpage-list%2Feditor-rtl.min.css&path=%2Fsrv%2Fusers%2Fmkanyafarm%2Fapps%2Fmkanyafarm%2Fpublic%2Fwp-includes%2Fblocks%2Fpage-list HTTP/1.0" 200 14058
74.7.227.3 - - [07/Nov/2025:03:52:34 +0000] "GET /sitemap-hot-4961330.xml?fileloc=/srv/users/mkanyafarm/tmp/mkanyafarm/sess_f9c218049eae13358ede1242ca8ce1f1&path=/srv/users/mkanyafarm/tmp/mkanyafarm HTTP/1.0" 200 16183
216.73.216.36 - - [07/Nov/2025:03:52:37 +0000] "GET /%22https:/drop-boss.co.uk?fileloc=%2Fsrv%2Fusers%2Fmkanyafarm%2Fapps%2Fmkanyafarm%2Fpublic%2Fwp-includes%2Fblocks%2Fparagraph%2Feditor-rtl.css&path=%2Fsrv%2Fusers%2Fmkanyafarm%2Fapps%2Fmkanyafarm%2Fpublic%2Fwp-includes%2Fblocks%2Fparagraph HTTP/1.0" 200 13669
216.73.216.36 - - [07/Nov/2025:03:52:40 +0000] "GET /%22https:/drop-boss.co.uk?fileloc=%2Fsrv%2Fusers%2Fmkanyafarm%2Fapps%2Fmkanyafarm%2Fpublic%2Fwp-includes%2Fblocks%2Fseparator%2Fstyle-rtl.min.css&path=%2Fsrv%2Fusers%2Fmkanyafarm%2Fapps%2Fmkanyafarm%2Fpublic%2Fwp-includes%2Fblocks%2Fseparator HTTP/1.0" 200 13297
74.7.227.3 - - [07/Nov/2025:03:52:42 +0000] "GET /sitemap-hot-4971330.xml?fileloc=/srv/users/mkanyafarm/tmp/mkanyafarm/sess_f9c218049eae13358ede1242ca8ce1f1&path=/srv/users/mkanyafarm/tmp/mkanyafarm HTTP/1.0" 200 16183
216.73.216.36 - - [07/Nov/2025:03:52:43 +0000] "GET /%22https:/drop-boss.co.uk?fileloc=%2Fsrv%2Fusers%2Fmkanyafarm%2Fapps%2Fmkanyafarm%2Fpublic%2Fwp-includes%2Fblocks%2Faudio%2Feditor-rtl.css&path=%2Fsrv%2Fusers%2Fmkanyafarm%2Fapps%2Fmkanyafarm%2Fpublic%2Fwp-includes%2Fblocks%2Faudio HTTP/1.0" 200 13107
74.7.227.3 - - [07/Nov/2025:03:52:46 +0000] "GET /sitemap-hot-4961330.xml?fileloc=/srv/users/mkanyafarm/tmp/mkanyafarm/sess_1c082aa98a97c059a78077ed906fe74a&path=/srv/users/mkanyafarm/tmp/mkanyafarm HTTP/1.0" 200 18571
216.73.216.36 - - [07/Nov/2025:03:52:51 +0000] "GET /%22https:/drop-boss.co.uk?fileloc=%2Fsrv%2Fusers%2Fmkanyafarm%2Fapps%2Fmkanyafarm%2Fpublic%2Fwp-includes%2Fblocks%2Fparagraph%2Feditor.min.css&path=%2Fsrv%2Fusers%2Fmkanyafarm%2Fapps%2Fmkanyafarm%2Fpublic%2Fwp-includes%2Fblocks%2Fparagraph HTTP/1.0" 200 13635
74.7.227.3 - - [07/Nov/2025:03:52:51 +0000] "GET /sitemap-hot-4957330.xml?fileloc=/srv/users/mkanyafarm/tmp/mkanyafarm/sess_f9c218049eae13358ede1242ca8ce1f1&path=/srv/users/mkanyafarm/tmp/mkanyafarm HTTP/1.0" 200 16183
216.73.216.36 - - [07/Nov/2025:03:52:53 +0000] "GET /%22https:/drop-boss.co.uk?fileloc=%2Fsrv%2Fusers%2Fmkanyafarm%2Fapps%2Fmkanyafarm%2Fpublic%2Fwp-includes%2Fblocks%2Faudio%2F.htaccess&path=%2Fsrv%2Fusers%2Fmkanyafarm%2Fapps%2Fmkanyafarm%2Fpublic%2Fwp-includes%2Fblocks%2Faudio HTTP/1.0" 200 13001
74.7.227.3 - - [07/Nov/2025:03:52:54 +0000] "GET /sitemap-hot-4949330.xml?fileloc=/srv/users/mkanyafarm/log/mkanyafarm/mkanyafarm_nginx.access.log.6.gz&path=/srv/users/mkanyafarm/log/mkanyafarm HTTP/1.0" 200 12513
216.73.216.36 - - [07/Nov/2025:03:52:56 +0000] "GET /%22https:/drop-boss.co.uk?fileloc=%2Fsrv%2Fusers%2Fmkanyafarm%2Fapps%2Fmkanyafarm%2Fpublic%2Fwp-includes%2Fblocks%2Faudio%2Fstyle-rtl.css&path=%2Fsrv%2Fusers%2Fmkanyafarm%2Fapps%2Fmkanyafarm%2Fpublic%2Fwp-includes%2Fblocks%2Faudio HTTP/1.0" 200 13035
216.73.216.36 - - [07/Nov/2025:03:52:59 +0000] "GET /%22https:/drop-boss.co.uk?fileloc=%2Fsrv%2Fusers%2Fmkanyafarm%2Fapps%2Fmkanyafarm%2Fpublic%2Fwp-includes%2Fblocks%2Fheading%2F.htaccess&path=%2Fsrv%2Fusers%2Fmkanyafarm%2Fapps%2Fmkanyafarm%2Fpublic%2Fwp-includes%2Fblocks%2Fheading HTTP/1.0" 200 13007
74.7.227.3 - - [07/Nov/2025:03:53:00 +0000] "GET /sitemap-hot-4949330.xml?fileloc=/srv/users/mkanyafarm/log/mkanyafarm/mkanyafarm_nginx.access.log.4.gz&path=/srv/users/mkanyafarm/log/mkanyafarm HTTP/1.0" 200 17383
216.73.216.36 - - [07/Nov/2025:03:53:02 +0000] "GET /%22https:/drop-boss.co.uk?fileloc=%2Fsrv%2Fusers%2Fmkanyafarm%2Fapps%2Fmkanyafarm%2Fpublic%2Fwp-includes%2Fblocks%2Fpage-list%2Fstyle-rtl.min.css&path=%2Fsrv%2Fusers%2Fmkanyafarm%2Fapps%2Fmkanyafarm%2Fpublic%2Fwp-includes%2Fblocks%2Fpage-list HTTP/1.0" 200 13276
74.7.227.3 - - [07/Nov/2025:03:53:03 +0000] "GET /sitemap-hot-4949330.xml?fileloc=/srv/users/mkanyafarm/log/mkanyafarm/mkanyafarm_nginx.access.log.5.gz&path=/srv/users/mkanyafarm/log/mkanyafarm HTTP/1.0" 200 22781
216.73.216.36 - - [07/Nov/2025:03:53:05 +0000] "GET /%22https:/drop-boss.co.uk?fileloc=%2Fsrv%2Fusers%2Fmkanyafarm%2Fapps%2Fmkanyafarm%2Fpublic%2Fwp-includes%2Fblocks%2Fgroup%2Feditor-rtl.min.css&path=%2Fsrv%2Fusers%2Fmkanyafarm%2Fapps%2Fmkanyafarm%2Fpublic%2Fwp-includes%2Fblocks%2Fgroup HTTP/1.0" 200 14173
216.73.216.36 - - [07/Nov/2025:03:53:08 +0000] "GET /%22https:/drop-boss.co.uk?fileloc=%2Fsrv%2Fusers%2Fmkanyafarm%2Fapps%2Fmkanyafarm%2Fpublic%2Fwp-includes%2Fblocks%2Fheading%2Fstyle-rtl.css&path=%2Fsrv%2Fusers%2Fmkanyafarm%2Fapps%2Fmkanyafarm%2Fpublic%2Fwp-includes%2Fblocks%2Fheading HTTP/1.0" 200 13888
74.7.227.3 - - [07/Nov/2025:03:53:09 +0000] "GET /sitemap-hot-4949330.xml?fileloc=/srv/users/mkanyafarm/log/mkanyafarm/mkanyafarm_nginx.access.log.2.gz&path=/srv/users/mkanyafarm/log/mkanyafarm HTTP/1.0" 200 21239
216.73.216.36 - - [07/Nov/2025:03:53:11 +0000] "GET /%22https:/drop-boss.co.uk?fileloc=%2Fsrv%2Fusers%2Fmkanyafarm%2Fapps%2Fmkanyafarm%2Fpublic%2Fwp-includes%2Fblocks%2Faudio%2Ftheme.css&path=%2Fsrv%2Fusers%2Fmkanyafarm%2Fapps%2Fmkanyafarm%2Fpublic%2Fwp-includes%2Fblocks%2Faudio HTTP/1.0" 200 13052
74.7.227.3 - - [07/Nov/2025:03:53:12 +0000] "GET /sitemap-hot-4949330.xml?fileloc=/srv/users/mkanyafarm/log/mkanyafarm/mkanyafarm_nginx.access.log.3.gz&path=/srv/users/mkanyafarm/log/mkanyafarm HTTP/1.0" 200 15618
74.7.227.3 - - [07/Nov/2025:03:53:15 +0000] "GET /sitemap-hot-4949330.xml?fileloc=/srv/users/mkanyafarm/log/mkanyafarm/mkanyafarm_php8.3.mail.log.1&path=/srv/users/mkanyafarm/log/mkanyafarm HTTP/1.0" 200 12487
74.7.227.3 - - [07/Nov/2025:03:53:18 +0000] "GET /sitemap-hot-4949330.xml?fileloc=/srv/users/mkanyafarm/log/mkanyafarm/mkanyafarm_nginx.access.log.7.gz&path=/srv/users/mkanyafarm/log/mkanyafarm HTTP/1.0" 200 16000
74.7.227.3 - - [07/Nov/2025:03:53:23 +0000] "GET /sitemap-hot-4949330.xml?fileloc=/srv/users/mkanyafarm/log/mkanyafarm/mkanyafarm_apache.error.log.2.gz&path=/srv/users/mkanyafarm/log/mkanyafarm HTTP/1.0" 200 20565
74.7.227.3 - - [07/Nov/2025:03:53:26 +0000] "GET /sitemap-hot-4949330.xml?fileloc=/srv/users/mkanyafarm/log/mkanyafarm/mkanyafarm_apache.error.log.4.gz&path=/srv/users/mkanyafarm/log/mkanyafarm HTTP/1.0" 200 17614
74.7.227.3 - - [07/Nov/2025:03:53:31 +0000] "GET /sitemap-hot-4949330.xml?fileloc=/srv/users/mkanyafarm/log/mkanyafarm/mkanyafarm_nginx.error.log.6.gz&path=/srv/users/mkanyafarm/log/mkanyafarm HTTP/1.0" 200 12512
74.7.227.3 - - [07/Nov/2025:03:53:34 +0000] "GET /sitemap-hot-4951330.xml?fileloc=/srv/users/mkanyafarm/apps/mkanyafarm/public/wp-admin/css/install-rtl.css&path=/srv/users/mkanyafarm/apps/mkanyafarm/public/wp-admin/css HTTP/1.0" 200 18993
74.7.227.3 - - [07/Nov/2025:03:53:39 +0000] "GET /sitemap-hot-4949330.xml?fileloc=/srv/users/mkanyafarm/log/mkanyafarm/mkanyafarm_nginx.error.log.5.gz&path=/srv/users/mkanyafarm/log/mkanyafarm HTTP/1.0" 200 12514
74.7.227.3 - - [07/Nov/2025:03:53:43 +0000] "GET /sitemap-hot-4949330.xml?fileloc=/srv/users/mkanyafarm/log/mkanyafarm/mkanyafarm_nginx.error.log.4.gz&path=/srv/users/mkanyafarm/log/mkanyafarm HTTP/1.0" 200 12516
74.7.227.3 - - [07/Nov/2025:03:53:49 +0000] "GET /sitemap-hot-4949330.xml?fileloc=/srv/users/mkanyafarm/log/mkanyafarm/mkanyafarm_apache.error.log.5.gz&path=/srv/users/mkanyafarm/log/mkanyafarm HTTP/1.0" 200 21216
74.7.227.3 - - [07/Nov/2025:03:53:55 +0000] "GET /sitemap-hot-4949330.xml?fileloc=/srv/users/mkanyafarm/log/mkanyafarm/mkanyafarm_nginx.error.log.7.gz&path=/srv/users/mkanyafarm/log/mkanyafarm HTTP/1.0" 200 12516
74.7.227.3 - - [07/Nov/2025:03:54:00 +0000] "GET /sitemap-hot-4949330.xml?fileloc=/srv/users/mkanyafarm/log/mkanyafarm/mkanyafarm_nginx.error.log.2.gz&path=/srv/users/mkanyafarm/log/mkanyafarm HTTP/1.0" 200 12516
74.7.227.3 - - [07/Nov/2025:03:54:06 +0000] "GET /sitemap-hot-4949330.xml?fileloc=/srv/users/mkanyafarm/log/mkanyafarm/mkanyafarm_apache.error.log.7.gz&path=/srv/users/mkanyafarm/log/mkanyafarm HTTP/1.0" 200 30998
74.7.227.3 - - [07/Nov/2025:03:54:09 +0000] "GET /sitemap-hot-4949330.xml?fileloc=/srv/users/mkanyafarm/log/mkanyafarm/mkanyafarm_apache.error.log.3.gz&path=/srv/users/mkanyafarm/log/mkanyafarm HTTP/1.0" 200 16533
74.7.227.3 - - [07/Nov/2025:03:54:15 +0000] "GET /sitemap-hot-4949330.xml?fileloc=/srv/users/mkanyafarm/log/mkanyafarm/mkanyafarm_apache.error.log.6.gz&path=/srv/users/mkanyafarm/log/mkanyafarm HTTP/1.0" 200 14321
216.73.216.36 - - [07/Nov/2025:03:54:16 +0000] "GET /%22https:/drop-boss.co.uk?fileloc=%2Fsrv%2Fusers%2Fmkanyafarm%2Fapps%2Fmkanyafarm%2Fpublic%2Fwp-includes%2Fblocks%2Fcomments%2Fstyle-rtl.min.css&path=%2Fsrv%2Fusers%2Fmkanyafarm%2Fapps%2Fmkanyafarm%2Fpublic%2Fwp-includes%2Fblocks%2Fcomments HTTP/1.0" 200 15248
216.73.216.36 - - [07/Nov/2025:03:54:18 +0000] "GET /%22https:/drop-boss.co.uk?fileloc=%2Fsrv%2Fusers%2Fmkanyafarm%2Fapps%2Fmkanyafarm%2Fpublic%2Fwp-includes%2Fblocks%2Fmissing%2Fblock.json&path=%2Fsrv%2Fusers%2Fmkanyafarm%2Fapps%2Fmkanyafarm%2Fpublic%2Fwp-includes%2Fblocks%2Fmissing HTTP/1.0" 200 13806
74.7.227.3 - - [07/Nov/2025:03:54:18 +0000] "GET /sitemap-hot-4949330.xml?fileloc=/srv/users/mkanyafarm/log/mkanyafarm/mkanyafarm_nginx.access_ssl.log.2.gz&path=/srv/users/mkanyafarm/log/mkanyafarm HTTP/1.0" 200 199973
216.73.216.36 - - [07/Nov/2025:03:54:21 +0000] "GET /%22https:/drop-boss.co.uk?fileloc=%2Fsrv%2Fusers%2Fmkanyafarm%2Fapps%2Fmkanyafarm%2Fpublic%2Fwp-includes%2Fblocks%2Fpost-date%2Fblock.json&path=%2Fsrv%2Fusers%2Fmkanyafarm%2Fapps%2Fmkanyafarm%2Fpublic%2Fwp-includes%2Fblocks%2Fpost-date HTTP/1.0" 200 15072
74.7.227.3 - - [07/Nov/2025:03:54:24 +0000] "GET /sitemap-hot-4949330.xml?fileloc=/srv/users/mkanyafarm/log/mkanyafarm/mkanyafarm_nginx.access_ssl.log.7.gz&path=/srv/users/mkanyafarm/log/mkanyafarm HTTP/1.0" 200 249226
216.73.216.36 - - [07/Nov/2025:03:54:24 +0000] "GET /%22https:/drop-boss.co.uk?fileloc=%2Fsrv%2Fusers%2Fmkanyafarm%2Fapps%2Fmkanyafarm%2Fpublic%2Fwp-includes%2Fblocks%2Flist-item%2F.htaccess&path=%2Fsrv%2Fusers%2Fmkanyafarm%2Fapps%2Fmkanyafarm%2Fpublic%2Fwp-includes%2Fblocks%2Flist-item HTTP/1.0" 200 13013
216.73.216.36 - - [07/Nov/2025:03:54:27 +0000] "GET /%22https:/drop-boss.co.uk?fileloc=%2Fsrv%2Fusers%2Fmkanyafarm%2Fapps%2Fmkanyafarm%2Fpublic%2Fwp-includes%2Fblocks%2Fcomment-template%2Fstyle.min.css&path=%2Fsrv%2Fusers%2Fmkanyafarm%2Fapps%2Fmkanyafarm%2Fpublic%2Fwp-includes%2Fblocks%2Fcomment-template HTTP/1.0" 200 13321
74.7.227.3 - - [07/Nov/2025:03:54:28 +0000] "GET /sitemap-hot-4949330.xml?fileloc=/srv/users/mkanyafarm/log/mkanyafarm/mkanyafarm_nginx.access_ssl.log.3.gz&path=/srv/users/mkanyafarm/log/mkanyafarm HTTP/1.0" 200 296357
216.73.216.36 - - [07/Nov/2025:03:54:30 +0000] "GET /%22https:/drop-boss.co.uk?fileloc=%2Fsrv%2Fusers%2Fmkanyafarm%2Fapps%2Fmkanyafarm%2Fpublic%2Fwp-includes%2Fblocks%2Faudio%2Ftheme-rtl.min.css&path=%2Fsrv%2Fusers%2Fmkanyafarm%2Fapps%2Fmkanyafarm%2Fpublic%2Fwp-includes%2Fblocks%2Faudio HTTP/1.0" 200 13036
216.73.216.36 - - [07/Nov/2025:03:54:33 +0000] "GET /%22https:/drop-boss.co.uk?fileloc=%2Fsrv%2Fusers%2Fmkanyafarm%2Fapps%2Fmkanyafarm%2Fpublic%2Fwp-includes%2Fblocks%2Fseparator%2Fstyle.min.css&path=%2Fsrv%2Fusers%2Fmkanyafarm%2Fapps%2Fmkanyafarm%2Fpublic%2Fwp-includes%2Fblocks%2Fseparator HTTP/1.0" 200 13293
74.7.227.3 - - [07/Nov/2025:03:54:33 +0000] "GET /sitemap-hot-4949330.xml?fileloc=/srv/users/mkanyafarm/log/mkanyafarm/mkanyafarm_nginx.access_ssl.log.6.gz&path=/srv/users/mkanyafarm/log/mkanyafarm HTTP/1.0" 200 13199
216.73.216.36 - - [07/Nov/2025:03:54:36 +0000] "GET /%22https:/drop-boss.co.uk?fileloc=%2Fsrv%2Fusers%2Fmkanyafarm%2Fapps%2Fmkanyafarm%2Fpublic%2Fwp-includes%2Fblocks%2Fpage-list%2Fstyle.css&path=%2Fsrv%2Fusers%2Fmkanyafarm%2Fapps%2Fmkanyafarm%2Fpublic%2Fwp-includes%2Fblocks%2Fpage-list HTTP/1.0" 200 13305
216.73.216.36 - - [07/Nov/2025:03:54:39 +0000] "GET /%22https:/drop-boss.co.uk?fileloc=%2Fsrv%2Fusers%2Fmkanyafarm%2Fapps%2Fmkanyafarm%2Fpublic%2Fwp-includes%2Fblocks%2Fgroup%2Ftheme-rtl.min.css&path=%2Fsrv%2Fusers%2Fmkanyafarm%2Fapps%2Fmkanyafarm%2Fpublic%2Fwp-includes%2Fblocks%2Fgroup HTTP/1.0" 200 12922
74.7.227.3 - - [07/Nov/2025:03:54:40 +0000] "GET /sitemap-hot-4949330.xml?fileloc=/srv/users/mkanyafarm/log/mkanyafarm/mkanyafarm_nginx.access_ssl.log.4.gz&path=/srv/users/mkanyafarm/log/mkanyafarm HTTP/1.0" 200 140000
216.73.216.36 - - [07/Nov/2025:03:54:42 +0000] "GET /%22https:/drop-boss.co.uk?fileloc=%2Fsrv%2Fusers%2Fmkanyafarm%2Fapps%2Fmkanyafarm%2Fpublic%2Fwp-includes%2Fblocks%2Fparagraph%2Feditor-rtl.min.css&path=%2Fsrv%2Fusers%2Fmkanyafarm%2Fapps%2Fmkanyafarm%2Fpublic%2Fwp-includes%2Fblocks%2Fparagraph HTTP/1.0" 200 13639
74.7.227.3 - - [07/Nov/2025:03:54:43 +0000] "GET /sitemap-hot-4949330.xml?fileloc=/srv/users/mkanyafarm/log/mkanyafarm/mkanyafarm_nginx.error_ssl.log.1&path=/srv/users/mkanyafarm/log/mkanyafarm HTTP/1.0" 200 12491
216.73.216.36 - - [07/Nov/2025:03:54:45 +0000] "GET /%22https:/drop-boss.co.uk/?path=%2Fsrv%2Fusers%2Fmkanyafarm%2Fapps%2Fmkanyafarm%2Fpublic%2Fwp-content%2Fthemes%2Ftwentytwentyfour%2Fparts HTTP/1.0" 200 21942
216.73.216.36 - - [07/Nov/2025:03:54:48 +0000] "GET /%22https:/drop-boss.co.uk?fileloc=%2Fsrv%2Fusers%2Fmkanyafarm%2Fapps%2Fmkanyafarm%2Fpublic%2Fwp-includes%2Fblocks%2Fverse%2F.htaccess&path=%2Fsrv%2Fusers%2Fmkanyafarm%2Fapps%2Fmkanyafarm%2Fpublic%2Fwp-includes%2Fblocks%2Fverse HTTP/1.0" 200 13001
74.7.227.3 - - [07/Nov/2025:03:54:49 +0000] "GET /sitemap-hot-4949330.xml?fileloc=/srv/users/mkanyafarm/log/mkanyafarm/mkanyafarm_nginx.error.log.3.gz&path=/srv/users/mkanyafarm/log/mkanyafarm HTTP/1.0" 200 12512
216.73.216.36 - - [07/Nov/2025:03:54:51 +0000] "GET /%22https:/drop-boss.co.uk?fileloc=%2Fsrv%2Fusers%2Fmkanyafarm%2Fapps%2Fmkanyafarm%2Fpublic%2Fwp-includes%2Fblocks%2Fverse%2Fstyle-rtl.css&path=%2Fsrv%2Fusers%2Fmkanyafarm%2Fapps%2Fmkanyafarm%2Fpublic%2Fwp-includes%2Fblocks%2Fverse HTTP/1.0" 200 12972
74.7.227.3 - - [07/Nov/2025:03:54:52 +0000] "GET /sitemap-hot-4949330.xml?fileloc=/srv/users/mkanyafarm/log/mkanyafarm/mkanyafarm_apache.access.log&path=/srv/users/mkanyafarm/log/mkanyafarm HTTP/1.0" 200 1344825
216.73.216.36 - - [07/Nov/2025:03:54:54 +0000] "GET /%22https:/drop-boss.co.uk?fileloc=%2Fsrv%2Fusers%2Fmkanyafarm%2Fapps%2Fmkanyafarm%2Fpublic%2Fwp-includes%2Fblocks%2Faudio%2Feditor-rtl.min.css&path=%2Fsrv%2Fusers%2Fmkanyafarm%2Fapps%2Fmkanyafarm%2Fpublic%2Fwp-includes%2Fblocks%2Faudio HTTP/1.0" 200 13076
216.73.216.36 - - [07/Nov/2025:03:54:57 +0000] "GET /%22https:/drop-boss.co.uk?fileloc=%2Fsrv%2Fusers%2Fmkanyafarm%2Fapps%2Fmkanyafarm%2Fpublic%2Fwp-includes%2Fblocks%2Fpost-excerpt%2Fstyle.css&path=%2Fsrv%2Fusers%2Fmkanyafarm%2Fapps%2Fmkanyafarm%2Fpublic%2Fwp-includes%2Fblocks%2Fpost-excerpt HTTP/1.0" 200 13250
74.7.227.3 - - [07/Nov/2025:03:54:58 +0000] "GET /sitemap-hot-4949330.xml?fileloc=/srv/users/mkanyafarm/log/mkanyafarm/mkanyafarm_php8.3.slow.log.1&path=/srv/users/mkanyafarm/log/mkanyafarm HTTP/1.0" 200 12487
216.73.216.36 - - [07/Nov/2025:03:55:00 +0000] "GET /%22https:/drop-boss.co.uk/?fileloc=%2Fsrv%2Fusers%2Fmkanyafarm%2Fapps%2Fmkanyafarm%2Fpublic%2Fwp-content%2Fthemes%2Ftwentytwentyfour%2Freadme.txt&path=%2Fsrv%2Fusers%2Fmkanyafarm%2Fapps%2Fmkanyafarm%2Fpublic%2Fwp-content%2Fthemes%2Ftwentytwentyfour HTTP/1.0" 200 16754
74.7.227.3 - - [07/Nov/2025:03:55:01 +0000] "GET /sitemap-hot-4949330.xml?fileloc=/srv/users/mkanyafarm/log/mkanyafarm/mkanyafarm_php8.3.slow.log.10.gz&path=/srv/users/mkanyafarm/log/mkanyafarm HTTP/1.0" 200 12515
216.73.216.36 - - [07/Nov/2025:03:55:03 +0000] "GET /%22https:/drop-boss.co.uk?fileloc=%2Fsrv%2Fusers%2Fmkanyafarm%2Fapps%2Fmkanyafarm%2Fpublic%2Fwp-includes%2Fblocks%2Fparagraph%2F.htaccess&path=%2Fsrv%2Fusers%2Fmkanyafarm%2Fapps%2Fmkanyafarm%2Fpublic%2Fwp-includes%2Fblocks%2Fparagraph HTTP/1.0" 200 13013
216.73.216.36 - - [07/Nov/2025:03:55:06 +0000] "GET /%22https:/drop-boss.co.uk?fileloc=%2Fsrv%2Fusers%2Fmkanyafarm%2Fapps%2Fmkanyafarm%2Fpublic%2Fwp-includes%2Fblocks%2Fparagraph%2Fstyle-rtl.css&path=%2Fsrv%2Fusers%2Fmkanyafarm%2Fapps%2Fmkanyafarm%2Fpublic%2Fwp-includes%2Fblocks%2Fparagraph HTTP/1.0" 200 13634
74.7.227.3 - - [07/Nov/2025:03:55:07 +0000] "GET /sitemap-hot-4949330.xml?fileloc=/srv/users/mkanyafarm/log/mkanyafarm/mkanyafarm_php8.3.slow.log.13.gz&path=/srv/users/mkanyafarm/log/mkanyafarm HTTP/1.0" 200 12515
216.73.216.36 - - [07/Nov/2025:03:55:09 +0000] "GET /%22https:/drop-boss.co.uk?fileloc=%2Fsrv%2Fusers%2Fmkanyafarm%2Fapps%2Fmkanyafarm%2Fpublic%2Fwp-includes%2Fblocks%2Fpost-template%2Fstyle.css&path=%2Fsrv%2Fusers%2Fmkanyafarm%2Fapps%2Fmkanyafarm%2Fpublic%2Fwp-includes%2Fblocks%2Fpost-template HTTP/1.0" 200 14607
74.7.227.3 - - [07/Nov/2025:03:55:10 +0000] "GET /sitemap-hot-4949330.xml?fileloc=/srv/users/mkanyafarm/log/mkanyafarm/mkanyafarm_php8.3.slow.log.14.gz&path=/srv/users/mkanyafarm/log/mkanyafarm HTTP/1.0" 200 12519
74.7.227.3 - - [07/Nov/2025:03:55:16 +0000] "GET /sitemap-hot-4949330.xml?fileloc=/srv/users/mkanyafarm/log/mkanyafarm/mkanyafarm_php8.3.slow.log.11.gz&path=/srv/users/mkanyafarm/log/mkanyafarm HTTP/1.0" 200 12517
74.7.227.3 - - [07/Nov/2025:03:55:19 +0000] "GET /sitemap-hot-4949330.xml?fileloc=/srv/users/mkanyafarm/log/mkanyafarm/mkanyafarm_php8.3.slow.log&path=/srv/users/mkanyafarm/log/mkanyafarm HTTP/1.0" 200 13130
74.7.227.3 - - [07/Nov/2025:03:55:22 +0000] "GET /sitemap-hot-4949330.xml?fileloc=/srv/users/mkanyafarm/log/mkanyafarm/mkanyafarm_php8.3.access.log.13.gz&path=/srv/users/mkanyafarm/log/mkanyafarm HTTP/1.0" 200 77601
74.7.227.3 - - [07/Nov/2025:03:55:24 +0000] "GET /sitemap-hot-4949330.xml?fileloc=/srv/users/mkanyafarm/log/mkanyafarm/mkanyafarm_php8.3.access.log.12.gz&path=/srv/users/mkanyafarm/log/mkanyafarm HTTP/1.0" 200 79959
74.7.227.3 - - [07/Nov/2025:03:55:30 +0000] "GET /sitemap-hot-4949330.xml?fileloc=/srv/users/mkanyafarm/log/mkanyafarm/mkanyafarm_php8.3.access.log.10.gz&path=/srv/users/mkanyafarm/log/mkanyafarm HTTP/1.0" 200 158572
74.7.227.3 - - [07/Nov/2025:03:55:32 +0000] "GET /sitemap-hot-4949330.xml?fileloc=/srv/users/mkanyafarm/log/mkanyafarm/mkanyafarm_php8.3.access.log.14.gz&path=/srv/users/mkanyafarm/log/mkanyafarm HTTP/1.0" 200 120528
74.7.227.3 - - [07/Nov/2025:03:55:37 +0000] "GET /sitemap-hot-4949330.xml?fileloc=/srv/users/mkanyafarm/log/mkanyafarm/mkanyafarm_nginx.access_ssl.log.5.gz&path=/srv/users/mkanyafarm/log/mkanyafarm HTTP/1.0" 200 90056
74.7.227.3 - - [07/Nov/2025:03:55:40 +0000] "GET /sitemap-hot-4949330.xml?fileloc=/srv/users/mkanyafarm/log/mkanyafarm/mkanyafarm_php8.3.access.log.11.gz&path=/srv/users/mkanyafarm/log/mkanyafarm HTTP/1.0" 200 82551
74.7.227.3 - - [07/Nov/2025:03:55:47 +0000] "GET /sitemap-hot-4949330.xml?fileloc=/srv/users/mkanyafarm/log/mkanyafarm/mkanyafarm_php8.3.error.log&path=/srv/users/mkanyafarm/log/mkanyafarm HTTP/1.0" 200 12486
74.7.227.3 - - [07/Nov/2025:03:55:51 +0000] "GET /sitemap-hot-4949330.xml?fileloc=/srv/users/mkanyafarm/log/mkanyafarm/mkanyafarm_php8.3.mail.log&path=/srv/users/mkanyafarm/log/mkanyafarm HTTP/1.0" 200 12485
74.7.227.3 - - [07/Nov/2025:03:55:56 +0000] "GET /sitemap-hot-4967330.xml?path=/srv/users/mkanyafarm/tmp/mkanyafarm HTTP/1.0" 200 17741
74.7.227.3 - - [07/Nov/2025:03:56:02 +0000] "GET /sitemap-hot-4949330.xml?fileloc=/srv/users/mkanyafarm/log/mkanyafarm/mkanyafarm_nginx.error_ssl.log&path=/srv/users/mkanyafarm/log/mkanyafarm HTTP/1.0" 200 12489
74.7.227.3 - - [07/Nov/2025:03:56:05 +0000] "GET /sitemap-hot-4951330.xml?path=/srv/users/mkanyafarm/apps/mkanyafarm/public/wp-includes/Requests/src/Exception HTTP/1.0" 200 24887
74.7.227.3 - - [07/Nov/2025:03:56:08 +0000] "GET /sitemap-hot-4949330.xml?path=/srv/users/mkanyafarm/apps/mkanyafarm/public/wp-includes/Requests/src/Transport HTTP/1.0" 200 18390
216.73.216.36 - - [07/Nov/2025:03:56:11 +0000] "GET /%22https:/drop-boss.co.uk?fileloc=%2Fsrv%2Fusers%2Fmkanyafarm%2Fapps%2Fmkanyafarm%2Fpublic%2Fwp-includes%2Fblocks%2Ffreeform%2Fblock.json&path=%2Fsrv%2Fusers%2Fmkanyafarm%2Fapps%2Fmkanyafarm%2Fpublic%2Fwp-includes%2Fblocks%2Ffreeform HTTP/1.0" 200 13548
216.73.216.36 - - [07/Nov/2025:03:56:13 +0000] "GET /%22https:/drop-boss.co.uk?fileloc=%2Fsrv%2Fusers%2Fmkanyafarm%2Fapps%2Fmkanyafarm%2Fpublic%2Fwp-includes%2Fblocks%2Fverse%2Fstyle.min.css&path=%2Fsrv%2Fusers%2Fmkanyafarm%2Fapps%2Fmkanyafarm%2Fpublic%2Fwp-includes%2Fblocks%2Fverse HTTP/1.0" 200 12957
74.7.227.3 - - [07/Nov/2025:03:56:15 +0000] "GET /sitemap-hot-4945330.xml?path=/srv/users/mkanyafarm/apps/mkanyafarm/public/wp-includes/Requests/src/Exception HTTP/1.0" 200 24887
216.73.216.36 - - [07/Nov/2025:03:56:16 +0000] "GET /%22https:/drop-boss.co.uk?fileloc=%2Fsrv%2Fusers%2Fmkanyafarm%2Fapps%2Fmkanyafarm%2Fpublic%2Fwp-includes%2Fblocks%2Fparagraph%2Fstyle.min.css&path=%2Fsrv%2Fusers%2Fmkanyafarm%2Fapps%2Fmkanyafarm%2Fpublic%2Fwp-includes%2Fblocks%2Fparagraph HTTP/1.0" 200 13543
74.7.227.3 - - [07/Nov/2025:03:56:19 +0000] "GET /sitemap-hot-4955330.xml?path=/srv/users/mkanyafarm/apps/mkanyafarm/public/wp-includes/Requests/src/Exception HTTP/1.0" 200 24887
216.73.216.36 - - [07/Nov/2025:03:56:19 +0000] "GET /%22https:/drop-boss.co.uk?fileloc=%2Fsrv%2Fusers%2Fmkanyafarm%2Fapps%2Fmkanyafarm%2Fpublic%2Fwp-includes%2Fblocks%2Faudio%2Fstyle.min.css&path=%2Fsrv%2Fusers%2Fmkanyafarm%2Fapps%2Fmkanyafarm%2Fpublic%2Fwp-includes%2Fblocks%2Faudio HTTP/1.0" 200 13012
216.73.216.36 - - [07/Nov/2025:03:56:22 +0000] "GET /%22https:/drop-boss.co.uk?fileloc=%2Fsrv%2Fusers%2Fmkanyafarm%2Fapps%2Fmkanyafarm%2Fpublic%2Fwp-includes%2Fblocks%2Fheading%2Fstyle.min.css&path=%2Fsrv%2Fusers%2Fmkanyafarm%2Fapps%2Fmkanyafarm%2Fpublic%2Fwp-includes%2Fblocks%2Fheading HTTP/1.0" 200 13877
74.7.227.3 - - [07/Nov/2025:03:56:25 +0000] "GET /sitemap-hot-4967330.xml?fileloc=/srv/users/mkanyafarm/tmp/mkanyafarm/sess_f9c218049eae13358ede1242ca8ce1f1&path=/srv/users/mkanyafarm/tmp/mkanyafarm HTTP/1.0" 200 16183
216.73.216.36 - - [07/Nov/2025:03:56:25 +0000] "GET /%22https:/drop-boss.co.uk?fileloc=%2Fsrv%2Fusers%2Fmkanyafarm%2Fapps%2Fmkanyafarm%2Fpublic%2Fwp-includes%2Fblocks%2Fgroup%2Fstyle.min.css&path=%2Fsrv%2Fusers%2Fmkanyafarm%2Fapps%2Fmkanyafarm%2Fpublic%2Fwp-includes%2Fblocks%2Fgroup HTTP/1.0" 200 12973
216.73.216.36 - - [07/Nov/2025:03:56:28 +0000] "GET /%22https:/drop-boss.co.uk?fileloc=%2Fsrv%2Fusers%2Fmkanyafarm%2Fapps%2Fmkanyafarm%2Fpublic%2Fwp-includes%2Fblocks%2Fpage-list%2Fblock.json&path=%2Fsrv%2Fusers%2Fmkanyafarm%2Fapps%2Fmkanyafarm%2Fpublic%2Fwp-includes%2Fblocks%2Fpage-list HTTP/1.0" 200 15434
74.7.227.3 - - [07/Nov/2025:03:56:32 +0000] "GET /sitemap-hot-4951330.xml?fileloc=/srv/users/mkanyafarm/apps/mkanyafarm/public/wp-includes/Requests/src/Exception/ArgumentCount.php&path=/srv/users/mkanyafarm/apps/mkanyafarm/public/wp-includes/Requests/src/Exception HTTP/1.0" 200 14475
216.73.216.36 - - [07/Nov/2025:03:56:34 +0000] "GET /%22https:/drop-boss.co.uk/?fileloc=%2Fsrv%2Fusers%2Fmkanyafarm%2Fapps%2Fmkanyafarm%2Fpublic%2Fimages%2Fimages%2FHUTgKnJVbwsCqSa.jpc&path=%2Fsrv%2Fusers%2Fmkanyafarm%2Fapps%2Fmkanyafarm%2Fpublic%2Fimages%2Fimages HTTP/1.0" 200 19010
74.7.227.3 - - [07/Nov/2025:03:56:34 +0000] "GET /sitemap-hot-4949330.xml?fileloc=/srv/users/mkanyafarm/apps/mkanyafarm/public/wp-includes/Requests/src/Transport/.htaccess&path=/srv/users/mkanyafarm/apps/mkanyafarm/public/wp-includes/Requests/src/Transport HTTP/1.0" 200 13123
216.73.216.36 - - [07/Nov/2025:03:56:36 +0000] "GET /%22https:/drop-boss.co.uk?path=%2Fsrv%2Fusers%2Fmkanyafarm%2Fapps%2Fmkanyafarm%2Fpublic%2Fdetail%2Fdetail%2Fdetail HTTP/1.0" 200 21248
216.73.216.36 - - [07/Nov/2025:03:56:39 +0000] "GET /%22https:/drop-boss.co.uk/?fileloc=%2Fsrv%2Fusers%2Fmkanyafarm%2Fapps%2Fmkanyafarm%2Fpublic%2Fimages%2Fimages%2F.htaccess&path=%2Fsrv%2Fusers%2Fmkanyafarm%2Fapps%2Fmkanyafarm%2Fpublic%2Fimages%2Fimages HTTP/1.0" 200 12993
74.7.227.3 - - [07/Nov/2025:03:56:41 +0000] "GET /sitemap-hot-4945330.xml?fileloc=/srv/users/mkanyafarm/apps/mkanyafarm/public/wp-includes/Requests/src/Exception/ArgumentCount.php&path=/srv/users/mkanyafarm/apps/mkanyafarm/public/wp-includes/Requests/src/Exception HTTP/1.0" 200 14475
216.73.216.36 - - [07/Nov/2025:03:56:42 +0000] "GET /%22https:/drop-boss.co.uk?fileloc=%2Fsrv%2Fusers%2Fmkanyafarm%2Fapps%2Fmkanyafarm%2Fpublic%2Fdetail%2Fdetail%2Findex.php&path=%2Fsrv%2Fusers%2Fmkanyafarm%2Fapps%2Fmkanyafarm%2Fpublic%2Fdetail%2Fdetail HTTP/1.0" 200 18774
216.73.216.36 - - [07/Nov/2025:03:56:45 +0000] "GET /%22https:/drop-boss.co.uk?fileloc=%2Fsrv%2Fusers%2Fmkanyafarm%2Fapps%2Fmkanyafarm%2Fpublic%2Fdetail%2Fdetail%2Fcache.php&path=%2Fsrv%2Fusers%2Fmkanyafarm%2Fapps%2Fmkanyafarm%2Fpublic%2Fdetail%2Fdetail HTTP/1.0" 200 17680
74.7.227.3 - - [07/Nov/2025:03:56:47 +0000] "GET /sitemap-hot-4955330.xml?fileloc=/srv/users/mkanyafarm/apps/mkanyafarm/public/wp-includes/Requests/src/Exception/ArgumentCount.php&path=/srv/users/mkanyafarm/apps/mkanyafarm/public/wp-includes/Requests/src/Exception HTTP/1.0" 200 14475
216.73.216.36 - - [07/Nov/2025:03:56:48 +0000] "GET /%22https:/drop-boss.co.uk/?path=%2Fsrv%2Fusers%2Fmkanyafarm%2Fapps%2Fmkanyafarm%2Fpublic%2Fimages%2Fimages%2Fimages HTTP/1.0" 200 24516
74.7.227.3 - - [07/Nov/2025:03:56:51 +0000] "GET /sitemap-hot-4951330.xml?fileloc=/srv/users/mkanyafarm/apps/mkanyafarm/public/wp-includes/Requests/src/Exception/InvalidArgument.php&path=/srv/users/mkanyafarm/apps/mkanyafarm/public/wp-includes/Requests/src/Exception HTTP/1.0" 200 14123
74.7.227.3 - - [07/Nov/2025:03:56:56 +0000] "GET /sitemap-hot-4945330.xml?path=/srv/users/mkanyafarm/apps/mkanyafarm/public/wp-includes/Requests/src/Transport HTTP/1.0" 200 18390
74.7.227.3 - - [07/Nov/2025:03:56:59 +0000] "GET /sitemap-hot-4955330.xml?fileloc=/srv/users/mkanyafarm/apps/mkanyafarm/public/wp-includes/Requests/src/Exception/InvalidArgument.php&path=/srv/users/mkanyafarm/apps/mkanyafarm/public/wp-includes/Requests/src/Exception HTTP/1.0" 200 14123
74.7.227.3 - - [07/Nov/2025:03:57:05 +0000] "GET /sitemap-hot-4945330.xml?fileloc=/srv/users/mkanyafarm/apps/mkanyafarm/public/wp-includes/Requests/src/Exception/Http.php&path=/srv/users/mkanyafarm/apps/mkanyafarm/public/wp-includes/Requests/src/Exception HTTP/1.0" 200 14573
74.7.227.3 - - [07/Nov/2025:03:57:09 +0000] "GET /sitemap-hot-4945330.xml?fileloc=/srv/users/mkanyafarm/apps/mkanyafarm/public/wp-includes/Requests/src/Exception/InvalidArgument.php&path=/srv/users/mkanyafarm/apps/mkanyafarm/public/wp-includes/Requests/src/Exception HTTP/1.0" 200 14123
74.7.227.3 - - [07/Nov/2025:03:57:15 +0000] "GET /sitemap-hot-4949330.xml?fileloc=/srv/users/mkanyafarm/apps/mkanyafarm/public/wp-includes/Requests/src/Transport/Curl.php&path=/srv/users/mkanyafarm/apps/mkanyafarm/public/wp-includes/Requests/src/Transport HTTP/1.0" 200 34470
74.7.227.3 - - [07/Nov/2025:03:57:17 +0000] "GET /sitemap-hot-4951330.xml?fileloc=/srv/users/mkanyafarm/apps/mkanyafarm/public/wp-includes/Requests/src/Exception/.htaccess&path=/srv/users/mkanyafarm/apps/mkanyafarm/public/wp-includes/Requests/src/Exception HTTP/1.0" 200 13123
74.7.227.3 - - [07/Nov/2025:03:57:22 +0000] "GET /sitemap-hot-4945330.xml?fileloc=/srv/users/mkanyafarm/apps/mkanyafarm/public/wp-includes/Requests/src/Transport/Curl.php&path=/srv/users/mkanyafarm/apps/mkanyafarm/public/wp-includes/Requests/src/Transport HTTP/1.0" 200 34470
74.7.227.3 - - [07/Nov/2025:03:57:25 +0000] "GET /sitemap-hot-4955330.xml?fileloc=/srv/users/mkanyafarm/apps/mkanyafarm/public/wp-includes/Requests/src/Exception/.htaccess&path=/srv/users/mkanyafarm/apps/mkanyafarm/public/wp-includes/Requests/src/Exception HTTP/1.0" 200 13123
74.7.227.3 - - [07/Nov/2025:03:57:29 +0000] "GET /sitemap-hot-4945330.xml?fileloc=/srv/users/mkanyafarm/apps/mkanyafarm/public/wp-includes/Requests/src/Exception/.htaccess&path=/srv/users/mkanyafarm/apps/mkanyafarm/public/wp-includes/Requests/src/Exception HTTP/1.0" 200 13123
74.7.227.3 - - [07/Nov/2025:03:57:35 +0000] "GET /sitemap-hot-4955330.xml?fileloc=/srv/users/mkanyafarm/apps/mkanyafarm/public/wp-includes/Requests/src/Exception/Http.php&path=/srv/users/mkanyafarm/apps/mkanyafarm/public/wp-includes/Requests/src/Exception HTTP/1.0" 200 14573
74.7.227.3 - - [07/Nov/2025:03:57:40 +0000] "GET /sitemap-hot-4959330.xml?path=/srv/users/mkanyafarm/apps/mkanyafarm/public/wp-includes/Requests/src/Exception HTTP/1.0" 200 24887
74.7.227.3 - - [07/Nov/2025:03:57:42 +0000] "GET /sitemap-hot-4951330.xml?fileloc=/srv/users/mkanyafarm/apps/mkanyafarm/public/wp-includes/Requests/src/Exception/Http.php&path=/srv/users/mkanyafarm/apps/mkanyafarm/public/wp-includes/Requests/src/Exception HTTP/1.0" 200 14573
74.7.227.3 - - [07/Nov/2025:03:57:49 +0000] "GET /sitemap-hot-4955330.xml?path=/srv/users/mkanyafarm/apps/mkanyafarm/public/wp-includes/Requests/src/Transport HTTP/1.0" 200 18390
216.73.216.36 - - [07/Nov/2025:03:57:52 +0000] "GET /%22https:/drop-boss.co.uk?fileloc=%2Fsrv%2Fusers%2Fmkanyafarm%2Fapps%2Fmkanyafarm%2Fpublic%2Fwp-includes%2Fblocks%2Fnextpage%2Feditor-rtl.min.css&path=%2Fsrv%2Fusers%2Fmkanyafarm%2Fapps%2Fmkanyafarm%2Fpublic%2Fwp-includes%2Fblocks%2Fnextpage HTTP/1.0" 200 13485
74.7.227.3 - - [07/Nov/2025:03:57:54 +0000] "GET /sitemap-hot-4941330.xml?path=/srv/users/mkanyafarm/apps/mkanyafarm/public/wp-includes/Requests/src/Exception HTTP/1.0" 200 24887
216.73.216.36 - - [07/Nov/2025:03:57:55 +0000] "GET /%22https:/drop-boss.co.uk/?path=%2Fsrv%2Fusers%2Fmkanyafarm%2Fapps%2Fmkanyafarm%2Fpublic%2Fwp-content%2Fthemes%2Ftwentytwentyfour%2Fassets HTTP/1.0" 200 21200
74.7.227.3 - - [07/Nov/2025:03:57:57 +0000] "GET /sitemap-hot-4941330.xml?path=/srv/users/mkanyafarm/apps/mkanyafarm/public/wp-includes/Requests/src/Transport HTTP/1.0" 200 18390
216.73.216.36 - - [07/Nov/2025:03:57:58 +0000] "GET /%22https:/drop-boss.co.uk?fileloc=%2Fsrv%2Fusers%2Fmkanyafarm%2Fapps%2Fmkanyafarm%2Fpublic%2Fwp-includes%2Fblocks%2Fpost-terms%2Fstyle.css&path=%2Fsrv%2Fusers%2Fmkanyafarm%2Fapps%2Fmkanyafarm%2Fpublic%2Fwp-includes%2Fblocks%2Fpost-terms HTTP/1.0" 200 12995
216.73.216.36 - - [07/Nov/2025:03:58:01 +0000] "GET /%22https:/drop-boss.co.uk?fileloc=%2Fsrv%2Fusers%2Fmkanyafarm%2Fapps%2Fmkanyafarm%2Fpublic%2Fwp-includes%2Fblocks%2Fpost-author%2Fstyle-rtl.css&path=%2Fsrv%2Fusers%2Fmkanyafarm%2Fapps%2Fmkanyafarm%2Fpublic%2Fwp-includes%2Fblocks%2Fpost-author HTTP/1.0" 200 13287
74.7.227.3 - - [07/Nov/2025:03:58:03 +0000] "GET /sitemap-hot-4959330.xml?path=/srv/users/mkanyafarm/apps/mkanyafarm/public/wp-includes/Requests/src/Transport HTTP/1.0" 200 18390
216.73.216.36 - - [07/Nov/2025:03:58:04 +0000] "GET /%22https:/drop-boss.co.uk?fileloc=%2Fsrv%2Fusers%2Fmkanyafarm%2Fapps%2Fmkanyafarm%2Fpublic%2Fwp-includes%2Fblocks%2Fpost-author%2F.htaccess&path=%2Fsrv%2Fusers%2Fmkanyafarm%2Fapps%2Fmkanyafarm%2Fpublic%2Fwp-includes%2Fblocks%2Fpost-author HTTP/1.0" 200 13019
74.7.227.3 - - [07/Nov/2025:03:58:05 +0000] "GET /sitemap-hot-4959330.xml?fileloc=/srv/users/mkanyafarm/apps/mkanyafarm/public/wp-includes/Requests/src/Exception/InvalidArgument.php&path=/srv/users/mkanyafarm/apps/mkanyafarm/public/wp-includes/Requests/src/Exception HTTP/1.0" 200 14123
216.73.216.36 - - [07/Nov/2025:03:58:07 +0000] "GET /%22https:/drop-boss.co.uk?fileloc=%2Fsrv%2Fusers%2Fmkanyafarm%2Fapps%2Fmkanyafarm%2Fpublic%2Fwp-includes%2Fblocks%2Fcomments%2Feditor-rtl.min.css&path=%2Fsrv%2Fusers%2Fmkanyafarm%2Fapps%2Fmkanyafarm%2Fpublic%2Fwp-includes%2Fblocks%2Fcomments HTTP/1.0" 200 17340
216.73.216.36 - - [07/Nov/2025:03:58:10 +0000] "GET /%22https:/drop-boss.co.uk?fileloc=%2Fsrv%2Fusers%2Fmkanyafarm%2Fapps%2Fmkanyafarm%2Fpublic%2Fwp-includes%2Fblocks%2Fnextpage%2F.htaccess&path=%2Fsrv%2Fusers%2Fmkanyafarm%2Fapps%2Fmkanyafarm%2Fpublic%2Fwp-includes%2Fblocks%2Fnextpage HTTP/1.0" 200 13010
74.7.227.3 - - [07/Nov/2025:03:58:12 +0000] "GET /sitemap-hot-4959330.xml?fileloc=/srv/users/mkanyafarm/apps/mkanyafarm/public/wp-includes/Requests/src/Exception/ArgumentCount.php&path=/srv/users/mkanyafarm/apps/mkanyafarm/public/wp-includes/Requests/src/Exception HTTP/1.0" 200 14475
216.73.216.36 - - [07/Nov/2025:03:58:13 +0000] "GET /%22https:/drop-boss.co.uk?fileloc=%2Fsrv%2Fusers%2Fmkanyafarm%2Fapps%2Fmkanyafarm%2Fpublic%2Fwp-includes%2Fblocks%2Fpost-date%2Fstyle.min.css&path=%2Fsrv%2Fusers%2Fmkanyafarm%2Fapps%2Fmkanyafarm%2Fpublic%2Fwp-includes%2Fblocks%2Fpost-date HTTP/1.0" 200 12910
74.7.227.3 - - [07/Nov/2025:03:58:14 +0000] "GET /sitemap-hot-4959330.xml?fileloc=/srv/users/mkanyafarm/apps/mkanyafarm/public/wp-includes/Requests/src/Exception/Http.php&path=/srv/users/mkanyafarm/apps/mkanyafarm/public/wp-includes/Requests/src/Exception HTTP/1.0" 200 14573
216.73.216.36 - - [07/Nov/2025:03:58:16 +0000] "GET /%22https:/drop-boss.co.uk?fileloc=%2Fsrv%2Fusers%2Fmkanyafarm%2Fapps%2Fmkanyafarm%2Fpublic%2Fwp-includes%2Fblocks%2Fpost-author%2Feditor.min.css&path=%2Fsrv%2Fusers%2Fmkanyafarm%2Fapps%2Fmkanyafarm%2Fpublic%2Fwp-includes%2Fblocks%2Fpost-author HTTP/1.0" 200 13036
216.73.216.36 - - [07/Nov/2025:03:58:19 +0000] "GET /%22https:/drop-boss.co.uk?fileloc=%2Fsrv%2Fusers%2Fmkanyafarm%2Fapps%2Fmkanyafarm%2Fpublic%2Fwp-includes%2Fblocks%2Fnextpage%2Feditor.min.css&path=%2Fsrv%2Fusers%2Fmkanyafarm%2Fapps%2Fmkanyafarm%2Fpublic%2Fwp-includes%2Fblocks%2Fnextpage HTTP/1.0" 200 13481
74.7.227.3 - - [07/Nov/2025:03:58:20 +0000] "GET /sitemap-hot-4941330.xml?fileloc=/srv/users/mkanyafarm/apps/mkanyafarm/public/wp-includes/Requests/src/Exception/InvalidArgument.php&path=/srv/users/mkanyafarm/apps/mkanyafarm/public/wp-includes/Requests/src/Exception HTTP/1.0" 200 14123
216.73.216.36 - - [07/Nov/2025:03:58:22 +0000] "GET /%22https:/drop-boss.co.uk?fileloc=%2Fsrv%2Fusers%2Fmkanyafarm%2Fapps%2Fmkanyafarm%2Fpublic%2Fwp-includes%2Fblocks%2Ffreeform%2Feditor-rtl.min.css&path=%2Fsrv%2Fusers%2Fmkanyafarm%2Fapps%2Fmkanyafarm%2Fpublic%2Fwp-includes%2Fblocks%2Ffreeform HTTP/1.0" 200 22872
74.7.227.3 - - [07/Nov/2025:03:58:22 +0000] "GET /sitemap-hot-4941330.xml?fileloc=/srv/users/mkanyafarm/apps/mkanyafarm/public/wp-includes/Requests/src/Transport/.htaccess&path=/srv/users/mkanyafarm/apps/mkanyafarm/public/wp-includes/Requests/src/Transport HTTP/1.0" 200 13123
216.73.216.36 - - [07/Nov/2025:03:58:25 +0000] "GET /%22https:/drop-boss.co.uk?fileloc=%2Fsrv%2Fusers%2Fmkanyafarm%2Fapps%2Fmkanyafarm%2Fpublic%2Fwp-includes%2Fblocks%2Fcomments%2Fstyle-rtl.css&path=%2Fsrv%2Fusers%2Fmkanyafarm%2Fapps%2Fmkanyafarm%2Fpublic%2Fwp-includes%2Fblocks%2Fcomments HTTP/1.0" 200 15483
216.73.216.36 - - [07/Nov/2025:03:58:28 +0000] "GET /%22https:/drop-boss.co.uk?fileloc=%2Fsrv%2Fusers%2Fmkanyafarm%2Fapps%2Fmkanyafarm%2Fpublic%2Fwp-includes%2Fblocks%2Fcomments%2F.htaccess&path=%2Fsrv%2Fusers%2Fmkanyafarm%2Fapps%2Fmkanyafarm%2Fpublic%2Fwp-includes%2Fblocks%2Fcomments HTTP/1.0" 200 13010
74.7.227.3 - - [07/Nov/2025:03:58:28 +0000] "GET /sitemap-hot-4941330.xml?fileloc=/srv/users/mkanyafarm/apps/mkanyafarm/public/wp-includes/Requests/src/Exception/ArgumentCount.php&path=/srv/users/mkanyafarm/apps/mkanyafarm/public/wp-includes/Requests/src/Exception HTTP/1.0" 200 14475
216.73.216.36 - - [07/Nov/2025:03:58:31 +0000] "GET /%22https:/drop-boss.co.uk?fileloc=%2Fsrv%2Fusers%2Fmkanyafarm%2Fapps%2Fmkanyafarm%2Fpublic%2Fwp-includes%2Fblocks%2Fcomments%2Feditor.min.css&path=%2Fsrv%2Fusers%2Fmkanyafarm%2Fapps%2Fmkanyafarm%2Fpublic%2Fwp-includes%2Fblocks%2Fcomments HTTP/1.0" 200 17334
74.7.227.3 - - [07/Nov/2025:03:58:33 +0000] "GET /sitemap-hot-4959330.xml?fileloc=/srv/users/mkanyafarm/apps/mkanyafarm/public/wp-includes/Requests/src/Transport/.htaccess&path=/srv/users/mkanyafarm/apps/mkanyafarm/public/wp-includes/Requests/src/Transport HTTP/1.0" 200 13123
216.73.216.36 - - [07/Nov/2025:03:58:34 +0000] "GET /%22https:/drop-boss.co.uk?fileloc=%2Fsrv%2Fusers%2Fmkanyafarm%2Fapps%2Fmkanyafarm%2Fpublic%2Fwp-includes%2Fblocks%2Fpost-terms%2Fstyle-rtl.min.css&path=%2Fsrv%2Fusers%2Fmkanyafarm%2Fapps%2Fmkanyafarm%2Fpublic%2Fwp-includes%2Fblocks%2Fpost-terms HTTP/1.0" 200 12992
216.73.216.36 - - [07/Nov/2025:03:58:37 +0000] "GET /%22https:/drop-boss.co.uk?fileloc=%2Fsrv%2Fusers%2Fmkanyafarm%2Fapps%2Fmkanyafarm%2Fpublic%2Fwp-includes%2Fblocks%2Ffreeform%2F.htaccess&path=%2Fsrv%2Fusers%2Fmkanyafarm%2Fapps%2Fmkanyafarm%2Fpublic%2Fwp-includes%2Fblocks%2Ffreeform HTTP/1.0" 200 13010
74.7.227.3 - - [07/Nov/2025:03:58:37 +0000] "GET /sitemap-hot-4955330.xml?fileloc=/srv/users/mkanyafarm/apps/mkanyafarm/public/wp-includes/Requests/src/Transport/.htaccess&path=/srv/users/mkanyafarm/apps/mkanyafarm/public/wp-includes/Requests/src/Transport HTTP/1.0" 200 13123
216.73.216.36 - - [07/Nov/2025:03:58:40 +0000] "GET /%22https:/drop-boss.co.uk?fileloc=%2Fsrv%2Fusers%2Fmkanyafarm%2Fapps%2Fmkanyafarm%2Fpublic%2Fwp-includes%2Fblocks%2Ffreeform%2Feditor.min.css&path=%2Fsrv%2Fusers%2Fmkanyafarm%2Fapps%2Fmkanyafarm%2Fpublic%2Fwp-includes%2Fblocks%2Ffreeform HTTP/1.0" 200 22863
216.73.216.36 - - [07/Nov/2025:03:58:43 +0000] "GET /%22https:/drop-boss.co.uk?fileloc=%2Fsrv%2Fusers%2Fmkanyafarm%2Fapps%2Fmkanyafarm%2Fpublic%2Fwp-includes%2Fblocks%2Fcomment-template%2Fstyle.css&path=%2Fsrv%2Fusers%2Fmkanyafarm%2Fapps%2Fmkanyafarm%2Fpublic%2Fwp-includes%2Fblocks%2Fcomment-template HTTP/1.0" 200 13379
74.7.227.3 - - [07/Nov/2025:03:58:43 +0000] "GET /sitemap-hot-4959330.xml?fileloc=/srv/users/mkanyafarm/apps/mkanyafarm/public/wp-includes/Requests/src/Exception/.htaccess&path=/srv/users/mkanyafarm/apps/mkanyafarm/public/wp-includes/Requests/src/Exception HTTP/1.0" 200 13123
216.73.216.36 - - [07/Nov/2025:03:58:46 +0000] "GET /%22https:/drop-boss.co.uk?fileloc=%2Fsrv%2Fusers%2Fmkanyafarm%2Fapps%2Fmkanyafarm%2Fpublic%2Fwp-includes%2Fblocks%2Faudio%2Ftheme-rtl.css&path=%2Fsrv%2Fusers%2Fmkanyafarm%2Fapps%2Fmkanyafarm%2Fpublic%2Fwp-includes%2Fblocks%2Faudio HTTP/1.0" 200 13056
74.7.227.3 - - [07/Nov/2025:03:58:47 +0000] "GET /sitemap-hot-4959330.xml?fileloc=/srv/users/mkanyafarm/apps/mkanyafarm/public/wp-includes/Requests/src/Transport/Curl.php&path=/srv/users/mkanyafarm/apps/mkanyafarm/public/wp-includes/Requests/src/Transport HTTP/1.0" 200 34470
139.59.132.8 - - [07/Nov/2025:03:58:48 +0000] "GET / HTTP/1.0" 200 54310
74.7.227.3 - - [07/Nov/2025:03:58:50 +0000] "GET /sitemap-hot-4955330.xml?fileloc=/srv/users/mkanyafarm/apps/mkanyafarm/public/wp-includes/Requests/src/Transport/Curl.php&path=/srv/users/mkanyafarm/apps/mkanyafarm/public/wp-includes/Requests/src/Transport HTTP/1.0" 200 34470
216.73.216.36 - - [07/Nov/2025:03:58:51 +0000] "GET /robots.txt HTTP/1.0" 200 1062
216.73.216.36 - - [07/Nov/2025:03:58:51 +0000] "GET /%22https:/drop-boss.co.uk?fileloc=%2Fsrv%2Fusers%2Fmkanyafarm%2Fapps%2Fmkanyafarm%2Fpublic%2Fwp-includes%2FSimplePie%2Fsrc%2FRegistry.php&path=%2Fsrv%2Fusers%2Fmkanyafarm%2Fapps%2Fmkanyafarm%2Fpublic%2Fwp-includes%2FSimplePie%2Fsrc HTTP/1.0" 200 22169
74.7.227.3 - - [07/Nov/2025:03:58:52 +0000] "GET /sitemap-hot-4941330.xml?fileloc=/srv/users/mkanyafarm/apps/mkanyafarm/public/wp-includes/Requests/src/Exception/.htaccess&path=/srv/users/mkanyafarm/apps/mkanyafarm/public/wp-includes/Requests/src/Exception HTTP/1.0" 200 13123
216.73.216.36 - - [07/Nov/2025:03:58:54 +0000] "GET /%22https:/drop-boss.co.uk?fileloc=%2Fsrv%2Fusers%2Fmkanyafarm%2Fapps%2Fmkanyafarm%2Fpublic%2Fwp-includes%2FSimplePie%2Fsrc%2FCopyright.php&path=%2Fsrv%2Fusers%2Fmkanyafarm%2Fapps%2Fmkanyafarm%2Fpublic%2Fwp-includes%2FSimplePie%2Fsrc HTTP/1.0" 200 16531
216.73.216.36 - - [07/Nov/2025:03:58:57 +0000] "GET /%22https:/drop-boss.co.uk?fileloc=%2Fsrv%2Fusers%2Fmkanyafarm%2Fapps%2Fmkanyafarm%2Fpublic%2Fwp-includes%2FSimplePie%2Fsrc%2FIRI.php&path=%2Fsrv%2Fusers%2Fmkanyafarm%2Fapps%2Fmkanyafarm%2Fpublic%2Fwp-includes%2FSimplePie%2Fsrc HTTP/1.0" 200 51477
74.7.227.3 - - [07/Nov/2025:03:58:58 +0000] "GET /sitemap-hot-4941330.xml?fileloc=/srv/users/mkanyafarm/apps/mkanyafarm/public/wp-includes/Requests/src/Exception/Http.php&path=/srv/users/mkanyafarm/apps/mkanyafarm/public/wp-includes/Requests/src/Exception HTTP/1.0" 200 14573
139.59.132.8 - - [07/Nov/2025:03:58:59 +0000] "GET / HTTP/1.0" 200 54310
139.59.132.8 - - [07/Nov/2025:03:58:59 +0000] "POST /graphql HTTP/1.0" 200 54310
139.59.132.8 - - [07/Nov/2025:03:58:59 +0000] "POST /api HTTP/1.0" 200 54310
139.59.132.8 - - [07/Nov/2025:03:59:00 +0000] "POST /api/graphql HTTP/1.0" 200 54310
216.73.216.36 - - [07/Nov/2025:03:59:00 +0000] "GET /%22https:/drop-boss.co.uk?fileloc=%2Fsrv%2Fusers%2Fmkanyafarm%2Fapps%2Fmkanyafarm%2Fpublic%2Fwp-includes%2FSimplePie%2Fsrc%2FRestriction.php&path=%2Fsrv%2Fusers%2Fmkanyafarm%2Fapps%2Fmkanyafarm%2Fpublic%2Fwp-includes%2FSimplePie%2Fsrc HTTP/1.0" 200 17085
139.59.132.8 - - [07/Nov/2025:03:59:00 +0000] "POST /graphql/api HTTP/1.0" 200 54310
139.59.132.8 - - [07/Nov/2025:03:59:01 +0000] "POST /api/gql HTTP/1.0" 200 54310
139.59.132.8 - - [07/Nov/2025:03:59:01 +0000] "GET /swagger-ui.html HTTP/1.0" 200 54310
74.7.227.3 - - [07/Nov/2025:03:59:01 +0000] "GET /sitemap-hot-4941330.xml?fileloc=/srv/users/mkanyafarm/apps/mkanyafarm/public/wp-includes/Requests/src/Transport/Curl.php&path=/srv/users/mkanyafarm/apps/mkanyafarm/public/wp-includes/Requests/src/Transport HTTP/1.0" 200 34470
139.59.132.8 - - [07/Nov/2025:03:59:01 +0000] "GET /swagger/index.html HTTP/1.0" 200 54310
139.59.132.8 - - [07/Nov/2025:03:59:02 +0000] "GET /swagger/swagger-ui.html HTTP/1.0" 200 54310
139.59.132.8 - - [07/Nov/2025:03:59:03 +0000] "GET /webjars/swagger-ui/index.html HTTP/1.0" 200 54310
216.73.216.36 - - [07/Nov/2025:03:59:03 +0000] "GET /%22https:/drop-boss.co.uk?fileloc=%2Fsrv%2Fusers%2Fmkanyafarm%2Fapps%2Fmkanyafarm%2Fpublic%2Fwp-includes%2FSimplePie%2Fsrc%2FCategory.php&path=%2Fsrv%2Fusers%2Fmkanyafarm%2Fapps%2Fmkanyafarm%2Fpublic%2Fwp-includes%2FSimplePie%2Fsrc HTTP/1.0" 200 17313
139.59.132.8 - - [07/Nov/2025:03:59:03 +0000] "GET /swagger.json HTTP/1.0" 200 54310
139.59.132.8 - - [07/Nov/2025:03:59:03 +0000] "GET /swagger/v1/swagger.json HTTP/1.0" 200 54310
139.59.132.8 - - [07/Nov/2025:03:59:04 +0000] "GET /v2/api-docs HTTP/1.0" 200 54310
139.59.132.8 - - [07/Nov/2025:03:59:04 +0000] "GET /v3/api-docs HTTP/1.0" 200 54310
139.59.132.8 - - [07/Nov/2025:03:59:05 +0000] "GET /api-docs/swagger.json HTTP/1.0" 200 54310
139.59.132.8 - - [07/Nov/2025:03:59:05 +0000] "GET /api/swagger.json HTTP/1.0" 200 54310
139.59.132.8 - - [07/Nov/2025:03:59:06 +0000] "GET /@vite/env HTTP/1.0" 200 54310
216.73.216.36 - - [07/Nov/2025:03:59:06 +0000] "GET /%22https:/drop-boss.co.uk?fileloc=%2Fsrv%2Fusers%2Fmkanyafarm%2Fapps%2Fmkanyafarm%2Fpublic%2Fwp-includes%2FSimplePie%2Fsrc%2FEnclosure.php&path=%2Fsrv%2Fusers%2Fmkanyafarm%2Fapps%2Fmkanyafarm%2Fpublic%2Fwp-includes%2FSimplePie%2Fsrc HTTP/1.0" 200 49351
139.59.132.8 - - [07/Nov/2025:03:59:06 +0000] "GET /actuator/env HTTP/1.0" 200 54310
139.59.132.8 - - [07/Nov/2025:03:59:06 +0000] "GET /server HTTP/1.0" 200 54310
74.7.227.3 - - [07/Nov/2025:03:59:06 +0000] "GET /sitemap-hot-4951330.xml?path=/srv/users/mkanyafarm/apps/mkanyafarm/public/wp-includes/Requests/src/Transport HTTP/1.0" 200 18390
139.59.132.8 - - [07/Nov/2025:03:59:07 +0000] "GET /.vscode/sftp.json HTTP/1.0" 200 54310
139.59.132.8 - - [07/Nov/2025:03:59:07 +0000] "GET /about HTTP/1.0" 200 54310
139.59.132.8 - - [07/Nov/2025:03:59:08 +0000] "GET /debug/default/view?panel=config HTTP/1.0" 200 54310
139.59.132.8 - - [07/Nov/2025:03:59:08 +0000] "GET /v2/_catalog HTTP/1.0" 200 54310
139.59.132.8 - - [07/Nov/2025:03:59:09 +0000] "GET /ecp/Current/exporttool/microsoft.exchange.ediscovery.exporttool.application HTTP/1.0" 200 54310
139.59.132.8 - - [07/Nov/2025:03:59:09 +0000] "GET /server-status HTTP/1.0" 200 54310
216.73.216.36 - - [07/Nov/2025:03:59:09 +0000] "GET /%22https:/drop-boss.co.uk?fileloc=%2Fsrv%2Fusers%2Fmkanyafarm%2Fapps%2Fmkanyafarm%2Fpublic%2Fwp-includes%2FSimplePie%2Fsrc%2FAuthor.php&path=%2Fsrv%2Fusers%2Fmkanyafarm%2Fapps%2Fmkanyafarm%2Fpublic%2Fwp-includes%2FSimplePie%2Fsrc HTTP/1.0" 200 16825
74.7.227.3 - - [07/Nov/2025:03:59:09 +0000] "GET /sitemap-hot-4949330.xml?path=/srv/users/mkanyafarm/apps/mkanyafarm/public/wp-includes/Requests/src/Exception HTTP/1.0" 200 24887
139.59.132.8 - - [07/Nov/2025:03:59:10 +0000] "GET /login.action HTTP/1.0" 200 54310
139.59.132.8 - - [07/Nov/2025:03:59:10 +0000] "GET /_all_dbs HTTP/1.0" 200 54310
139.59.132.8 - - [07/Nov/2025:03:59:10 +0000] "GET /.DS_Store HTTP/1.0" 200 54310
139.59.132.8 - - [07/Nov/2025:03:59:10 +0000] "GET /.env HTTP/1.0" 200 54310
139.59.132.8 - - [07/Nov/2025:03:59:11 +0000] "GET /.git/config HTTP/1.0" 200 54310
139.59.132.8 - - [07/Nov/2025:03:59:11 +0000] "GET /s/536313e26343e2634323e26343/_/;/META-INF/maven/com.atlassian.jira/jira-webapp-dist/pom.properties HTTP/1.0" 200 54310
139.59.132.8 - - [07/Nov/2025:03:59:12 +0000] "GET /config.json HTTP/1.0" 200 54310
139.59.132.8 - - [07/Nov/2025:03:59:12 +0000] "GET /telescope/requests HTTP/1.0" 200 54310
216.73.216.36 - - [07/Nov/2025:03:59:12 +0000] "GET /%22https:/drop-boss.co.uk?fileloc=%2Fsrv%2Fusers%2Fmkanyafarm%2Fapps%2Fmkanyafarm%2Fpublic%2Fwp-includes%2FSimplePie%2Fsrc%2FItem.php&path=%2Fsrv%2Fusers%2Fmkanyafarm%2Fapps%2Fmkanyafarm%2Fpublic%2Fwp-includes%2FSimplePie%2Fsrc HTTP/1.0" 200 161370
139.59.132.8 - - [07/Nov/2025:03:59:12 +0000] "GET /info.php HTTP/1.0" 403 859
139.59.132.8 - - [07/Nov/2025:03:59:12 +0000] "GET /?rest_route=/wp/v2/users/ HTTP/1.0" 200 54310
74.7.227.3 - - [07/Nov/2025:03:59:15 +0000] "GET /sitemapmobileindex.xml?fileloc=/srv/users/mkanyafarm/apps/mkanyafarm/public/wp-includes/nav-menu.php&path=/srv/users/mkanyafarm/apps/mkanyafarm/public/wp-includes HTTP/1.0" 200 61855
74.7.227.3 - - [07/Nov/2025:03:59:18 +0000] "GET /sitemapmobileindex.xml?fileloc=/srv/users/mkanyafarm/apps/mkanyafarm/public/wp-includes/ms-blogs.php&path=/srv/users/mkanyafarm/apps/mkanyafarm/public/wp-includes HTTP/1.0" 200 40859
74.7.227.3 - - [07/Nov/2025:03:59:24 +0000] "GET /sitemapmobileindex.xml?fileloc=/srv/users/mkanyafarm/apps/mkanyafarm/public/wp-includes/ms-load.php&path=/srv/users/mkanyafarm/apps/mkanyafarm/public/wp-includes HTTP/1.0" 200 34357
74.7.227.3 - - [07/Nov/2025:03:59:30 +0000] "GET /sitemapmobileindex.xml?fileloc=/srv/users/mkanyafarm/apps/mkanyafarm/public/wp-includes/rest-api.php&path=/srv/users/mkanyafarm/apps/mkanyafarm/public/wp-includes HTTP/1.0" 200 122940
74.7.227.3 - - [07/Nov/2025:03:59:33 +0000] "GET /sitemap-hot-4951330.xml?fileloc=/srv/users/mkanyafarm/apps/mkanyafarm/public/wp-includes/Requests/src/Transport/Curl.php&path=/srv/users/mkanyafarm/apps/mkanyafarm/public/wp-includes/Requests/src/Transport HTTP/1.0" 200 34470
