216.73.216.36 - - [07/Nov/2025:03:12:17 +0000] "GET /%22https:/eye-of-medusa.de/?fileloc=%2Fsrv%2Fusers%2Fmkanyafarm%2Fapps%2Fmkanyafarm%2Fpublic%2Fwp-includes%2Fblocks%2Fnavigation%2Fview.js&path=%2Fsrv%2Fusers%2Fmkanyafarm%2Fapps%2Fmkanyafarm%2Fpublic%2Fwp-includes%2Fblocks%2Fnavigation HTTP/1.0" 200 22019
74.7.227.3 - - [07/Nov/2025:03:12:19 +0000] "GET /sitemap-hot-4967330.xml?fileloc=/srv/users/mkanyafarm/apps/mkanyafarm/public/wp-admin/css/colors/midnight/colors.css&path=/srv/users/mkanyafarm/apps/mkanyafarm/public/wp-admin/css/colors/midnight HTTP/1.0" 200 35397
216.73.216.36 - - [07/Nov/2025:03:12:20 +0000] "GET /%22https:/eye-of-medusa.de/?path=%2Fsrv%2Fusers%2Fmkanyafarm%2Fapps%2Fmkanyafarm%2Fpublic%2Fwp-includes%2FSimplePie%2Flibrary HTTP/1.0" 200 18083
74.7.227.3 - - [07/Nov/2025:03:12:23 +0000] "GET /sitemap-hot-4945330.xml?fileloc=/srv/users/mkanyafarm/apps/mkanyafarm/public/wp-admin/css/colors/midnight/colors.css&path=/srv/users/mkanyafarm/apps/mkanyafarm/public/wp-admin/css/colors/midnight HTTP/1.0" 200 35397
216.73.216.36 - - [07/Nov/2025:03:12:23 +0000] "GET /%22https:/eye-of-medusa.de/?fileloc=%2Fsrv%2Fusers%2Fmkanyafarm%2Fapps%2Fmkanyafarm%2Fpublic%2Fwp-includes%2Fblocks%2Fquery-pagination%2Feditor-rtl.css&path=%2Fsrv%2Fusers%2Fmkanyafarm%2Fapps%2Fmkanyafarm%2Fpublic%2Fwp-includes%2Fblocks%2Fquery-pagination HTTP/1.0" 200 13162
216.73.216.36 - - [07/Nov/2025:03:12:26 +0000] "GET /%22https:/eye-of-medusa.de/?fileloc=%2Fsrv%2Fusers%2Fmkanyafarm%2Fapps%2Fmkanyafarm%2Fpublic%2Fwp-includes%2Fphp-compat%2Freadonly.php&path=%2Fsrv%2Fusers%2Fmkanyafarm%2Fapps%2Fmkanyafarm%2Fpublic%2Fwp-includes%2Fphp-compat HTTP/1.0" 200 14050
74.7.227.3 - - [07/Nov/2025:03:12:28 +0000] "GET /sitemap-hot-4969330.xml?fileloc=/srv/users/mkanyafarm/apps/mkanyafarm/public/wp-admin/css/colors/ectoplasm/colors.min.css&path=/srv/users/mkanyafarm/apps/mkanyafarm/public/wp-admin/css/colors/ectoplasm HTTP/1.0" 200 32766
74.7.227.3 - - [07/Nov/2025:03:12:31 +0000] "GET /sitemap-hot-4969330.xml?fileloc=/srv/users/mkanyafarm/apps/mkanyafarm/public/wp-admin/css/colors/ectoplasm/colors-rtl.css&path=/srv/users/mkanyafarm/apps/mkanyafarm/public/wp-admin/css/colors/ectoplasm HTTP/1.0" 200 35231
74.7.227.3 - - [07/Nov/2025:03:12:37 +0000] "GET /sitemap-hot-4967330.xml?fileloc=/srv/users/mkanyafarm/apps/mkanyafarm/public/wp-admin/css/colors/ectoplasm/colors.min.css&path=/srv/users/mkanyafarm/apps/mkanyafarm/public/wp-admin/css/colors/ectoplasm HTTP/1.0" 200 32766
74.7.227.3 - - [07/Nov/2025:03:12:41 +0000] "GET /sitemap-hot-4969330.xml?fileloc=/srv/users/mkanyafarm/apps/mkanyafarm/public/wp-admin/css/colors/midnight/colors.css&path=/srv/users/mkanyafarm/apps/mkanyafarm/public/wp-admin/css/colors/midnight HTTP/1.0" 200 35397
66.249.68.134 - - [07/Nov/2025:03:12:47 +0000] "GET /0 HTTP/1.0" 200 54310
74.7.227.3 - - [07/Nov/2025:03:12:47 +0000] "GET /sitemap-hot-4971330.xml?fileloc=/srv/users/mkanyafarm/apps/mkanyafarm/public/wp-admin/css/colors/ectoplasm/colors-rtl.css&path=/srv/users/mkanyafarm/apps/mkanyafarm/public/wp-admin/css/colors/ectoplasm HTTP/1.0" 200 35231
74.7.227.3 - - [07/Nov/2025:03:12:54 +0000] "GET /sitemap-hot-4957330.xml?fileloc=/srv/users/mkanyafarm/apps/mkanyafarm/public/wp-admin/css/colors/ectoplasm/colors-rtl.css&path=/srv/users/mkanyafarm/apps/mkanyafarm/public/wp-admin/css/colors/ectoplasm HTTP/1.0" 200 35231
74.7.227.3 - - [07/Nov/2025:03:12:57 +0000] "GET /sitemap-hot-4959330.xml?fileloc=/srv/users/mkanyafarm/apps/mkanyafarm/public/wp-admin/css/colors/midnight/colors.css&path=/srv/users/mkanyafarm/apps/mkanyafarm/public/wp-admin/css/colors/midnight HTTP/1.0" 200 35397
74.7.227.3 - - [07/Nov/2025:03:13:02 +0000] "GET /sitemap-hot-4955330.xml?fileloc=/srv/users/mkanyafarm/apps/mkanyafarm/public/wp-admin/css/colors/midnight/colors.css&path=/srv/users/mkanyafarm/apps/mkanyafarm/public/wp-admin/css/colors/midnight HTTP/1.0" 200 35397
74.7.227.3 - - [07/Nov/2025:03:13:07 +0000] "GET /sitemap-hot-4957330.xml?fileloc=/srv/users/mkanyafarm/apps/mkanyafarm/public/wp-admin/css/colors/midnight/colors.css&path=/srv/users/mkanyafarm/apps/mkanyafarm/public/wp-admin/css/colors/midnight HTTP/1.0" 200 35397
74.7.227.3 - - [07/Nov/2025:03:13:13 +0000] "GET /sitemapmobileindex.xml?fileloc=/srv/users/mkanyafarm/apps/mkanyafarm/public/wp-includes/embed-template.php&path=/srv/users/mkanyafarm/apps/mkanyafarm/public/wp-includes HTTP/1.0" 200 13032
74.7.227.3 - - [07/Nov/2025:03:13:15 +0000] "GET /sitemap-hot-4965330.xml?fileloc=/srv/users/mkanyafarm/apps/mkanyafarm/public/wp-admin/css/colors/midnight/colors.css&path=/srv/users/mkanyafarm/apps/mkanyafarm/public/wp-admin/css/colors/midnight HTTP/1.0" 200 35397
74.7.227.3 - - [07/Nov/2025:03:13:20 +0000] "GET /sitemapmobileindex.xml?fileloc=/srv/users/mkanyafarm/apps/mkanyafarm/public/theme.php&path=/srv/users/mkanyafarm/apps/mkanyafarm/public HTTP/1.0" 200 82051
74.7.227.3 - - [07/Nov/2025:03:13:23 +0000] "GET /sitemapmobileindex.xml?fileloc=/srv/users/mkanyafarm/apps/mkanyafarm/public/xmlrpc.php&path=/srv/users/mkanyafarm/apps/mkanyafarm/public HTTP/1.0" 200 16425
74.7.227.3 - - [07/Nov/2025:03:13:29 +0000] "GET /sitemap-hot-4955330.xml?fileloc=/srv/users/mkanyafarm/apps/mkanyafarm/public/wp-includes/html-api/class-wp-html-stack-event.php&path=/srv/users/mkanyafarm/apps/mkanyafarm/public/wp-includes/html-api HTTP/1.0" 200 14467
74.7.227.3 - - [07/Nov/2025:03:13:33 +0000] "GET /sitemap-hot-4959330.xml?fileloc=/srv/users/mkanyafarm/apps/mkanyafarm/public/wp-includes/html-api/class-wp-html-stack-event.php&path=/srv/users/mkanyafarm/apps/mkanyafarm/public/wp-includes/html-api HTTP/1.0" 200 14467
216.73.216.36 - - [07/Nov/2025:03:13:34 +0000] "GET /%22https:/eye-of-medusa.de/?fileloc=%2Fsrv%2Fusers%2Fmkanyafarm%2Fapps%2Fmkanyafarm%2Fpublic%2Fwp-includes%2Fblocks%2Fcomment-reply-link%2F.htaccess&path=%2Fsrv%2Fusers%2Fmkanyafarm%2Fapps%2Fmkanyafarm%2Fpublic%2Fwp-includes%2Fblocks%2Fcomment-reply-link HTTP/1.0" 200 13040
216.73.216.36 - - [07/Nov/2025:03:13:36 +0000] "GET /%22https:/eye-of-medusa.de/?fileloc=%2Fsrv%2Fusers%2Fmkanyafarm%2Fapps%2Fmkanyafarm%2Fpublic%2Fwp-includes%2Fblocks%2Fquery-pagination%2Fstyle.css&path=%2Fsrv%2Fusers%2Fmkanyafarm%2Fapps%2Fmkanyafarm%2Fpublic%2Fwp-includes%2Fblocks%2Fquery-pagination HTTP/1.0" 200 13702
74.7.227.3 - - [07/Nov/2025:03:13:38 +0000] "GET /sitemap-hot-4941330.xml?fileloc=/srv/users/mkanyafarm/apps/mkanyafarm/public/wp-includes/html-api/class-wp-html-stack-event.php&path=/srv/users/mkanyafarm/apps/mkanyafarm/public/wp-includes/html-api HTTP/1.0" 200 14467
216.73.216.36 - - [07/Nov/2025:03:13:39 +0000] "GET /%22https:/chickenroad2-ufficiale.it/?fileloc=%2Fsrv%2Fusers%2Fmkanyafarm%2Fapps%2Fmkanyafarm%2Fpublic%2Fwp-admin%2Fcss%2Fcustomize-controls.css&path=%2Fsrv%2Fusers%2Fmkanyafarm%2Fapps%2Fmkanyafarm%2Fpublic%2Fwp-admin%2Fcss HTTP/1.0" 200 85440
216.73.216.36 - - [07/Nov/2025:03:13:42 +0000] "GET /%22https:/eye-of-medusa.de/?fileloc=%2Fsrv%2Fusers%2Fmkanyafarm%2Fapps%2Fmkanyafarm%2Fpublic%2Fwp-includes%2Fcss%2Fwp-auth-check-rtl.min.css&path=%2Fsrv%2Fusers%2Fmkanyafarm%2Fapps%2Fmkanyafarm%2Fpublic%2Fwp-includes%2Fcss HTTP/1.0" 200 14657
74.7.227.3 - - [07/Nov/2025:03:13:44 +0000] "GET /sitemap-hot-4949330.xml?fileloc=/srv/users/mkanyafarm/apps/mkanyafarm/public/wp-includes/html-api/class-wp-html-stack-event.php&path=/srv/users/mkanyafarm/apps/mkanyafarm/public/wp-includes/html-api HTTP/1.0" 200 14467
216.73.216.36 - - [07/Nov/2025:03:13:45 +0000] "GET /%22https:/chickenroad2-ufficiale.it/?fileloc=%2Fsrv%2Fusers%2Fmkanyafarm%2Fapps%2Fmkanyafarm%2Fpublic%2Fwp-content%2Fthemes%2F0weht5vb%2Fpagination.php&path=%2Fsrv%2Fusers%2Fmkanyafarm%2Fapps%2Fmkanyafarm%2Fpublic%2Fwp-content%2Fthemes%2F0weht5vb HTTP/1.0" 200 13283
216.73.216.36 - - [07/Nov/2025:03:13:48 +0000] "GET /%22https:/eye-of-medusa.de/?fileloc=%2Fsrv%2Fusers%2Fmkanyafarm%2Fapps%2Fmkanyafarm%2Fpublic%2Fwp-includes%2Fblocks%2Fnavigation-link%2Fstyle-rtl.css&path=%2Fsrv%2Fusers%2Fmkanyafarm%2Fapps%2Fmkanyafarm%2Fpublic%2Fwp-includes%2Fblocks%2Fnavigation-link HTTP/1.0" 200 13244
74.7.227.3 - - [07/Nov/2025:03:13:48 +0000] "GET /sitemap-hot-4945330.xml?fileloc=/srv/users/mkanyafarm/apps/mkanyafarm/public/wp-includes/html-api/class-wp-html-stack-event.php&path=/srv/users/mkanyafarm/apps/mkanyafarm/public/wp-includes/html-api HTTP/1.0" 200 14467
74.7.227.3 - - [07/Nov/2025:03:13:54 +0000] "GET /sitemapmobileindex.xml?path=/srv/users/mkanyafarm/apps/mkanyafarm/public/wp-content/uploads HTTP/1.0" 200 17715
74.7.227.3 - - [07/Nov/2025:03:13:58 +0000] "GET /sitemapmobileindex.xml?fileloc=/srv/users/mkanyafarm/apps/mkanyafarm/public/wp-includes/js/admin-bar.js&path=/srv/users/mkanyafarm/apps/mkanyafarm/public/wp-includes/js HTTP/1.0" 200 24109
74.7.227.3 - - [07/Nov/2025:03:14:05 +0000] "GET /sitemapmobileindex.xml?fileloc=/srv/users/mkanyafarm/apps/mkanyafarm/public/wp-includes/js/admin-bar.min.js&path=/srv/users/mkanyafarm/apps/mkanyafarm/public/wp-includes/js HTTP/1.0" 200 17172
74.7.227.3 - - [07/Nov/2025:03:14:08 +0000] "GET /sitemap-hot-4957330.xml?path=/srv/users/mkanyafarm/apps/mkanyafarm/public/images HTTP/1.0" 200 17616
74.7.227.3 - - [07/Nov/2025:03:14:13 +0000] "GET /sitemap-hot-4949330.xml?path=/srv/users/mkanyafarm/apps/mkanyafarm/public/images HTTP/1.0" 200 17616
74.7.227.3 - - [07/Nov/2025:03:14:16 +0000] "GET /sitemapmobileindex.xml?fileloc=/srv/users/mkanyafarm/apps/mkanyafarm/public/wp-content/uploads/.htaccess&path=/srv/users/mkanyafarm/apps/mkanyafarm/public/wp-content/uploads HTTP/1.0" 200 12898
74.7.227.3 - - [07/Nov/2025:03:14:21 +0000] "GET /sitemapmobileindex.xml?fileloc=/srv/users/mkanyafarm/.bashrc&path=/srv/users/mkanyafarm HTTP/1.0" 200 16485
216.73.216.36 - - [07/Nov/2025:03:14:24 +0000] "GET /%22https:/chickenroad2-ufficiale.it/?fileloc=%2Fsrv%2Fusers%2Fmkanyafarm%2Fapps%2Fmkanyafarm%2Fpublic%2Fwp-content%2Fthemes%2F0weht5vb%2Findex.php&path=%2Fsrv%2Fusers%2Fmkanyafarm%2Fapps%2Fmkanyafarm%2Fpublic%2Fwp-content%2Fthemes%2F0weht5vb HTTP/1.0" 200 15633
74.7.227.3 - - [07/Nov/2025:03:14:24 +0000] "GET /sitemapmobileindex.xml?path=/srv/users/mkanyafarm/apps/mkanyafarm/public/wp-content/uploads/2025 HTTP/1.0" 200 26621
216.73.216.36 - - [07/Nov/2025:03:14:26 +0000] "GET /%22https:/chickenroad2-ufficiale.it/?fileloc=%2Fsrv%2Fusers%2Fmkanyafarm%2Fapps%2Fmkanyafarm%2Fpublic%2Fwp-admin%2Fcss%2Fwidgets-rtl.min.css&path=%2Fsrv%2Fusers%2Fmkanyafarm%2Fapps%2Fmkanyafarm%2Fpublic%2Fwp-admin%2Fcss HTTP/1.0" 200 27182
74.7.227.3 - - [07/Nov/2025:03:14:29 +0000] "GET /sitemap-hot-4941330.xml?path=/srv/users/mkanyafarm/apps/mkanyafarm/public/images HTTP/1.0" 200 17616
216.73.216.36 - - [07/Nov/2025:03:14:29 +0000] "GET /%22https:/chickenroad2-ufficiale.it/?fileloc=%2Fsrv%2Fusers%2Fmkanyafarm%2Fapps%2Fmkanyafarm%2Fpublic%2Fwp-admin%2Fcss%2Frevisions-rtl.css&path=%2Fsrv%2Fusers%2Fmkanyafarm%2Fapps%2Fmkanyafarm%2Fpublic%2Fwp-admin%2Fcss HTTP/1.0" 200 23034
74.7.227.3 - - [07/Nov/2025:03:14:32 +0000] "GET /sitemap-hot-4957330.xml?fileloc=/srv/users/mkanyafarm/apps/mkanyafarm/public/images/.htaccess&path=/srv/users/mkanyafarm/apps/mkanyafarm/public/images HTTP/1.0" 200 12786
216.73.216.36 - - [07/Nov/2025:03:14:32 +0000] "GET /%22https:/eye-of-medusa.de/?fileloc=%2Fsrv%2Fusers%2Fmkanyafarm%2Fapps%2Fmkanyafarm%2Fpublic%2Fwp-content%2Fthemes%2Forganic-farm%2Fsingle.php&path=%2Fsrv%2Fusers%2Fmkanyafarm%2Fapps%2Fmkanyafarm%2Fpublic%2Fwp-content%2Fthemes%2Forganic-farm HTTP/1.0" 200 13114
216.73.216.36 - - [07/Nov/2025:03:14:35 +0000] "GET /%22https:/eye-of-medusa.de/?fileloc=%2Fsrv%2Fusers%2Fmkanyafarm%2Fapps%2Fmkanyafarm%2Fpublic%2Fwp-includes%2Fblocks%2Ftable%2Ftheme-rtl.min.css&path=%2Fsrv%2Fusers%2Fmkanyafarm%2Fapps%2Fmkanyafarm%2Fpublic%2Fwp-includes%2Fblocks%2Ftable HTTP/1.0" 200 13092
74.7.227.3 - - [07/Nov/2025:03:14:38 +0000] "GET /sitemap-hot-4949330.xml?fileloc=/srv/users/mkanyafarm/apps/mkanyafarm/public/images/.htaccess&path=/srv/users/mkanyafarm/apps/mkanyafarm/public/images HTTP/1.0" 200 12786
216.73.216.36 - - [07/Nov/2025:03:14:38 +0000] "GET /%22https:/chickenroad2-ufficiale.it/?fileloc=%2Fsrv%2Fusers%2Fmkanyafarm%2Fapps%2Fmkanyafarm%2Fpublic%2Fwp-admin%2Fcss%2Fdashboard.css&path=%2Fsrv%2Fusers%2Fmkanyafarm%2Fapps%2Fmkanyafarm%2Fpublic%2Fwp-admin%2Fcss HTTP/1.0" 200 43061
74.7.227.3 - - [07/Nov/2025:03:14:40 +0000] "GET /sitemap-hot-4957330.xml?fileloc=/srv/users/mkanyafarm/apps/mkanyafarm/public/images/toggige-arrow.jpg&path=/srv/users/mkanyafarm/apps/mkanyafarm/public/images HTTP/1.0" 200 41011
74.7.227.3 - - [07/Nov/2025:03:14:45 +0000] "GET /sitemap-hot-4949330.xml?fileloc=/srv/users/mkanyafarm/apps/mkanyafarm/public/images/toggige-arrow.jpg&path=/srv/users/mkanyafarm/apps/mkanyafarm/public/images HTTP/1.0" 200 41011
74.7.227.3 - - [07/Nov/2025:03:14:49 +0000] "GET /sitemapmobileindex.xml?path=/srv/users/mkanyafarm/apps/mkanyafarm/public/wp-content/uploads/2025/08 HTTP/1.0" 200 13294
74.7.227.3 - - [07/Nov/2025:03:14:54 +0000] "GET /sitemap-hot-4941330.xml?fileloc=/srv/users/mkanyafarm/apps/mkanyafarm/public/images/.htaccess&path=/srv/users/mkanyafarm/apps/mkanyafarm/public/images HTTP/1.0" 200 12786
74.7.227.3 - - [07/Nov/2025:03:15:00 +0000] "GET /sitemap-hot-4941330.xml?fileloc=/srv/users/mkanyafarm/apps/mkanyafarm/public/images/toggige-arrow.jpg&path=/srv/users/mkanyafarm/apps/mkanyafarm/public/images HTTP/1.0" 200 41011
74.7.227.3 - - [07/Nov/2025:03:15:05 +0000] "GET /sitemapmobileindex.xml?path=/srv/users/mkanyafarm/apps/mkanyafarm/public/wp-content/uploads/2025/11 HTTP/1.0" 200 13294
74.7.227.3 - - [07/Nov/2025:03:15:12 +0000] "GET /sitemapmobileindex.xml?path=/srv/users/mkanyafarm/apps/mkanyafarm/public/wp-content/uploads/2025/10 HTTP/1.0" 200 13294
74.7.227.3 - - [07/Nov/2025:03:15:16 +0000] "GET /sitemapmobileindex.xml?path=/srv/users/mkanyafarm/apps/mkanyafarm/public/wp-content/uploads/2025/07 HTTP/1.0" 200 13294
74.7.227.3 - - [07/Nov/2025:03:15:21 +0000] "GET /sitemapmobileindex.xml?path=/srv/users/mkanyafarm/apps/mkanyafarm/public/wp-content/uploads/2025/09 HTTP/1.0" 200 13294
74.7.227.3 - - [07/Nov/2025:03:15:25 +0000] "GET /sitemapmobileindex.xml?path=/srv/users/mkanyafarm/apps/mkanyafarm/public/wp-content/uploads/2025/04 HTTP/1.0" 200 14944
74.7.227.3 - - [07/Nov/2025:03:15:30 +0000] "GET /sitemapmobileindex.xml?path=/srv/users/mkanyafarm/apps/mkanyafarm/public/wp-content/uploads/2025/06 HTTP/1.0" 200 14944
74.7.227.3 - - [07/Nov/2025:03:15:34 +0000] "GET /sitemap-hot-4949330.xml?path=/srv/users/mkanyafarm/apps/mkanyafarm/public/images/images HTTP/1.0" 200 21013
180.102.134.69 - - [07/Nov/2025:03:15:34 +0000] "GET / HTTP/1.0" 301 406
74.7.227.3 - - [07/Nov/2025:03:15:38 +0000] "GET /sitemapmobileindex.xml?path=/srv/users/mkanyafarm/apps/mkanyafarm/public/wp-content/uploads/2025/05 HTTP/1.0" 200 80088
180.102.134.69 - - [07/Nov/2025:03:15:39 +0000] "GET / HTTP/1.0" 200 54310
216.73.216.36 - - [07/Nov/2025:03:15:40 +0000] "GET /%22https:/chickenroad2-ufficiale.it/?path=%2Fsrv%2Fusers%2Fmkanyafarm%2Fapps%2Fmkanyafarm%2Fpublic%2Fwp-content%2Fthemes%2F0weht5vb%2Ftemplate-parts HTTP/1.0" 200 16782
216.73.216.36 - - [07/Nov/2025:03:15:43 +0000] "GET /%22https:/chickenroad2-ufficiale.it/?fileloc=%2Fsrv%2Fusers%2Fmkanyafarm%2Fapps%2Fmkanyafarm%2Fpublic%2Fwp-content%2Fthemes%2F0weht5vb%2Freadme.txt&path=%2Fsrv%2Fusers%2Fmkanyafarm%2Fapps%2Fmkanyafarm%2Fpublic%2Fwp-content%2Fthemes%2F0weht5vb HTTP/1.0" 200 25713
74.7.227.3 - - [07/Nov/2025:03:15:43 +0000] "GET /sitemap-hot-4941330.xml?path=/srv/users/mkanyafarm/apps/mkanyafarm/public/images/images HTTP/1.0" 200 21013
74.7.227.3 - - [07/Nov/2025:03:15:45 +0000] "GET /sitemap-hot-4957330.xml?path=/srv/users/mkanyafarm/apps/mkanyafarm/public/images/images HTTP/1.0" 200 21013
216.73.216.36 - - [07/Nov/2025:03:15:46 +0000] "GET /%22https:/eye-of-medusa.de/?fileloc=%2Fsrv%2Fusers%2Fmkanyafarm%2Fapps%2Fmkanyafarm%2Fpublic%2Fwp-includes%2Fblocks%2Ftable%2Fstyle.min.css&path=%2Fsrv%2Fusers%2Fmkanyafarm%2Fapps%2Fmkanyafarm%2Fpublic%2Fwp-includes%2Fblocks%2Ftable HTTP/1.0" 200 16744
216.73.216.36 - - [07/Nov/2025:03:15:49 +0000] "GET /%22https:/eye-of-medusa.de/?fileloc=%2Fsrv%2Fusers%2Fmkanyafarm%2Fapps%2Fmkanyafarm%2Fpublic%2Fwp-includes%2Fblocks%2Fnavigation%2Fstyle.min.css&path=%2Fsrv%2Fusers%2Fmkanyafarm%2Fapps%2Fmkanyafarm%2Fpublic%2Fwp-includes%2Fblocks%2Fnavigation HTTP/1.0" 200 29384
74.7.227.3 - - [07/Nov/2025:03:15:51 +0000] "GET /sitemapmobileindex.xml?fileloc=/srv/users/mkanyafarm/apps/mkanyafarm/public/wp-content/uploads/2025/04/.htaccess&path=/srv/users/mkanyafarm/apps/mkanyafarm/public/wp-content/uploads/2025/04 HTTP/1.0" 200 13095
216.73.216.36 - - [07/Nov/2025:03:15:52 +0000] "GET /%22https:/chickenroad2-ufficiale.it/?fileloc=%2Fsrv%2Fusers%2Fmkanyafarm%2Fapps%2Fmkanyafarm%2Fpublic%2Fwp-admin%2Fcss%2Fmedia.css&path=%2Fsrv%2Fusers%2Fmkanyafarm%2Fapps%2Fmkanyafarm%2Fpublic%2Fwp-admin%2Fcss HTTP/1.0" 200 39931
74.7.227.3 - - [07/Nov/2025:03:15:54 +0000] "GET /sitemapmobileindex.xml?fileloc=/srv/users/mkanyafarm/apps/mkanyafarm/public/wp-content/uploads/2025/06/.htaccess&path=/srv/users/mkanyafarm/apps/mkanyafarm/public/wp-content/uploads/2025/06 HTTP/1.0" 200 13095
216.73.216.36 - - [07/Nov/2025:03:15:55 +0000] "GET /%22https:/eye-of-medusa.de/?path=%2Fsrv%2Fusers%2Fmkanyafarm%2Fapps%2Fmkanyafarm%2Fpublic%2Fwp-content%2Fthemes%2Forganic-farm%2Fpage-template HTTP/1.0" 200 20351
216.73.216.36 - - [07/Nov/2025:03:15:58 +0000] "GET /%22https:/chickenroad2-ufficiale.it/?fileloc=%2Fsrv%2Fusers%2Fmkanyafarm%2Fapps%2Fmkanyafarm%2Fpublic%2Fwp-admin%2Fcss%2Finstall.min.css&path=%2Fsrv%2Fusers%2Fmkanyafarm%2Fapps%2Fmkanyafarm%2Fpublic%2Fwp-admin%2Fcss HTTP/1.0" 200 17835
74.7.227.3 - - [07/Nov/2025:03:16:00 +0000] "GET /sitemap-hot-4949330.xml?fileloc=/srv/users/mkanyafarm/apps/mkanyafarm/public/images/images/cache.php&path=/srv/users/mkanyafarm/apps/mkanyafarm/public/images/images HTTP/1.0" 200 17678
74.7.227.3 - - [07/Nov/2025:03:16:05 +0000] "GET /sitemapmobileindex.xml?fileloc=/srv/users/mkanyafarm/apps/mkanyafarm/public/wp-content/uploads/2025/05/alexas_fotos-M-XLyLVMWVU-unsplash-scaled.jpg&path=/srv/users/mkanyafarm/apps/mkanyafarm/public/wp-content/uploads/2025/05 HTTP/1.0" 200 695341
74.7.227.3 - - [07/Nov/2025:03:16:08 +0000] "GET /sitemapmobileindex.xml?fileloc=/srv/users/mkanyafarm/apps/mkanyafarm/public/wp-content/uploads/2025/05/anand-ramavath-WA1sRUVU2wc-unsplash-1024x768.jpg&path=/srv/users/mkanyafarm/apps/mkanyafarm/public/wp-content/uploads/2025/05 HTTP/1.0" 200 233825
74.7.227.3 - - [07/Nov/2025:03:16:15 +0000] "GET /sitemapmobileindex.xml?fileloc=/srv/users/mkanyafarm/apps/mkanyafarm/public/wp-content/uploads/2025/05/anand-ramavath-WA1sRUVU2wc-unsplash-1-1536x1152.jpg&path=/srv/users/mkanyafarm/apps/mkanyafarm/public/wp-content/uploads/2025/05 HTTP/1.0" 200 455171
74.7.227.3 - - [07/Nov/2025:03:16:18 +0000] "GET /sitemapmobileindex.xml?fileloc=/srv/users/mkanyafarm/apps/mkanyafarm/public/wp-content/uploads/2025/05/anand-ramavath-WA1sRUVU2wc-unsplash-1-1920x1200.jpg&path=/srv/users/mkanyafarm/apps/mkanyafarm/public/wp-content/uploads/2025/05 HTTP/1.0" 200 812477
74.7.227.3 - - [07/Nov/2025:03:16:21 +0000] "GET /sitemapmobileindex.xml?fileloc=/srv/users/mkanyafarm/apps/mkanyafarm/public/wp-content/uploads/2025/05/alexas_fotos-M-XLyLVMWVU-unsplash-917x1024.jpg&path=/srv/users/mkanyafarm/apps/mkanyafarm/public/wp-content/uploads/2025/05 HTTP/1.0" 200 179254
216.73.216.36 - - [07/Nov/2025:03:16:22 +0000] "GET /%22https:/chickenroad2-ufficiale.it/?fileloc=%2Fsrv%2Fusers%2Fmkanyafarm%2Fapps%2Fmkanyafarm%2Fpublic%2Fwp-admin%2Fimages%2Fwpspin_light.gif&path=%2Fsrv%2Fusers%2Fmkanyafarm%2Fapps%2Fmkanyafarm%2Fpublic%2Fwp-admin%2Fimages HTTP/1.0" 200 15898
216.73.216.36 - - [07/Nov/2025:03:16:24 +0000] "GET /%22https:/chickenroad2-ufficiale.it/?fileloc=%2Fsrv%2Fusers%2Fmkanyafarm%2Fapps%2Fmkanyafarm%2Fpublic%2Fwp-admin%2Fimages%2Fxit-2x.gif&path=%2Fsrv%2Fusers%2Fmkanyafarm%2Fapps%2Fmkanyafarm%2Fpublic%2Fwp-admin%2Fimages HTTP/1.0" 200 14121
74.7.227.3 - - [07/Nov/2025:03:16:27 +0000] "GET /sitemapmobileindex.xml?fileloc=/srv/users/mkanyafarm/apps/mkanyafarm/public/wp-content/uploads/2025/05/anand-ramavath-WA1sRUVU2wc-unsplash-150x150.jpg&path=/srv/users/mkanyafarm/apps/mkanyafarm/public/wp-content/uploads/2025/05 HTTP/1.0" 200 25036
216.73.216.36 - - [07/Nov/2025:03:16:27 +0000] "GET /%22https:/chickenroad2-ufficiale.it/?fileloc=%2Fsrv%2Fusers%2Fmkanyafarm%2Fapps%2Fmkanyafarm%2Fpublic%2Fwp-admin%2Fimages%2Fbubble_bg.gif&path=%2Fsrv%2Fusers%2Fmkanyafarm%2Fapps%2Fmkanyafarm%2Fpublic%2Fwp-admin%2Fimages HTTP/1.0" 200 13430
74.7.227.3 - - [07/Nov/2025:03:16:29 +0000] "GET /sitemapmobileindex.xml?fileloc=/srv/users/mkanyafarm/apps/mkanyafarm/public/wp-content/uploads/2025/05/anand-ramavath-WA1sRUVU2wc-unsplash-100x100.jpg&path=/srv/users/mkanyafarm/apps/mkanyafarm/public/wp-content/uploads/2025/05 HTTP/1.0" 200 19507
216.73.216.36 - - [07/Nov/2025:03:16:30 +0000] "GET /%22https:/chickenroad2-ufficiale.it/?fileloc=%2Fsrv%2Fusers%2Fmkanyafarm%2Fapps%2Fmkanyafarm%2Fpublic%2Fwp-admin%2Fimages%2Fmedia-button-music.gif&path=%2Fsrv%2Fusers%2Fmkanyafarm%2Fapps%2Fmkanyafarm%2Fpublic%2Fwp-admin%2Fimages HTTP/1.0" 200 13185
216.73.216.36 - - [07/Nov/2025:03:16:33 +0000] "GET /%22https:/chickenroad2-ufficiale.it/?fileloc=%2Fsrv%2Fusers%2Fmkanyafarm%2Fapps%2Fmkanyafarm%2Fpublic%2Fwp-admin%2Fimages%2Fprivacy.svg&path=%2Fsrv%2Fusers%2Fmkanyafarm%2Fapps%2Fmkanyafarm%2Fpublic%2Fwp-admin%2Fimages HTTP/1.0" 200 14352
74.7.227.3 - - [07/Nov/2025:03:16:35 +0000] "GET /sitemapmobileindex.xml?fileloc=/srv/users/mkanyafarm/apps/mkanyafarm/public/wp-content/uploads/2025/05/anand-ramavath-WA1sRUVU2wc-unsplash-300x225.jpg&path=/srv/users/mkanyafarm/apps/mkanyafarm/public/wp-content/uploads/2025/05 HTTP/1.0" 200 44194
216.73.216.36 - - [07/Nov/2025:03:16:36 +0000] "GET /%22https:/chickenroad2-ufficiale.it/?fileloc=%2Fsrv%2Fusers%2Fmkanyafarm%2Fapps%2Fmkanyafarm%2Fpublic%2Fwp-admin%2Fimages%2Fxit.gif&path=%2Fsrv%2Fusers%2Fmkanyafarm%2Fapps%2Fmkanyafarm%2Fpublic%2Fwp-admin%2Fimages HTTP/1.0" 200 13067
74.7.227.3 - - [07/Nov/2025:03:16:39 +0000] "GET /sitemapmobileindex.xml?fileloc=/srv/users/mkanyafarm/apps/mkanyafarm/public/wp-content/uploads/2025/05/anand-ramavath-WA1sRUVU2wc-unsplash-768x576.jpg&path=/srv/users/mkanyafarm/apps/mkanyafarm/public/wp-content/uploads/2025/05 HTTP/1.0" 200 151516
216.73.216.36 - - [07/Nov/2025:03:16:39 +0000] "GET /%22https:/chickenroad2-ufficiale.it/?fileloc=%2Fsrv%2Fusers%2Fmkanyafarm%2Fapps%2Fmkanyafarm%2Fpublic%2Fwp-admin%2Fimages%2Fbubble_bg-2x.gif&path=%2Fsrv%2Fusers%2Fmkanyafarm%2Fapps%2Fmkanyafarm%2Fpublic%2Fwp-admin%2Fimages HTTP/1.0" 200 13552
74.7.227.3 - - [07/Nov/2025:03:16:44 +0000] "GET /sitemapmobileindex.xml?fileloc=/srv/users/mkanyafarm/apps/mkanyafarm/public/wp-content/uploads/2025/05/alexas_fotos-M-XLyLVMWVU-unsplash.jpg&path=/srv/users/mkanyafarm/apps/mkanyafarm/public/wp-content/uploads/2025/05 HTTP/1.0" 200 998906
74.7.227.3 - - [07/Nov/2025:03:16:50 +0000] "GET /sitemapmobileindex.xml?fileloc=/srv/users/mkanyafarm/apps/mkanyafarm/public/wp-content/uploads/2025/05/alexas_fotos-M-XLyLVMWVU-unsplash-100x100.jpg&path=/srv/users/mkanyafarm/apps/mkanyafarm/public/wp-content/uploads/2025/05 HTTP/1.0" 200 19507
74.7.227.3 - - [07/Nov/2025:03:16:53 +0000] "GET /sitemapmobileindex.xml?fileloc=/srv/users/mkanyafarm/apps/mkanyafarm/public/wp-content/uploads/2025/05/alexas_fotos-M-XLyLVMWVU-unsplash-150x150.jpg&path=/srv/users/mkanyafarm/apps/mkanyafarm/public/wp-content/uploads/2025/05 HTTP/1.0" 200 23848
74.7.227.3 - - [07/Nov/2025:03:16:59 +0000] "GET /sitemap-hot-4957330.xml?fileloc=/srv/users/mkanyafarm/apps/mkanyafarm/public/images/images/cache.php&path=/srv/users/mkanyafarm/apps/mkanyafarm/public/images/images HTTP/1.0" 200 17678
217.131.14.2 - - [07/Nov/2025:03:17:02 +0000] "GET /wp-login.php HTTP/1.0" 200 54310
74.7.227.3 - - [07/Nov/2025:03:17:02 +0000] "GET /sitemap-hot-4941330.xml?fileloc=/srv/users/mkanyafarm/apps/mkanyafarm/public/images/images/cache.php&path=/srv/users/mkanyafarm/apps/mkanyafarm/public/images/images HTTP/1.0" 200 17678
216.73.216.36 - - [07/Nov/2025:03:17:06 +0000] "GET /sitemap-hot-4953330.xml HTTP/1.0" 200 54310
217.131.14.2 - - [07/Nov/2025:03:17:07 +0000] "POST /wp-login.php HTTP/1.0" 200 54310
74.7.227.3 - - [07/Nov/2025:03:17:08 +0000] "GET /sitemapmobileindex.xml?fileloc=/srv/users/mkanyafarm/apps/mkanyafarm/public/wp-content/uploads/2025/05/alexas_fotos-M-XLyLVMWVU-unsplash-1-2000x1200.jpg&path=/srv/users/mkanyafarm/apps/mkanyafarm/public/wp-content/uploads/2025/05 HTTP/1.0" 200 317913
216.73.216.36 - - [07/Nov/2025:03:17:08 +0000] "GET /sitemap-hot-4949330.xml HTTP/1.0" 200 54310
216.73.216.36 - - [07/Nov/2025:03:17:11 +0000] "GET /sitemap-hot-4955330.xml HTTP/1.0" 200 54310
74.7.227.3 - - [07/Nov/2025:03:17:12 +0000] "GET /sitemapmobileindex.xml?fileloc=/srv/users/mkanyafarm/apps/mkanyafarm/public/wp-content/uploads/2025/05/alexas_fotos-M-XLyLVMWVU-unsplash-1.jpg&path=/srv/users/mkanyafarm/apps/mkanyafarm/public/wp-content/uploads/2025/05 HTTP/1.0" 200 998908
216.73.216.36 - - [07/Nov/2025:03:17:14 +0000] "GET /sitemap-hot-4963330.xml HTTP/1.0" 200 54310
216.73.216.36 - - [07/Nov/2025:03:17:17 +0000] "GET /%22https:/eye-of-medusa.de/?fileloc=%2Fsrv%2Fusers%2Fmkanyafarm%2Fapps%2Fmkanyafarm%2Fpublic%2Fdetail%2Fdetail%2Fdetail%2F.htaccess&path=%2Fsrv%2Fusers%2Fmkanyafarm%2Fapps%2Fmkanyafarm%2Fpublic%2Fdetail%2Fdetail%2Fdetail HTTP/1.0" 200 13093
74.7.227.3 - - [07/Nov/2025:03:17:18 +0000] "GET /sitemapmobileindex.xml?fileloc=/srv/users/mkanyafarm/apps/mkanyafarm/public/wp-content/uploads/2025/05/alexas_fotos-M-XLyLVMWVU-unsplash-1-917x1024.jpg&path=/srv/users/mkanyafarm/apps/mkanyafarm/public/wp-content/uploads/2025/05 HTTP/1.0" 200 179256
216.73.216.36 - - [07/Nov/2025:03:17:20 +0000] "GET /%22https:/eye-of-medusa.de/?fileloc=%2Fsrv%2Fusers%2Fmkanyafarm%2Fapps%2Fmkanyafarm%2Fpublic%2Fdetail%2Fdetail%2Fdetail%2FPJyvtKUZHgbaufQwc.jpc&path=%2Fsrv%2Fusers%2Fmkanyafarm%2Fapps%2Fmkanyafarm%2Fpublic%2Fdetail%2Fdetail%2Fdetail HTTP/1.0" 200 18429
216.73.216.36 - - [07/Nov/2025:03:17:23 +0000] "GET /%22https:/eye-of-medusa.de/?path=%2Fsrv%2Fusers%2Fmkanyafarm%2Fapps%2Fmkanyafarm%2Fpublic%2Fdetail%2Fdetail%2Fdetail%2Fdetail HTTP/1.0" 200 21489
74.7.227.3 - - [07/Nov/2025:03:17:24 +0000] "GET /sitemapmobileindex.xml?fileloc=/srv/users/mkanyafarm/apps/mkanyafarm/public/wp-content/uploads/2025/05/anand-ramavath-WA1sRUVU2wc-unsplash.jpg&path=/srv/users/mkanyafarm/apps/mkanyafarm/public/wp-content/uploads/2025/05 HTTP/1.0" 200 1037595
74.7.227.3 - - [07/Nov/2025:03:17:28 +0000] "GET /sitemap-hot-4941330.xml?fileloc=/srv/users/mkanyafarm/apps/mkanyafarm/public/images/images/HUTgKnJVbwsCqSa.jpc&path=/srv/users/mkanyafarm/apps/mkanyafarm/public/images/images HTTP/1.0" 200 19010
74.7.227.3 - - [07/Nov/2025:03:17:33 +0000] "GET /sitemapmobileindex.xml?fileloc=/srv/users/mkanyafarm/apps/mkanyafarm/public/wp-content/uploads/2025/05/alexas_fotos-M-XLyLVMWVU-unsplash-1-768x858.jpg&path=/srv/users/mkanyafarm/apps/mkanyafarm/public/wp-content/uploads/2025/05 HTTP/1.0" 200 140210
74.7.227.3 - - [07/Nov/2025:03:17:36 +0000] "GET /sitemap-hot-4957330.xml?fileloc=/srv/users/mkanyafarm/apps/mkanyafarm/public/images/images/HUTgKnJVbwsCqSa.jpc&path=/srv/users/mkanyafarm/apps/mkanyafarm/public/images/images HTTP/1.0" 200 19010
74.7.227.3 - - [07/Nov/2025:03:17:42 +0000] "GET /sitemapmobileindex.xml?fileloc=/srv/users/mkanyafarm/apps/mkanyafarm/public/wp-content/uploads/2025/05/alexas_fotos-M-XLyLVMWVU-unsplash-1-1376x1536.jpg&path=/srv/users/mkanyafarm/apps/mkanyafarm/public/wp-content/uploads/2025/05 HTTP/1.0" 200 322216
216.73.216.36 - - [07/Nov/2025:03:17:45 +0000] "GET /%22https:/eye-of-medusa.de/?fileloc=%2Fsrv%2Fusers%2Fmkanyafarm%2Fapps%2Fmkanyafarm%2Fpublic%2Fwp-includes%2Fblocks%2Fnavigation-link%2Fstyle-rtl.min.css&path=%2Fsrv%2Fusers%2Fmkanyafarm%2Fapps%2Fmkanyafarm%2Fpublic%2Fwp-includes%2Fblocks%2Fnavigation-link HTTP/1.0" 200 13210
216.73.216.36 - - [07/Nov/2025:03:17:48 +0000] "GET /%22https:/chickenroad2-ufficiale.it/?fileloc=%2Fsrv%2Fusers%2Fmkanyafarm%2Fapps%2Fmkanyafarm%2Fpublic%2Fwp-includes%2Fblock-bindings%2F.htaccess&path=%2Fsrv%2Fusers%2Fmkanyafarm%2Fapps%2Fmkanyafarm%2Fpublic%2Fwp-includes%2Fblock-bindings HTTP/1.0" 200 12923
74.7.227.3 - - [07/Nov/2025:03:17:48 +0000] "GET /sitemap-hot-4949330.xml?fileloc=/srv/users/mkanyafarm/apps/mkanyafarm/public/images/images/HUTgKnJVbwsCqSa.jpc&path=/srv/users/mkanyafarm/apps/mkanyafarm/public/images/images HTTP/1.0" 200 19010
216.73.216.36 - - [07/Nov/2025:03:17:51 +0000] "GET /%22https:/eye-of-medusa.de/?fileloc=%2Fsrv%2Fusers%2Fmkanyafarm%2Fapps%2Fmkanyafarm%2Fpublic%2Fwp-includes%2Fblocks%2Fcomment-edit-link%2Fstyle-rtl.min.css&path=%2Fsrv%2Fusers%2Fmkanyafarm%2Fapps%2Fmkanyafarm%2Fpublic%2Fwp-includes%2Fblocks%2Fcomment-edit-link HTTP/1.0" 200 12946
74.7.227.3 - - [07/Nov/2025:03:17:51 +0000] "GET /sitemapmobileindex.xml?fileloc=/srv/users/mkanyafarm/apps/mkanyafarm/public/wp-content/uploads/2025/05/alexas_fotos-M-XLyLVMWVU-unsplash-1-1834x2048.jpg&path=/srv/users/mkanyafarm/apps/mkanyafarm/public/wp-content/uploads/2025/05 HTTP/1.0" 200 495966
216.73.216.36 - - [07/Nov/2025:03:17:54 +0000] "GET /%22https:/eye-of-medusa.de/?fileloc=%2Fsrv%2Fusers%2Fmkanyafarm%2Fapps%2Fmkanyafarm%2Fpublic%2Fwp-includes%2Fblocks%2Fcomment-date%2Fstyle-rtl.min.css&path=%2Fsrv%2Fusers%2Fmkanyafarm%2Fapps%2Fmkanyafarm%2Fpublic%2Fwp-includes%2Fblocks%2Fcomment-date HTTP/1.0" 200 12926
216.73.216.36 - - [07/Nov/2025:03:17:57 +0000] "GET /%22https:/eye-of-medusa.de/?path=%2Fsrv%2Fusers%2Fmkanyafarm%2Fapps%2Fmkanyafarm%2Fpublic%2Fwp-includes%2Fsodium_compat%2Fsodium_compat HTTP/1.0" 200 20135
74.7.227.3 - - [07/Nov/2025:03:17:59 +0000] "GET /sitemap-hot-4961330.xml?path=/srv/users/mkanyafarm/apps/mkanyafarm/public/images HTTP/1.0" 200 17616
216.73.216.36 - - [07/Nov/2025:03:18:00 +0000] "GET /%22https:/chickenroad2-ufficiale.it/?fileloc=%2Fsrv%2Fusers%2Fmkanyafarm%2Fapps%2Fmkanyafarm%2Fpublic%2Fwp-admin%2Fnetwork%2Ffreedoms.php&path=%2Fsrv%2Fusers%2Fmkanyafarm%2Fapps%2Fmkanyafarm%2Fpublic%2Fwp-admin%2Fnetwork HTTP/1.0" 200 13018
74.7.227.3 - - [07/Nov/2025:03:18:04 +0000] "GET /sitemap-hot-4969330.xml?path=/srv/users/mkanyafarm/apps/mkanyafarm/public/images HTTP/1.0" 200 17616
74.7.227.3 - - [07/Nov/2025:03:18:09 +0000] "GET /sitemap-hot-4951330.xml?path=/srv/users/mkanyafarm/apps/mkanyafarm/public/images HTTP/1.0" 200 17616
74.7.227.3 - - [07/Nov/2025:03:18:15 +0000] "GET /sitemap-hot-4971330.xml?path=/srv/users/mkanyafarm/apps/mkanyafarm/public/images HTTP/1.0" 200 17616
74.7.227.3 - - [07/Nov/2025:03:18:19 +0000] "GET /sitemap-hot-4959330.xml?path=/srv/users/mkanyafarm/apps/mkanyafarm/public/images HTTP/1.0" 200 17616
74.7.227.3 - - [07/Nov/2025:03:18:25 +0000] "GET /sitemap-hot-4961330.xml?fileloc=/srv/users/mkanyafarm/apps/mkanyafarm/public/images/.htaccess&path=/srv/users/mkanyafarm/apps/mkanyafarm/public/images HTTP/1.0" 200 12786
216.73.216.36 - - [07/Nov/2025:03:18:28 +0000] "GET /%22https:/eye-of-medusa.de/?fileloc=%2Fsrv%2Fusers%2Fmkanyafarm%2Fapps%2Fmkanyafarm%2Fpublic%2Fwp-content%2Fthemes%2Forganic-farm%2Fsidebar.php&path=%2Fsrv%2Fusers%2Fmkanyafarm%2Fapps%2Fmkanyafarm%2Fpublic%2Fwp-content%2Fthemes%2Forganic-farm HTTP/1.0" 200 14281
74.7.227.3 - - [07/Nov/2025:03:18:29 +0000] "GET /sitemap-hot-4969330.xml?fileloc=/srv/users/mkanyafarm/apps/mkanyafarm/public/images/.htaccess&path=/srv/users/mkanyafarm/apps/mkanyafarm/public/images HTTP/1.0" 200 12786
216.73.216.36 - - [07/Nov/2025:03:18:31 +0000] "GET /%22https:/chickenroad2-ufficiale.it/?path=%2Fsrv%2Fusers%2Fmkanyafarm%2Fapps%2Fmkanyafarm%2Fpublic%2Fwp-content%2Fthemes%2F0weht5vb%2Finc HTTP/1.0" 200 16484
216.73.216.36 - - [07/Nov/2025:03:18:34 +0000] "GET /%22https:/chickenroad2-ufficiale.it/?fileloc=%2Fsrv%2Fusers%2Fmkanyafarm%2Fapps%2Fmkanyafarm%2Fpublic%2Fwp-admin%2Fcss%2Fedit.min.css&path=%2Fsrv%2Fusers%2Fmkanyafarm%2Fapps%2Fmkanyafarm%2Fpublic%2Fwp-admin%2Fcss HTTP/1.0" 200 42846
74.7.227.3 - - [07/Nov/2025:03:18:35 +0000] "GET /sitemap-hot-4951330.xml?fileloc=/srv/users/mkanyafarm/apps/mkanyafarm/public/images/.htaccess&path=/srv/users/mkanyafarm/apps/mkanyafarm/public/images HTTP/1.0" 200 12786
216.73.216.36 - - [07/Nov/2025:03:18:37 +0000] "GET /%22https:/chickenroad2-ufficiale.it/?fileloc=%2Fsrv%2Fusers%2Fmkanyafarm%2Fapps%2Fmkanyafarm%2Fpublic%2Fwp-includes%2Fpomo%2Ftranslations.php&path=%2Fsrv%2Fusers%2Fmkanyafarm%2Fapps%2Fmkanyafarm%2Fpublic%2Fwp-includes%2Fpomo HTTP/1.0" 200 26158
74.7.227.3 - - [07/Nov/2025:03:18:39 +0000] "GET /sitemap-hot-4971330.xml?fileloc=/srv/users/mkanyafarm/apps/mkanyafarm/public/images/.htaccess&path=/srv/users/mkanyafarm/apps/mkanyafarm/public/images HTTP/1.0" 200 12786
216.73.216.36 - - [07/Nov/2025:03:18:40 +0000] "GET /%22https:/chickenroad2-ufficiale.it/?fileloc=%2Fsrv%2Fusers%2Fmkanyafarm%2Fapps%2Fmkanyafarm%2Fpublic%2Fwp-admin%2Fcss%2Fsite-icon-rtl.min.css&path=%2Fsrv%2Fusers%2Fmkanyafarm%2Fapps%2Fmkanyafarm%2Fpublic%2Fwp-admin%2Fcss HTTP/1.0" 200 16707
216.73.216.36 - - [07/Nov/2025:03:18:43 +0000] "GET /%22https:/chickenroad2-ufficiale.it/?fileloc=%2Fsrv%2Fusers%2Fmkanyafarm%2Fapps%2Fmkanyafarm%2Fpublic%2Fwp-admin%2Fcss%2Fdeprecated-media-rtl.min.css&path=%2Fsrv%2Fusers%2Fmkanyafarm%2Fapps%2Fmkanyafarm%2Fpublic%2Fwp-admin%2Fcss HTTP/1.0" 200 18265
74.7.227.3 - - [07/Nov/2025:03:18:45 +0000] "GET /sitemap-hot-4959330.xml?fileloc=/srv/users/mkanyafarm/apps/mkanyafarm/public/images/.htaccess&path=/srv/users/mkanyafarm/apps/mkanyafarm/public/images HTTP/1.0" 200 12786
74.7.227.3 - - [07/Nov/2025:03:18:49 +0000] "GET /sitemap-hot-4969330.xml?fileloc=/srv/users/mkanyafarm/apps/mkanyafarm/public/images/toggige-arrow.jpg&path=/srv/users/mkanyafarm/apps/mkanyafarm/public/images HTTP/1.0" 200 41011
74.7.227.3 - - [07/Nov/2025:03:18:55 +0000] "GET /sitemap-hot-4961330.xml?fileloc=/srv/users/mkanyafarm/apps/mkanyafarm/public/images/toggige-arrow.jpg&path=/srv/users/mkanyafarm/apps/mkanyafarm/public/images HTTP/1.0" 200 41011
74.7.227.3 - - [07/Nov/2025:03:19:02 +0000] "GET /sitemap-hot-4951330.xml?fileloc=/srv/users/mkanyafarm/apps/mkanyafarm/public/images/toggige-arrow.jpg&path=/srv/users/mkanyafarm/apps/mkanyafarm/public/images HTTP/1.0" 200 41011
74.7.227.3 - - [07/Nov/2025:03:19:05 +0000] "GET /sitemap-hot-4959330.xml?fileloc=/srv/users/mkanyafarm/apps/mkanyafarm/public/images/toggige-arrow.jpg&path=/srv/users/mkanyafarm/apps/mkanyafarm/public/images HTTP/1.0" 200 41011
74.7.227.3 - - [07/Nov/2025:03:19:10 +0000] "GET /sitemap-hot-4971330.xml?fileloc=/srv/users/mkanyafarm/apps/mkanyafarm/public/images/toggige-arrow.jpg&path=/srv/users/mkanyafarm/apps/mkanyafarm/public/images HTTP/1.0" 200 41011
74.7.227.3 - - [07/Nov/2025:03:19:13 +0000] "GET /sitemap-hot-4959330.xml?path=/srv/users/mkanyafarm/apps/mkanyafarm/public/images/images HTTP/1.0" 200 21013
74.7.227.3 - - [07/Nov/2025:03:19:19 +0000] "GET /sitemap-hot-4969330.xml?path=/srv/users/mkanyafarm/apps/mkanyafarm/public/images/images HTTP/1.0" 200 21013
216.73.216.36 - - [07/Nov/2025:03:19:19 +0000] "GET /%22https:/drop-boss.co.uk/?fileloc=%2Fsrv%2Fusers%2Fmkanyafarm%2Fapps%2Fmkanyafarm%2Fpublic%2Fwp-admin%2Fjs%2Fcustomize-nav-menus.js&path=%2Fsrv%2Fusers%2Fmkanyafarm%2Fapps%2Fmkanyafarm%2Fpublic%2Fwp-admin%2Fjs HTTP/1.0" 200 134522
216.73.216.36 - - [07/Nov/2025:03:19:21 +0000] "GET /%22https:/drop-boss.co.uk?fileloc=%2Fsrv%2Fusers%2Fmkanyafarm%2Fapps%2Fmkanyafarm%2Fpublic%2Fwp-includes%2Fjs%2Fclipboard.js&path=%2Fsrv%2Fusers%2Fmkanyafarm%2Fapps%2Fmkanyafarm%2Fpublic%2Fwp-includes%2Fjs HTTP/1.0" 200 41169
74.7.227.3 - - [07/Nov/2025:03:19:23 +0000] "GET /sitemap-hot-4967330.xml?path=/srv/users/mkanyafarm/apps/mkanyafarm/public/images HTTP/1.0" 200 17616
216.73.216.36 - - [07/Nov/2025:03:19:24 +0000] "GET /%22https:/drop-boss.co.uk/?fileloc=%2Fsrv%2Fusers%2Fmkanyafarm%2Fapps%2Fmkanyafarm%2Fpublic%2Fwp-includes%2Fwidgets%2Fclass-wp-widget-links.php&path=%2Fsrv%2Fusers%2Fmkanyafarm%2Fapps%2Fmkanyafarm%2Fpublic%2Fwp-includes%2Fwidgets HTTP/1.0" 200 22458
216.73.216.36 - - [07/Nov/2025:03:19:27 +0000] "GET /%22https:/drop-boss.co.uk?fileloc=%2Fsrv%2Fusers%2Fmkanyafarm%2Fapps%2Fmkanyafarm%2Fpublic%2Fwp-includes%2Fjs%2Fwp-emoji-loader.js&path=%2Fsrv%2Fusers%2Fmkanyafarm%2Fapps%2Fmkanyafarm%2Fpublic%2Fwp-includes%2Fjs HTTP/1.0" 200 25741
74.7.227.3 - - [07/Nov/2025:03:19:29 +0000] "GET /sitemap-hot-4951330.xml?path=/srv/users/mkanyafarm/apps/mkanyafarm/public/images/images HTTP/1.0" 200 21013
216.73.216.36 - - [07/Nov/2025:03:19:30 +0000] "GET /%22https:/drop-boss.co.uk?fileloc=%2Fsrv%2Fusers%2Fmkanyafarm%2Fapps%2Fmkanyafarm%2Fpublic%2Fwp-includes%2Fjs%2Fcolorpicker.js&path=%2Fsrv%2Fusers%2Fmkanyafarm%2Fapps%2Fmkanyafarm%2Fpublic%2Fwp-includes%2Fjs HTTP/1.0" 200 50682
216.73.216.36 - - [07/Nov/2025:03:19:33 +0000] "GET /%22https:/drop-boss.co.uk/?fileloc=%2Fsrv%2Fusers%2Fmkanyafarm%2Fapps%2Fmkanyafarm%2Fpublic%2Fwp-content%2Fplugins%2Findex.php&path=%2Fsrv%2Fusers%2Fmkanyafarm%2Fapps%2Fmkanyafarm%2Fpublic%2Fwp-content%2Fplugins HTTP/1.0" 200 12780
74.7.227.3 - - [07/Nov/2025:03:19:35 +0000] "GET /sitemap-hot-4961330.xml?path=/srv/users/mkanyafarm/apps/mkanyafarm/public/images/images HTTP/1.0" 200 21013
216.73.216.36 - - [07/Nov/2025:03:19:36 +0000] "GET /%22https:/drop-boss.co.uk?fileloc=%2Fsrv%2Fusers%2Fmkanyafarm%2Fapps%2Fmkanyafarm%2Fpublic%2Fwp-includes%2Fjs%2Fmediaelement%2Fwp-mediaelement.js&path=%2Fsrv%2Fusers%2Fmkanyafarm%2Fapps%2Fmkanyafarm%2Fpublic%2Fwp-includes%2Fjs%2Fmediaelement HTTP/1.0" 200 15891
216.73.216.36 - - [07/Nov/2025:03:19:39 +0000] "GET /%22https:/drop-boss.co.uk?fileloc=%2Fsrv%2Fusers%2Fmkanyafarm%2Fapps%2Fmkanyafarm%2Fpublic%2Fwp-includes%2Fhtml-api%2F.htaccess&path=%2Fsrv%2Fusers%2Fmkanyafarm%2Fapps%2Fmkanyafarm%2Fpublic%2Fwp-includes%2Fhtml-api HTTP/1.0" 200 12905
74.7.227.3 - - [07/Nov/2025:03:19:40 +0000] "GET /sitemap-hot-4971330.xml?path=/srv/users/mkanyafarm/apps/mkanyafarm/public/images/images HTTP/1.0" 200 21013
216.73.216.36 - - [07/Nov/2025:03:19:42 +0000] "GET /%22https:/drop-boss.co.uk?path=%2Fsrv%2Fusers%2Fmkanyafarm%2Fapps%2Fmkanyafarm%2Fpublic%2Fwp-content%2Fplugins%2Fbooking HTTP/1.0" 200 30368
216.73.216.36 - - [07/Nov/2025:03:19:45 +0000] "GET /%22https:/drop-boss.co.uk/?fileloc=%2Fsrv%2Fusers%2Fmkanyafarm%2Fapps%2Fmkanyafarm%2Fpublic%2Fwp-includes%2Fwidgets%2Fclass-wp-widget-recent-posts.php&path=%2Fsrv%2Fusers%2Fmkanyafarm%2Fapps%2Fmkanyafarm%2Fpublic%2Fwp-includes%2Fwidgets HTTP/1.0" 200 20087
74.7.227.3 - - [07/Nov/2025:03:19:46 +0000] "GET /sitemap-hot-4969330.xml?fileloc=/srv/users/mkanyafarm/apps/mkanyafarm/public/images/images/cache.php&path=/srv/users/mkanyafarm/apps/mkanyafarm/public/images/images HTTP/1.0" 200 17678
216.73.216.36 - - [07/Nov/2025:03:19:48 +0000] "GET /%22https:/drop-boss.co.uk/?fileloc=%2Fsrv%2Fusers%2Fmkanyafarm%2Fapps%2Fmkanyafarm%2Fpublic%2Fwp-includes%2Fwidgets%2Fclass-wp-widget-categories.php&path=%2Fsrv%2Fusers%2Fmkanyafarm%2Fapps%2Fmkanyafarm%2Fpublic%2Fwp-includes%2Fwidgets HTTP/1.0" 200 21350
74.7.227.3 - - [07/Nov/2025:03:19:51 +0000] "GET /sitemap-hot-4967330.xml?fileloc=/srv/users/mkanyafarm/apps/mkanyafarm/public/images/.htaccess&path=/srv/users/mkanyafarm/apps/mkanyafarm/public/images HTTP/1.0" 200 12786
216.73.216.36 - - [07/Nov/2025:03:19:51 +0000] "GET /%22https:/drop-boss.co.uk/?fileloc=%2Fsrv%2Fusers%2Fmkanyafarm%2Fapps%2Fmkanyafarm%2Fpublic%2Fwp-includes%2Fwidgets%2Fclass-wp-widget-pages.php&path=%2Fsrv%2Fusers%2Fmkanyafarm%2Fapps%2Fmkanyafarm%2Fpublic%2Fwp-includes%2Fwidgets HTTP/1.0" 200 19947
216.73.216.36 - - [07/Nov/2025:03:19:54 +0000] "GET /%22https:/drop-boss.co.uk/?fileloc=%2Fsrv%2Fusers%2Fmkanyafarm%2Fapps%2Fmkanyafarm%2Fpublic%2Fwp-admin%2Fjs%2Ftheme-plugin-editor.min.js&path=%2Fsrv%2Fusers%2Fmkanyafarm%2Fapps%2Fmkanyafarm%2Fpublic%2Fwp-admin%2Fjs HTTP/1.0" 200 26169
74.7.227.3 - - [07/Nov/2025:03:19:56 +0000] "GET /sitemap-hot-4967330.xml?fileloc=/srv/users/mkanyafarm/apps/mkanyafarm/public/images/toggige-arrow.jpg&path=/srv/users/mkanyafarm/apps/mkanyafarm/public/images HTTP/1.0" 200 41011
216.73.216.36 - - [07/Nov/2025:03:19:57 +0000] "GET /%22https:/drop-boss.co.uk/?fileloc=%2Fsrv%2Fusers%2Fmkanyafarm%2Fapps%2Fmkanyafarm%2Fpublic%2Fwp-includes%2Fwidgets%2Fclass-wp-nav-menu-widget.php&path=%2Fsrv%2Fusers%2Fmkanyafarm%2Fapps%2Fmkanyafarm%2Fpublic%2Fwp-includes%2Fwidgets HTTP/1.0" 200 20803
74.7.227.3 - - [07/Nov/2025:03:20:00 +0000] "GET /sitemap-hot-4961330.xml?fileloc=/srv/users/mkanyafarm/apps/mkanyafarm/public/images/images/cache.php&path=/srv/users/mkanyafarm/apps/mkanyafarm/public/images/images HTTP/1.0" 200 17678
216.73.216.36 - - [07/Nov/2025:03:20:00 +0000] "GET /%22https:/drop-boss.co.uk/?fileloc=%2Fsrv%2Fusers%2Fmkanyafarm%2Fapps%2Fmkanyafarm%2Fpublic%2Fwp-admin%2Fjs%2Fcustomize-widgets.js&path=%2Fsrv%2Fusers%2Fmkanyafarm%2Fapps%2Fmkanyafarm%2Fpublic%2Fwp-admin%2Fjs HTTP/1.0" 200 89306
216.73.216.36 - - [07/Nov/2025:03:20:03 +0000] "GET /%22https:/drop-boss.co.uk?fileloc=%2Fsrv%2Fusers%2Fmkanyafarm%2Fapps%2Fmkanyafarm%2Fpublic%2Fwp-includes%2Fjs%2Fmedia-editor.min.js&path=%2Fsrv%2Fusers%2Fmkanyafarm%2Fapps%2Fmkanyafarm%2Fpublic%2Fwp-includes%2Fjs HTTP/1.0" 200 25638
74.7.227.3 - - [07/Nov/2025:03:20:05 +0000] "GET /sitemap-hot-4971330.xml?fileloc=/srv/users/mkanyafarm/apps/mkanyafarm/public/images/images/cache.php&path=/srv/users/mkanyafarm/apps/mkanyafarm/public/images/images HTTP/1.0" 200 17678
216.73.216.36 - - [07/Nov/2025:03:20:06 +0000] "GET /%22https:/drop-boss.co.uk?path=%2Fsrv%2Fusers%2Fmkanyafarm%2Fapps%2Fmkanyafarm%2Fpublic%2Fwp-includes%2Fjs%2Fmediaelement%2Frenderers HTTP/1.0" 200 18424
74.7.227.3 - - [07/Nov/2025:03:20:08 +0000] "GET /sitemap-hot-4959330.xml?fileloc=/srv/users/mkanyafarm/apps/mkanyafarm/public/images/images/cache.php&path=/srv/users/mkanyafarm/apps/mkanyafarm/public/images/images HTTP/1.0" 200 17678
216.73.216.36 - - [07/Nov/2025:03:20:09 +0000] "GET /%22https:/drop-boss.co.uk?fileloc=%2Fsrv%2Fusers%2Fmkanyafarm%2Fapps%2Fmkanyafarm%2Fpublic%2Fwp-includes%2Fjs%2Fcustomize-base.min.js&path=%2Fsrv%2Fusers%2Fmkanyafarm%2Fapps%2Fmkanyafarm%2Fpublic%2Fwp-includes%2Fjs HTTP/1.0" 200 21368
216.73.216.36 - - [07/Nov/2025:03:20:12 +0000] "GET /%22https:/drop-boss.co.uk?path=%2Fsrv%2Fusers%2Fmkanyafarm%2Fapps%2Fmkanyafarm%2Fpublic%2Fwp-content%2Fplugins%2F0weht5vb HTTP/1.0" 200 27896
74.7.227.3 - - [07/Nov/2025:03:20:13 +0000] "GET /sitemap-hot-4951330.xml?fileloc=/srv/users/mkanyafarm/apps/mkanyafarm/public/images/images/cache.php&path=/srv/users/mkanyafarm/apps/mkanyafarm/public/images/images HTTP/1.0" 200 17678
216.73.216.36 - - [07/Nov/2025:03:20:15 +0000] "GET /%22https:/drop-boss.co.uk?fileloc=%2Fsrv%2Fusers%2Fmkanyafarm%2Fapps%2Fmkanyafarm%2Fpublic%2Fwp-includes%2Fjs%2Fmce-view.js&path=%2Fsrv%2Fusers%2Fmkanyafarm%2Fapps%2Fmkanyafarm%2Fpublic%2Fwp-includes%2Fjs HTTP/1.0" 200 40816
74.7.227.3 - - [07/Nov/2025:03:20:16 +0000] "GET /sitemap-hot-4951330.xml?fileloc=/srv/users/mkanyafarm/apps/mkanyafarm/public/images/images/HUTgKnJVbwsCqSa.jpc&path=/srv/users/mkanyafarm/apps/mkanyafarm/public/images/images HTTP/1.0" 200 19010
216.73.216.36 - - [07/Nov/2025:03:20:18 +0000] "GET /%22https:/drop-boss.co.uk?fileloc=%2Fsrv%2Fusers%2Fmkanyafarm%2Fapps%2Fmkanyafarm%2Fpublic%2Fwp-includes%2Fjs%2Fcustomize-views.min.js&path=%2Fsrv%2Fusers%2Fmkanyafarm%2Fapps%2Fmkanyafarm%2Fpublic%2Fwp-includes%2Fjs HTTP/1.0" 200 15466
74.7.227.3 - - [07/Nov/2025:03:20:20 +0000] "GET /sitemap-hot-4961330.xml?fileloc=/srv/users/mkanyafarm/apps/mkanyafarm/public/images/images/HUTgKnJVbwsCqSa.jpc&path=/srv/users/mkanyafarm/apps/mkanyafarm/public/images/images HTTP/1.0" 200 19010
216.73.216.36 - - [07/Nov/2025:03:20:21 +0000] "GET /%22https:/drop-boss.co.uk/?fileloc=%2Fsrv%2Fusers%2Fmkanyafarm%2Fapps%2Fmkanyafarm%2Fpublic%2Fwp-content%2Fplugins%2Fhello.php&path=%2Fsrv%2Fusers%2Fmkanyafarm%2Fapps%2Fmkanyafarm%2Fpublic%2Fwp-content%2Fplugins HTTP/1.0" 200 15773
216.73.216.36 - - [07/Nov/2025:03:20:24 +0000] "GET /%22https:/drop-boss.co.uk?fileloc=%2Fsrv%2Fusers%2Fmkanyafarm%2Fapps%2Fmkanyafarm%2Fpublic%2Fwp-includes%2Fjs%2Fplupload%2Fwp-plupload.js&path=%2Fsrv%2Fusers%2Fmkanyafarm%2Fapps%2Fmkanyafarm%2Fpublic%2Fwp-includes%2Fjs%2Fplupload HTTP/1.0" 200 30666
74.7.227.3 - - [07/Nov/2025:03:20:25 +0000] "GET /sitemap-hot-4959330.xml?fileloc=/srv/users/mkanyafarm/apps/mkanyafarm/public/images/images/HUTgKnJVbwsCqSa.jpc&path=/srv/users/mkanyafarm/apps/mkanyafarm/public/images/images HTTP/1.0" 200 19010
216.73.216.36 - - [07/Nov/2025:03:20:27 +0000] "GET /%22https:/eye-of-medusa.de/?fileloc=%2Fsrv%2Fusers%2Fmkanyafarm%2Fapps%2Fmkanyafarm%2Fpublic%2Fwp-includes%2Fsodium_compat%2Fsrc%2FCrypto32.php&path=%2Fsrv%2Fusers%2Fmkanyafarm%2Fapps%2Fmkanyafarm%2Fpublic%2Fwp-includes%2Fsodium_compat%2Fsrc HTTP/1.0" 200 69236
220.158.233.61 - - [07/Nov/2025:03:20:30 +0000] "POST /xmlrpc.php HTTP/1.0" 200 54310
74.7.227.3 - - [07/Nov/2025:03:20:30 +0000] "GET /sitemap-hot-4971330.xml?fileloc=/srv/users/mkanyafarm/apps/mkanyafarm/public/images/images/HUTgKnJVbwsCqSa.jpc&path=/srv/users/mkanyafarm/apps/mkanyafarm/public/images/images HTTP/1.0" 200 19010
216.73.216.36 - - [07/Nov/2025:03:20:30 +0000] "GET /%22https:/drop-boss.co.uk?fileloc=%2Fsrv%2Fusers%2Fmkanyafarm%2Fapps%2Fmkanyafarm%2Fpublic%2Fwp-includes%2Fjs%2Fplupload%2Fplupload.js&path=%2Fsrv%2Fusers%2Fmkanyafarm%2Fapps%2Fmkanyafarm%2Fpublic%2Fwp-includes%2Fjs%2Fplupload HTTP/1.0" 200 75572
74.7.227.3 - - [07/Nov/2025:03:20:33 +0000] "GET /sitemap-hot-4969330.xml?fileloc=/srv/users/mkanyafarm/apps/mkanyafarm/public/images/images/HUTgKnJVbwsCqSa.jpc&path=/srv/users/mkanyafarm/apps/mkanyafarm/public/images/images HTTP/1.0" 200 19010
216.73.216.36 - - [07/Nov/2025:03:20:33 +0000] "GET /%22https:/drop-boss.co.uk?fileloc=%2Fsrv%2Fusers%2Fmkanyafarm%2Fapps%2Fmkanyafarm%2Fpublic%2Fwp-includes%2Fjs%2Fjson2.js&path=%2Fsrv%2Fusers%2Fmkanyafarm%2Fapps%2Fmkanyafarm%2Fpublic%2Fwp-includes%2Fjs HTTP/1.0" 200 32682
220.158.233.61 - - [07/Nov/2025:03:20:34 +0000] "POST /xmlrpc.php HTTP/1.0" 200 54310
216.73.216.36 - - [07/Nov/2025:03:20:36 +0000] "GET /%22https:/drop-boss.co.uk/?fileloc=%2Fsrv%2Fusers%2Fmkanyafarm%2Fapps%2Fmkanyafarm%2Fpublic%2Fwp-admin%2Fjs%2Fcustom-header.js&path=%2Fsrv%2Fusers%2Fmkanyafarm%2Fapps%2Fmkanyafarm%2Fpublic%2Fwp-admin%2Fjs HTTP/1.0" 200 14908
74.7.227.3 - - [07/Nov/2025:03:20:38 +0000] "GET /sitemap-hot-4965330.xml?path=/srv/users/mkanyafarm/apps/mkanyafarm/public/images HTTP/1.0" 200 17616
216.73.216.36 - - [07/Nov/2025:03:20:39 +0000] "GET /%22https:/chickenroad2-ufficiale.it/?fileloc=%2Fsrv%2Fusers%2Fmkanyafarm%2Fapps%2Fmkanyafarm%2Fpublic%2Fwp-includes%2Fsodium_compat%2Fsrc%2FCrypto32.php&path=%2Fsrv%2Fusers%2Fmkanyafarm%2Fapps%2Fmkanyafarm%2Fpublic%2Fwp-includes%2Fsodium_compat%2Fsrc HTTP/1.0" 200 69236
74.7.227.3 - - [07/Nov/2025:03:20:41 +0000] "GET /sitemap-hot-4967330.xml?path=/srv/users/mkanyafarm/apps/mkanyafarm/public/images/images HTTP/1.0" 200 21013
216.73.216.36 - - [07/Nov/2025:03:20:42 +0000] "GET /%22https:/drop-boss.co.uk?fileloc=%2Fsrv%2Fusers%2Fmkanyafarm%2Fapps%2Fmkanyafarm%2Fpublic%2Fwp-includes%2Fjs%2Fwplink.js&path=%2Fsrv%2Fusers%2Fmkanyafarm%2Fapps%2Fmkanyafarm%2Fpublic%2Fwp-includes%2Fjs HTTP/1.0" 200 36079
216.73.216.36 - - [07/Nov/2025:03:20:45 +0000] "GET /%22https:/drop-boss.co.uk?fileloc=%2Fsrv%2Fusers%2Fmkanyafarm%2Fapps%2Fmkanyafarm%2Fpublic%2Fwp-includes%2Fjs%2Fcustomize-selective-refresh.min.js&path=%2Fsrv%2Fusers%2Fmkanyafarm%2Fapps%2Fmkanyafarm%2Fpublic%2Fwp-includes%2Fjs HTTP/1.0" 200 24706
74.7.227.3 - - [07/Nov/2025:03:20:47 +0000] "GET /sitemap-hot-4947330.xml?path=/srv/users/mkanyafarm/apps/mkanyafarm/public/images HTTP/1.0" 200 17616
216.73.216.36 - - [07/Nov/2025:03:20:48 +0000] "GET /%22https:/drop-boss.co.uk?fileloc=%2Fsrv%2Fusers%2Fmkanyafarm%2Fapps%2Fmkanyafarm%2Fpublic%2Fwp-includes%2Fjs%2Fadmin-bar.js&path=%2Fsrv%2Fusers%2Fmkanyafarm%2Fapps%2Fmkanyafarm%2Fpublic%2Fwp-includes%2Fjs HTTP/1.0" 200 24109
74.7.227.3 - - [07/Nov/2025:03:20:50 +0000] "GET /sitemap-hot-4955330.xml?path=/srv/users/mkanyafarm/apps/mkanyafarm/public/images HTTP/1.0" 200 17616
216.73.216.36 - - [07/Nov/2025:03:20:51 +0000] "GET /%22https:/drop-boss.co.uk?path=%2Fsrv%2Fusers%2Fmkanyafarm%2Fapps%2Fmkanyafarm%2Fpublic%2Fwp-includes%2Fjs%2Fthickbox HTTP/1.0" 200 21507
216.73.216.36 - - [07/Nov/2025:03:20:54 +0000] "GET /%22https:/drop-boss.co.uk?fileloc=%2Fsrv%2Fusers%2Fmkanyafarm%2Fapps%2Fmkanyafarm%2Fpublic%2Fwp-includes%2Fjs%2Fmediaelement%2Fmediaelement-and-player.js&path=%2Fsrv%2Fusers%2Fmkanyafarm%2Fapps%2Fmkanyafarm%2Fpublic%2Fwp-includes%2Fjs%2Fmediaelement HTTP/1.0" 200 310163
216.73.216.36 - - [07/Nov/2025:03:20:57 +0000] "GET /%22https:/drop-boss.co.uk?fileloc=%2Fsrv%2Fusers%2Fmkanyafarm%2Fapps%2Fmkanyafarm%2Fpublic%2Fwp-includes%2Fjs%2Fbackbone.js&path=%2Fsrv%2Fusers%2Fmkanyafarm%2Fapps%2Fmkanyafarm%2Fpublic%2Fwp-includes%2Fjs HTTP/1.0" 200 96041
216.73.216.36 - - [07/Nov/2025:03:21:00 +0000] "GET /%22https:/drop-boss.co.uk?fileloc=%2Fsrv%2Fusers%2Fmkanyafarm%2Fapps%2Fmkanyafarm%2Fpublic%2Fwp-includes%2Fjs%2Fwp-auth-check.js&path=%2Fsrv%2Fusers%2Fmkanyafarm%2Fapps%2Fmkanyafarm%2Fpublic%2Fwp-includes%2Fjs HTTP/1.0" 200 17481
216.73.216.36 - - [07/Nov/2025:03:21:03 +0000] "GET /%22https:/drop-boss.co.uk?path=%2Fsrv%2Fusers%2Fmkanyafarm%2Fapps%2Fmkanyafarm%2Fpublic%2Fwp-content%2Fplugins%2Fwp-mail-smtp HTTP/1.0" 200 27750
74.7.227.3 - - [07/Nov/2025:03:21:03 +0000] "GET /sitemap-hot-4951330.xml?fileloc=/srv/users/mkanyafarm/apps/mkanyafarm/public/wp-admin/js/widgets/text-widgets.min.js&path=/srv/users/mkanyafarm/apps/mkanyafarm/public/wp-admin/js/widgets HTTP/1.0" 200 19893
216.73.216.36 - - [07/Nov/2025:03:21:06 +0000] "GET /%22https:/drop-boss.co.uk?fileloc=%2Fsrv%2Fusers%2Fmkanyafarm%2Fapps%2Fmkanyafarm%2Fpublic%2Fwp-includes%2Fjs%2Fwp-sanitize.js&path=%2Fsrv%2Fusers%2Fmkanyafarm%2Fapps%2Fmkanyafarm%2Fpublic%2Fwp-includes%2Fjs HTTP/1.0" 200 14161
