216.73.216.36 - - [07/Nov/2025:05:01:42 +0000] "GET /%22https:/drop-boss.co.uk/?fileloc=%2Fsrv%2Fusers%2Fmkanyafarm%2Fapps%2Fmkanyafarm%2Fpublic%2Fwp-admin%2Fjs%2Frevisions.min.js&path=%2Fsrv%2Fusers%2Fmkanyafarm%2Fapps%2Fmkanyafarm%2Fpublic%2Fwp-admin%2Fjs HTTP/1.0" 200 33687
74.7.227.3 - - [07/Nov/2025:05:01:42 +0000] "GET /sitemap-hot-4945330.xml?fileloc=/srv/users/mkanyafarm/apps/mkanyafarm/public/wp-content/plugins/wp-mail-smtp/src/Providers/.htaccess&path=/srv/users/mkanyafarm/apps/mkanyafarm/public/wp-content/plugins/wp-mail-smtp/src/Providers HTTP/1.0" 200 13261
216.73.216.36 - - [07/Nov/2025:05:01:45 +0000] "GET /%22https:/drop-boss.co.uk/?fileloc=%2Fsrv%2Fusers%2Fmkanyafarm%2Fapps%2Fmkanyafarm%2Fpublic%2Fwp-admin%2Fjs%2Fsite-icon.min.js&path=%2Fsrv%2Fusers%2Fmkanyafarm%2Fapps%2Fmkanyafarm%2Fpublic%2Fwp-admin%2Fjs HTTP/1.0" 200 15562
216.73.216.36 - - [07/Nov/2025:05:01:48 +0000] "GET /%22https:/drop-boss.co.uk/?fileloc=%2Fsrv%2Fusers%2Fmkanyafarm%2Fapps%2Fmkanyafarm%2Fpublic%2Fwp-admin%2Fjs%2Fcomment.min.js&path=%2Fsrv%2Fusers%2Fmkanyafarm%2Fapps%2Fmkanyafarm%2Fpublic%2Fwp-admin%2Fjs HTTP/1.0" 200 14576
74.7.227.3 - - [07/Nov/2025:05:01:49 +0000] "GET /sitemap-hot-4955330.xml?fileloc=/srv/users/mkanyafarm/apps/mkanyafarm/public/wp-content/plugins/wp-mail-smtp/src/Providers/Loader.php&path=/srv/users/mkanyafarm/apps/mkanyafarm/public/wp-content/plugins/wp-mail-smtp/src/Providers HTTP/1.0" 200 19710
216.73.216.36 - - [07/Nov/2025:05:01:51 +0000] "GET /%22https:/drop-boss.co.uk?fileloc=%2Fsrv%2Fusers%2Fmkanyafarm%2Fapps%2Fmkanyafarm%2Fpublic%2Fwp-admin%2Fjs%2Fgallery.min.js&path=%2Fsrv%2Fusers%2Fmkanyafarm%2Fapps%2Fmkanyafarm%2Fpublic%2Fwp-admin%2Fjs HTTP/1.0" 200 17799
74.7.227.3 - - [07/Nov/2025:05:01:53 +0000] "GET /sitemap-hot-4955330.xml?fileloc=/srv/users/mkanyafarm/apps/mkanyafarm/public/wp-content/plugins/wp-mail-smtp/src/Providers/.htaccess&path=/srv/users/mkanyafarm/apps/mkanyafarm/public/wp-content/plugins/wp-mail-smtp/src/Providers HTTP/1.0" 200 13261
216.73.216.36 - - [07/Nov/2025:05:01:54 +0000] "GET /%22https:/drop-boss.co.uk/?fileloc=%2Fsrv%2Fusers%2Fmkanyafarm%2Fapps%2Fmkanyafarm%2Fpublic%2Fwp-admin%2Fjs%2Fauth-app.min.js&path=%2Fsrv%2Fusers%2Fmkanyafarm%2Fapps%2Fmkanyafarm%2Fpublic%2Fwp-admin%2Fjs HTTP/1.0" 200 15515
216.73.216.36 - - [07/Nov/2025:05:01:57 +0000] "GET /%22https:/drop-boss.co.uk?fileloc=%2Fsrv%2Fusers%2Fmkanyafarm%2Fapps%2Fmkanyafarm%2Fpublic%2Fwp-admin%2Fincludes%2Fclass-custom-background.php&path=%2Fsrv%2Fusers%2Fmkanyafarm%2Fapps%2Fmkanyafarm%2Fpublic%2Fwp-admin%2Fincludes HTTP/1.0" 200 40528
74.7.227.3 - - [07/Nov/2025:05:01:58 +0000] "GET /sitemap-hot-4945330.xml?fileloc=/srv/users/mkanyafarm/apps/mkanyafarm/public/wp-content/plugins/wp-mail-smtp/src/Providers/Loader.php&path=/srv/users/mkanyafarm/apps/mkanyafarm/public/wp-content/plugins/wp-mail-smtp/src/Providers HTTP/1.0" 200 19710
216.73.216.36 - - [07/Nov/2025:05:02:00 +0000] "GET /%22https:/drop-boss.co.uk?fileloc=%2Fsrv%2Fusers%2Fmkanyafarm%2Fapps%2Fmkanyafarm%2Fpublic%2Fwp-admin%2Fjs%2Fcolor-picker.min.js&path=%2Fsrv%2Fusers%2Fmkanyafarm%2Fapps%2Fmkanyafarm%2Fpublic%2Fwp-admin%2Fjs HTTP/1.0" 200 17132
74.7.227.3 - - [07/Nov/2025:05:02:02 +0000] "GET /sitemap-hot-4945330.xml?path=/srv/users/mkanyafarm/apps/mkanyafarm/public/wp-content/plugins/wp-mail-smtp/src/Providers/SMTPcom HTTP/1.0" 200 18871
216.73.216.36 - - [07/Nov/2025:05:02:03 +0000] "GET /%22https:/drop-boss.co.uk?fileloc=%2Fsrv%2Fusers%2Fmkanyafarm%2Fapps%2Fmkanyafarm%2Fpublic%2Fwp-admin%2Fjs%2Fword-count.min.js&path=%2Fsrv%2Fusers%2Fmkanyafarm%2Fapps%2Fmkanyafarm%2Fpublic%2Fwp-admin%2Fjs HTTP/1.0" 200 14609
216.73.216.36 - - [07/Nov/2025:05:02:06 +0000] "GET /%22https:/drop-boss.co.uk?fileloc=%2Fsrv%2Fusers%2Fmkanyafarm%2Fapps%2Fmkanyafarm%2Fpublic%2Fwp-admin%2Fincludes%2Fclass-wp-themes-list-table.php&path=%2Fsrv%2Fusers%2Fmkanyafarm%2Fapps%2Fmkanyafarm%2Fpublic%2Fwp-admin%2Fincludes HTTP/1.0" 200 25252
74.7.227.3 - - [07/Nov/2025:05:02:09 +0000] "GET /sitemap-hot-4955330.xml?path=/srv/users/mkanyafarm/apps/mkanyafarm/public/wp-content/plugins/wp-mail-smtp/src/Providers/SMTPcom HTTP/1.0" 200 18871
216.73.216.36 - - [07/Nov/2025:05:02:09 +0000] "GET /%22https:/drop-boss.co.uk/?fileloc=%2Fsrv%2Fusers%2Fmkanyafarm%2Fapps%2Fmkanyafarm%2Fpublic%2Fwp-includes%2Fwidgets%2Fclass-wp-widget-media-video.php&path=%2Fsrv%2Fusers%2Fmkanyafarm%2Fapps%2Fmkanyafarm%2Fpublic%2Fwp-includes%2Fwidgets HTTP/1.0" 200 23104
216.73.216.36 - - [07/Nov/2025:05:02:12 +0000] "GET /%22https:/drop-boss.co.uk?fileloc=%2Fsrv%2Fusers%2Fmkanyafarm%2Fapps%2Fmkanyafarm%2Fpublic%2Fwp-admin%2Fincludes%2Fclass-walker-nav-menu-edit.php&path=%2Fsrv%2Fusers%2Fmkanyafarm%2Fapps%2Fmkanyafarm%2Fpublic%2Fwp-admin%2Fincludes HTTP/1.0" 200 30663
74.7.227.3 - - [07/Nov/2025:05:02:13 +0000] "GET /sitemap-hot-4945330.xml?fileloc=/srv/users/mkanyafarm/apps/mkanyafarm/public/wp-content/plugins/wp-mail-smtp/src/Reports/Emails/Summary.php&path=/srv/users/mkanyafarm/apps/mkanyafarm/public/wp-content/plugins/wp-mail-smtp/src/Reports/Emails HTTP/1.0" 200 40090
216.73.216.36 - - [07/Nov/2025:05:02:15 +0000] "GET /%22https:/drop-boss.co.uk?fileloc=%2Fsrv%2Fusers%2Fmkanyafarm%2Fapps%2Fmkanyafarm%2Fpublic%2Fwp-admin%2Fincludes%2Fclass-wp-automatic-updater.php&path=%2Fsrv%2Fusers%2Fmkanyafarm%2Fapps%2Fmkanyafarm%2Fpublic%2Fwp-admin%2Fincludes HTTP/1.0" 200 81238
74.7.227.3 - - [07/Nov/2025:05:02:18 +0000] "GET /sitemap-hot-4955330.xml?path=/srv/users/mkanyafarm/apps/mkanyafarm/public/wp-content/plugins/wp-mail-smtp/src/Providers/Mailjet HTTP/1.0" 200 18871
216.73.216.36 - - [07/Nov/2025:05:02:18 +0000] "GET /%22https:/drop-boss.co.uk?fileloc=%2Fsrv%2Fusers%2Fmkanyafarm%2Fapps%2Fmkanyafarm%2Fpublic%2Fwp-admin%2Fincludes%2Fclass-plugin-upgrader-skin.php&path=%2Fsrv%2Fusers%2Fmkanyafarm%2Fapps%2Fmkanyafarm%2Fpublic%2Fwp-admin%2Fincludes HTTP/1.0" 200 16577
216.73.216.36 - - [07/Nov/2025:05:02:21 +0000] "GET /%22https:/drop-boss.co.uk/?fileloc=%2Fsrv%2Fusers%2Fmkanyafarm%2Fapps%2Fmkanyafarm%2Fpublic%2Fwp-admin%2Fjs%2Fset-post-thumbnail.js&path=%2Fsrv%2Fusers%2Fmkanyafarm%2Fapps%2Fmkanyafarm%2Fpublic%2Fwp-admin%2Fjs HTTP/1.0" 200 13694
74.7.227.3 - - [07/Nov/2025:05:02:23 +0000] "GET /sitemap-hot-4945330.xml?path=/srv/users/mkanyafarm/apps/mkanyafarm/public/wp-content/plugins/wp-mail-smtp/src/Providers/Gmail HTTP/1.0" 200 20598
216.73.216.36 - - [07/Nov/2025:05:02:24 +0000] "GET /%22https:/drop-boss.co.uk?fileloc=%2Fsrv%2Fusers%2Fmkanyafarm%2Fapps%2Fmkanyafarm%2Fpublic%2Fwp-admin%2Fincludes%2Fadmin.php&path=%2Fsrv%2Fusers%2Fmkanyafarm%2Fapps%2Fmkanyafarm%2Fpublic%2Fwp-admin%2Fincludes HTTP/1.0" 200 16725
216.73.216.36 - - [07/Nov/2025:05:02:27 +0000] "GET /%22https:/drop-boss.co.uk?fileloc=%2Fsrv%2Fusers%2Fmkanyafarm%2Fapps%2Fmkanyafarm%2Fpublic%2Fwp-admin%2Fjs%2Fuser-suggest.min.js&path=%2Fsrv%2Fusers%2Fmkanyafarm%2Fapps%2Fmkanyafarm%2Fpublic%2Fwp-admin%2Fjs HTTP/1.0" 200 13620
74.7.227.3 - - [07/Nov/2025:05:02:27 +0000] "GET /sitemap-hot-4945330.xml?path=/srv/users/mkanyafarm/apps/mkanyafarm/public/wp-content/plugins/wp-mail-smtp/src/Providers/Mailjet HTTP/1.0" 200 18871
216.73.216.36 - - [07/Nov/2025:05:02:30 +0000] "GET /%22https:/drop-boss.co.uk/?path=%2Fsrv%2Fusers%2Fmkanyafarm%2Fapps%2Fmkanyafarm%2Fpublic%2Fwp-content%2Fplugins%2Farymujymy HTTP/1.0" 200 19731
74.7.227.3 - - [07/Nov/2025:05:02:33 +0000] "GET /sitemap-hot-4945330.xml?path=/srv/users/mkanyafarm/apps/mkanyafarm/public/wp-content/plugins/wp-mail-smtp/src/Providers/SMTP HTTP/1.0" 200 18828
216.73.216.36 - - [07/Nov/2025:05:02:33 +0000] "GET /%22https:/drop-boss.co.uk?fileloc=%2Fsrv%2Fusers%2Fmkanyafarm%2Fapps%2Fmkanyafarm%2Fpublic%2Fwp-includes%2Fclass-wp-customize-control.php&path=%2Fsrv%2Fusers%2Fmkanyafarm%2Fapps%2Fmkanyafarm%2Fpublic%2Fwp-includes HTTP/1.0" 200 42036
74.7.227.3 - - [07/Nov/2025:05:02:36 +0000] "GET /sitemap-hot-4945330.xml?path=/srv/users/mkanyafarm/apps/mkanyafarm/public/wp-content/plugins/wp-mail-smtp/src/Providers/Mailgun HTTP/1.0" 200 18870
74.7.227.3 - - [07/Nov/2025:05:02:41 +0000] "GET /sitemap-hot-4955330.xml?path=/srv/users/mkanyafarm/apps/mkanyafarm/public/wp-content/plugins/wp-mail-smtp/src/Providers/Zoho HTTP/1.0" 200 17070
74.7.227.3 - - [07/Nov/2025:05:02:45 +0000] "GET /sitemap-hot-4955330.xml?path=/srv/users/mkanyafarm/apps/mkanyafarm/public/wp-content/plugins/wp-mail-smtp/src/Providers/Gmail HTTP/1.0" 200 20598
74.7.227.3 - - [07/Nov/2025:05:02:50 +0000] "GET /sitemap-hot-4955330.xml?path=/srv/users/mkanyafarm/apps/mkanyafarm/public/wp-content/plugins/wp-mail-smtp/src/Providers/Mailgun HTTP/1.0" 200 18870
74.7.227.3 - - [07/Nov/2025:05:02:54 +0000] "GET /sitemap-hot-4945330.xml?path=/srv/users/mkanyafarm/apps/mkanyafarm/public/wp-content/plugins/wp-mail-smtp/src/Providers/Mail HTTP/1.0" 200 18827
74.7.227.3 - - [07/Nov/2025:05:02:56 +0000] "GET /sitemap-hot-4945330.xml?path=/srv/users/mkanyafarm/apps/mkanyafarm/public/wp-content/plugins/wp-mail-smtp/src/Providers/Outlook HTTP/1.0" 200 18878
74.7.227.3 - - [07/Nov/2025:05:03:02 +0000] "GET /sitemap-hot-4955330.xml?path=/srv/users/mkanyafarm/apps/mkanyafarm/public/wp-content/plugins/wp-mail-smtp/src/Providers/Mail HTTP/1.0" 200 18827
74.7.227.3 - - [07/Nov/2025:05:03:05 +0000] "GET /sitemap-hot-4945330.xml?path=/srv/users/mkanyafarm/apps/mkanyafarm/public/wp-content/plugins/wp-mail-smtp/src/Providers/Zoho HTTP/1.0" 200 17070
74.7.227.3 - - [07/Nov/2025:05:03:10 +0000] "GET /sitemap-hot-4955330.xml?path=/srv/users/mkanyafarm/apps/mkanyafarm/public/wp-content/plugins/wp-mail-smtp/src/Reports/Emails HTTP/1.0" 200 17069
216.73.216.36 - - [07/Nov/2025:05:03:11 +0000] "GET /%22https:/chickenroad2-ufficiale.it/?fileloc=%2Fsrv%2Fusers%2Fmkanyafarm%2Fapps%2Fmkanyafarm%2Fpublic%2Fwp-admin%2Fcss%2Fl10n-rtl.css&path=%2Fsrv%2Fusers%2Fmkanyafarm%2Fapps%2Fmkanyafarm%2Fpublic%2Fwp-admin%2Fcss HTTP/1.0" 200 17397
74.7.227.3 - - [07/Nov/2025:05:03:13 +0000] "GET /sitemap-hot-4955330.xml?path=/srv/users/mkanyafarm/apps/mkanyafarm/public/wp-content/plugins/wp-mail-smtp/src/Providers/Outlook HTTP/1.0" 200 18878
216.73.216.36 - - [07/Nov/2025:05:03:14 +0000] "GET /%22https:/chickenroad2-ufficiale.it/?fileloc=%2Fsrv%2Fusers%2Fmkanyafarm%2F.vscode-server%2F.cli.4437686ffebaf200fa4a6e6e67f735f3edf24ada.log&path=%2Fsrv%2Fusers%2Fmkanyafarm%2F.vscode-server HTTP/1.0" 200 13109
216.73.216.36 - - [07/Nov/2025:05:03:17 +0000] "GET /%22https:/eye-of-medusa.de/?fileloc=%2Fsrv%2Fusers%2Fmkanyafarm%2Fapps%2Fmkanyafarm%2Fpublic%2Fwp-includes%2Fblocks%2Ftable%2Fstyle.css&path=%2Fsrv%2Fusers%2Fmkanyafarm%2Fapps%2Fmkanyafarm%2Fpublic%2Fwp-includes%2Fblocks%2Ftable HTTP/1.0" 200 16937
74.7.227.3 - - [07/Nov/2025:05:03:18 +0000] "GET /sitemap-hot-4955330.xml?path=/srv/users/mkanyafarm/apps/mkanyafarm/public/wp-content/plugins/wp-mail-smtp/src/Providers/PepipostAPI HTTP/1.0" 200 18926
216.73.216.36 - - [07/Nov/2025:05:03:20 +0000] "GET /%22https:/eye-of-medusa.de/?fileloc=%2Fsrv%2Fusers%2Fmkanyafarm%2Fapps%2Fmkanyafarm%2Fpublic%2Fwp-includes%2Fblocks%2Ffreeform%2Feditor-rtl.min.css&path=%2Fsrv%2Fusers%2Fmkanyafarm%2Fapps%2Fmkanyafarm%2Fpublic%2Fwp-includes%2Fblocks%2Ffreeform HTTP/1.0" 200 22872
74.7.227.3 - - [07/Nov/2025:05:03:21 +0000] "GET /sitemap-hot-4955330.xml?path=/srv/users/mkanyafarm/apps/mkanyafarm/public/wp-content/plugins/wp-mail-smtp/src/Providers/SMTP HTTP/1.0" 200 18828
216.73.216.36 - - [07/Nov/2025:05:03:23 +0000] "GET /%22https:/chickenroad2-ufficiale.it/?fileloc=%2Fsrv%2Fusers%2Fmkanyafarm%2Flog%2Fmkanyafarm%2Fmkanyafarm_nginx.error.log.1&path=%2Fsrv%2Fusers%2Fmkanyafarm%2Flog%2Fmkanyafarm HTTP/1.0" 200 12487
216.73.216.36 - - [07/Nov/2025:05:03:26 +0000] "GET /%22https:/eye-of-medusa.de/?fileloc=%2Fsrv%2Fusers%2Fmkanyafarm%2Fapps%2Fmkanyafarm%2Fpublic%2Fwp-includes%2Fblocks%2Ffreeform%2F.htaccess&path=%2Fsrv%2Fusers%2Fmkanyafarm%2Fapps%2Fmkanyafarm%2Fpublic%2Fwp-includes%2Fblocks%2Ffreeform HTTP/1.0" 200 13010
74.7.227.3 - - [07/Nov/2025:05:03:26 +0000] "GET /sitemap-hot-4945330.xml?path=/srv/users/mkanyafarm/apps/mkanyafarm/public/wp-content/plugins/wp-mail-smtp/src/Providers/PepipostAPI HTTP/1.0" 200 18926
216.73.216.36 - - [07/Nov/2025:05:03:29 +0000] "GET /%22https:/eye-of-medusa.de/?fileloc=%2Fsrv%2Fusers%2Fmkanyafarm%2Fapps%2Fmkanyafarm%2Fpublic%2Fwp-content%2Fthemes%2Forganic-farm%2Findex.php&path=%2Fsrv%2Fusers%2Fmkanyafarm%2Fapps%2Fmkanyafarm%2Fpublic%2Fwp-content%2Fthemes%2Forganic-farm HTTP/1.0" 200 16378
216.73.216.36 - - [07/Nov/2025:05:03:32 +0000] "GET /%22https:/chickenroad2-ufficiale.it/?fileloc=%2Fsrv%2Fusers%2Fmkanyafarm%2Fapps%2Fmkanyafarm%2Fpublic%2Fwp-admin%2Fcss%2Fcommon.min.css&path=%2Fsrv%2Fusers%2Fmkanyafarm%2Fapps%2Fmkanyafarm%2Fpublic%2Fwp-admin%2Fcss HTTP/1.0" 200 72159
74.7.227.3 - - [07/Nov/2025:05:03:33 +0000] "GET /sitemap-hot-4945330.xml?fileloc=/srv/users/mkanyafarm/apps/mkanyafarm/public/wp-content/plugins/wp-mail-smtp/assets/.htaccess&path=/srv/users/mkanyafarm/apps/mkanyafarm/public/wp-content/plugins/wp-mail-smtp/assets HTTP/1.0" 200 13139
216.73.216.36 - - [07/Nov/2025:05:03:35 +0000] "GET /%22https:/chickenroad2-ufficiale.it/?fileloc=%2Fsrv%2Fusers%2Fmkanyafarm%2Fapps%2Fmkanyafarm%2Fpublic%2Fwp-admin%2Fcss%2Finstall.css&path=%2Fsrv%2Fusers%2Fmkanyafarm%2Fapps%2Fmkanyafarm%2Fpublic%2Fwp-admin%2Fcss HTTP/1.0" 200 18956
74.7.227.3 - - [07/Nov/2025:05:03:36 +0000] "GET /sitemap-hot-4955330.xml?fileloc=/srv/users/mkanyafarm/apps/mkanyafarm/public/wp-content/plugins/wp-mail-smtp/src/Reports/Emails/Summary.php&path=/srv/users/mkanyafarm/apps/mkanyafarm/public/wp-content/plugins/wp-mail-smtp/src/Reports/Emails HTTP/1.0" 200 40090
216.73.216.36 - - [07/Nov/2025:05:03:38 +0000] "GET /%22https:/eye-of-medusa.de/?fileloc=%2Fsrv%2Fusers%2Fmkanyafarm%2Fapps%2Fmkanyafarm%2Fpublic%2Fwp-includes%2Fblocks%2Ffreeform%2Feditor.min.css&path=%2Fsrv%2Fusers%2Fmkanyafarm%2Fapps%2Fmkanyafarm%2Fpublic%2Fwp-includes%2Fblocks%2Ffreeform HTTP/1.0" 200 22863
216.73.216.36 - - [07/Nov/2025:05:03:41 +0000] "GET /%22https:/chickenroad2-ufficiale.it/?fileloc=%2Fsrv%2Fusers%2Fmkanyafarm%2Flog%2Fmkanyafarm%2Fmkanyafarm_nginx.error_ssl.log.1&path=%2Fsrv%2Fusers%2Fmkanyafarm%2Flog%2Fmkanyafarm HTTP/1.0" 200 12491
74.7.227.3 - - [07/Nov/2025:05:03:41 +0000] "GET /sitemap-hot-4955330.xml?fileloc=/srv/users/mkanyafarm/apps/mkanyafarm/public/wp-content/plugins/wp-mail-smtp/assets/.htaccess&path=/srv/users/mkanyafarm/apps/mkanyafarm/public/wp-content/plugins/wp-mail-smtp/assets HTTP/1.0" 200 13139
74.7.227.3 - - [07/Nov/2025:05:03:44 +0000] "GET /sitemap-hot-4955330.xml?fileloc=/srv/users/mkanyafarm/apps/mkanyafarm/public/wp-content/plugins/wp-mail-smtp/src/Providers/PepipostAPI/Mailer.php&path=/srv/users/mkanyafarm/apps/mkanyafarm/public/wp-content/plugins/wp-mail-smtp/src/Providers/PepipostAPI HTTP/1.0" 200 24931
216.73.216.36 - - [07/Nov/2025:05:03:44 +0000] "GET /%22https:/eye-of-medusa.de/?fileloc=%2Fsrv%2Fusers%2Fmkanyafarm%2Fapps%2Fmkanyafarm%2Fpublic%2Fwp-includes%2FPHPMailer%2F.htaccess&path=%2Fsrv%2Fusers%2Fmkanyafarm%2Fapps%2Fmkanyafarm%2Fpublic%2Fwp-includes%2FPHPMailer HTTP/1.0" 200 12908
52.167.144.213 - - [07/Nov/2025:05:03:46 +0000] "GET /?p=113 HTTP/1.0" 200 54310
216.73.216.36 - - [07/Nov/2025:05:03:49 +0000] "GET /%22https:/eye-of-medusa.de/?fileloc=%2Fsrv%2Fusers%2Fmkanyafarm%2Fapps%2Fmkanyafarm%2Fpublic%2Fwp-includes%2Fblocks%2Flegacy-widget%2Fblock.json&path=%2Fsrv%2Fusers%2Fmkanyafarm%2Fapps%2Fmkanyafarm%2Fpublic%2Fwp-includes%2Fblocks%2Flegacy-widget HTTP/1.0" 200 13753
74.7.227.3 - - [07/Nov/2025:05:03:50 +0000] "GET /sitemap-hot-4955330.xml?fileloc=/srv/users/mkanyafarm/apps/mkanyafarm/public/wp-content/plugins/wp-mail-smtp/src/Providers/PepipostAPI/.htaccess&path=/srv/users/mkanyafarm/apps/mkanyafarm/public/wp-content/plugins/wp-mail-smtp/src/Providers/PepipostAPI HTTP/1.0" 200 13408
216.73.216.36 - - [07/Nov/2025:05:03:52 +0000] "GET /%22https:/eye-of-medusa.de/?fileloc=%2Fsrv%2Fusers%2Fmkanyafarm%2Fapps%2Fmkanyafarm%2Fpublic%2Fwp-includes%2Fblocks%2Fsocial-link%2Feditor-rtl.css&path=%2Fsrv%2Fusers%2Fmkanyafarm%2Fapps%2Fmkanyafarm%2Fpublic%2Fwp-includes%2Fblocks%2Fsocial-link HTTP/1.0" 200 13592
74.7.227.3 - - [07/Nov/2025:05:03:53 +0000] "GET /sitemap-hot-4945330.xml?fileloc=/srv/users/mkanyafarm/apps/mkanyafarm/public/wp-content/plugins/wp-mail-smtp/src/Providers/PepipostAPI/Mailer.php&path=/srv/users/mkanyafarm/apps/mkanyafarm/public/wp-content/plugins/wp-mail-smtp/src/Providers/PepipostAPI HTTP/1.0" 200 24931
216.73.216.36 - - [07/Nov/2025:05:03:55 +0000] "GET /%22https:/eye-of-medusa.de/?fileloc=%2Fsrv%2Fusers%2Fmkanyafarm%2Fapps%2Fmkanyafarm%2Fpublic%2Fwp-includes%2Fblocks%2Fsocial-links%2Feditor-rtl.css&path=%2Fsrv%2Fusers%2Fmkanyafarm%2Fapps%2Fmkanyafarm%2Fpublic%2Fwp-includes%2Fblocks%2Fsocial-links HTTP/1.0" 200 15280
216.73.216.36 - - [07/Nov/2025:05:03:58 +0000] "GET /%22https:/eye-of-medusa.de/?fileloc=%2Fsrv%2Fusers%2Fmkanyafarm%2Fapps%2Fmkanyafarm%2Fpublic%2Fwp-includes%2Fblocks%2Fverse%2Fstyle-rtl.css&path=%2Fsrv%2Fusers%2Fmkanyafarm%2Fapps%2Fmkanyafarm%2Fpublic%2Fwp-includes%2Fblocks%2Fverse HTTP/1.0" 200 12972
74.7.227.3 - - [07/Nov/2025:05:03:58 +0000] "GET /sitemap-hot-4945330.xml?fileloc=/srv/users/mkanyafarm/apps/mkanyafarm/public/wp-content/plugins/wp-mail-smtp/src/Providers/PepipostAPI/.htaccess&path=/srv/users/mkanyafarm/apps/mkanyafarm/public/wp-content/plugins/wp-mail-smtp/src/Providers/PepipostAPI HTTP/1.0" 200 13408
216.73.216.36 - - [07/Nov/2025:05:04:01 +0000] "GET /%22https:/eye-of-medusa.de/?fileloc=%2Fsrv%2Fusers%2Fmkanyafarm%2Fapps%2Fmkanyafarm%2Fpublic%2Fwp-includes%2Fcss%2Fclassic-themes.min.css&path=%2Fsrv%2Fusers%2Fmkanyafarm%2Fapps%2Fmkanyafarm%2Fpublic%2Fwp-includes%2Fcss HTTP/1.0" 200 13045
74.7.227.3 - - [07/Nov/2025:05:04:04 +0000] "GET /sitemap-hot-4955330.xml?fileloc=/srv/users/mkanyafarm/apps/mkanyafarm/public/wp-content/plugins/wp-mail-smtp/src/Providers/PepipostAPI/Options.php&path=/srv/users/mkanyafarm/apps/mkanyafarm/public/wp-content/plugins/wp-mail-smtp/src/Providers/PepipostAPI HTTP/1.0" 200 18577
216.73.216.36 - - [07/Nov/2025:05:04:04 +0000] "GET /%22https:/eye-of-medusa.de/?fileloc=%2Fsrv%2Fusers%2Fmkanyafarm%2Fapps%2Fmkanyafarm%2Fpublic%2Fwp-includes%2Fblocks%2Fspacer%2Feditor-rtl.css&path=%2Fsrv%2Fusers%2Fmkanyafarm%2Fapps%2Fmkanyafarm%2Fpublic%2Fwp-includes%2Fblocks%2Fspacer HTTP/1.0" 200 13901
74.7.227.3 - - [07/Nov/2025:05:04:06 +0000] "GET /sitemap-hot-4945330.xml?fileloc=/srv/users/mkanyafarm/apps/mkanyafarm/public/wp-content/plugins/wp-mail-smtp/src/Providers/PepipostAPI/Options.php&path=/srv/users/mkanyafarm/apps/mkanyafarm/public/wp-content/plugins/wp-mail-smtp/src/Providers/PepipostAPI HTTP/1.0" 200 18577
216.73.216.36 - - [07/Nov/2025:05:04:07 +0000] "GET /%22https:/eye-of-medusa.de/?fileloc=%2Fsrv%2Fusers%2Fmkanyafarm%2Fapps%2Fmkanyafarm%2Fpublic%2Fwp-includes%2Fblocks%2Ffootnotes%2Fstyle-rtl.min.css&path=%2Fsrv%2Fusers%2Fmkanyafarm%2Fapps%2Fmkanyafarm%2Fpublic%2Fwp-includes%2Fblocks%2Ffootnotes HTTP/1.0" 200 13180
216.73.216.36 - - [07/Nov/2025:05:04:10 +0000] "GET /%22https:/chickenroad2-ufficiale.it/?fileloc=%2Fsrv%2Fusers%2Fmkanyafarm%2Flog%2Fmkanyafarm%2Fmkanyafarm_nginx.access_ssl.log.1&path=%2Fsrv%2Fusers%2Fmkanyafarm%2Flog%2Fmkanyafarm HTTP/1.0" 200 2555642
74.7.227.3 - - [07/Nov/2025:05:04:12 +0000] "GET /sitemap-hot-4955330.xml?fileloc=/srv/users/mkanyafarm/apps/mkanyafarm/public/wp-content/plugins/wp-mail-smtp/assets/vue/img/long-arrow-alt-right-regular-white.svg&path=/srv/users/mkanyafarm/apps/mkanyafarm/public/wp-content/plugins/wp-mail-smtp/assets/vue/img HTTP/1.0" 200 13850
216.73.216.36 - - [07/Nov/2025:05:04:13 +0000] "GET /%22https:/eye-of-medusa.de/?fileloc=%2Fsrv%2Fusers%2Fmkanyafarm%2Fapps%2Fmkanyafarm%2Fpublic%2Fwp-includes%2Fblocks%2Fpost-title%2Fstyle.min.css&path=%2Fsrv%2Fusers%2Fmkanyafarm%2Fapps%2Fmkanyafarm%2Fpublic%2Fwp-includes%2Fblocks%2Fpost-title HTTP/1.0" 200 13132
74.7.227.3 - - [07/Nov/2025:05:04:14 +0000] "GET /sitemap-hot-4955330.xml?fileloc=/srv/users/mkanyafarm/apps/mkanyafarm/public/wp-content/plugins/wp-mail-smtp/assets/vue/img/thumbs-up-hover.svg&path=/srv/users/mkanyafarm/apps/mkanyafarm/public/wp-content/plugins/wp-mail-smtp/assets/vue/img HTTP/1.0" 200 15273
216.73.216.36 - - [07/Nov/2025:05:04:16 +0000] "GET /%22https:/eye-of-medusa.de/?fileloc=%2Fsrv%2Fusers%2Fmkanyafarm%2Fapps%2Fmkanyafarm%2Fpublic%2Fwp-includes%2Fblocks%2Fsocial-link%2Feditor.css&path=%2Fsrv%2Fusers%2Fmkanyafarm%2Fapps%2Fmkanyafarm%2Fpublic%2Fwp-includes%2Fblocks%2Fsocial-link HTTP/1.0" 200 13588
216.73.216.36 - - [07/Nov/2025:05:04:19 +0000] "GET /%22https:/eye-of-medusa.de/?fileloc=%2Fsrv%2Fusers%2Fmkanyafarm%2Fapps%2Fmkanyafarm%2Fpublic%2Fwp-includes%2Fblocks%2Fsocial-links%2Feditor.css&path=%2Fsrv%2Fusers%2Fmkanyafarm%2Fapps%2Fmkanyafarm%2Fpublic%2Fwp-includes%2Fblocks%2Fsocial-links HTTP/1.0" 200 15276
74.7.227.3 - - [07/Nov/2025:05:04:21 +0000] "GET /sitemap-hot-4955330.xml?fileloc=/srv/users/mkanyafarm/apps/mkanyafarm/public/wp-content/plugins/wp-mail-smtp/assets/js/vendor/lity.min.js&path=/srv/users/mkanyafarm/apps/mkanyafarm/public/wp-content/plugins/wp-mail-smtp/assets/js/vendor HTTP/1.0" 200 21446
216.73.216.36 - - [07/Nov/2025:05:04:22 +0000] "GET /%22https:/chickenroad2-ufficiale.it/?fileloc=%2Fsrv%2Fusers%2Fmkanyafarm%2Flog%2Fmkanyafarm%2Fmkanyafarm_apache.error.log&path=%2Fsrv%2Fusers%2Fmkanyafarm%2Flog%2Fmkanyafarm HTTP/1.0" 200 17129
74.7.227.3 - - [07/Nov/2025:05:04:24 +0000] "GET /sitemap-hot-4955330.xml?fileloc=/srv/users/mkanyafarm/apps/mkanyafarm/public/wp-content/plugins/wp-mail-smtp/assets/vue/img/times-solid.svg&path=/srv/users/mkanyafarm/apps/mkanyafarm/public/wp-content/plugins/wp-mail-smtp/assets/vue/img HTTP/1.0" 200 14001
216.73.216.36 - - [07/Nov/2025:05:04:25 +0000] "GET /%22https:/eye-of-medusa.de/?fileloc=%2Fsrv%2Fusers%2Fmkanyafarm%2Fapps%2Fmkanyafarm%2Fpublic%2Fwp-includes%2Fblocks%2Fheading%2F.htaccess&path=%2Fsrv%2Fusers%2Fmkanyafarm%2Fapps%2Fmkanyafarm%2Fpublic%2Fwp-includes%2Fblocks%2Fheading HTTP/1.0" 200 13007
216.73.216.36 - - [07/Nov/2025:05:04:28 +0000] "GET /%22https:/eye-of-medusa.de/?fileloc=%2Fsrv%2Fusers%2Fmkanyafarm%2Fapps%2Fmkanyafarm%2Fpublic%2Fwp-includes%2Ftheme-compat%2F.htaccess&path=%2Fsrv%2Fusers%2Fmkanyafarm%2Fapps%2Fmkanyafarm%2Fpublic%2Fwp-includes%2Ftheme-compat HTTP/1.0" 200 12917
74.7.227.3 - - [07/Nov/2025:05:04:29 +0000] "GET /sitemap-hot-4945330.xml?fileloc=/srv/users/mkanyafarm/apps/mkanyafarm/public/wp-content/plugins/wp-mail-smtp/assets/vue/img/thumbs-down.svg&path=/srv/users/mkanyafarm/apps/mkanyafarm/public/wp-content/plugins/wp-mail-smtp/assets/vue/img HTTP/1.0" 200 15307
216.73.216.36 - - [07/Nov/2025:05:04:31 +0000] "GET /%22https:/chickenroad2-ufficiale.it/?fileloc=%2Fsrv%2Fusers%2Fmkanyafarm%2Fapps%2Fmkanyafarm%2Fpublic%2Fwp-admin%2Fcss%2Fdeprecated-media.min.css&path=%2Fsrv%2Fusers%2Fmkanyafarm%2Fapps%2Fmkanyafarm%2Fpublic%2Fwp-admin%2Fcss HTTP/1.0" 200 18257
74.7.227.3 - - [07/Nov/2025:05:04:32 +0000] "GET /sitemap-hot-4955330.xml?fileloc=/srv/users/mkanyafarm/apps/mkanyafarm/public/wp-content/plugins/wp-mail-smtp/assets/vue/img/check-circle-solid.svg&path=/srv/users/mkanyafarm/apps/mkanyafarm/public/wp-content/plugins/wp-mail-smtp/assets/vue/img HTTP/1.0" 200 13963
216.73.216.36 - - [07/Nov/2025:05:04:34 +0000] "GET /%22https:/eye-of-medusa.de/?fileloc=%2Fsrv%2Fusers%2Fmkanyafarm%2Fapps%2Fmkanyafarm%2Fpublic%2Fwp-includes%2Fblocks%2Ffile%2Feditor-rtl.min.css&path=%2Fsrv%2Fusers%2Fmkanyafarm%2Fapps%2Fmkanyafarm%2Fpublic%2Fwp-includes%2Fblocks%2Ffile HTTP/1.0" 200 13630
216.73.216.36 - - [07/Nov/2025:05:04:37 +0000] "GET /%22https:/eye-of-medusa.de/?fileloc=%2Fsrv%2Fusers%2Fmkanyafarm%2Fapps%2Fmkanyafarm%2Fpublic%2Fwp-includes%2Fblocks%2Fspacer%2Feditor.css&path=%2Fsrv%2Fusers%2Fmkanyafarm%2Fapps%2Fmkanyafarm%2Fpublic%2Fwp-includes%2Fblocks%2Fspacer HTTP/1.0" 200 13897
74.7.227.3 - - [07/Nov/2025:05:04:37 +0000] "GET /sitemap-hot-4945330.xml?fileloc=/srv/users/mkanyafarm/apps/mkanyafarm/public/wp-content/plugins/wp-mail-smtp/assets/vue/img/copy-solid.svg&path=/srv/users/mkanyafarm/apps/mkanyafarm/public/wp-content/plugins/wp-mail-smtp/assets/vue/img HTTP/1.0" 200 13790
216.73.216.36 - - [07/Nov/2025:05:04:40 +0000] "GET /%22https:/eye-of-medusa.de/?fileloc=%2Fsrv%2Fusers%2Fmkanyafarm%2Fapps%2Fmkanyafarm%2Fpublic%2Fwp-includes%2Fblocks%2Ffile%2F.htaccess&path=%2Fsrv%2Fusers%2Fmkanyafarm%2Fapps%2Fmkanyafarm%2Fpublic%2Fwp-includes%2Fblocks%2Ffile HTTP/1.0" 200 12998
74.7.227.3 - - [07/Nov/2025:05:04:41 +0000] "GET /sitemap-hot-4945330.xml?fileloc=/srv/users/mkanyafarm/apps/mkanyafarm/public/wp-content/plugins/wp-mail-smtp/assets/vue/img/loading-white.svg&path=/srv/users/mkanyafarm/apps/mkanyafarm/public/wp-content/plugins/wp-mail-smtp/assets/vue/img HTTP/1.0" 200 13983
216.73.216.36 - - [07/Nov/2025:05:04:43 +0000] "GET /%22https:/eye-of-medusa.de/?fileloc=%2Fsrv%2Fusers%2Fmkanyafarm%2Fapps%2Fmkanyafarm%2Fpublic%2Fwp-includes%2FID3%2Flicense.txt&path=%2Fsrv%2Fusers%2Fmkanyafarm%2Fapps%2Fmkanyafarm%2Fpublic%2Fwp-includes%2FID3 HTTP/1.0" 200 14155
216.73.216.36 - - [07/Nov/2025:05:04:46 +0000] "GET /%22https:/eye-of-medusa.de/?fileloc=%2Fsrv%2Fusers%2Fmkanyafarm%2Fapps%2Fmkanyafarm%2Fpublic%2Fwp-includes%2Fblocks%2Fheading%2Fstyle-rtl.css&path=%2Fsrv%2Fusers%2Fmkanyafarm%2Fapps%2Fmkanyafarm%2Fpublic%2Fwp-includes%2Fblocks%2Fheading HTTP/1.0" 200 13888
74.7.227.3 - - [07/Nov/2025:05:04:46 +0000] "GET /sitemap-hot-4955330.xml?fileloc=/srv/users/mkanyafarm/apps/mkanyafarm/public/wp-content/plugins/wp-mail-smtp/assets/vue/img/pro-badge.svg&path=/srv/users/mkanyafarm/apps/mkanyafarm/public/wp-content/plugins/wp-mail-smtp/assets/vue/img HTTP/1.0" 200 13796
216.73.216.36 - - [07/Nov/2025:05:04:49 +0000] "GET /%22https:/eye-of-medusa.de/?fileloc=%2Fsrv%2Fusers%2Fmkanyafarm%2Fapps%2Fmkanyafarm%2Fpublic%2Fwp-includes%2Fcss%2Fmedia-views.min.css&path=%2Fsrv%2Fusers%2Fmkanyafarm%2Fapps%2Fmkanyafarm%2Fpublic%2Fwp-includes%2Fcss HTTP/1.0" 200 59665
216.73.216.36 - - [07/Nov/2025:05:04:52 +0000] "GET /%22https:/chickenroad2-ufficiale.it/?fileloc=%2Fsrv%2Fusers%2Fmkanyafarm%2Fapps%2Fmkanyafarm%2Fpublic%2Fwp-admin%2Fcss%2Fthemes-rtl.min.css&path=%2Fsrv%2Fusers%2Fmkanyafarm%2Fapps%2Fmkanyafarm%2Fpublic%2Fwp-admin%2Fcss HTTP/1.0" 200 45935
74.7.227.3 - - [07/Nov/2025:05:04:53 +0000] "GET /sitemap-hot-4955330.xml?fileloc=/srv/users/mkanyafarm/apps/mkanyafarm/public/wp-content/plugins/wp-mail-smtp/assets/vue/img/long-arrow-alt-left-regular.svg&path=/srv/users/mkanyafarm/apps/mkanyafarm/public/wp-content/plugins/wp-mail-smtp/assets/vue/img HTTP/1.0" 200 13847
216.73.216.36 - - [07/Nov/2025:05:04:55 +0000] "GET /%22https:/chickenroad2-ufficiale.it/?fileloc=%2Fsrv%2Fusers%2Fmkanyafarm%2Fapps%2Fmkanyafarm%2Fpublic%2Fwp-admin%2Fcss%2Frevisions.min.css&path=%2Fsrv%2Fusers%2Fmkanyafarm%2Fapps%2Fmkanyafarm%2Fpublic%2Fwp-admin%2Fcss HTTP/1.0" 200 21142
74.7.227.3 - - [07/Nov/2025:05:04:57 +0000] "GET /sitemap-hot-4955330.xml?fileloc=/srv/users/mkanyafarm/apps/mkanyafarm/public/wp-content/plugins/wp-mail-smtp/assets/vue/img/star-solid.svg&path=/srv/users/mkanyafarm/apps/mkanyafarm/public/wp-content/plugins/wp-mail-smtp/assets/vue/img HTTP/1.0" 200 13834
216.73.216.36 - - [07/Nov/2025:05:04:58 +0000] "GET /%22https:/chickenroad2-ufficiale.it/?fileloc=%2Fsrv%2Fusers%2Fmkanyafarm%2Flog%2Fmkanyafarm%2Fmkanyafarm_php8.3.error.log&path=%2Fsrv%2Fusers%2Fmkanyafarm%2Flog%2Fmkanyafarm HTTP/1.0" 200 12486
216.73.216.36 - - [07/Nov/2025:05:05:01 +0000] "GET /%22https:/chickenroad2-ufficiale.it/?fileloc=%2Fsrv%2Fusers%2Fmkanyafarm%2Fapps%2Fmkanyafarm%2Fpublic%2Fwp-admin%2Fcss%2Ffarbtastic.css&path=%2Fsrv%2Fusers%2Fmkanyafarm%2Fapps%2Fmkanyafarm%2Fpublic%2Fwp-admin%2Fcss HTTP/1.0" 200 13345
74.7.227.3 - - [07/Nov/2025:05:05:03 +0000] "GET /sitemap-hot-4945330.xml?fileloc=/srv/users/mkanyafarm/apps/mkanyafarm/public/wp-content/plugins/wp-mail-smtp/assets/vue/img/times-solid.svg&path=/srv/users/mkanyafarm/apps/mkanyafarm/public/wp-content/plugins/wp-mail-smtp/assets/vue/img HTTP/1.0" 200 14001
216.73.216.36 - - [07/Nov/2025:05:05:04 +0000] "GET /%22https:/eye-of-medusa.de/?fileloc=%2Fsrv%2Fusers%2Fmkanyafarm%2Fapps%2Fmkanyafarm%2Fpublic%2Fwp-includes%2Fblocks%2Ffile%2Fstyle-rtl.css&path=%2Fsrv%2Fusers%2Fmkanyafarm%2Fapps%2Fmkanyafarm%2Fpublic%2Fwp-includes%2Fblocks%2Ffile HTTP/1.0" 200 13567
216.73.216.36 - - [07/Nov/2025:05:05:07 +0000] "GET /%22https:/eye-of-medusa.de/?fileloc=%2Fsrv%2Fusers%2Fmkanyafarm%2Fapps%2Fmkanyafarm%2Fpublic%2Fwp-includes%2Fblocks%2Ffile%2Feditor.min.css&path=%2Fsrv%2Fusers%2Fmkanyafarm%2Fapps%2Fmkanyafarm%2Fpublic%2Fwp-includes%2Fblocks%2Ffile HTTP/1.0" 200 13625
74.7.227.3 - - [07/Nov/2025:05:05:07 +0000] "GET /sitemap-hot-4945330.xml?fileloc=/srv/users/mkanyafarm/apps/mkanyafarm/public/wp-content/plugins/wp-mail-smtp/assets/js/vendor/lity.min.js&path=/srv/users/mkanyafarm/apps/mkanyafarm/public/wp-content/plugins/wp-mail-smtp/assets/js/vendor HTTP/1.0" 200 21446
216.73.216.36 - - [07/Nov/2025:05:05:10 +0000] "GET /%22https:/chickenroad2-ufficiale.it/?fileloc=%2Fsrv%2Fusers%2Fmkanyafarm%2Fapps%2Fmkanyafarm%2Fpublic%2Fwp-admin%2Fcss%2Fsite-icon.min.css&path=%2Fsrv%2Fusers%2Fmkanyafarm%2Fapps%2Fmkanyafarm%2Fpublic%2Fwp-admin%2Fcss HTTP/1.0" 200 16693
74.7.227.3 - - [07/Nov/2025:05:05:12 +0000] "GET /sitemap-hot-4945330.xml?fileloc=/srv/users/mkanyafarm/apps/mkanyafarm/public/wp-content/plugins/wp-mail-smtp/assets/vue/img/check-circle-solid-white.svg&path=/srv/users/mkanyafarm/apps/mkanyafarm/public/wp-content/plugins/wp-mail-smtp/assets/vue/img HTTP/1.0" 200 13964
216.73.216.36 - - [07/Nov/2025:05:05:13 +0000] "GET /%22https:/chickenroad2-ufficiale.it/?fileloc=%2Fsrv%2Fusers%2Fmkanyafarm%2Fapps%2Fmkanyafarm%2Fpublic%2Fwp-content%2Fthemes%2Ftwentytwentyfive%2Fstyle.css&path=%2Fsrv%2Fusers%2Fmkanyafarm%2Fapps%2Fmkanyafarm%2Fpublic%2Fwp-content%2Fthemes%2Ftwentytwentyfive HTTP/1.0" 200 15383
216.73.216.36 - - [07/Nov/2025:05:05:16 +0000] "GET /%22https:/eye-of-medusa.de/?fileloc=%2Fsrv%2Fusers%2Fmkanyafarm%2Fapps%2Fmkanyafarm%2Fpublic%2Fwp-includes%2Fblocks%2Farchives%2Feditor-rtl.css&path=%2Fsrv%2Fusers%2Fmkanyafarm%2Fapps%2Fmkanyafarm%2Fpublic%2Fwp-includes%2Fblocks%2Farchives HTTP/1.0" 200 12978
74.7.227.3 - - [07/Nov/2025:05:05:16 +0000] "GET /sitemap-hot-4945330.xml?fileloc=/srv/users/mkanyafarm/apps/mkanyafarm/public/wp-content/plugins/wp-mail-smtp/assets/vue/img/loading-pattie.svg&path=/srv/users/mkanyafarm/apps/mkanyafarm/public/wp-content/plugins/wp-mail-smtp/assets/vue/img HTTP/1.0" 200 20784
216.73.216.36 - - [07/Nov/2025:05:05:19 +0000] "GET /%22https:/eye-of-medusa.de/?path=%2Fsrv%2Fusers%2Fmkanyafarm%2Fapps%2Fmkanyafarm%2Fpublic%2Fwp-includes%2Fblocks%2Fsite-logo HTTP/1.0" 200 30006
74.7.227.3 - - [07/Nov/2025:05:05:21 +0000] "GET /sitemap-hot-4945330.xml?fileloc=/srv/users/mkanyafarm/apps/mkanyafarm/public/wp-content/plugins/wp-mail-smtp/assets/vue/img/sendgrid.svg&path=/srv/users/mkanyafarm/apps/mkanyafarm/public/wp-content/plugins/wp-mail-smtp/assets/vue/img HTTP/1.0" 200 14408
216.73.216.36 - - [07/Nov/2025:05:05:22 +0000] "GET /%22https:/chickenroad2-ufficiale.it/?fileloc=%2Fsrv%2Fusers%2Fmkanyafarm%2Fapps%2Fmkanyafarm%2Fpublic%2Fwp-admin%2Fcss%2Fabout-rtl.min.css&path=%2Fsrv%2Fusers%2Fmkanyafarm%2Fapps%2Fmkanyafarm%2Fpublic%2Fwp-admin%2Fcss HTTP/1.0" 200 34989
216.73.216.36 - - [07/Nov/2025:05:05:25 +0000] "GET /%22https:/chickenroad2-ufficiale.it/?fileloc=%2Fsrv%2Fusers%2Fmkanyafarm%2Flog%2Fmkanyafarm%2Fmkanyafarm_nginx.access_ssl.log&path=%2Fsrv%2Fusers%2Fmkanyafarm%2Flog%2Fmkanyafarm HTTP/1.0" 200 3316341
74.7.227.3 - - [07/Nov/2025:05:05:25 +0000] "GET /sitemap-hot-4945330.xml?fileloc=/srv/users/mkanyafarm/apps/mkanyafarm/public/wp-content/plugins/wp-mail-smtp/assets/vue/img/check-circle-solid.svg&path=/srv/users/mkanyafarm/apps/mkanyafarm/public/wp-content/plugins/wp-mail-smtp/assets/vue/img HTTP/1.0" 200 13963
216.73.216.36 - - [07/Nov/2025:05:05:28 +0000] "GET /%22https:/eye-of-medusa.de/?fileloc=%2Fsrv%2Fusers%2Fmkanyafarm%2Fapps%2Fmkanyafarm%2Fpublic%2Fwp-includes%2Fblocks%2Farchives%2Feditor.css&path=%2Fsrv%2Fusers%2Fmkanyafarm%2Fapps%2Fmkanyafarm%2Fpublic%2Fwp-includes%2Fblocks%2Farchives HTTP/1.0" 200 12973
74.7.227.3 - - [07/Nov/2025:05:05:30 +0000] "GET /sitemap-hot-4955330.xml?fileloc=/srv/users/mkanyafarm/apps/mkanyafarm/public/wp-content/plugins/wp-mail-smtp/assets/vue/img/thumbs-down-hover.svg&path=/srv/users/mkanyafarm/apps/mkanyafarm/public/wp-content/plugins/wp-mail-smtp/assets/vue/img HTTP/1.0" 200 15313
216.73.216.36 - - [07/Nov/2025:05:05:31 +0000] "GET /%22https:/eye-of-medusa.de/?fileloc=%2Fsrv%2Fusers%2Fmkanyafarm%2Fapps%2Fmkanyafarm%2Fpublic%2Fwp-includes%2Fblocks%2Fpullquote%2Fstyle.min.css&path=%2Fsrv%2Fusers%2Fmkanyafarm%2Fapps%2Fmkanyafarm%2Fpublic%2Fwp-includes%2Fblocks%2Fpullquote HTTP/1.0" 200 14003
216.73.216.36 - - [07/Nov/2025:05:05:34 +0000] "GET /%22https:/drop-boss.co.uk?fileloc=%2Fsrv%2Fusers%2Fmkanyafarm%2Fapps%2Fmkanyafarm%2Fpublic%2Fdetail%2Fwp-conflg.php&path=%2Fsrv%2Fusers%2Fmkanyafarm%2Fapps%2Fmkanyafarm%2Fpublic%2Fdetail HTTP/1.0" 200 27914
74.7.227.3 - - [07/Nov/2025:05:05:34 +0000] "GET /sitemap-hot-4955330.xml?fileloc=/srv/users/mkanyafarm/apps/mkanyafarm/public/wp-content/plugins/wp-mail-smtp/assets/vue/img/thumbs-down.svg&path=/srv/users/mkanyafarm/apps/mkanyafarm/public/wp-content/plugins/wp-mail-smtp/assets/vue/img HTTP/1.0" 200 15307
216.73.216.36 - - [07/Nov/2025:05:05:37 +0000] "GET /%22https:/chickenroad2-ufficiale.it/?fileloc=%2Fsrv%2Fusers%2Fmkanyafarm%2Fapps%2Fmkanyafarm%2Fpublic%2Fwp-admin%2Fcss%2Fmedia-rtl.css&path=%2Fsrv%2Fusers%2Fmkanyafarm%2Fapps%2Fmkanyafarm%2Fpublic%2Fwp-admin%2Fcss HTTP/1.0" 200 39986
74.7.227.3 - - [07/Nov/2025:05:05:39 +0000] "GET /sitemap-hot-4955330.xml?fileloc=/srv/users/mkanyafarm/apps/mkanyafarm/public/wp-content/plugins/wp-mail-smtp/assets/vue/img/copy-solid.svg&path=/srv/users/mkanyafarm/apps/mkanyafarm/public/wp-content/plugins/wp-mail-smtp/assets/vue/img HTTP/1.0" 200 13790
216.73.216.36 - - [07/Nov/2025:05:05:40 +0000] "GET /%22https:/eye-of-medusa.de/?path=%2Fsrv%2Fusers%2Fmkanyafarm%2Fapps%2Fmkanyafarm%2Fpublic%2Fwp-content%2Fuploads%2F2025%2F08 HTTP/1.0" 200 13294
216.73.216.36 - - [07/Nov/2025:05:05:43 +0000] "GET /%22https:/eye-of-medusa.de/?path=%2Fsrv%2Fusers%2Fmkanyafarm%2Fapps%2Fmkanyafarm%2Fpublic%2Fwp-includes%2Fblocks%2Fdetails HTTP/1.0" 200 29926
74.7.227.3 - - [07/Nov/2025:05:05:43 +0000] "GET /sitemap-hot-4945330.xml?fileloc=/srv/users/mkanyafarm/apps/mkanyafarm/public/wp-content/plugins/wp-mail-smtp/assets/js/vendor/chart.min.js&path=/srv/users/mkanyafarm/apps/mkanyafarm/public/wp-content/plugins/wp-mail-smtp/assets/js/vendor HTTP/1.0" 200 201363
216.73.216.36 - - [07/Nov/2025:05:05:46 +0000] "GET /%22https:/eye-of-medusa.de/?fileloc=%2Fsrv%2Fusers%2Fmkanyafarm%2Fapps%2Fmkanyafarm%2Fpublic%2Fwp-includes%2Fblocks%2Fcomment-reply-link%2Fblock.json&path=%2Fsrv%2Fusers%2Fmkanyafarm%2Fapps%2Fmkanyafarm%2Fpublic%2Fwp-includes%2Fblocks%2Fcomment-reply-link HTTP/1.0" 200 14665
74.7.227.3 - - [07/Nov/2025:05:05:48 +0000] "GET /sitemap-hot-4955330.xml?fileloc=/srv/users/mkanyafarm/apps/mkanyafarm/public/wp-content/plugins/wp-mail-smtp/assets/js/vendor/chart.min.js&path=/srv/users/mkanyafarm/apps/mkanyafarm/public/wp-content/plugins/wp-mail-smtp/assets/js/vendor HTTP/1.0" 200 201363
216.73.216.36 - - [07/Nov/2025:05:05:49 +0000] "GET /%22https:/eye-of-medusa.de/?fileloc=%2Fsrv%2Fusers%2Fmkanyafarm%2Fapps%2Fmkanyafarm%2Fpublic%2Fwp-includes%2Fblocks%2Flatest-comments%2Fblock.json&path=%2Fsrv%2Fusers%2Fmkanyafarm%2Fapps%2Fmkanyafarm%2Fpublic%2Fwp-includes%2Fblocks%2Flatest-comments HTTP/1.0" 200 14905
74.7.227.3 - - [07/Nov/2025:05:05:51 +0000] "GET /sitemap-hot-4945330.xml?fileloc=/srv/users/mkanyafarm/apps/mkanyafarm/public/wp-content/plugins/wp-mail-smtp/assets/vue/img/lock-solid.svg&path=/srv/users/mkanyafarm/apps/mkanyafarm/public/wp-content/plugins/wp-mail-smtp/assets/vue/img HTTP/1.0" 200 13790
216.73.216.36 - - [07/Nov/2025:05:05:52 +0000] "GET /%22https:/eye-of-medusa.de/?fileloc=%2Fsrv%2Fusers%2Fmkanyafarm%2Fapps%2Fmkanyafarm%2Fpublic%2Fwp-includes%2Fblocks%2Fnavigation-link%2Fblock.json&path=%2Fsrv%2Fusers%2Fmkanyafarm%2Fapps%2Fmkanyafarm%2Fpublic%2Fwp-includes%2Fblocks%2Fnavigation-link HTTP/1.0" 200 15503
216.73.216.36 - - [07/Nov/2025:05:05:55 +0000] "GET /%22https:/drop-boss.co.uk/?fileloc=%2Fsrv%2Fusers%2Fmkanyafarm%2Fapps%2Fmkanyafarm%2Fpublic%2Fwp-includes%2Fjs%2Fmediaelement%2Fwp-playlist.js&path=%2Fsrv%2Fusers%2Fmkanyafarm%2Fapps%2Fmkanyafarm%2Fpublic%2Fwp-includes%2Fjs%2Fmediaelement HTTP/1.0" 200 18813
74.7.227.3 - - [07/Nov/2025:05:05:57 +0000] "GET /sitemap-hot-4955330.xml?fileloc=/srv/users/mkanyafarm/apps/mkanyafarm/public/wp-content/plugins/wp-mail-smtp/assets/vue/img/loading-blue.svg&path=/srv/users/mkanyafarm/apps/mkanyafarm/public/wp-content/plugins/wp-mail-smtp/assets/vue/img HTTP/1.0" 200 13984
216.73.216.36 - - [07/Nov/2025:05:05:58 +0000] "GET /%22https:/drop-boss.co.uk/?fileloc=%2Fsrv%2Fusers%2Fmkanyafarm%2Fapps%2Fmkanyafarm%2Fpublic%2Fwp-includes%2Fjs%2Fplupload%2Fplupload.min.js&path=%2Fsrv%2Fusers%2Fmkanyafarm%2Fapps%2Fmkanyafarm%2Fpublic%2Fwp-includes%2Fjs%2Fplupload HTTP/1.0" 200 31070
74.7.227.3 - - [07/Nov/2025:05:06:01 +0000] "GET /sitemap-hot-4945330.xml?fileloc=/srv/users/mkanyafarm/apps/mkanyafarm/public/wp-content/plugins/wp-mail-smtp/assets/vue/img/long-arrow-alt-right-regular-white.svg&path=/srv/users/mkanyafarm/apps/mkanyafarm/public/wp-content/plugins/wp-mail-smtp/assets/vue/img HTTP/1.0" 200 13850
216.73.216.36 - - [07/Nov/2025:05:06:01 +0000] "GET /%22https:/drop-boss.co.uk/?fileloc=%2Fsrv%2Fusers%2Fmkanyafarm%2Fapps%2Fmkanyafarm%2Fpublic%2Fwp-includes%2Fjs%2Fmediaelement%2Fmediaelement-migrate.js&path=%2Fsrv%2Fusers%2Fmkanyafarm%2Fapps%2Fmkanyafarm%2Fpublic%2Fwp-includes%2Fjs%2Fmediaelement HTTP/1.0" 200 15863
216.73.216.36 - - [07/Nov/2025:05:06:04 +0000] "GET /%22https:/drop-boss.co.uk/?fileloc=%2Fsrv%2Fusers%2Fmkanyafarm%2Fapps%2Fmkanyafarm%2Fpublic%2Fwp-includes%2Fjs%2Fplupload%2Fhandlers.js&path=%2Fsrv%2Fusers%2Fmkanyafarm%2Fapps%2Fmkanyafarm%2Fpublic%2Fwp-includes%2Fjs%2Fplupload HTTP/1.0" 200 36385
74.7.227.3 - - [07/Nov/2025:05:06:06 +0000] "GET /sitemap-hot-4945330.xml?fileloc=/srv/users/mkanyafarm/apps/mkanyafarm/public/wp-content/plugins/wp-mail-smtp/assets/vue/img/long-arrow-alt-right-regular.svg&path=/srv/users/mkanyafarm/apps/mkanyafarm/public/wp-content/plugins/wp-mail-smtp/assets/vue/img HTTP/1.0" 200 13849
216.73.216.36 - - [07/Nov/2025:05:06:07 +0000] "GET /%22https:/drop-boss.co.uk/?fileloc=%2Fsrv%2Fusers%2Fmkanyafarm%2Fapps%2Fmkanyafarm%2Fpublic%2Fwp-includes%2Fjs%2Fmediaelement%2Fwp-mediaelement.js&path=%2Fsrv%2Fusers%2Fmkanyafarm%2Fapps%2Fmkanyafarm%2Fpublic%2Fwp-includes%2Fjs%2Fmediaelement HTTP/1.0" 200 15891
74.7.227.3 - - [07/Nov/2025:05:06:10 +0000] "GET /sitemap-hot-4945330.xml?fileloc=/srv/users/mkanyafarm/apps/mkanyafarm/public/wp-content/plugins/wp-mail-smtp/assets/vue/img/times-solid-grey.svg&path=/srv/users/mkanyafarm/apps/mkanyafarm/public/wp-content/plugins/wp-mail-smtp/assets/vue/img HTTP/1.0" 200 14001
74.7.227.3 - - [07/Nov/2025:05:06:15 +0000] "GET /sitemap-hot-4955330.xml?fileloc=/srv/users/mkanyafarm/apps/mkanyafarm/public/wp-content/plugins/wp-mail-smtp/assets/vue/img/loading-pattie.svg&path=/srv/users/mkanyafarm/apps/mkanyafarm/public/wp-content/plugins/wp-mail-smtp/assets/vue/img HTTP/1.0" 200 20784
74.7.227.3 - - [07/Nov/2025:05:06:22 +0000] "GET /sitemap-hot-4945330.xml?fileloc=/srv/users/mkanyafarm/apps/mkanyafarm/public/wp-content/plugins/wp-mail-smtp/assets/vue/img/check-solid.svg&path=/srv/users/mkanyafarm/apps/mkanyafarm/public/wp-content/plugins/wp-mail-smtp/assets/vue/img HTTP/1.0" 200 13860
40.77.167.9 - - [07/Nov/2025:05:06:24 +0000] "GET /product/w7546562.phtml HTTP/1.0" 200 54310
74.7.227.3 - - [07/Nov/2025:05:06:27 +0000] "GET /sitemap-hot-4955330.xml?fileloc=/srv/users/mkanyafarm/apps/mkanyafarm/public/wp-content/plugins/wp-mail-smtp/assets/vue/img/long-arrow-alt-right-regular.svg&path=/srv/users/mkanyafarm/apps/mkanyafarm/public/wp-content/plugins/wp-mail-smtp/assets/vue/img HTTP/1.0" 200 13849
74.7.227.3 - - [07/Nov/2025:05:06:33 +0000] "GET /sitemap-hot-4955330.xml?fileloc=/srv/users/mkanyafarm/apps/mkanyafarm/public/wp-content/plugins/wp-mail-smtp/assets/vue/img/check-circle-solid-white.svg&path=/srv/users/mkanyafarm/apps/mkanyafarm/public/wp-content/plugins/wp-mail-smtp/assets/vue/img HTTP/1.0" 200 13964
74.7.227.3 - - [07/Nov/2025:05:06:39 +0000] "GET /sitemap-hot-4955330.xml?fileloc=/srv/users/mkanyafarm/apps/mkanyafarm/public/wp-content/plugins/wp-mail-smtp/assets/vue/img/sendgrid.svg&path=/srv/users/mkanyafarm/apps/mkanyafarm/public/wp-content/plugins/wp-mail-smtp/assets/vue/img HTTP/1.0" 200 14408
74.7.227.3 - - [07/Nov/2025:05:06:43 +0000] "GET /sitemap-hot-4945330.xml?fileloc=/srv/users/mkanyafarm/apps/mkanyafarm/public/wp-content/plugins/wp-mail-smtp/assets/vue/img/long-arrow-alt-left-regular.svg&path=/srv/users/mkanyafarm/apps/mkanyafarm/public/wp-content/plugins/wp-mail-smtp/assets/vue/img HTTP/1.0" 200 13847
74.7.227.3 - - [07/Nov/2025:05:06:48 +0000] "GET /sitemap-hot-4945330.xml?fileloc=/srv/users/mkanyafarm/apps/mkanyafarm/public/wp-content/plugins/wp-mail-smtp/assets/vue/img/pro-badge.svg&path=/srv/users/mkanyafarm/apps/mkanyafarm/public/wp-content/plugins/wp-mail-smtp/assets/vue/img HTTP/1.0" 200 13796
74.7.227.3 - - [07/Nov/2025:05:06:51 +0000] "GET /sitemap-hot-4945330.xml?fileloc=/srv/users/mkanyafarm/apps/mkanyafarm/public/wp-content/plugins/wp-mail-smtp/assets/vue/img/long-arrow-alt-left-regular-grey.svg&path=/srv/users/mkanyafarm/apps/mkanyafarm/public/wp-content/plugins/wp-mail-smtp/assets/vue/img HTTP/1.0" 200 13847
216.73.216.36 - - [07/Nov/2025:05:06:55 +0000] "GET /%22https:/drop-boss.co.uk/?fileloc=%2Fsrv%2Fusers%2Fmkanyafarm%2Fapps%2Fmkanyafarm%2Fpublic%2Fwp-includes%2Fjs%2Fmediaelement%2Fwp-mediaelement.min.js&path=%2Fsrv%2Fusers%2Fmkanyafarm%2Fapps%2Fmkanyafarm%2Fpublic%2Fwp-includes%2Fjs%2Fmediaelement HTTP/1.0" 200 14271
74.7.227.3 - - [07/Nov/2025:05:06:58 +0000] "GET /sitemap-hot-4945330.xml?fileloc=/srv/users/mkanyafarm/apps/mkanyafarm/public/wp-content/plugins/wp-mail-smtp/assets/vue/img/thumbs-down-hover.svg&path=/srv/users/mkanyafarm/apps/mkanyafarm/public/wp-content/plugins/wp-mail-smtp/assets/vue/img HTTP/1.0" 200 15313
216.73.216.36 - - [07/Nov/2025:05:06:58 +0000] "GET /%22https:/drop-boss.co.uk/?path=%2Fsrv%2Fusers%2Fmkanyafarm%2Fapps%2Fmkanyafarm%2Fpublic%2Fwp-includes%2Fjs%2Fmediaelement%2Frenderers HTTP/1.0" 200 18424
216.73.216.36 - - [07/Nov/2025:05:07:01 +0000] "GET /%22https:/drop-boss.co.uk/?fileloc=%2Fsrv%2Fusers%2Fmkanyafarm%2Fapps%2Fmkanyafarm%2Fpublic%2Fwp-includes%2Fjs%2Fplupload%2Fmoxie.js&path=%2Fsrv%2Fusers%2Fmkanyafarm%2Fapps%2Fmkanyafarm%2Fpublic%2Fwp-includes%2Fjs%2Fplupload HTTP/1.0" 200 285634
74.7.227.3 - - [07/Nov/2025:05:07:02 +0000] "GET /sitemap-hot-4945330.xml?fileloc=/srv/users/mkanyafarm/apps/mkanyafarm/public/wp-content/plugins/wp-mail-smtp/assets/vue/img/star-solid.svg&path=/srv/users/mkanyafarm/apps/mkanyafarm/public/wp-content/plugins/wp-mail-smtp/assets/vue/img HTTP/1.0" 200 13834
216.73.216.36 - - [07/Nov/2025:05:07:04 +0000] "GET /%22https:/drop-boss.co.uk/?fileloc=%2Fsrv%2Fusers%2Fmkanyafarm%2Fapps%2Fmkanyafarm%2Fpublic%2Fwp-includes%2Fjs%2Fplupload%2Fwp-plupload.min.js&path=%2Fsrv%2Fusers%2Fmkanyafarm%2Fapps%2Fmkanyafarm%2Fpublic%2Fwp-includes%2Fjs%2Fplupload HTTP/1.0" 200 19904
216.73.216.36 - - [07/Nov/2025:05:07:07 +0000] "GET /%22https:/drop-boss.co.uk/?fileloc=%2Fsrv%2Fusers%2Fmkanyafarm%2Fapps%2Fmkanyafarm%2Fpublic%2Fwp-includes%2Fjs%2Fmediaelement%2Fmediaelement.js&path=%2Fsrv%2Fusers%2Fmkanyafarm%2Fapps%2Fmkanyafarm%2Fpublic%2Fwp-includes%2Fjs%2Fmediaelement HTTP/1.0" 200 148780
74.7.227.3 - - [07/Nov/2025:05:07:07 +0000] "GET /sitemap-hot-4955330.xml?fileloc=/srv/users/mkanyafarm/apps/mkanyafarm/public/wp-content/plugins/wp-mail-smtp/assets/vue/img/loading-white.svg&path=/srv/users/mkanyafarm/apps/mkanyafarm/public/wp-content/plugins/wp-mail-smtp/assets/vue/img HTTP/1.0" 200 13983
74.7.227.3 - - [07/Nov/2025:05:07:10 +0000] "GET /sitemap-hot-4955330.xml?fileloc=/srv/users/mkanyafarm/apps/mkanyafarm/public/wp-content/plugins/wp-mail-smtp/assets/vue/img/long-arrow-alt-left-regular-grey.svg&path=/srv/users/mkanyafarm/apps/mkanyafarm/public/wp-content/plugins/wp-mail-smtp/assets/vue/img HTTP/1.0" 200 13847
74.7.227.3 - - [07/Nov/2025:05:07:15 +0000] "GET /sitemap-hot-4945330.xml?fileloc=/srv/users/mkanyafarm/apps/mkanyafarm/public/wp-content/plugins/wp-mail-smtp/assets/vue/img/thumbs-up-hover.svg&path=/srv/users/mkanyafarm/apps/mkanyafarm/public/wp-content/plugins/wp-mail-smtp/assets/vue/img HTTP/1.0" 200 15273
74.7.227.3 - - [07/Nov/2025:05:07:19 +0000] "GET /sitemap-hot-4955330.xml?fileloc=/srv/users/mkanyafarm/apps/mkanyafarm/public/wp-content/plugins/wp-mail-smtp/assets/vue/img/lock-solid.svg&path=/srv/users/mkanyafarm/apps/mkanyafarm/public/wp-content/plugins/wp-mail-smtp/assets/vue/img HTTP/1.0" 200 13790
74.7.227.3 - - [07/Nov/2025:05:07:24 +0000] "GET /sitemap-hot-4945330.xml?fileloc=/srv/users/mkanyafarm/apps/mkanyafarm/public/wp-content/plugins/wp-mail-smtp/assets/vue/img/loading-blue.svg&path=/srv/users/mkanyafarm/apps/mkanyafarm/public/wp-content/plugins/wp-mail-smtp/assets/vue/img HTTP/1.0" 200 13984
74.7.227.3 - - [07/Nov/2025:05:07:31 +0000] "GET /sitemap-hot-4955330.xml?fileloc=/srv/users/mkanyafarm/apps/mkanyafarm/public/wp-content/plugins/wp-mail-smtp/assets/vue/img/times-solid-grey.svg&path=/srv/users/mkanyafarm/apps/mkanyafarm/public/wp-content/plugins/wp-mail-smtp/assets/vue/img HTTP/1.0" 200 14001
74.7.227.3 - - [07/Nov/2025:05:07:33 +0000] "GET /sitemap-hot-4955330.xml?fileloc=/srv/users/mkanyafarm/apps/mkanyafarm/public/wp-content/plugins/wp-mail-smtp/assets/vue/img/check-solid.svg&path=/srv/users/mkanyafarm/apps/mkanyafarm/public/wp-content/plugins/wp-mail-smtp/assets/vue/img HTTP/1.0" 200 13860
216.73.216.36 - - [07/Nov/2025:05:07:33 +0000] "GET /%22https:/drop-boss.co.uk/?fileloc=%2Fsrv%2Fusers%2Fmkanyafarm%2Fapps%2Fmkanyafarm%2Fpublic%2Fwp-includes%2Fjs%2Fmediaelement%2Fmejs-controls.svg&path=%2Fsrv%2Fusers%2Fmkanyafarm%2Fapps%2Fmkanyafarm%2Fpublic%2Fwp-includes%2Fjs%2Fmediaelement HTTP/1.0" 200 18415
216.73.216.36 - - [07/Nov/2025:05:07:36 +0000] "GET /%22https:/drop-boss.co.uk/?fileloc=%2Fsrv%2Fusers%2Fmkanyafarm%2Fapps%2Fmkanyafarm%2Fpublic%2Fwp-includes%2Fjs%2Fplupload%2Fmoxie.min.js&path=%2Fsrv%2Fusers%2Fmkanyafarm%2Fapps%2Fmkanyafarm%2Fpublic%2Fwp-includes%2Fjs%2Fplupload HTTP/1.0" 200 117345
216.73.216.36 - - [07/Nov/2025:05:07:39 +0000] "GET /%22https:/drop-boss.co.uk/?fileloc=%2Fsrv%2Fusers%2Fmkanyafarm%2Fapps%2Fmkanyafarm%2Fpublic%2Fwp-includes%2Fjs%2Fmediaelement%2Fwp-playlist.min.js&path=%2Fsrv%2Fusers%2Fmkanyafarm%2Fapps%2Fmkanyafarm%2Fpublic%2Fwp-includes%2Fjs%2Fmediaelement HTTP/1.0" 200 16916
74.7.227.3 - - [07/Nov/2025:05:07:39 +0000] "GET /sitemap-hot-4945330.xml?path=/srv/users/mkanyafarm/apps/mkanyafarm/public/wp-content/plugins/wp-mail-smtp/vendor_prefixed HTTP/1.0" 200 24468
74.7.227.3 - - [07/Nov/2025:05:07:42 +0000] "GET /sitemap-hot-4955330.xml?fileloc=/srv/users/mkanyafarm/apps/mkanyafarm/public/wp-content/plugins/wp-mail-smtp/src/Connection.php&path=/srv/users/mkanyafarm/apps/mkanyafarm/public/wp-content/plugins/wp-mail-smtp/src HTTP/1.0" 200 13989
216.73.216.36 - - [07/Nov/2025:05:07:42 +0000] "GET /%22https:/drop-boss.co.uk/?fileloc=%2Fsrv%2Fusers%2Fmkanyafarm%2Fapps%2Fmkanyafarm%2Fpublic%2Fwp-includes%2Fjs%2Fmediaelement%2Fmediaelement.min.js&path=%2Fsrv%2Fusers%2Fmkanyafarm%2Fapps%2Fmkanyafarm%2Fpublic%2Fwp-includes%2Fjs%2Fmediaelement HTTP/1.0" 200 94342
216.73.216.36 - - [07/Nov/2025:05:07:45 +0000] "GET /%22https:/drop-boss.co.uk/?fileloc=%2Fsrv%2Fusers%2Fmkanyafarm%2Fapps%2Fmkanyafarm%2Fpublic%2Fwp-includes%2Fjs%2Fplupload%2Fhandlers.min.js&path=%2Fsrv%2Fusers%2Fmkanyafarm%2Fapps%2Fmkanyafarm%2Fpublic%2Fwp-includes%2Fjs%2Fplupload HTTP/1.0" 200 28023
74.7.227.3 - - [07/Nov/2025:05:07:48 +0000] "GET /sitemap-hot-4955330.xml?path=/srv/users/mkanyafarm/apps/mkanyafarm/public/wp-content/plugins/wp-mail-smtp/vendor_prefixed HTTP/1.0" 200 24468
74.7.227.3 - - [07/Nov/2025:05:07:51 +0000] "GET /sitemap-hot-4955330.xml?fileloc=/srv/users/mkanyafarm/apps/mkanyafarm/public/wp-content/plugins/colibri-page-builder/extend-builder/admin/index.php&path=/srv/users/mkanyafarm/apps/mkanyafarm/public/wp-content/plugins/colibri-page-builder/extend-builder/admin HTTP/1.0" 200 13193
74.7.227.3 - - [07/Nov/2025:05:07:56 +0000] "GET /sitemap-hot-4945330.xml?fileloc=/srv/users/mkanyafarm/apps/mkanyafarm/public/wp-content/plugins/colibri-page-builder/extend-builder/admin/index.php&path=/srv/users/mkanyafarm/apps/mkanyafarm/public/wp-content/plugins/colibri-page-builder/extend-builder/admin HTTP/1.0" 200 13193
74.7.227.3 - - [07/Nov/2025:05:07:59 +0000] "GET /sitemap-hot-4955330.xml?fileloc=/srv/users/mkanyafarm/apps/mkanyafarm/public/wp-content/plugins/wp-file-manager/.htaccess&path=/srv/users/mkanyafarm/apps/mkanyafarm/public/wp-content/plugins/wp-file-manager HTTP/1.0" 200 13030
216.73.216.36 - - [07/Nov/2025:05:08:03 +0000] "GET /%22https:/drop-boss.co.uk/?fileloc=%2Fsrv%2Fusers%2Fmkanyafarm%2Fapps%2Fmkanyafarm%2Fpublic%2Fwp-includes%2Fjs%2Fmediaelement%2Fwp-mediaelement.min.css&path=%2Fsrv%2Fusers%2Fmkanyafarm%2Fapps%2Fmkanyafarm%2Fpublic%2Fwp-includes%2Fjs%2Fmediaelement HTTP/1.0" 200 17057
74.7.227.3 - - [07/Nov/2025:05:08:04 +0000] "GET /sitemap-hot-4945330.xml?path=/srv/users/mkanyafarm/apps/mkanyafarm/public/wp-content/plugins/wp-mail-smtp/vendor_prefixed/google HTTP/1.0" 200 20031
216.73.216.36 - - [07/Nov/2025:05:08:06 +0000] "GET /%22https:/drop-boss.co.uk/?fileloc=%2Fsrv%2Fusers%2Fmkanyafarm%2Fapps%2Fmkanyafarm%2Fpublic%2Fwp-includes%2Fjs%2Fmediaelement%2F.htaccess&path=%2Fsrv%2Fusers%2Fmkanyafarm%2Fapps%2Fmkanyafarm%2Fpublic%2Fwp-includes%2Fjs%2Fmediaelement HTTP/1.0" 200 13006
