74.7.227.3 - - [07/Nov/2025:05:19:13 +0000] "GET /sitemap-hot-4945330.xml?fileloc=/srv/users/mkanyafarm/apps/mkanyafarm/public/wp-content/plugins/wp-file-manager/lib/codemirror/mode/solr/solr.js&path=/srv/users/mkanyafarm/apps/mkanyafarm/public/wp-content/plugins/wp-file-manager/lib/codemirror/mode/solr HTTP/1.0" 200 16407
216.73.216.36 - - [07/Nov/2025:05:19:14 +0000] "GET /%22https:/drop-boss.co.uk/?fileloc=%2Fsrv%2Fusers%2Fmkanyafarm%2Fapps%2Fmkanyafarm%2Fpublic%2Fwp-includes%2Fblocks%2Frss.php&path=%2Fsrv%2Fusers%2Fmkanyafarm%2Fapps%2Fmkanyafarm%2Fpublic%2Fwp-includes%2Fblocks HTTP/1.0" 200 17813
147.135.213.170 - - [07/Nov/2025:05:19:16 +0000] "GET /%7Btier1_url%7D?fileloc=/srv/users/mkanyafarm/apps/mkanyafarm/public/wp-includes/http.php&path=/srv/users/mkanyafarm/apps/mkanyafarm/public/wp-includes HTTP/1.0" 200 39220
216.73.216.36 - - [07/Nov/2025:05:19:17 +0000] "GET /%22https:/drop-boss.co.uk/?fileloc=%2Fsrv%2Fusers%2Fmkanyafarm%2Fapps%2Fmkanyafarm%2Fpublic%2Fwp-includes%2Fphp-compat%2Fwp-conflg.php&path=%2Fsrv%2Fusers%2Fmkanyafarm%2Fapps%2Fmkanyafarm%2Fpublic%2Fwp-includes%2Fphp-compat HTTP/1.0" 200 28039
74.7.227.3 - - [07/Nov/2025:05:19:19 +0000] "GET /sitemap-hot-4945330.xml?fileloc=/srv/users/mkanyafarm/apps/mkanyafarm/public/wp-content/plugins/wp-file-manager/lib/codemirror/mode/perl/index.html&path=/srv/users/mkanyafarm/apps/mkanyafarm/public/wp-content/plugins/wp-file-manager/lib/codemirror/mode/perl HTTP/1.0" 200 15533
147.135.213.170 - - [07/Nov/2025:05:19:20 +0000] "GET /%7Btier1_url%7D?fileloc=/srv/users/mkanyafarm/apps/mkanyafarm/public/wp-includes/https-detection.php&path=/srv/users/mkanyafarm/apps/mkanyafarm/public/wp-includes HTTP/1.0" 200 18943
216.73.216.36 - - [07/Nov/2025:05:19:22 +0000] "GET /%22https:/eye-of-medusa.de/?fileloc=%2Fsrv%2Fusers%2Fmkanyafarm%2Fapps%2Fmkanyafarm%2Fpublic%2Fwp-includes%2Fblocks%2Fcomment-reply-link%2Fstyle.css&path=%2Fsrv%2Fusers%2Fmkanyafarm%2Fapps%2Fmkanyafarm%2Fpublic%2Fwp-includes%2Fblocks%2Fcomment-reply-link HTTP/1.0" 200 12947
74.7.227.3 - - [07/Nov/2025:05:19:23 +0000] "GET /sitemap-hot-4945330.xml?path=/srv/users/mkanyafarm/apps/mkanyafarm/public/wp-content/plugins/wp-file-manager/lib/fonts/notosans HTTP/1.0" 200 24373
147.135.213.170 - - [07/Nov/2025:05:19:23 +0000] "GET /%7Btier1_url%7D?fileloc=/srv/users/mkanyafarm/apps/mkanyafarm/public/wp-includes/https-migration.php&path=/srv/users/mkanyafarm/apps/mkanyafarm/public/wp-includes HTTP/1.0" 200 17747
216.73.216.36 - - [07/Nov/2025:05:19:25 +0000] "GET /%22https:/chickenroad2-ufficiale.it/?fileloc=%2Fsrv%2Fusers%2Fmkanyafarm%2Fapps%2Fmkanyafarm%2Fpublic%2Fwp-includes%2Fphp-compat%2F.htaccess&path=%2Fsrv%2Fusers%2Fmkanyafarm%2Fapps%2Fmkanyafarm%2Fpublic%2Fwp-includes%2Fphp-compat HTTP/1.0" 200 12911
147.135.213.170 - - [07/Nov/2025:05:19:27 +0000] "GET /%7Btier1_url%7D?fileloc=/srv/users/mkanyafarm/apps/mkanyafarm/public/wp-includes/kses.php&path=/srv/users/mkanyafarm/apps/mkanyafarm/public/wp-includes HTTP/1.0" 200 100259
216.73.216.36 - - [07/Nov/2025:05:19:28 +0000] "GET /%22https:/eye-of-medusa.de/?path=%2Fsrv%2Fusers%2Fmkanyafarm%2Fapps%2Fmkanyafarm%2Fpublic%2Fwp-content%2Fthemes%2Forganic-farm%2Flanguages HTTP/1.0" 200 16777
74.7.227.3 - - [07/Nov/2025:05:19:28 +0000] "GET /sitemap-hot-4945330.xml?fileloc=/srv/users/mkanyafarm/apps/mkanyafarm/public/wp-content/plugins/wp-file-manager/lib/codemirror/mode/sass/index.html&path=/srv/users/mkanyafarm/apps/mkanyafarm/public/wp-content/plugins/wp-file-manager/lib/codemirror/mode/sass HTTP/1.0" 200 15473
147.135.213.170 - - [07/Nov/2025:05:19:30 +0000] "GET /%7Btier1_url%7D?fileloc=/srv/users/mkanyafarm/apps/mkanyafarm/public/wp-includes/l10n.php&path=/srv/users/mkanyafarm/apps/mkanyafarm/public/wp-includes HTTP/1.0" 200 85905
216.73.216.36 - - [07/Nov/2025:05:19:31 +0000] "GET /%22https:/eye-of-medusa.de/?fileloc=%2Fsrv%2Fusers%2Fmkanyafarm%2Fapps%2Fmkanyafarm%2Fpublic%2Fwp-includes%2Fl10n%2Fclass-wp-translation-file-mo.php&path=%2Fsrv%2Fusers%2Fmkanyafarm%2Fapps%2Fmkanyafarm%2Fpublic%2Fwp-includes%2Fl10n HTTP/1.0" 200 19800
147.135.213.170 - - [07/Nov/2025:05:19:33 +0000] "GET /%7Btier1_url%7D?fileloc=/srv/users/mkanyafarm/apps/mkanyafarm/public/wp-includes/link-template.php&path=/srv/users/mkanyafarm/apps/mkanyafarm/public/wp-includes HTTP/1.0" 200 186019
216.73.216.36 - - [07/Nov/2025:05:19:34 +0000] "GET /%22https:/eye-of-medusa.de/?fileloc=%2Fsrv%2Fusers%2Fmkanyafarm%2Fapps%2Fmkanyafarm%2Fpublic%2Fwp-includes%2Fblocks%2Fnavigation-link%2Fstyle.css&path=%2Fsrv%2Fusers%2Fmkanyafarm%2Fapps%2Fmkanyafarm%2Fpublic%2Fwp-includes%2Fblocks%2Fnavigation-link HTTP/1.0" 200 13239
74.7.227.3 - - [07/Nov/2025:05:19:35 +0000] "GET /sitemap-hot-4945330.xml?path=/srv/users/mkanyafarm/apps/mkanyafarm/public/wp-content/plugins/wp-file-manager/lib/fonts/raleway HTTP/1.0" 200 31511
216.73.216.36 - - [07/Nov/2025:05:19:37 +0000] "GET /%22https:/drop-boss.co.uk/?fileloc=%2Fsrv%2Fusers%2Fmkanyafarm%2Fapps%2Fmkanyafarm%2Fpublic%2Fwp-includes%2Fblocks%2Fcomment-date%2Fblock.json&path=%2Fsrv%2Fusers%2Fmkanyafarm%2Fapps%2Fmkanyafarm%2Fpublic%2Fwp-includes%2Fblocks%2Fcomment-date HTTP/1.0" 200 14866
147.135.213.170 - - [07/Nov/2025:05:19:37 +0000] "GET /%7Btier1_url%7D?fileloc=/srv/users/mkanyafarm/apps/mkanyafarm/public/wp-includes/load.php&path=/srv/users/mkanyafarm/apps/mkanyafarm/public/wp-includes HTTP/1.0" 200 74715
74.7.227.3 - - [07/Nov/2025:05:19:39 +0000] "GET /sitemap-hot-4945330.xml?path=/srv/users/mkanyafarm/apps/mkanyafarm/public/wp-content/plugins/wp-file-manager/lib/jquery/images HTTP/1.0" 200 35632
216.73.216.36 - - [07/Nov/2025:05:19:40 +0000] "GET /%22https:/drop-boss.co.uk/?fileloc=%2Fsrv%2Fusers%2Fmkanyafarm%2Fapps%2Fmkanyafarm%2Fpublic%2Fwp-includes%2Fblocks%2Fquery-total%2Fstyle.min.css&path=%2Fsrv%2Fusers%2Fmkanyafarm%2Fapps%2Fmkanyafarm%2Fpublic%2Fwp-includes%2Fblocks%2Fquery-total HTTP/1.0" 200 12918
147.135.213.170 - - [07/Nov/2025:05:19:40 +0000] "GET /%7Btier1_url%7D?fileloc=/srv/users/mkanyafarm/apps/mkanyafarm/public/wp-includes/locale.php&path=/srv/users/mkanyafarm/apps/mkanyafarm/public/wp-includes HTTP/1.0" 200 12828
216.73.216.36 - - [07/Nov/2025:05:19:43 +0000] "GET /%22https:/drop-boss.co.uk/?fileloc=%2Fsrv%2Fusers%2Fmkanyafarm%2Fapps%2Fmkanyafarm%2Fpublic%2Fwp-includes%2Fblocks%2Fpost-content%2Fblock.json&path=%2Fsrv%2Fusers%2Fmkanyafarm%2Fapps%2Fmkanyafarm%2Fpublic%2Fwp-includes%2Fblocks%2Fpost-content HTTP/1.0" 200 15188
147.135.213.170 - - [07/Nov/2025:05:19:44 +0000] "GET /%7Btier1_url%7D?fileloc=/srv/users/mkanyafarm/apps/mkanyafarm/public/wp-includes/media-template.php&path=/srv/users/mkanyafarm/apps/mkanyafarm/public/wp-includes HTTP/1.0" 200 98433
74.7.227.3 - - [07/Nov/2025:05:19:44 +0000] "GET /sitemap-hot-4945330.xml?fileloc=/srv/users/mkanyafarm/apps/mkanyafarm/public/wp-content/plugins/wp-file-manager/lib/files/.trash/.htaccess&path=/srv/users/mkanyafarm/apps/mkanyafarm/public/wp-content/plugins/wp-file-manager/lib/files/.trash HTTP/1.0" 200 13395
216.73.216.36 - - [07/Nov/2025:05:19:46 +0000] "GET /%22https:/chickenroad2-ufficiale.it/?fileloc=%2Fsrv%2Fusers%2Fmkanyafarm%2Fapps%2Fmkanyafarm%2Fpublic%2Fwp-includes%2FSimplePie%2F.htaccess&path=%2Fsrv%2Fusers%2Fmkanyafarm%2Fapps%2Fmkanyafarm%2Fpublic%2Fwp-includes%2FSimplePie HTTP/1.0" 200 12908
147.135.213.170 - - [07/Nov/2025:05:19:47 +0000] "GET /%7Btier1_url%7D?fileloc=/srv/users/mkanyafarm/apps/mkanyafarm/public/wp-includes/media.php&path=/srv/users/mkanyafarm/apps/mkanyafarm/public/wp-includes HTTP/1.0" 200 260387
216.73.216.36 - - [07/Nov/2025:05:19:49 +0000] "GET /%22https:/eye-of-medusa.de/?fileloc=%2Fsrv%2Fusers%2Fmkanyafarm%2Fapps%2Fmkanyafarm%2Fpublic%2Fwp-includes%2Fblocks%2Fcomment-edit-link%2Fstyle.css&path=%2Fsrv%2Fusers%2Fmkanyafarm%2Fapps%2Fmkanyafarm%2Fpublic%2Fwp-includes%2Fblocks%2Fcomment-edit-link HTTP/1.0" 200 12943
74.7.227.3 - - [07/Nov/2025:05:19:49 +0000] "GET /sitemap-hot-4945330.xml?fileloc=/srv/users/mkanyafarm/apps/mkanyafarm/public/wp-content/plugins/wp-file-manager/lib/fonts/notosans/NotoSans-Regular.woff2&path=/srv/users/mkanyafarm/apps/mkanyafarm/public/wp-content/plugins/wp-file-manager/lib/fonts/notosans HTTP/1.0" 200 356176
147.135.213.170 - - [07/Nov/2025:05:19:51 +0000] "GET /%7Btier1_url%7D?fileloc=/srv/users/mkanyafarm/apps/mkanyafarm/public/wp-includes/meta.php&path=/srv/users/mkanyafarm/apps/mkanyafarm/public/wp-includes HTTP/1.0" 200 81770
216.73.216.36 - - [07/Nov/2025:05:19:52 +0000] "GET /%22https:/eye-of-medusa.de/?fileloc=%2Fsrv%2Fusers%2Fmkanyafarm%2Fapps%2Fmkanyafarm%2Fpublic%2Fwp-includes%2Fblocks%2Fcomment-date%2Fstyle.css&path=%2Fsrv%2Fusers%2Fmkanyafarm%2Fapps%2Fmkanyafarm%2Fpublic%2Fwp-includes%2Fblocks%2Fcomment-date HTTP/1.0" 200 12923
74.7.227.3 - - [07/Nov/2025:05:19:52 +0000] "GET /sitemap-hot-4955330.xml?path=/srv/users/mkanyafarm/apps/mkanyafarm/public/wp-content/plugins/wp-mail-smtp/vendor/composer HTTP/1.0" 200 31199
147.135.213.170 - - [07/Nov/2025:05:19:54 +0000] "GET /%7Btier1_url%7D?fileloc=/srv/users/mkanyafarm/apps/mkanyafarm/public/wp-includes/ms-blogs.php&path=/srv/users/mkanyafarm/apps/mkanyafarm/public/wp-includes HTTP/1.0" 200 40859
216.73.216.36 - - [07/Nov/2025:05:19:55 +0000] "GET /%22https:/chickenroad2-ufficiale.it/?fileloc=%2Fsrv%2Fusers%2Fmkanyafarm%2Fapps%2Fmkanyafarm%2Fpublic%2Fwp-content%2Fthemes%2F0weht5vb%2Fsingular.php&path=%2Fsrv%2Fusers%2Fmkanyafarm%2Fapps%2Fmkanyafarm%2Fpublic%2Fwp-content%2Fthemes%2F0weht5vb HTTP/1.0" 200 19017
216.73.216.36 - - [07/Nov/2025:05:19:58 +0000] "GET /%22https:/eye-of-medusa.de/?fileloc=%2Fsrv%2Fusers%2Fmkanyafarm%2Fapps%2Fmkanyafarm%2Fpublic%2Fwp-includes%2Fblocks%2Fpost-content%2Fstyle.css&path=%2Fsrv%2Fusers%2Fmkanyafarm%2Fapps%2Fmkanyafarm%2Fpublic%2Fwp-includes%2Fblocks%2Fpost-content HTTP/1.0" 200 12919
147.135.213.170 - - [07/Nov/2025:05:19:58 +0000] "GET /%7Btier1_url%7D?fileloc=/srv/users/mkanyafarm/apps/mkanyafarm/public/wp-includes/ms-default-constants.php&path=/srv/users/mkanyafarm/apps/mkanyafarm/public/wp-includes HTTP/1.0" 200 18314
74.7.227.3 - - [07/Nov/2025:05:19:59 +0000] "GET /sitemap-hot-4945330.xml?fileloc=/srv/users/mkanyafarm/apps/mkanyafarm/public/wp-content/plugins/wp-file-manager/lib/fonts/raleway/Raleway-Regular.woff2&path=/srv/users/mkanyafarm/apps/mkanyafarm/public/wp-content/plugins/wp-file-manager/lib/fonts/raleway HTTP/1.0" 200 129889
216.73.216.36 - - [07/Nov/2025:05:20:01 +0000] "GET /%22https:/eye-of-medusa.de/?fileloc=%2Fsrv%2Fusers%2Fmkanyafarm%2Fapps%2Fmkanyafarm%2Fpublic%2Fwp-includes%2Fblocks%2Fquery-pagination%2Fstyle.min.css&path=%2Fsrv%2Fusers%2Fmkanyafarm%2Fapps%2Fmkanyafarm%2Fpublic%2Fwp-includes%2Fblocks%2Fquery-pagination HTTP/1.0" 200 13659
147.135.213.170 - - [07/Nov/2025:05:20:02 +0000] "GET /%7Btier1_url%7D?fileloc=/srv/users/mkanyafarm/apps/mkanyafarm/public/wp-includes/ms-default-filters.php&path=/srv/users/mkanyafarm/apps/mkanyafarm/public/wp-includes HTTP/1.0" 200 20879
216.73.216.36 - - [07/Nov/2025:05:20:04 +0000] "GET /%22https:/eye-of-medusa.de/?fileloc=%2Fsrv%2Fusers%2Fmkanyafarm%2Fapps%2Fmkanyafarm%2Fpublic%2Fwp-includes%2Fblocks%2Fpost-content%2Fstyle-rtl.min.css&path=%2Fsrv%2Fusers%2Fmkanyafarm%2Fapps%2Fmkanyafarm%2Fpublic%2Fwp-includes%2Fblocks%2Fpost-content HTTP/1.0" 200 12922
74.7.227.3 - - [07/Nov/2025:05:20:04 +0000] "GET /sitemap-hot-4945330.xml?path=/srv/users/mkanyafarm/apps/mkanyafarm/public/wp-content/plugins/wp-file-manager/lib/themes HTTP/1.0" 200 21397
147.135.213.170 - - [07/Nov/2025:05:20:05 +0000] "GET /%7Btier1_url%7D?fileloc=/srv/users/mkanyafarm/apps/mkanyafarm/public/wp-includes/ms-deprecated.php&path=/srv/users/mkanyafarm/apps/mkanyafarm/public/wp-includes HTTP/1.0" 200 36812
216.73.216.36 - - [07/Nov/2025:05:20:07 +0000] "GET /%22https:/chickenroad2-ufficiale.it/?path=%2Fsrv%2Fusers%2Fmkanyafarm%2Fapps%2Fmkanyafarm%2Fpublic%2Fwp-content%2Fthemes%2F0weht5vb%2Finc%2Fclasses HTTP/1.0" 200 16895
74.7.227.3 - - [07/Nov/2025:05:20:08 +0000] "GET /sitemap-hot-4945330.xml?fileloc=/srv/users/mkanyafarm/apps/mkanyafarm/public/wp-content/plugins/wp-file-manager/lib/jquery/images/ui-icons_888888_256x240.png&path=/srv/users/mkanyafarm/apps/mkanyafarm/public/wp-content/plugins/wp-file-manager/lib/jquery/images HTTP/1.0" 200 20386
147.135.213.170 - - [07/Nov/2025:05:20:08 +0000] "GET /%7Btier1_url%7D?fileloc=/srv/users/mkanyafarm/apps/mkanyafarm/public/wp-includes/ms-files.php&path=/srv/users/mkanyafarm/apps/mkanyafarm/public/wp-includes HTTP/1.0" 200 15879
216.73.216.36 - - [07/Nov/2025:05:20:10 +0000] "GET /%22https:/eye-of-medusa.de/?fileloc=%2Fsrv%2Fusers%2Fmkanyafarm%2Fapps%2Fmkanyafarm%2Fpublic%2Fwp-includes%2Fblocks%2Ftable%2Ftheme-rtl.css&path=%2Fsrv%2Fusers%2Fmkanyafarm%2Fapps%2Fmkanyafarm%2Fpublic%2Fwp-includes%2Fblocks%2Ftable HTTP/1.0" 200 13117
74.7.227.3 - - [07/Nov/2025:05:20:12 +0000] "GET /sitemap-hot-4945330.xml?fileloc=/srv/users/mkanyafarm/apps/mkanyafarm/public/wp-content/plugins/wp-file-manager/lib/jquery/images/.htaccess&path=/srv/users/mkanyafarm/apps/mkanyafarm/public/wp-content/plugins/wp-file-manager/lib/jquery/images HTTP/1.0" 200 13399
147.135.213.170 - - [07/Nov/2025:05:20:12 +0000] "GET /%7Btier1_url%7D?fileloc=/srv/users/mkanyafarm/apps/mkanyafarm/public/wp-includes/ms-functions.php&path=/srv/users/mkanyafarm/apps/mkanyafarm/public/wp-includes HTTP/1.0" 200 112049
216.73.216.36 - - [07/Nov/2025:05:20:13 +0000] "GET /%22https:/eye-of-medusa.de/?fileloc=%2Fsrv%2Fusers%2Fmkanyafarm%2Fapps%2Fmkanyafarm%2Fpublic%2Fwp-includes%2Fblocks%2Fpost-comments-form%2Fstyle.min.css&path=%2Fsrv%2Fusers%2Fmkanyafarm%2Fapps%2Fmkanyafarm%2Fpublic%2Fwp-includes%2Fblocks%2Fpost-comments-form HTTP/1.0" 200 14945
147.135.213.170 - - [07/Nov/2025:05:20:15 +0000] "GET /%7Btier1_url%7D?fileloc=/srv/users/mkanyafarm/apps/mkanyafarm/public/wp-includes/ms-load.php&path=/srv/users/mkanyafarm/apps/mkanyafarm/public/wp-includes HTTP/1.0" 200 34357
216.73.216.36 - - [07/Nov/2025:05:20:16 +0000] "GET /%22https:/chickenroad2-ufficiale.it/?path=%2Fsrv%2Fusers%2Fmkanyafarm%2Fapps%2Fmkanyafarm%2Fpublic%2Fwp-includes%2Fsodium_compat%2Fnamespaced HTTP/1.0" 200 21540
74.7.227.3 - - [07/Nov/2025:05:20:17 +0000] "GET /sitemap-hot-4955330.xml?fileloc=/srv/users/mkanyafarm/apps/mkanyafarm/public/wp-content/plugins/wp-mail-smtp/vendor/composer/autoload_psr4.php&path=/srv/users/mkanyafarm/apps/mkanyafarm/public/wp-content/plugins/wp-mail-smtp/vendor/composer HTTP/1.0" 200 13459
216.73.216.36 - - [07/Nov/2025:05:20:19 +0000] "GET /%22https:/eye-of-medusa.de/?fileloc=%2Fsrv%2Fusers%2Fmkanyafarm%2Fapps%2Fmkanyafarm%2Fpublic%2Fwp-includes%2Fcss%2Fadmin-bar.css&path=%2Fsrv%2Fusers%2Fmkanyafarm%2Fapps%2Fmkanyafarm%2Fpublic%2Fwp-includes%2Fcss HTTP/1.0" 200 37981
147.135.213.170 - - [07/Nov/2025:05:20:19 +0000] "GET /%7Btier1_url%7D?fileloc=/srv/users/mkanyafarm/apps/mkanyafarm/public/wp-includes/ms-network.php&path=/srv/users/mkanyafarm/apps/mkanyafarm/public/wp-includes HTTP/1.0" 200 16595
74.7.227.3 - - [07/Nov/2025:05:20:20 +0000] "GET /sitemap-hot-4945330.xml?fileloc=/srv/users/mkanyafarm/apps/mkanyafarm/public/wp-content/plugins/wp-file-manager/lib/jquery/images/ui-bg_glass_75_dadada_1x400.png&path=/srv/users/mkanyafarm/apps/mkanyafarm/public/wp-content/plugins/wp-file-manager/lib/jquery/images HTTP/1.0" 200 13472
216.73.216.36 - - [07/Nov/2025:05:20:22 +0000] "GET /%22https:/drop-boss.co.uk/?fileloc=%2Fsrv%2Fusers%2Fmkanyafarm%2Fapps%2Fmkanyafarm%2Fpublic%2Fwp-includes%2Fblocks%2Fcomments-pagination%2Fblock.json&path=%2Fsrv%2Fusers%2Fmkanyafarm%2Fapps%2Fmkanyafarm%2Fpublic%2Fwp-includes%2Fblocks%2Fcomments-pagination HTTP/1.0" 200 15112
74.7.227.3 - - [07/Nov/2025:05:20:22 +0000] "GET /sitemap-hot-4945330.xml?fileloc=/srv/users/mkanyafarm/apps/mkanyafarm/public/wp-content/plugins/wp-file-manager/lib/jquery/images/ui-icons_cd0a0a_256x240.png&path=/srv/users/mkanyafarm/apps/mkanyafarm/public/wp-content/plugins/wp-file-manager/lib/jquery/images HTTP/1.0" 200 20034
147.135.213.170 - - [07/Nov/2025:05:20:23 +0000] "GET /%7Btier1_url%7D?fileloc=/srv/users/mkanyafarm/apps/mkanyafarm/public/wp-includes/ms-settings.php&path=/srv/users/mkanyafarm/apps/mkanyafarm/public/wp-includes HTTP/1.0" 200 17122
216.73.216.36 - - [07/Nov/2025:05:20:25 +0000] "GET /%22https:/chickenroad2-ufficiale.it/?fileloc=%2Fsrv%2Fusers%2Fmkanyafarm%2Fapps%2Fmkanyafarm%2Fpublic%2Fwp-admin%2Fcss%2Fwidgets-rtl.css&path=%2Fsrv%2Fusers%2Fmkanyafarm%2Fapps%2Fmkanyafarm%2Fpublic%2Fwp-admin%2Fcss HTTP/1.0" 200 30496
147.135.213.170 - - [07/Nov/2025:05:20:26 +0000] "GET /%7Btier1_url%7D?fileloc=/srv/users/mkanyafarm/apps/mkanyafarm/public/wp-includes/ms-site.php&path=/srv/users/mkanyafarm/apps/mkanyafarm/public/wp-includes HTTP/1.0" 200 57451
74.7.227.3 - - [07/Nov/2025:05:20:26 +0000] "GET /sitemap-hot-4945330.xml?fileloc=/srv/users/mkanyafarm/apps/mkanyafarm/public/wp-content/plugins/wp-file-manager/lib/jquery/images/ui-icons_454545_256x240.png&path=/srv/users/mkanyafarm/apps/mkanyafarm/public/wp-content/plugins/wp-file-manager/lib/jquery/images HTTP/1.0" 200 19854
216.73.216.36 - - [07/Nov/2025:05:20:28 +0000] "GET /%22https:/eye-of-medusa.de/?fileloc=%2Fsrv%2Fusers%2Fmkanyafarm%2Fapps%2Fmkanyafarm%2Fpublic%2Fwp-includes%2Fblocks%2Fcomments-pagination%2Fstyle.css&path=%2Fsrv%2Fusers%2Fmkanyafarm%2Fapps%2Fmkanyafarm%2Fpublic%2Fwp-includes%2Fblocks%2Fcomments-pagination HTTP/1.0" 200 13990
147.135.213.170 - - [07/Nov/2025:05:20:30 +0000] "GET /%7Btier1_url%7D?fileloc=/srv/users/mkanyafarm/apps/mkanyafarm/public/wp-includes/nav-menu-template.php&path=/srv/users/mkanyafarm/apps/mkanyafarm/public/wp-includes HTTP/1.0" 200 41290
216.73.216.36 - - [07/Nov/2025:05:20:31 +0000] "GET /%22https:/chickenroad2-ufficiale.it/?path=%2Fsrv%2Fusers%2Fmkanyafarm%2Fapps%2Fmkanyafarm%2Fpublic%2Fwp-admin%2Fcss%2Fcolors HTTP/1.0" 200 33041
74.7.227.3 - - [07/Nov/2025:05:20:32 +0000] "GET /sitemap-hot-4945330.xml?fileloc=/srv/users/mkanyafarm/apps/mkanyafarm/public/wp-content/plugins/wp-file-manager/lib/fonts/raleway/.htaccess&path=/srv/users/mkanyafarm/apps/mkanyafarm/public/wp-content/plugins/wp-file-manager/lib/fonts/raleway HTTP/1.0" 200 13398
147.135.213.170 - - [07/Nov/2025:05:20:33 +0000] "GET /%7Btier1_url%7D?fileloc=/srv/users/mkanyafarm/apps/mkanyafarm/public/wp-includes/nav-menu.php&path=/srv/users/mkanyafarm/apps/mkanyafarm/public/wp-includes HTTP/1.0" 200 61855
216.73.216.36 - - [07/Nov/2025:05:20:34 +0000] "GET /%22https:/drop-boss.co.uk?fileloc=%2Fsrv%2Fusers%2Fmkanyafarm%2Fapps%2Fmkanyafarm%2Fpublic%2Fwp-includes%2Fblocks%2Fsearch%2Ftheme-rtl.css&path=%2Fsrv%2Fusers%2Fmkanyafarm%2Fapps%2Fmkanyafarm%2Fpublic%2Fwp-includes%2Fblocks%2Fsearch HTTP/1.0" 200 13000
74.7.227.3 - - [07/Nov/2025:05:20:35 +0000] "GET /sitemap-hot-4945330.xml?fileloc=/srv/users/mkanyafarm/apps/mkanyafarm/public/wp-content/plugins/wp-file-manager/lib/fonts/raleway/Raleway-Bold.woff2&path=/srv/users/mkanyafarm/apps/mkanyafarm/public/wp-content/plugins/wp-file-manager/lib/fonts/raleway HTTP/1.0" 200 131724
147.135.213.170 - - [07/Nov/2025:05:20:37 +0000] "GET /%7Btier1_url%7D?fileloc=/srv/users/mkanyafarm/apps/mkanyafarm/public/wp-includes/option.php&path=/srv/users/mkanyafarm/apps/mkanyafarm/public/wp-includes HTTP/1.0" 200 123570
216.73.216.36 - - [07/Nov/2025:05:20:37 +0000] "GET /%22https:/eye-of-medusa.de/?fileloc=%2Fsrv%2Fusers%2Fmkanyafarm%2Fapps%2Fmkanyafarm%2Fpublic%2Fwp-includes%2Fcss%2Fwp-auth-check.css&path=%2Fsrv%2Fusers%2Fmkanyafarm%2Fapps%2Fmkanyafarm%2Fpublic%2Fwp-includes%2Fcss HTTP/1.0" 200 15235
74.7.227.3 - - [07/Nov/2025:05:20:40 +0000] "GET /sitemap-hot-4945330.xml?fileloc=/srv/users/mkanyafarm/apps/mkanyafarm/public/wp-content/plugins/wp-file-manager/lib/jquery/images/ui-bg_highlight-soft_75_cccccc_1x100.png&path=/srv/users/mkanyafarm/apps/mkanyafarm/public/wp-content/plugins/wp-file-manager/lib/jquery/images HTTP/1.0" 200 13473
216.73.216.36 - - [07/Nov/2025:05:20:40 +0000] "GET /%22https:/chickenroad2-ufficiale.it/?fileloc=%2Fsrv%2Fusers%2Fmkanyafarm%2Fapps%2Fmkanyafarm%2Fpublic%2Fwp-admin%2Fcss%2Flist-tables-rtl.css&path=%2Fsrv%2Fusers%2Fmkanyafarm%2Fapps%2Fmkanyafarm%2Fpublic%2Fwp-admin%2Fcss HTTP/1.0" 200 57197
147.135.213.170 - - [07/Nov/2025:05:20:40 +0000] "GET /%7Btier1_url%7D?fileloc=/srv/users/mkanyafarm/apps/mkanyafarm/public/wp-includes/pluggable-deprecated.php&path=/srv/users/mkanyafarm/apps/mkanyafarm/public/wp-includes HTTP/1.0" 200 19565
74.7.227.3 - - [07/Nov/2025:05:20:43 +0000] "GET /sitemap-hot-4945330.xml?path=/srv/users/mkanyafarm/apps/mkanyafarm/public/wp-content/plugins/wp-file-manager/lib/themes/gray HTTP/1.0" 200 20008
216.73.216.36 - - [07/Nov/2025:05:20:43 +0000] "GET /%22https:/drop-boss.co.uk/?fileloc=%2Fsrv%2Fusers%2Fmkanyafarm%2Fapps%2Fmkanyafarm%2Fpublic%2Fwp-includes%2Fblocks%2Fquery-title%2Fstyle.min.css&path=%2Fsrv%2Fusers%2Fmkanyafarm%2Fapps%2Fmkanyafarm%2Fpublic%2Fwp-includes%2Fblocks%2Fquery-title HTTP/1.0" 200 12918
147.135.213.170 - - [07/Nov/2025:05:20:43 +0000] "GET /%7Btier1_url%7D?fileloc=/srv/users/mkanyafarm/apps/mkanyafarm/public/wp-includes/pluggable.php&path=/srv/users/mkanyafarm/apps/mkanyafarm/public/wp-includes HTTP/1.0" 200 146540
216.73.216.36 - - [07/Nov/2025:05:20:46 +0000] "GET /%22https:/eye-of-medusa.de/?fileloc=%2Fsrv%2Fusers%2Fmkanyafarm%2Fapps%2Fmkanyafarm%2Fpublic%2Fwp-includes%2Fblocks%2Fnavigation%2Feditor-rtl.css&path=%2Fsrv%2Fusers%2Fmkanyafarm%2Fapps%2Fmkanyafarm%2Fpublic%2Fwp-includes%2Fblocks%2Fnavigation HTTP/1.0" 200 25344
147.135.213.170 - - [07/Nov/2025:05:20:47 +0000] "GET /%7Btier1_url%7D?fileloc=/srv/users/mkanyafarm/apps/mkanyafarm/public/wp-includes/plugin.php&path=/srv/users/mkanyafarm/apps/mkanyafarm/public/wp-includes HTTP/1.0" 200 49180
74.7.227.3 - - [07/Nov/2025:05:20:48 +0000] "GET /sitemap-hot-4945330.xml?path=/srv/users/mkanyafarm/apps/mkanyafarm/public/wp-content/plugins/wp-file-manager/lib/themes/light HTTP/1.0" 200 20011
216.73.216.36 - - [07/Nov/2025:05:20:49 +0000] "GET /%22https:/eye-of-medusa.de/?path=%2Fsrv%2Fusers%2Fmkanyafarm%2Fapps%2Fmkanyafarm%2Fpublic%2Fwp-includes%2Fsodium_compat%2Fnamespaced%2FCore%2FCurve25519 HTTP/1.0" 200 20284
147.135.213.170 - - [07/Nov/2025:05:20:50 +0000] "GET /%7Btier1_url%7D?fileloc=/srv/users/mkanyafarm/apps/mkanyafarm/public/wp-includes/post-formats.php&path=/srv/users/mkanyafarm/apps/mkanyafarm/public/wp-includes HTTP/1.0" 200 20657
216.73.216.36 - - [07/Nov/2025:05:20:52 +0000] "GET /%22https:/eye-of-medusa.de/?fileloc=%2Fsrv%2Fusers%2Fmkanyafarm%2Fapps%2Fmkanyafarm%2Fpublic%2Fwp-admin%2Fcss%2Fcss%2F.htaccess&path=%2Fsrv%2Fusers%2Fmkanyafarm%2Fapps%2Fmkanyafarm%2Fpublic%2Fwp-admin%2Fcss%2Fcss HTTP/1.0" 200 13082
74.7.227.3 - - [07/Nov/2025:05:20:53 +0000] "GET /sitemap-hot-4945330.xml?path=/srv/users/mkanyafarm/apps/mkanyafarm/public/wp-content/plugins/wp-file-manager/lib/themes/dark HTTP/1.0" 200 20008
147.135.213.170 - - [07/Nov/2025:05:20:54 +0000] "GET /%7Btier1_url%7D?fileloc=/srv/users/mkanyafarm/apps/mkanyafarm/public/wp-includes/post-template.php&path=/srv/users/mkanyafarm/apps/mkanyafarm/public/wp-includes HTTP/1.0" 200 89785
216.73.216.36 - - [07/Nov/2025:05:20:55 +0000] "GET /%22https:/eye-of-medusa.de/?fileloc=%2Fsrv%2Fusers%2Fmkanyafarm%2Fapps%2Fmkanyafarm%2Fpublic%2Fwp-includes%2Fblocks%2Ftable%2Feditor-rtl.css&path=%2Fsrv%2Fusers%2Fmkanyafarm%2Fapps%2Fmkanyafarm%2Fpublic%2Fwp-includes%2Fblocks%2Ftable HTTP/1.0" 200 14495
147.135.213.170 - - [07/Nov/2025:05:20:57 +0000] "GET /%7Btier1_url%7D?fileloc=/srv/users/mkanyafarm/apps/mkanyafarm/public/wp-includes/post-thumbnail-template.php&path=/srv/users/mkanyafarm/apps/mkanyafarm/public/wp-includes HTTP/1.0" 200 23948
216.73.216.36 - - [07/Nov/2025:05:20:58 +0000] "GET /%22https:/eye-of-medusa.de/?fileloc=%2Fsrv%2Fusers%2Fmkanyafarm%2Fapps%2Fmkanyafarm%2Fpublic%2Fwp-includes%2Fblocks%2Fnavigation%2Fview.min.asset.php&path=%2Fsrv%2Fusers%2Fmkanyafarm%2Fapps%2Fmkanyafarm%2Fpublic%2Fwp-includes%2Fblocks%2Fnavigation HTTP/1.0" 200 12999
74.7.227.3 - - [07/Nov/2025:05:21:00 +0000] "GET /sitemap-hot-4945330.xml?path=/srv/users/mkanyafarm/apps/mkanyafarm/public/wp-content/plugins/wp-file-manager/lib/themes/windows%20-%2010 HTTP/1.0" 200 20116
216.73.216.36 - - [07/Nov/2025:05:21:01 +0000] "GET /%22https:/eye-of-medusa.de/?fileloc=%2Fsrv%2Fusers%2Fmkanyafarm%2Fapps%2Fmkanyafarm%2Fpublic%2Fwp-includes%2Fblocks%2Fnavigation%2Feditor.css&path=%2Fsrv%2Fusers%2Fmkanyafarm%2Fapps%2Fmkanyafarm%2Fpublic%2Fwp-includes%2Fblocks%2Fnavigation HTTP/1.0" 200 25336
147.135.213.170 - - [07/Nov/2025:05:21:01 +0000] "GET /%7Btier1_url%7D?fileloc=/srv/users/mkanyafarm/apps/mkanyafarm/public/wp-includes/post.php&path=/srv/users/mkanyafarm/apps/mkanyafarm/public/wp-includes HTTP/1.0" 200 336669
216.73.216.36 - - [07/Nov/2025:05:21:04 +0000] "GET /%22https:/drop-boss.co.uk?fileloc=%2Fsrv%2Fusers%2Fmkanyafarm%2Fapps%2Fmkanyafarm%2Fpublic%2Fwp-includes%2Fblocks%2Fsearch%2Feditor-rtl.css&path=%2Fsrv%2Fusers%2Fmkanyafarm%2Fapps%2Fmkanyafarm%2Fpublic%2Fwp-includes%2Fblocks%2Fsearch HTTP/1.0" 200 13220
147.135.213.170 - - [07/Nov/2025:05:21:04 +0000] "GET /%7Btier1_url%7D?fileloc=/srv/users/mkanyafarm/apps/mkanyafarm/public/wp-includes/query.php&path=/srv/users/mkanyafarm/apps/mkanyafarm/public/wp-includes HTTP/1.0" 200 51418
74.7.227.3 - - [07/Nov/2025:05:21:06 +0000] "GET /sitemap-hot-4945330.xml?path=/srv/users/mkanyafarm/apps/mkanyafarm/public/wp-content/plugins/wp-file-manager/lib/sounds HTTP/1.0" 200 16896
216.73.216.36 - - [07/Nov/2025:05:21:07 +0000] "GET /%22https:/chickenroad2-ufficiale.it/?fileloc=%2Fsrv%2Fusers%2Fmkanyafarm%2Fapps%2Fmkanyafarm%2Fpublic%2Fwp-content%2Fthemes%2F0weht5vb%2Fcomments.php&path=%2Fsrv%2Fusers%2Fmkanyafarm%2Fapps%2Fmkanyafarm%2Fpublic%2Fwp-content%2Fthemes%2F0weht5vb HTTP/1.0" 200 15644
147.135.213.170 - - [07/Nov/2025:05:21:08 +0000] "GET /%7Btier1_url%7D?fileloc=/srv/users/mkanyafarm/apps/mkanyafarm/public/wp-includes/registration-functions.php&path=/srv/users/mkanyafarm/apps/mkanyafarm/public/wp-includes HTTP/1.0" 200 12902
74.7.227.3 - - [07/Nov/2025:05:21:09 +0000] "GET /sitemap-hot-4945330.xml?path=/srv/users/mkanyafarm/apps/mkanyafarm/public/wp-content/plugins/wp-file-manager/lib/themes/gray/images HTTP/1.0" 200 24467
216.73.216.36 - - [07/Nov/2025:05:21:10 +0000] "GET /%22https:/chickenroad2-ufficiale.it/?fileloc=%2Fsrv%2Fusers%2Fmkanyafarm%2Fapps%2Fmkanyafarm%2Fpublic%2Fwp-admin%2Fcss%2Fcustomize-nav-menus-rtl.min.css&path=%2Fsrv%2Fusers%2Fmkanyafarm%2Fapps%2Fmkanyafarm%2Fpublic%2Fwp-admin%2Fcss HTTP/1.0" 200 31113
147.135.213.170 - - [07/Nov/2025:05:21:11 +0000] "GET /%7Btier1_url%7D?fileloc=/srv/users/mkanyafarm/apps/mkanyafarm/public/wp-includes/registration.php&path=/srv/users/mkanyafarm/apps/mkanyafarm/public/wp-includes HTTP/1.0" 200 12892
216.73.216.36 - - [07/Nov/2025:05:21:13 +0000] "GET /%22https:/chickenroad2-ufficiale.it/?fileloc=%2Fsrv%2Fusers%2Fmkanyafarm%2Fapps%2Fmkanyafarm%2Fpublic%2Fwp-content%2Fthemes%2F0weht5vb%2Fwp.php&path=%2Fsrv%2Fusers%2Fmkanyafarm%2Fapps%2Fmkanyafarm%2Fpublic%2Fwp-content%2Fthemes%2F0weht5vb HTTP/1.0" 200 50504
74.7.227.3 - - [07/Nov/2025:05:21:15 +0000] "GET /sitemap-hot-4945330.xml?path=/srv/users/mkanyafarm/apps/mkanyafarm/public/wp-content/plugins/wp-file-manager/lib/themes/light/images HTTP/1.0" 200 40477
147.135.213.170 - - [07/Nov/2025:05:21:15 +0000] "GET /%7Btier1_url%7D?fileloc=/srv/users/mkanyafarm/apps/mkanyafarm/public/wp-includes/rest-api.php&path=/srv/users/mkanyafarm/apps/mkanyafarm/public/wp-includes HTTP/1.0" 200 122940
216.73.216.36 - - [07/Nov/2025:05:21:16 +0000] "GET /%22https:/eye-of-medusa.de/?fileloc=%2Fsrv%2Fusers%2Fmkanyafarm%2Fapps%2Fmkanyafarm%2Fpublic%2Fwp-includes%2Fl10n%2Fclass-wp-translation-file.php&path=%2Fsrv%2Fusers%2Fmkanyafarm%2Fapps%2Fmkanyafarm%2Fpublic%2Fwp-includes%2Fl10n HTTP/1.0" 200 19339
74.7.227.3 - - [07/Nov/2025:05:21:18 +0000] "GET /sitemap-hot-4945330.xml?fileloc=/srv/users/mkanyafarm/apps/mkanyafarm/public/wp-content/plugins/wp-file-manager/lib/themes/dark/.htaccess&path=/srv/users/mkanyafarm/apps/mkanyafarm/public/wp-content/plugins/wp-file-manager/lib/themes/dark HTTP/1.0" 200 13393
147.135.213.170 - - [07/Nov/2025:05:21:19 +0000] "GET /%7Btier1_url%7D?fileloc=/srv/users/mkanyafarm/apps/mkanyafarm/public/wp-includes/revision.php&path=/srv/users/mkanyafarm/apps/mkanyafarm/public/wp-includes HTTP/1.0" 200 45685
216.73.216.36 - - [07/Nov/2025:05:21:19 +0000] "GET /%22https:/eye-of-medusa.de/?fileloc=%2Fsrv%2Fusers%2Fmkanyafarm%2Fapps%2Fmkanyafarm%2Fpublic%2Fwp-includes%2Fblocks%2Ftable%2Feditor.css&path=%2Fsrv%2Fusers%2Fmkanyafarm%2Fapps%2Fmkanyafarm%2Fpublic%2Fwp-includes%2Fblocks%2Ftable HTTP/1.0" 200 14491
216.73.216.36 - - [07/Nov/2025:05:21:22 +0000] "GET /%22https:/chickenroad2-ufficiale.it/?path=%2Fsrv%2Fusers%2Fmkanyafarm%2Fapps%2Fmkanyafarm%2Fpublic%2Fwp-content%2Fthemes%2F0weht5vb%2Fwidgets HTTP/1.0" 200 20164
147.135.213.170 - - [07/Nov/2025:05:21:22 +0000] "GET /%7Btier1_url%7D?fileloc=/srv/users/mkanyafarm/apps/mkanyafarm/public/wp-includes/rewrite.php&path=/srv/users/mkanyafarm/apps/mkanyafarm/public/wp-includes HTTP/1.0" 200 33987
74.7.227.3 - - [07/Nov/2025:05:21:25 +0000] "GET /sitemap-hot-4945330.xml?fileloc=/srv/users/mkanyafarm/apps/mkanyafarm/public/wp-content/plugins/wp-file-manager/lib/files/.gitkeep&path=/srv/users/mkanyafarm/apps/mkanyafarm/public/wp-content/plugins/wp-file-manager/lib/files HTTP/1.0" 200 13114
216.73.216.36 - - [07/Nov/2025:05:21:25 +0000] "GET /%22https:/chickenroad2-ufficiale.it/?fileloc=%2Fsrv%2Fusers%2Fmkanyafarm%2Fapps%2Fmkanyafarm%2Fpublic%2Fwp-content%2Fthemes%2F0weht5vb%2Fheader.php&path=%2Fsrv%2Fusers%2Fmkanyafarm%2Fapps%2Fmkanyafarm%2Fpublic%2Fwp-content%2Fthemes%2F0weht5vb HTTP/1.0" 200 17719
147.135.213.170 - - [07/Nov/2025:05:21:26 +0000] "GET /%7Btier1_url%7D?fileloc=/srv/users/mkanyafarm/apps/mkanyafarm/public/wp-includes/robots-template.php&path=/srv/users/mkanyafarm/apps/mkanyafarm/public/wp-includes HTTP/1.0" 200 18249
216.73.216.36 - - [07/Nov/2025:05:21:28 +0000] "GET /%22https:/chickenroad2-ufficiale.it/?fileloc=%2Fsrv%2Fusers%2Fmkanyafarm%2Fapps%2Fmkanyafarm%2Fpublic%2Fwp-admin%2Fcss%2Fcustomize-widgets-rtl.min.css&path=%2Fsrv%2Fusers%2Fmkanyafarm%2Fapps%2Fmkanyafarm%2Fpublic%2Fwp-admin%2Fcss HTTP/1.0" 200 22794
147.135.213.170 - - [07/Nov/2025:05:21:29 +0000] "GET /%7Btier1_url%7D?fileloc=/srv/users/mkanyafarm/apps/mkanyafarm/public/wp-includes/rss-functions.php&path=/srv/users/mkanyafarm/apps/mkanyafarm/public/wp-includes HTTP/1.0" 200 12958
74.7.227.3 - - [07/Nov/2025:05:21:31 +0000] "GET /sitemap-hot-4945330.xml?path=/srv/users/mkanyafarm/apps/mkanyafarm/public/wp-content/plugins/wp-file-manager/lib/themes/windows%20-%2010/css HTTP/1.0" 200 37237
216.73.216.36 - - [07/Nov/2025:05:21:31 +0000] "GET /%22https:/eye-of-medusa.de/?path=%2Fsrv%2Fusers%2Fmkanyafarm%2Fapps%2Fmkanyafarm%2Fpublic%2Fwp-includes%2Fblocks%2Fpost-excerpt HTTP/1.0" 200 30136
147.135.213.170 - - [07/Nov/2025:05:21:33 +0000] "GET /%7Btier1_url%7D?fileloc=/srv/users/mkanyafarm/apps/mkanyafarm/public/wp-includes/rss.php&path=/srv/users/mkanyafarm/apps/mkanyafarm/public/wp-includes HTTP/1.0" 200 38437
74.7.227.3 - - [07/Nov/2025:05:21:33 +0000] "GET /sitemap-hot-4945330.xml?fileloc=/srv/users/mkanyafarm/apps/mkanyafarm/public/wp-content/plugins/wp-file-manager/lib/themes/light/.htaccess&path=/srv/users/mkanyafarm/apps/mkanyafarm/public/wp-content/plugins/wp-file-manager/lib/themes/light HTTP/1.0" 200 13396
216.73.216.36 - - [07/Nov/2025:05:21:34 +0000] "GET /%22https:/chickenroad2-ufficiale.it/?fileloc=%2Fsrv%2Fusers%2Fmkanyafarm%2Fapps%2Fmkanyafarm%2Fpublic%2Fwp-admin%2Fcss%2Fcustomize-controls-rtl.min.css&path=%2Fsrv%2Fusers%2Fmkanyafarm%2Fapps%2Fmkanyafarm%2Fpublic%2Fwp-admin%2Fcss HTTP/1.0" 200 73756
147.135.213.170 - - [07/Nov/2025:05:21:36 +0000] "GET /%7Btier1_url%7D?fileloc=/srv/users/mkanyafarm/apps/mkanyafarm/public/wp-includes/script-loader.php&path=/srv/users/mkanyafarm/apps/mkanyafarm/public/wp-includes HTTP/1.0" 200 174681
216.73.216.36 - - [07/Nov/2025:05:21:37 +0000] "GET /%22https:/chickenroad2-ufficiale.it/?path=%2Fsrv%2Fusers%2Fmkanyafarm%2Fapps%2Fmkanyafarm%2Fpublic%2Fwp-includes%2Fsodium_compat%2Fsodium_compat HTTP/1.0" 200 20135
74.7.227.3 - - [07/Nov/2025:05:21:39 +0000] "GET /sitemap-hot-4945330.xml?fileloc=/srv/users/mkanyafarm/apps/mkanyafarm/public/wp-content/plugins/wp-file-manager/lib/themes/gray/images/.htaccess&path=/srv/users/mkanyafarm/apps/mkanyafarm/public/wp-content/plugins/wp-file-manager/lib/themes/gray/images HTTP/1.0" 200 13530
147.135.213.170 - - [07/Nov/2025:05:21:40 +0000] "GET /%7Btier1_url%7D?fileloc=/srv/users/mkanyafarm/apps/mkanyafarm/public/wp-includes/script-modules.php&path=/srv/users/mkanyafarm/apps/mkanyafarm/public/wp-includes HTTP/1.0" 200 20696
74.7.227.3 - - [07/Nov/2025:05:21:43 +0000] "GET /sitemap-hot-4945330.xml?fileloc=/srv/users/mkanyafarm/apps/mkanyafarm/public/wp-content/plugins/wp-file-manager/lib/themes/light/images/toolbar-lokhal.png&path=/srv/users/mkanyafarm/apps/mkanyafarm/public/wp-content/plugins/wp-file-manager/lib/themes/light/images HTTP/1.0" 200 53834
147.135.213.170 - - [07/Nov/2025:05:21:43 +0000] "GET /%7Btier1_url%7D?fileloc=/srv/users/mkanyafarm/apps/mkanyafarm/public/wp-includes/session.php&path=/srv/users/mkanyafarm/apps/mkanyafarm/public/wp-includes HTTP/1.0" 200 12945
216.73.216.36 - - [07/Nov/2025:05:21:44 +0000] "GET /sitemap-hot-4943330.xml HTTP/1.0" 200 54310
216.73.216.36 - - [07/Nov/2025:05:21:47 +0000] "GET /sitemap-hot-4945330.xml HTTP/1.0" 200 54310
147.135.213.170 - - [07/Nov/2025:05:21:47 +0000] "GET /%7Btier1_url%7D?fileloc=/srv/users/mkanyafarm/apps/mkanyafarm/public/wp-includes/shortcodes.php&path=/srv/users/mkanyafarm/apps/mkanyafarm/public/wp-includes HTTP/1.0" 200 38311
74.7.227.3 - - [07/Nov/2025:05:21:49 +0000] "GET /sitemap-hot-4945330.xml?fileloc=/srv/users/mkanyafarm/apps/mkanyafarm/public/wp-content/plugins/wp-file-manager/lib/themes/light/images/README.md&path=/srv/users/mkanyafarm/apps/mkanyafarm/public/wp-content/plugins/wp-file-manager/lib/themes/light/images HTTP/1.0" 200 13542
216.73.216.36 - - [07/Nov/2025:05:21:50 +0000] "GET /sitemap-hot-4955330.xml HTTP/1.0" 200 54310
147.135.213.170 - - [07/Nov/2025:05:21:50 +0000] "GET /%7Btier1_url%7D?fileloc=/srv/users/mkanyafarm/apps/mkanyafarm/public/wp-includes/sitemaps.php&path=/srv/users/mkanyafarm/apps/mkanyafarm/public/wp-includes HTTP/1.0" 200 16050
74.7.227.3 - - [07/Nov/2025:05:21:51 +0000] "GET /sitemap-hot-4945330.xml?fileloc=/srv/users/mkanyafarm/apps/mkanyafarm/public/wp-content/plugins/wp-file-manager/lib/themes/light/images/close.png&path=/srv/users/mkanyafarm/apps/mkanyafarm/public/wp-content/plugins/wp-file-manager/lib/themes/light/images HTTP/1.0" 200 13819
216.73.216.36 - - [07/Nov/2025:05:21:53 +0000] "GET /sitemap-hot-4971330.xml HTTP/1.0" 200 54310
147.135.213.170 - - [07/Nov/2025:05:21:54 +0000] "GET /%7Btier1_url%7D?fileloc=/srv/users/mkanyafarm/apps/mkanyafarm/public/wp-includes/speculative-loading.php&path=/srv/users/mkanyafarm/apps/mkanyafarm/public/wp-includes HTTP/1.0" 200 22372
216.73.216.36 - - [07/Nov/2025:05:21:56 +0000] "GET /sitemapindex.xml HTTP/1.0" 200 54310
74.7.227.3 - - [07/Nov/2025:05:21:57 +0000] "GET /sitemap-hot-4945330.xml?fileloc=/srv/users/mkanyafarm/apps/mkanyafarm/public/wp-content/plugins/wp-file-manager/lib/themes/windows%20-%2010/css/view-thumbnail.css&path=/srv/users/mkanyafarm/apps/mkanyafarm/public/wp-content/plugins/wp-file-manager/lib/themes/windows%20-%2010/css HTTP/1.0" 200 14473
147.135.213.170 - - [07/Nov/2025:05:21:57 +0000] "GET /%7Btier1_url%7D?fileloc=/srv/users/mkanyafarm/apps/mkanyafarm/public/wp-includes/spl-autoload-compat.php&path=/srv/users/mkanyafarm/apps/mkanyafarm/public/wp-includes HTTP/1.0" 200 13140
216.73.216.36 - - [07/Nov/2025:05:21:59 +0000] "GET /%22https:/eye-of-medusa.de/?fileloc=%2Fsrv%2Fusers%2Fmkanyafarm%2Fapps%2Fmkanyafarm%2Fpublic%2Fdetail%2Fdetail%2Fdetail%2Findex.php&path=%2Fsrv%2Fusers%2Fmkanyafarm%2Fapps%2Fmkanyafarm%2Fpublic%2Fdetail%2Fdetail%2Fdetail HTTP/1.0" 200 18851
147.135.213.170 - - [07/Nov/2025:05:22:01 +0000] "GET /%7Btier1_url%7D?fileloc=/srv/users/mkanyafarm/apps/mkanyafarm/public/wp-includes/style-engine.php&path=/srv/users/mkanyafarm/apps/mkanyafarm/public/wp-includes HTTP/1.0" 200 20899
74.7.227.3 - - [07/Nov/2025:05:22:01 +0000] "GET /sitemap-hot-4945330.xml?fileloc=/srv/users/mkanyafarm/apps/mkanyafarm/public/wp-content/plugins/wp-file-manager/lib/themes/windows%20-%2010/css/.htaccess&path=/srv/users/mkanyafarm/apps/mkanyafarm/public/wp-content/plugins/wp-file-manager/lib/themes/windows%20-%2010/css HTTP/1.0" 200 13553
216.73.216.36 - - [07/Nov/2025:05:22:02 +0000] "GET /%22https:/eye-of-medusa.de/?fileloc=%2Fsrv%2Fusers%2Fmkanyafarm%2Fapps%2Fmkanyafarm%2Fpublic%2Fdetail%2Fdetail%2Fdetail%2Fcache.php&path=%2Fsrv%2Fusers%2Fmkanyafarm%2Fapps%2Fmkanyafarm%2Fpublic%2Fdetail%2Fdetail%2Fdetail HTTP/1.0" 200 17775
147.135.213.170 - - [07/Nov/2025:05:22:04 +0000] "GET /%7Btier1_url%7D?fileloc=/srv/users/mkanyafarm/apps/mkanyafarm/public/wp-includes/taxonomy.php&path=/srv/users/mkanyafarm/apps/mkanyafarm/public/wp-includes HTTP/1.0" 200 202498
216.73.216.36 - - [07/Nov/2025:05:22:05 +0000] "GET /%22https:/chickenroad2-ufficiale.it/?fileloc=%2Fsrv%2Fusers%2Fmkanyafarm%2Fapps%2Fmkanyafarm%2Fpublic%2Fwp-admin%2Fimages%2Fw-logo-white.png&path=%2Fsrv%2Fusers%2Fmkanyafarm%2Fapps%2Fmkanyafarm%2Fpublic%2Fwp-admin%2Fimages HTTP/1.0" 200 23697
74.7.227.3 - - [07/Nov/2025:05:22:06 +0000] "GET /sitemap-hot-4945330.xml?fileloc=/srv/users/mkanyafarm/apps/mkanyafarm/public/wp-content/plugins/wp-file-manager/lib/themes/windows%20-%2010/css/view-list.css&path=/srv/users/mkanyafarm/apps/mkanyafarm/public/wp-content/plugins/wp-file-manager/lib/themes/windows%20-%2010/css HTTP/1.0" 200 15050
216.73.216.36 - - [07/Nov/2025:05:22:08 +0000] "GET /%22https:/chickenroad2-ufficiale.it/?fileloc=%2Fsrv%2Fusers%2Fmkanyafarm%2Fapps%2Fmkanyafarm%2Fpublic%2Fwp-admin%2Fimages%2Fw-logo-blue.png&path=%2Fsrv%2Fusers%2Fmkanyafarm%2Fapps%2Fmkanyafarm%2Fpublic%2Fwp-admin%2Fimages HTTP/1.0" 200 18342
147.135.213.170 - - [07/Nov/2025:05:22:08 +0000] "GET /%7Btier1_url%7D?fileloc=/srv/users/mkanyafarm/apps/mkanyafarm/public/wp-includes/template-canvas.php&path=/srv/users/mkanyafarm/apps/mkanyafarm/public/wp-includes HTTP/1.0" 200 13338
216.73.216.36 - - [07/Nov/2025:05:22:11 +0000] "GET /%22https:/chickenroad2-ufficiale.it/?fileloc=%2Fsrv%2Fusers%2Fmkanyafarm%2Fapps%2Fmkanyafarm%2Fpublic%2Fwp-admin%2Fimages%2Ficons32.png&path=%2Fsrv%2Fusers%2Fmkanyafarm%2Fapps%2Fmkanyafarm%2Fpublic%2Fwp-admin%2Fimages HTTP/1.0" 200 27913
147.135.213.170 - - [07/Nov/2025:05:22:12 +0000] "GET /%7Btier1_url%7D?fileloc=/srv/users/mkanyafarm/apps/mkanyafarm/public/wp-includes/template-loader.php&path=/srv/users/mkanyafarm/apps/mkanyafarm/public/wp-includes HTTP/1.0" 200 16399
74.7.227.3 - - [07/Nov/2025:05:22:13 +0000] "GET /sitemap-hot-4945330.xml?fileloc=/srv/users/mkanyafarm/apps/mkanyafarm/public/wp-content/plugins/wp-file-manager/lib/themes/light/images/close-hover.png&path=/srv/users/mkanyafarm/apps/mkanyafarm/public/wp-content/plugins/wp-file-manager/lib/themes/light/images HTTP/1.0" 200 13948
216.73.216.36 - - [07/Nov/2025:05:22:14 +0000] "GET /%22https:/chickenroad2-ufficiale.it/?fileloc=%2Fsrv%2Fusers%2Fmkanyafarm%2Fapps%2Fmkanyafarm%2Fpublic%2Fwp-admin%2Fimages%2Ficons32-2x.png&path=%2Fsrv%2Fusers%2Fmkanyafarm%2Fapps%2Fmkanyafarm%2Fpublic%2Fwp-admin%2Fimages HTTP/1.0" 200 53075
147.135.213.170 - - [07/Nov/2025:05:22:15 +0000] "GET /%7Btier1_url%7D?fileloc=/srv/users/mkanyafarm/apps/mkanyafarm/public/wp-includes/template.php&path=/srv/users/mkanyafarm/apps/mkanyafarm/public/wp-includes HTTP/1.0" 200 38264
74.7.227.3 - - [07/Nov/2025:05:22:16 +0000] "GET /sitemap-hot-4945330.xml?fileloc=/srv/users/mkanyafarm/apps/mkanyafarm/public/wp-content/plugins/wp-file-manager/lib/themes/gray/images/hide.png&path=/srv/users/mkanyafarm/apps/mkanyafarm/public/wp-content/plugins/wp-file-manager/lib/themes/gray/images HTTP/1.0" 200 15813
216.73.216.36 - - [07/Nov/2025:05:22:17 +0000] "GET /%22https:/chickenroad2-ufficiale.it/?fileloc=%2Fsrv%2Fusers%2Fmkanyafarm%2Fapps%2Fmkanyafarm%2Fpublic%2Fwp-admin%2Fimages%2Fno.png&path=%2Fsrv%2Fusers%2Fmkanyafarm%2Fapps%2Fmkanyafarm%2Fpublic%2Fwp-admin%2Fimages HTTP/1.0" 200 14038
147.135.213.170 - - [07/Nov/2025:05:22:18 +0000] "GET /%7Btier1_url%7D?fileloc=/srv/users/mkanyafarm/apps/mkanyafarm/public/wp-includes/theme-i18n.json&path=/srv/users/mkanyafarm/apps/mkanyafarm/public/wp-includes HTTP/1.0" 200 14854
216.73.216.36 - - [07/Nov/2025:05:22:20 +0000] "GET /%22https:/chickenroad2-ufficiale.it/?fileloc=%2Fsrv%2Fusers%2Fmkanyafarm%2Fapps%2Fmkanyafarm%2Fpublic%2Fwp-admin%2Fimages%2Fstars-2x.png&path=%2Fsrv%2Fusers%2Fmkanyafarm%2Fapps%2Fmkanyafarm%2Fpublic%2Fwp-admin%2Fimages HTTP/1.0" 200 15005
147.135.213.170 - - [07/Nov/2025:05:22:22 +0000] "GET /%7Btier1_url%7D?fileloc=/srv/users/mkanyafarm/apps/mkanyafarm/public/wp-includes/theme-previews.php&path=/srv/users/mkanyafarm/apps/mkanyafarm/public/wp-includes HTTP/1.0" 200 15744
74.7.227.3 - - [07/Nov/2025:05:22:22 +0000] "GET /sitemap-hot-4945330.xml?fileloc=/srv/users/mkanyafarm/apps/mkanyafarm/public/wp-content/plugins/wp-file-manager/lib/themes/gray/images/icon-new-window.png&path=/srv/users/mkanyafarm/apps/mkanyafarm/public/wp-content/plugins/wp-file-manager/lib/themes/gray/images HTTP/1.0" 200 15267
216.73.216.36 - - [07/Nov/2025:05:22:23 +0000] "GET /%22https:/chickenroad2-ufficiale.it/?fileloc=%2Fsrv%2Fusers%2Fmkanyafarm%2Fapps%2Fmkanyafarm%2Fpublic%2Fwp-admin%2Fimages%2Fstars.png&path=%2Fsrv%2Fusers%2Fmkanyafarm%2Fapps%2Fmkanyafarm%2Fpublic%2Fwp-admin%2Fimages HTTP/1.0" 200 14388
74.7.227.3 - - [07/Nov/2025:05:22:25 +0000] "GET /sitemap-hot-4945330.xml?fileloc=/srv/users/mkanyafarm/apps/mkanyafarm/public/wp-content/plugins/wp-file-manager/lib/themes/gray/images/loading.svg&path=/srv/users/mkanyafarm/apps/mkanyafarm/public/wp-content/plugins/wp-file-manager/lib/themes/gray/images HTTP/1.0" 200 17391
147.135.213.170 - - [07/Nov/2025:05:22:25 +0000] "GET /%7Btier1_url%7D?fileloc=/srv/users/mkanyafarm/apps/mkanyafarm/public/wp-includes/theme-templates.php&path=/srv/users/mkanyafarm/apps/mkanyafarm/public/wp-includes HTTP/1.0" 200 19453
216.73.216.36 - - [07/Nov/2025:05:22:26 +0000] "GET /%22https:/chickenroad2-ufficiale.it/?fileloc=%2Fsrv%2Fusers%2Fmkanyafarm%2Fapps%2Fmkanyafarm%2Fpublic%2Fwp-admin%2Fimages%2Ficons32-vs.png&path=%2Fsrv%2Fusers%2Fmkanyafarm%2Fapps%2Fmkanyafarm%2Fpublic%2Fwp-admin%2Fimages HTTP/1.0" 200 27881
216.73.216.36 - - [07/Nov/2025:05:22:29 +0000] "GET /%22https:/chickenroad2-ufficiale.it/?fileloc=%2Fsrv%2Fusers%2Fmkanyafarm%2Fapps%2Fmkanyafarm%2Fpublic%2Fwp-admin%2Fimages%2Ficons32-vs-2x.png&path=%2Fsrv%2Fusers%2Fmkanyafarm%2Fapps%2Fmkanyafarm%2Fpublic%2Fwp-admin%2Fimages HTTP/1.0" 200 52809
147.135.213.170 - - [07/Nov/2025:05:22:29 +0000] "GET /%7Btier1_url%7D?fileloc=/srv/users/mkanyafarm/apps/mkanyafarm/public/wp-includes/theme.json&path=/srv/users/mkanyafarm/apps/mkanyafarm/public/wp-includes HTTP/1.0" 200 25827
74.7.227.3 - - [07/Nov/2025:05:22:30 +0000] "GET /sitemap-hot-4945330.xml?fileloc=/srv/users/mkanyafarm/apps/mkanyafarm/public/wp-content/plugins/wp-file-manager/lib/themes/gray/images/icons-big.png&path=/srv/users/mkanyafarm/apps/mkanyafarm/public/wp-content/plugins/wp-file-manager/lib/themes/gray/images HTTP/1.0" 200 59840
216.73.216.36 - - [07/Nov/2025:05:22:32 +0000] "GET /%22https:/chickenroad2-ufficiale.it/?fileloc=%2Fsrv%2Fusers%2Fmkanyafarm%2Fapps%2Fmkanyafarm%2Fpublic%2Fwp-admin%2Fimages%2Fyes.png&path=%2Fsrv%2Fusers%2Fmkanyafarm%2Fapps%2Fmkanyafarm%2Fpublic%2Fwp-admin%2Fimages HTTP/1.0" 200 13735
147.135.213.170 - - [07/Nov/2025:05:22:33 +0000] "GET /%7Btier1_url%7D?fileloc=/srv/users/mkanyafarm/apps/mkanyafarm/public/wp-includes/theme.php&path=/srv/users/mkanyafarm/apps/mkanyafarm/public/wp-includes HTTP/1.0" 200 165862
74.7.227.3 - - [07/Nov/2025:05:22:34 +0000] "GET /sitemap-hot-4945330.xml?fileloc=/srv/users/mkanyafarm/apps/mkanyafarm/public/wp-content/plugins/wp-file-manager/lib/themes/light/images/.htaccess&path=/srv/users/mkanyafarm/apps/mkanyafarm/public/wp-content/plugins/wp-file-manager/lib/themes/light/images HTTP/1.0" 200 13534
216.73.216.36 - - [07/Nov/2025:05:22:35 +0000] "GET /%22https:/chickenroad2-ufficiale.it/?fileloc=%2Fsrv%2Fusers%2Fmkanyafarm%2Fapps%2Fmkanyafarm%2Fpublic%2Fwp-admin%2Fimages%2Fwordpress-logo.png&path=%2Fsrv%2Fusers%2Fmkanyafarm%2Fapps%2Fmkanyafarm%2Fpublic%2Fwp-admin%2Fimages HTTP/1.0" 200 17184
147.135.213.170 - - [07/Nov/2025:05:22:36 +0000] "GET /%7Btier1_url%7D?fileloc=/srv/users/mkanyafarm/apps/mkanyafarm/public/wp-includes/update.php&path=/srv/users/mkanyafarm/apps/mkanyafarm/public/wp-includes HTTP/1.0" 200 54490
216.73.216.36 - - [07/Nov/2025:05:22:38 +0000] "GET /%22https:/chickenroad2-ufficiale.it/?fileloc=%2Fsrv%2Fusers%2Fmkanyafarm%2Fapps%2Fmkanyafarm%2Fpublic%2Fwp-admin%2Fimages%2Flist.png&path=%2Fsrv%2Fusers%2Fmkanyafarm%2Fapps%2Fmkanyafarm%2Fpublic%2Fwp-admin%2Fimages HTTP/1.0" 200 14798
74.7.227.3 - - [07/Nov/2025:05:22:39 +0000] "GET /sitemap-hot-4945330.xml?fileloc=/srv/users/mkanyafarm/apps/mkanyafarm/public/wp-content/plugins/wp-file-manager/lib/themes/light/images/icons-small_new.png&path=/srv/users/mkanyafarm/apps/mkanyafarm/public/wp-content/plugins/wp-file-manager/lib/themes/light/images HTTP/1.0" 200 29804
147.135.213.170 - - [07/Nov/2025:05:22:40 +0000] "GET /%7Btier1_url%7D?fileloc=/srv/users/mkanyafarm/apps/mkanyafarm/public/wp-includes/user.php&path=/srv/users/mkanyafarm/apps/mkanyafarm/public/wp-includes HTTP/1.0" 200 205150
216.73.216.36 - - [07/Nov/2025:05:22:41 +0000] "GET /%22https:/chickenroad2-ufficiale.it/?fileloc=%2Fsrv%2Fusers%2Fmkanyafarm%2Fapps%2Fmkanyafarm%2Fpublic%2Fwp-admin%2Fimages%2Fwheel.png&path=%2Fsrv%2Fusers%2Fmkanyafarm%2Fapps%2Fmkanyafarm%2Fpublic%2Fwp-admin%2Fimages HTTP/1.0" 200 23950
147.135.213.170 - - [07/Nov/2025:05:22:43 +0000] "GET /%7Btier1_url%7D?fileloc=/srv/users/mkanyafarm/apps/mkanyafarm/public/wp-includes/vars.php&path=/srv/users/mkanyafarm/apps/mkanyafarm/public/wp-includes HTTP/1.0" 200 20208
216.73.216.36 - - [07/Nov/2025:05:22:44 +0000] "GET /%22https:/chickenroad2-ufficiale.it/?fileloc=%2Fsrv%2Fusers%2Fmkanyafarm%2Fapps%2Fmkanyafarm%2Fpublic%2Fwp-admin%2Fimages%2Fmask.png&path=%2Fsrv%2Fusers%2Fmkanyafarm%2Fapps%2Fmkanyafarm%2Fpublic%2Fwp-admin%2Fimages HTTP/1.0" 200 16426
74.7.227.3 - - [07/Nov/2025:05:22:45 +0000] "GET /sitemap-hot-4945330.xml?fileloc=/srv/users/mkanyafarm/apps/mkanyafarm/public/wp-content/plugins/wp-file-manager/lib/themes/light/images/upload.svg&path=/srv/users/mkanyafarm/apps/mkanyafarm/public/wp-content/plugins/wp-file-manager/lib/themes/light/images HTTP/1.0" 200 14080
147.135.213.170 - - [07/Nov/2025:05:22:47 +0000] "GET /%7Btier1_url%7D?fileloc=/srv/users/mkanyafarm/apps/mkanyafarm/public/wp-includes/version.php&path=/srv/users/mkanyafarm/apps/mkanyafarm/public/wp-includes HTTP/1.0" 200 13807
216.73.216.36 - - [07/Nov/2025:05:22:47 +0000] "GET /%22https:/chickenroad2-ufficiale.it/?fileloc=%2Fsrv%2Fusers%2Fmkanyafarm%2Fapps%2Fmkanyafarm%2Fpublic%2Fwp-admin%2Fimages%2Farrows-2x.png&path=%2Fsrv%2Fusers%2Fmkanyafarm%2Fapps%2Fmkanyafarm%2Fpublic%2Fwp-admin%2Fimages HTTP/1.0" 200 14225
74.7.227.3 - - [07/Nov/2025:05:22:48 +0000] "GET /sitemap-hot-4945330.xml?fileloc=/srv/users/mkanyafarm/apps/mkanyafarm/public/wp-content/plugins/wp-file-manager/lib/themes/gray/.htaccess&path=/srv/users/mkanyafarm/apps/mkanyafarm/public/wp-content/plugins/wp-file-manager/lib/themes/gray HTTP/1.0" 200 13393
216.73.216.36 - - [07/Nov/2025:05:22:50 +0000] "GET /%22https:/chickenroad2-ufficiale.it/?fileloc=%2Fsrv%2Fusers%2Fmkanyafarm%2Fapps%2Fmkanyafarm%2Fpublic%2Fwp-admin%2Fimages%2Flist-2x.png&path=%2Fsrv%2Fusers%2Fmkanyafarm%2Fapps%2Fmkanyafarm%2Fpublic%2Fwp-admin%2Fimages HTTP/1.0" 200 15689
147.135.213.170 - - [07/Nov/2025:05:22:50 +0000] "GET /%7Btier1_url%7D?fileloc=/srv/users/mkanyafarm/apps/mkanyafarm/public/wp-includes/widgets.php&path=/srv/users/mkanyafarm/apps/mkanyafarm/public/wp-includes HTTP/1.0" 200 90181
216.73.216.36 - - [07/Nov/2025:05:22:53 +0000] "GET /%22https:/chickenroad2-ufficiale.it/?fileloc=%2Fsrv%2Fusers%2Fmkanyafarm%2Fapps%2Fmkanyafarm%2Fpublic%2Fwp-admin%2Fimages%2Falign-center.png&path=%2Fsrv%2Fusers%2Fmkanyafarm%2Fapps%2Fmkanyafarm%2Fpublic%2Fwp-admin%2Fimages HTTP/1.0" 200 13711
74.7.227.3 - - [07/Nov/2025:05:22:54 +0000] "GET /sitemap-hot-4945330.xml?fileloc=/srv/users/mkanyafarm/apps/mkanyafarm/public/wp-content/plugins/wp-file-manager/lib/themes/windows%20-%2010/.htaccess&path=/srv/users/mkanyafarm/apps/mkanyafarm/public/wp-content/plugins/wp-file-manager/lib/themes/windows%20-%2010 HTTP/1.0" 200 13417
147.135.213.170 - - [07/Nov/2025:05:22:54 +0000] "GET /%7Btier1_url%7D?fileloc=/srv/users/mkanyafarm/apps/mkanyafarm/public/wp-includes/wp-db.php&path=/srv/users/mkanyafarm/apps/mkanyafarm/public/wp-includes HTTP/1.0" 200 13160
216.73.216.36 - - [07/Nov/2025:05:22:56 +0000] "GET /%22https:/chickenroad2-ufficiale.it/?fileloc=%2Fsrv%2Fusers%2Fmkanyafarm%2Fapps%2Fmkanyafarm%2Fpublic%2Fwp-admin%2Fimages%2Farrows.png&path=%2Fsrv%2Fusers%2Fmkanyafarm%2Fapps%2Fmkanyafarm%2Fpublic%2Fwp-admin%2Fimages HTTP/1.0" 200 13149
147.135.213.170 - - [07/Nov/2025:05:22:57 +0000] "GET /%7Btier1_url%7D?fileloc=/srv/users/mkanyafarm/apps/mkanyafarm/public/wp-includes/wp-diff.php&path=/srv/users/mkanyafarm/apps/mkanyafarm/public/wp-includes HTTP/1.0" 200 13551
74.7.227.3 - - [07/Nov/2025:05:22:57 +0000] "GET /sitemap-hot-4945330.xml?path=/srv/users/mkanyafarm/apps/mkanyafarm/public/wp-content/plugins/wp-file-manager/lib/themes/light/js HTTP/1.0" 200 17225
216.73.216.36 - - [07/Nov/2025:05:22:59 +0000] "GET /%22https:/chickenroad2-ufficiale.it/?fileloc=%2Fsrv%2Fusers%2Fmkanyafarm%2Fapps%2Fmkanyafarm%2Fpublic%2Fwp-admin%2Fimages%2Fcomment-grey-bubble-2x.png&path=%2Fsrv%2Fusers%2Fmkanyafarm%2Fapps%2Fmkanyafarm%2Fpublic%2Fwp-admin%2Fimages HTTP/1.0" 200 13169
147.135.213.170 - - [07/Nov/2025:05:23:01 +0000] "GET /%7Btier1_url%7D?path=/srv/users/mkanyafarm/.cache HTTP/1.0" 200 15696
