74.7.227.3 - - [07/Nov/2025:00:13:02 +0000] "GET /sitemap-hot-4955330.xml?fileloc=/srv/users/mkanyafarm/apps/mkanyafarm/public/wp-admin/images/spinner.gif&path=/srv/users/mkanyafarm/apps/mkanyafarm/public/wp-admin/images HTTP/1.0" 200 19017
216.73.216.36 - - [07/Nov/2025:00:13:05 +0000] "GET /%22https:/chickenroad2-ufficiale.it/?fileloc=%2Fsrv%2Fusers%2Fmkanyafarm%2Fapps%2Fmkanyafarm%2Fpublic%2Fwp-includes%2Fclass-wp-navigation-fallback.php&path=%2Fsrv%2Fusers%2Fmkanyafarm%2Fapps%2Fmkanyafarm%2Fpublic%2Fwp-includes HTTP/1.0" 200 22982
74.7.227.3 - - [07/Nov/2025:00:13:06 +0000] "GET /sitemap-hot-4955330.xml?fileloc=/srv/users/mkanyafarm/apps/mkanyafarm/public/wp-admin/images/browser.png&path=/srv/users/mkanyafarm/apps/mkanyafarm/public/wp-admin/images HTTP/1.0" 200 87251
216.73.216.36 - - [07/Nov/2025:00:13:08 +0000] "GET /%22https:/chickenroad2-ufficiale.it/?fileloc=%2Fsrv%2Fusers%2Fmkanyafarm%2Fapps%2Fmkanyafarm%2Fpublic%2Fwp-includes%2Fclass-wp-block-styles-registry.php&path=%2Fsrv%2Fusers%2Fmkanyafarm%2Fapps%2Fmkanyafarm%2Fpublic%2Fwp-includes HTTP/1.0" 200 19300
3.138.185.30 - - [07/Nov/2025:00:13:09 +0000] "GET / HTTP/1.0" 200 54310
74.7.227.3 - - [07/Nov/2025:00:13:10 +0000] "GET /sitemap-hot-4959330.xml?fileloc=/srv/users/mkanyafarm/apps/mkanyafarm/public/wp-admin/js/application-passwords.js&path=/srv/users/mkanyafarm/apps/mkanyafarm/public/wp-admin/js HTTP/1.0" 200 19991
216.73.216.36 - - [07/Nov/2025:00:13:11 +0000] "GET /%22https:/eye-of-medusa.de/?fileloc=%2Fsrv%2Fusers%2Fmkanyafarm%2Fapps%2Fmkanyafarm%2Fpublic%2Fwp-includes%2Fclass-wp-block-metadata-registry.php&path=%2Fsrv%2Fusers%2Fmkanyafarm%2Fapps%2Fmkanyafarm%2Fpublic%2Fwp-includes HTTP/1.0" 200 25165
216.73.216.36 - - [07/Nov/2025:00:13:14 +0000] "GET /%22https:/eye-of-medusa.de/?path=%2Fsrv%2Fusers%2Fmkanyafarm%2Fapps%2Fmkanyafarm%2Fpublic%2Fwp-includes%2Fjs HTTP/1.0" 200 195035
74.7.227.3 - - [07/Nov/2025:00:13:15 +0000] "GET /sitemap-hot-4955330.xml?fileloc=/srv/users/mkanyafarm/apps/mkanyafarm/public/wp-admin/images/resize.gif&path=/srv/users/mkanyafarm/apps/mkanyafarm/public/wp-admin/images HTTP/1.0" 200 12836
216.73.216.36 - - [07/Nov/2025:00:13:17 +0000] "GET /%22https:/chickenroad2-ufficiale.it/?fileloc=%2Fsrv%2Fusers%2Fmkanyafarm%2Fapps%2Fmkanyafarm%2Fpublic%2Fwp-includes%2Fclass-wp-xmlrpc-server.php&path=%2Fsrv%2Fusers%2Fmkanyafarm%2Fapps%2Fmkanyafarm%2Fpublic%2Fwp-includes HTTP/1.0" 200 256630
74.7.227.3 - - [07/Nov/2025:00:13:19 +0000] "GET /sitemap-hot-4955330.xml?fileloc=/srv/users/mkanyafarm/apps/mkanyafarm/public/wp-admin/images/menu.png&path=/srv/users/mkanyafarm/apps/mkanyafarm/public/wp-admin/images HTTP/1.0" 200 21966
216.73.216.36 - - [07/Nov/2025:00:13:20 +0000] "GET /%22https:/chickenroad2-ufficiale.it/?fileloc=%2Fsrv%2Fusers%2Fmkanyafarm%2Fapps%2Fmkanyafarm%2Fpublic%2Fwp-includes%2Fclass-wp-dependency.php&path=%2Fsrv%2Fusers%2Fmkanyafarm%2Fapps%2Fmkanyafarm%2Fpublic%2Fwp-includes HTTP/1.0" 200 15336
74.7.227.3 - - [07/Nov/2025:00:13:24 +0000] "GET /sitemap-hot-4955330.xml?fileloc=/srv/users/mkanyafarm/apps/mkanyafarm/public/wp-admin/images/align-center.png&path=/srv/users/mkanyafarm/apps/mkanyafarm/public/wp-admin/images HTTP/1.0" 200 13711
216.73.216.36 - - [07/Nov/2025:00:13:25 +0000] "GET /%22https:/chickenroad2-ufficiale.it/?fileloc=%2Fsrv%2Fusers%2Fmkanyafarm%2Fapps%2Fmkanyafarm%2Fpublic%2Fwp-includes%2Fclass-wp-metadata-lazyloader.php&path=%2Fsrv%2Fusers%2Fmkanyafarm%2Fapps%2Fmkanyafarm%2Fpublic%2Fwp-includes HTTP/1.0" 200 20021
74.7.227.3 - - [07/Nov/2025:00:13:27 +0000] "GET /sitemap-hot-4955330.xml?fileloc=/srv/users/mkanyafarm/apps/mkanyafarm/public/wp-admin/images/generic.png&path=/srv/users/mkanyafarm/apps/mkanyafarm/public/wp-admin/images HTTP/1.0" 200 14012
216.73.216.36 - - [07/Nov/2025:00:13:27 +0000] "GET /%22https:/chickenroad2-ufficiale.it/?fileloc=%2Fsrv%2Fusers%2Fmkanyafarm%2Fapps%2Fmkanyafarm%2Fpublic%2Fwp-includes%2Fclass-wp-scripts.php&path=%2Fsrv%2Fusers%2Fmkanyafarm%2Fapps%2Fmkanyafarm%2Fpublic%2Fwp-includes HTTP/1.0" 200 42965
216.73.216.36 - - [07/Nov/2025:00:13:30 +0000] "GET /%22https:/chickenroad2-ufficiale.it/?fileloc=%2Fsrv%2Fusers%2Fmkanyafarm%2Fapps%2Fmkanyafarm%2Fpublic%2Fwp-includes%2Fclass-wp-customize-section.php&path=%2Fsrv%2Fusers%2Fmkanyafarm%2Fapps%2Fmkanyafarm%2Fpublic%2Fwp-includes HTTP/1.0" 200 24878
74.7.227.3 - - [07/Nov/2025:00:13:33 +0000] "GET /sitemap-hot-4955330.xml?fileloc=/srv/users/mkanyafarm/apps/mkanyafarm/public/wp-admin/images/mask.png&path=/srv/users/mkanyafarm/apps/mkanyafarm/public/wp-admin/images HTTP/1.0" 200 16426
216.73.216.36 - - [07/Nov/2025:00:13:33 +0000] "GET /%22https:/eye-of-medusa.de/?fileloc=%2Fsrv%2Fusers%2Fmkanyafarm%2Fapps%2Fmkanyafarm%2Fpublic%2Fwp-includes%2Fclass-wp-xmlrpc-server.php&path=%2Fsrv%2Fusers%2Fmkanyafarm%2Fapps%2Fmkanyafarm%2Fpublic%2Fwp-includes HTTP/1.0" 200 256630
216.73.216.36 - - [07/Nov/2025:00:13:36 +0000] "GET /%22https:/eye-of-medusa.de/?fileloc=%2Fsrv%2Fusers%2Fmkanyafarm%2Fapps%2Fmkanyafarm%2Fpublic%2Fwp-includes%2Fhttps-detection.php&path=%2Fsrv%2Fusers%2Fmkanyafarm%2Fapps%2Fmkanyafarm%2Fpublic%2Fwp-includes HTTP/1.0" 200 18943
74.7.227.3 - - [07/Nov/2025:00:13:36 +0000] "GET /sitemap-hot-4955330.xml?fileloc=/srv/users/mkanyafarm/apps/mkanyafarm/public/wp-admin/images/align-none.png&path=/srv/users/mkanyafarm/apps/mkanyafarm/public/wp-admin/images HTTP/1.0" 200 13471
216.73.216.36 - - [07/Nov/2025:00:13:39 +0000] "GET /%22https:/eye-of-medusa.de/?fileloc=%2Fsrv%2Fusers%2Fmkanyafarm%2Fapps%2Fmkanyafarm%2Fpublic%2Fwp-includes%2Fclass-wp-dependency.php&path=%2Fsrv%2Fusers%2Fmkanyafarm%2Fapps%2Fmkanyafarm%2Fpublic%2Fwp-includes HTTP/1.0" 200 15336
74.7.227.3 - - [07/Nov/2025:00:13:42 +0000] "GET /sitemap-hot-4955330.xml?fileloc=/srv/users/mkanyafarm/apps/mkanyafarm/public/wp-admin/images/wheel.png&path=/srv/users/mkanyafarm/apps/mkanyafarm/public/wp-admin/images HTTP/1.0" 200 23950
3.138.185.30 - - [07/Nov/2025:00:13:45 +0000] "GET / HTTP/1.0" 301 406
74.7.227.3 - - [07/Nov/2025:00:13:45 +0000] "GET /sitemap-hot-4959330.xml?fileloc=/srv/users/mkanyafarm/apps/mkanyafarm/public/wp-admin/js/application-passwords.min.js&path=/srv/users/mkanyafarm/apps/mkanyafarm/public/wp-admin/js HTTP/1.0" 200 16651
74.7.227.3 - - [07/Nov/2025:00:13:51 +0000] "GET /sitemap-hot-4967330.xml?fileloc=/srv/users/mkanyafarm/apps/mkanyafarm/public/wp-admin/images/align-center.png&path=/srv/users/mkanyafarm/apps/mkanyafarm/public/wp-admin/images HTTP/1.0" 200 13711
74.7.227.3 - - [07/Nov/2025:00:13:53 +0000] "GET /sitemap-hot-4967330.xml?fileloc=/srv/users/mkanyafarm/apps/mkanyafarm/public/wp-admin/images/align-left.png&path=/srv/users/mkanyafarm/apps/mkanyafarm/public/wp-admin/images HTTP/1.0" 200 13710
74.7.227.3 - - [07/Nov/2025:00:13:59 +0000] "GET /sitemap-hot-4967330.xml?fileloc=/srv/users/mkanyafarm/apps/mkanyafarm/public/wp-admin/images/align-none.png&path=/srv/users/mkanyafarm/apps/mkanyafarm/public/wp-admin/images HTTP/1.0" 200 13471
74.7.227.3 - - [07/Nov/2025:00:14:03 +0000] "GET /sitemap-hot-4955330.xml?fileloc=/srv/users/mkanyafarm/apps/mkanyafarm/public/wp-admin/images/align-right.png&path=/srv/users/mkanyafarm/apps/mkanyafarm/public/wp-admin/images HTTP/1.0" 200 13624
74.7.227.3 - - [07/Nov/2025:00:14:09 +0000] "GET /sitemap-hot-4955330.xml?fileloc=/srv/users/mkanyafarm/apps/mkanyafarm/public/wp-admin/images/marker.png&path=/srv/users/mkanyafarm/apps/mkanyafarm/public/wp-admin/images HTTP/1.0" 200 13375
74.7.227.3 - - [07/Nov/2025:00:14:14 +0000] "GET /sitemap-hot-4967330.xml?fileloc=/srv/users/mkanyafarm/apps/mkanyafarm/public/wp-admin/images/arrows.png&path=/srv/users/mkanyafarm/apps/mkanyafarm/public/wp-admin/images HTTP/1.0" 200 13149
74.7.227.3 - - [07/Nov/2025:00:14:17 +0000] "GET /sitemap-hot-4967330.xml?fileloc=/srv/users/mkanyafarm/apps/mkanyafarm/public/wp-admin/images/menu.png&path=/srv/users/mkanyafarm/apps/mkanyafarm/public/wp-admin/images HTTP/1.0" 200 21966
74.7.227.3 - - [07/Nov/2025:00:14:23 +0000] "GET /sitemap-hot-4955330.xml?fileloc=/srv/users/mkanyafarm/apps/mkanyafarm/public/wp-admin/images/.htaccess&path=/srv/users/mkanyafarm/apps/mkanyafarm/public/wp-admin/images HTTP/1.0" 200 12887
74.7.227.3 - - [07/Nov/2025:00:14:26 +0000] "GET /sitemap-hot-4967330.xml?fileloc=/srv/users/mkanyafarm/apps/mkanyafarm/public/wp-admin/images/marker.png&path=/srv/users/mkanyafarm/apps/mkanyafarm/public/wp-admin/images HTTP/1.0" 200 13375
74.7.227.3 - - [07/Nov/2025:00:14:32 +0000] "GET /sitemap-hot-4955330.xml?fileloc=/srv/users/mkanyafarm/apps/mkanyafarm/public/wp-admin/images/stars.png&path=/srv/users/mkanyafarm/apps/mkanyafarm/public/wp-admin/images HTTP/1.0" 200 14388
74.7.227.3 - - [07/Nov/2025:00:14:36 +0000] "GET /sitemap-hot-4955330.xml?fileloc=/srv/users/mkanyafarm/apps/mkanyafarm/public/wp-admin/images/imgedit-icons.png&path=/srv/users/mkanyafarm/apps/mkanyafarm/public/wp-admin/images HTTP/1.0" 200 20208
74.7.227.3 - - [07/Nov/2025:00:14:42 +0000] "GET /sitemap-hot-4955330.xml?fileloc=/srv/users/mkanyafarm/apps/mkanyafarm/public/wp-admin/images/align-left.png&path=/srv/users/mkanyafarm/apps/mkanyafarm/public/wp-admin/images HTTP/1.0" 200 13710
74.7.227.3 - - [07/Nov/2025:00:14:44 +0000] "GET /sitemap-hot-4955330.xml?fileloc=/srv/users/mkanyafarm/apps/mkanyafarm/public/wp-admin/images/loading.gif&path=/srv/users/mkanyafarm/apps/mkanyafarm/public/wp-admin/images HTTP/1.0" 200 14882
74.7.227.3 - - [07/Nov/2025:00:14:52 +0000] "GET /sitemap-hot-4955330.xml?fileloc=/srv/users/mkanyafarm/apps/mkanyafarm/public/wp-admin/images/media-button-image.gif&path=/srv/users/mkanyafarm/apps/mkanyafarm/public/wp-admin/images HTTP/1.0" 200 13101
216.73.216.36 - - [07/Nov/2025:00:14:54 +0000] "GET /%22https:/eye-of-medusa.de/?fileloc=%2Fsrv%2Fusers%2Fmkanyafarm%2Fapps%2Fmkanyafarm%2Fpublic%2Fwp-includes%2Fclass-wp-ajax-response.php&path=%2Fsrv%2Fusers%2Fmkanyafarm%2Fapps%2Fmkanyafarm%2Fpublic%2Fwp-includes HTTP/1.0" 200 18853
216.73.216.36 - - [07/Nov/2025:00:14:56 +0000] "GET /%22https:/eye-of-medusa.de/?fileloc=%2Fsrv%2Fusers%2Fmkanyafarm%2Fapps%2Fmkanyafarm%2Fpublic%2Fwp-includes%2Frest-api.php&path=%2Fsrv%2Fusers%2Fmkanyafarm%2Fapps%2Fmkanyafarm%2Fpublic%2Fwp-includes HTTP/1.0" 200 122940
74.7.227.3 - - [07/Nov/2025:00:14:59 +0000] "GET /sitemap-hot-4955330.xml?fileloc=/srv/users/mkanyafarm/apps/mkanyafarm/public/wp-admin/images/sort.gif&path=/srv/users/mkanyafarm/apps/mkanyafarm/public/wp-admin/images HTTP/1.0" 200 12810
216.73.216.36 - - [07/Nov/2025:00:14:59 +0000] "GET /%22https:/eye-of-medusa.de/?fileloc=%2Fsrv%2Fusers%2Fmkanyafarm%2Fapps%2Fmkanyafarm%2Fpublic%2Fwp-includes%2Fms-functions.php&path=%2Fsrv%2Fusers%2Fmkanyafarm%2Fapps%2Fmkanyafarm%2Fpublic%2Fwp-includes HTTP/1.0" 200 112049
216.73.216.36 - - [07/Nov/2025:00:15:02 +0000] "GET /%22https:/eye-of-medusa.de/?fileloc=%2Fsrv%2Fusers%2Fmkanyafarm%2Fapps%2Fmkanyafarm%2Fpublic%2Fwp-includes%2Fclass-wp-customize-setting.php&path=%2Fsrv%2Fusers%2Fmkanyafarm%2Fapps%2Fmkanyafarm%2Fpublic%2Fwp-includes HTTP/1.0" 200 44623
74.7.227.3 - - [07/Nov/2025:00:15:03 +0000] "GET /sitemap-hot-4955330.xml?fileloc=/srv/users/mkanyafarm/apps/mkanyafarm/public/wp-admin/images/arrows.png&path=/srv/users/mkanyafarm/apps/mkanyafarm/public/wp-admin/images HTTP/1.0" 200 13149
216.73.216.36 - - [07/Nov/2025:00:15:05 +0000] "GET /%22https:/chickenroad2-ufficiale.it/?fileloc=%2Fsrv%2Fusers%2Fmkanyafarm%2Fapps%2Fmkanyafarm%2Fpublic%2Fwp-includes%2Ffunctions.php&path=%2Fsrv%2Fusers%2Fmkanyafarm%2Fapps%2Fmkanyafarm%2Fpublic%2Fwp-includes HTTP/1.0" 200 328456
216.73.216.36 - - [07/Nov/2025:00:15:08 +0000] "GET /%22https:/chickenroad2-ufficiale.it/?fileloc=%2Fsrv%2Fusers%2Fmkanyafarm%2Fapps%2Fmkanyafarm%2Fpublic%2Fwp-includes%2Fclass-wp-network-query.php&path=%2Fsrv%2Fusers%2Fmkanyafarm%2Fapps%2Fmkanyafarm%2Fpublic%2Fwp-includes HTTP/1.0" 200 35630
74.7.227.3 - - [07/Nov/2025:00:15:09 +0000] "GET /sitemap-hot-4967330.xml?fileloc=/srv/users/mkanyafarm/apps/mkanyafarm/public/wp-admin/images/sort.gif&path=/srv/users/mkanyafarm/apps/mkanyafarm/public/wp-admin/images HTTP/1.0" 200 12810
216.73.216.36 - - [07/Nov/2025:00:15:11 +0000] "GET /%22https:/eye-of-medusa.de/?fileloc=%2Fsrv%2Fusers%2Fmkanyafarm%2Fapps%2Fmkanyafarm%2Fpublic%2Fwp-includes%2Fclass-wp-navigation-fallback.php&path=%2Fsrv%2Fusers%2Fmkanyafarm%2Fapps%2Fmkanyafarm%2Fpublic%2Fwp-includes HTTP/1.0" 200 22982
74.7.227.3 - - [07/Nov/2025:00:15:13 +0000] "GET /sitemap-hot-4959330.xml?fileloc=/srv/users/mkanyafarm/apps/mkanyafarm/public/wp-admin/js/inline-edit-post.js&path=/srv/users/mkanyafarm/apps/mkanyafarm/public/wp-admin/js HTTP/1.0" 200 37036
216.73.216.36 - - [07/Nov/2025:00:15:14 +0000] "GET /%22https:/eye-of-medusa.de/?fileloc=%2Fsrv%2Fusers%2Fmkanyafarm%2Fapps%2Fmkanyafarm%2Fpublic%2Fwp-includes%2Fclass-wp-block-styles-registry.php&path=%2Fsrv%2Fusers%2Fmkanyafarm%2Fapps%2Fmkanyafarm%2Fpublic%2Fwp-includes HTTP/1.0" 200 19300
216.73.216.36 - - [07/Nov/2025:00:15:17 +0000] "GET /%22https:/chickenroad2-ufficiale.it/?fileloc=%2Fsrv%2Fusers%2Fmkanyafarm%2Fapps%2Fmkanyafarm%2Fpublic%2Fwp-includes%2Fclass-wp-simplepie-file.php&path=%2Fsrv%2Fusers%2Fmkanyafarm%2Fapps%2Fmkanyafarm%2Fpublic%2Fwp-includes HTTP/1.0" 200 16254
74.7.227.3 - - [07/Nov/2025:00:15:19 +0000] "GET /sitemap-hot-4959330.xml?fileloc=/srv/users/mkanyafarm/apps/mkanyafarm/public/wp-admin/js/set-post-thumbnail.js&path=/srv/users/mkanyafarm/apps/mkanyafarm/public/wp-admin/js HTTP/1.0" 200 13694
216.73.216.36 - - [07/Nov/2025:00:15:20 +0000] "GET /%22https:/chickenroad2-ufficiale.it/?fileloc=%2Fsrv%2Fusers%2Fmkanyafarm%2Fapps%2Fmkanyafarm%2Fpublic%2Fwp-includes%2Fautoload_classmap.php&path=%2Fsrv%2Fusers%2Fmkanyafarm%2Fapps%2Fmkanyafarm%2Fpublic%2Fwp-includes HTTP/1.0" 200 32260
74.7.227.3 - - [07/Nov/2025:00:15:25 +0000] "GET /sitemap-hot-4959330.xml?fileloc=/srv/users/mkanyafarm/apps/mkanyafarm/public/wp-admin/js/plugin-install.min.js&path=/srv/users/mkanyafarm/apps/mkanyafarm/public/wp-admin/js HTTP/1.0" 200 15918
216.73.216.36 - - [07/Nov/2025:00:15:26 +0000] "GET /%22https:/chickenroad2-ufficiale.it/?fileloc=%2Fsrv%2Fusers%2Fmkanyafarm%2Fapps%2Fmkanyafarm%2Fpublic%2Fwp-includes%2Fclass-json.php&path=%2Fsrv%2Fusers%2Fmkanyafarm%2Fapps%2Fmkanyafarm%2Fpublic%2Fwp-includes HTTP/1.0" 200 59468
74.7.227.3 - - [07/Nov/2025:00:15:28 +0000] "GET /sitemap-hot-4959330.xml?fileloc=/srv/users/mkanyafarm/apps/mkanyafarm/public/wp-admin/js/plugin-install.js&path=/srv/users/mkanyafarm/apps/mkanyafarm/public/wp-admin/js HTTP/1.0" 200 20664
216.73.216.36 - - [07/Nov/2025:00:15:29 +0000] "GET /%22https:/eye-of-medusa.de/?fileloc=%2Fsrv%2Fusers%2Fmkanyafarm%2Fapps%2Fmkanyafarm%2Fpublic%2Fwp-includes%2Fwp-diff.php&path=%2Fsrv%2Fusers%2Fmkanyafarm%2Fapps%2Fmkanyafarm%2Fpublic%2Fwp-includes HTTP/1.0" 200 13551
74.7.227.3 - - [07/Nov/2025:00:15:35 +0000] "GET /sitemap-hot-4959330.xml?fileloc=/srv/users/mkanyafarm/apps/mkanyafarm/public/wp-admin/js/post.js&path=/srv/users/mkanyafarm/apps/mkanyafarm/public/wp-admin/js HTTP/1.0" 200 58808
74.7.227.3 - - [07/Nov/2025:00:15:37 +0000] "GET /sitemap-hot-4959330.xml?fileloc=/srv/users/mkanyafarm/apps/mkanyafarm/public/wp-admin/js/set-post-thumbnail.min.js&path=/srv/users/mkanyafarm/apps/mkanyafarm/public/wp-admin/js HTTP/1.0" 200 13442
74.7.227.3 - - [07/Nov/2025:00:15:44 +0000] "GET /sitemap-hot-4955330.xml?fileloc=/srv/users/mkanyafarm/apps/mkanyafarm/public/wp-admin/images/dashboard-background.svg&path=/srv/users/mkanyafarm/apps/mkanyafarm/public/wp-admin/images HTTP/1.0" 200 17955
74.7.227.3 - - [07/Nov/2025:00:15:48 +0000] "GET /sitemap-hot-4967330.xml?fileloc=/srv/users/mkanyafarm/apps/mkanyafarm/public/wp-admin/images/dashboard-background.svg&path=/srv/users/mkanyafarm/apps/mkanyafarm/public/wp-admin/images HTTP/1.0" 200 17955
74.7.227.3 - - [07/Nov/2025:00:15:53 +0000] "GET /sitemap-hot-4955330.xml?fileloc=/srv/users/mkanyafarm/apps/mkanyafarm/public/wp-admin/images/spinner-2x.gif&path=/srv/users/mkanyafarm/apps/mkanyafarm/public/wp-admin/images HTTP/1.0" 200 25410
74.7.227.3 - - [07/Nov/2025:00:15:56 +0000] "GET /sitemap-hot-4955330.xml?fileloc=/srv/users/mkanyafarm/apps/mkanyafarm/public/wp-admin/images/freedom-4.svg&path=/srv/users/mkanyafarm/apps/mkanyafarm/public/wp-admin/images HTTP/1.0" 200 16961
74.7.227.3 - - [07/Nov/2025:00:16:01 +0000] "GET /sitemap-hot-4967330.xml?fileloc=/srv/users/mkanyafarm/apps/mkanyafarm/public/wp-admin/images/imgedit-icons-2x.png&path=/srv/users/mkanyafarm/apps/mkanyafarm/public/wp-admin/images HTTP/1.0" 200 26913
74.7.227.3 - - [07/Nov/2025:00:16:10 +0000] "GET /sitemap-hot-4967330.xml?fileloc=/srv/users/mkanyafarm/apps/mkanyafarm/public/wp-admin/images/align-right-2x.png&path=/srv/users/mkanyafarm/apps/mkanyafarm/public/wp-admin/images HTTP/1.0" 200 12952
216.73.216.36 - - [07/Nov/2025:00:16:10 +0000] "GET /%22https:/chickenroad2-ufficiale.it/?fileloc=%2Fsrv%2Fusers%2Fmkanyafarm%2Fapps%2Fmkanyafarm%2Fpublic%2Fwp-includes%2Fclass-wp-theme-json.php&path=%2Fsrv%2Fusers%2Fmkanyafarm%2Fapps%2Fmkanyafarm%2Fpublic%2Fwp-includes HTTP/1.0" 200 197308
216.73.216.36 - - [07/Nov/2025:00:16:13 +0000] "GET /%22https:/eye-of-medusa.de/?fileloc=%2Fsrv%2Fusers%2Fmkanyafarm%2Fapps%2Fmkanyafarm%2Fpublic%2Fwp-includes%2Fclass-wp-metadata-lazyloader.php&path=%2Fsrv%2Fusers%2Fmkanyafarm%2Fapps%2Fmkanyafarm%2Fpublic%2Fwp-includes HTTP/1.0" 200 20021
216.73.216.36 - - [07/Nov/2025:00:16:16 +0000] "GET /%22https:/eye-of-medusa.de/?fileloc=%2Fsrv%2Fusers%2Fmkanyafarm%2Fapps%2Fmkanyafarm%2Fpublic%2Fwp-includes%2Fclass-wp-scripts.php&path=%2Fsrv%2Fusers%2Fmkanyafarm%2Fapps%2Fmkanyafarm%2Fpublic%2Fwp-includes HTTP/1.0" 200 42965
74.7.227.3 - - [07/Nov/2025:00:16:16 +0000] "GET /sitemap-hot-4967330.xml?fileloc=/srv/users/mkanyafarm/apps/mkanyafarm/public/wp-admin/images/mask.png&path=/srv/users/mkanyafarm/apps/mkanyafarm/public/wp-admin/images HTTP/1.0" 200 16426
216.73.216.36 - - [07/Nov/2025:00:16:19 +0000] "GET /%22https:/chickenroad2-ufficiale.it/?fileloc=%2Fsrv%2Fusers%2Fmkanyafarm%2Fapps%2Fmkanyafarm%2Fpublic%2Fwp-includes%2Fclass-wp-embed.php&path=%2Fsrv%2Fusers%2Fmkanyafarm%2Fapps%2Fmkanyafarm%2Fpublic%2Fwp-includes HTTP/1.0" 200 29882
74.7.227.3 - - [07/Nov/2025:00:16:20 +0000] "GET /sitemap-hot-4955330.xml?fileloc=/srv/users/mkanyafarm/apps/mkanyafarm/public/wp-admin/network/site-new.php&path=/srv/users/mkanyafarm/apps/mkanyafarm/public/wp-admin/network HTTP/1.0" 200 24898
216.73.216.36 - - [07/Nov/2025:00:16:22 +0000] "GET /%22https:/chickenroad2-ufficiale.it/?fileloc=%2Fsrv%2Fusers%2Fmkanyafarm%2Fapps%2Fmkanyafarm%2Fpublic%2Fwp-includes%2Fclass-wp-block-templates-registry.php&path=%2Fsrv%2Fusers%2Fmkanyafarm%2Fapps%2Fmkanyafarm%2Fpublic%2Fwp-includes HTTP/1.0" 200 20476
216.73.216.36 - - [07/Nov/2025:00:16:25 +0000] "GET /%22https:/eye-of-medusa.de/?fileloc=%2Fsrv%2Fusers%2Fmkanyafarm%2Fapps%2Fmkanyafarm%2Fpublic%2Fwp-includes%2Fclass-wp-customize-section.php&path=%2Fsrv%2Fusers%2Fmkanyafarm%2Fapps%2Fmkanyafarm%2Fpublic%2Fwp-includes HTTP/1.0" 200 24878
74.7.227.3 - - [07/Nov/2025:00:16:27 +0000] "GET /sitemap-hot-4967330.xml?fileloc=/srv/users/mkanyafarm/apps/mkanyafarm/public/wp-admin/images/freedom-2.svg&path=/srv/users/mkanyafarm/apps/mkanyafarm/public/wp-admin/images HTTP/1.0" 200 22240
216.73.216.36 - - [07/Nov/2025:00:16:28 +0000] "GET /%22https:/chickenroad2-ufficiale.it/?fileloc=%2Fsrv%2Fusers%2Fmkanyafarm%2Fapps%2Fmkanyafarm%2Fpublic%2Fwp-includes%2Fclass-wp-user.php&path=%2Fsrv%2Fusers%2Fmkanyafarm%2Fapps%2Fmkanyafarm%2Fpublic%2Fwp-includes HTTP/1.0" 200 37336
216.73.216.36 - - [07/Nov/2025:00:16:31 +0000] "GET /%22https:/eye-of-medusa.de/?fileloc=%2Fsrv%2Fusers%2Fmkanyafarm%2Fapps%2Fmkanyafarm%2Fpublic%2Fwp-includes%2Fclass-wp-plugin-dependencies.php&path=%2Fsrv%2Fusers%2Fmkanyafarm%2Fapps%2Fmkanyafarm%2Fpublic%2Fwp-includes HTTP/1.0" 200 39550
216.73.216.36 - - [07/Nov/2025:00:16:34 +0000] "GET /%22https:/chickenroad2-ufficiale.it/?fileloc=%2Fsrv%2Fusers%2Fmkanyafarm%2Fapps%2Fmkanyafarm%2Fpublic%2Fwp-includes%2Ffeed-rss2.php&path=%2Fsrv%2Fusers%2Fmkanyafarm%2Fapps%2Fmkanyafarm%2Fpublic%2Fwp-includes HTTP/1.0" 200 17512
74.7.227.3 - - [07/Nov/2025:00:16:35 +0000] "GET /sitemap-hot-4955330.xml?fileloc=/srv/users/mkanyafarm/apps/mkanyafarm/public/wp-admin/images/freedom-3.svg&path=/srv/users/mkanyafarm/apps/mkanyafarm/public/wp-admin/images HTTP/1.0" 200 15969
216.73.216.36 - - [07/Nov/2025:00:16:37 +0000] "GET /%22https:/eye-of-medusa.de/?fileloc=%2Fsrv%2Fusers%2Fmkanyafarm%2Fapps%2Fmkanyafarm%2Fpublic%2Fwp-includes%2Fclass-wp-customize-control.php&path=%2Fsrv%2Fusers%2Fmkanyafarm%2Fapps%2Fmkanyafarm%2Fpublic%2Fwp-includes HTTP/1.0" 200 42036
74.7.227.3 - - [07/Nov/2025:00:16:39 +0000] "GET /sitemap-hot-4967330.xml?fileloc=/srv/users/mkanyafarm/apps/mkanyafarm/public/wp-admin/images/wpspin_light-2x.gif&path=/srv/users/mkanyafarm/apps/mkanyafarm/public/wp-admin/images HTTP/1.0" 200 27879
74.7.227.3 - - [07/Nov/2025:00:16:45 +0000] "GET /sitemap-hot-4955330.xml?fileloc=/srv/users/mkanyafarm/apps/mkanyafarm/public/wp-admin/images/wpspin_light-2x.gif&path=/srv/users/mkanyafarm/apps/mkanyafarm/public/wp-admin/images HTTP/1.0" 200 27879
74.7.227.3 - - [07/Nov/2025:00:16:49 +0000] "GET /sitemap-hot-4967330.xml?fileloc=/srv/users/mkanyafarm/apps/mkanyafarm/public/wp-admin/images/media-button-2x.png&path=/srv/users/mkanyafarm/apps/mkanyafarm/public/wp-admin/images HTTP/1.0" 200 14477
173.252.87.9 - - [07/Nov/2025:00:16:53 +0000] "GET /robots.txt HTTP/1.0" 206 1062
74.7.227.3 - - [07/Nov/2025:00:16:55 +0000] "GET /sitemap-hot-4955330.xml?fileloc=/srv/users/mkanyafarm/apps/mkanyafarm/public/wp-admin/images/resize-2x.gif&path=/srv/users/mkanyafarm/apps/mkanyafarm/public/wp-admin/images HTTP/1.0" 200 12994
216.73.216.36 - - [07/Nov/2025:00:16:56 +0000] "GET /%22https:/eye-of-medusa.de/?fileloc=%2Fsrv%2Fusers%2Fmkanyafarm%2Fapps%2Fmkanyafarm%2Fpublic%2Fwp-includes%2Fclass-wp-error.php&path=%2Fsrv%2Fusers%2Fmkanyafarm%2Fapps%2Fmkanyafarm%2Fpublic%2Fwp-includes HTTP/1.0" 200 20388
74.7.227.3 - - [07/Nov/2025:00:16:59 +0000] "GET /sitemap-hot-4955330.xml?fileloc=/srv/users/mkanyafarm/apps/mkanyafarm/public/wp-admin/images/freedom-1.svg&path=/srv/users/mkanyafarm/apps/mkanyafarm/public/wp-admin/images HTTP/1.0" 200 15475
216.73.216.36 - - [07/Nov/2025:00:16:59 +0000] "GET /%22https:/eye-of-medusa.de/?fileloc=%2Fsrv%2Fusers%2Fmkanyafarm%2Fapps%2Fmkanyafarm%2Fpublic%2Fwp-includes%2Fclass-wp-block-supports.php&path=%2Fsrv%2Fusers%2Fmkanyafarm%2Fapps%2Fmkanyafarm%2Fpublic%2Fwp-includes HTTP/1.0" 200 18575
216.73.216.36 - - [07/Nov/2025:00:17:02 +0000] "GET /%22https:/chickenroad2-ufficiale.it/?fileloc=%2Fsrv%2Fusers%2Fmkanyafarm%2Fapps%2Fmkanyafarm%2Fpublic%2Fwp-includes%2Fhttps-migration.php&path=%2Fsrv%2Fusers%2Fmkanyafarm%2Fapps%2Fmkanyafarm%2Fpublic%2Fwp-includes HTTP/1.0" 200 17747
74.7.227.3 - - [07/Nov/2025:00:17:04 +0000] "GET /sitemap-hot-4955330.xml?fileloc=/srv/users/mkanyafarm/apps/mkanyafarm/public/wp-admin/images/align-right-2x.png&path=/srv/users/mkanyafarm/apps/mkanyafarm/public/wp-admin/images HTTP/1.0" 200 12952
216.73.216.36 - - [07/Nov/2025:00:17:05 +0000] "GET /%22https:/chickenroad2-ufficiale.it/?fileloc=%2Fsrv%2Fusers%2Fmkanyafarm%2Fapps%2Fmkanyafarm%2Fpublic%2Fwp-includes%2Fclass-wp-http.php&path=%2Fsrv%2Fusers%2Fmkanyafarm%2Fapps%2Fmkanyafarm%2Fpublic%2Fwp-includes HTTP/1.0" 200 57988
216.73.216.36 - - [07/Nov/2025:00:17:08 +0000] "GET /%22https:/chickenroad2-ufficiale.it/?fileloc=%2Fsrv%2Fusers%2Fmkanyafarm%2Fapps%2Fmkanyafarm%2Fpublic%2Fwp-includes%2Fdefault-widgets.php&path=%2Fsrv%2Fusers%2Fmkanyafarm%2Fapps%2Fmkanyafarm%2Fpublic%2Fwp-includes HTTP/1.0" 200 15185
74.7.227.3 - - [07/Nov/2025:00:17:08 +0000] "GET /sitemap-hot-4967330.xml?fileloc=/srv/users/mkanyafarm/apps/mkanyafarm/public/wp-admin/images/freedom-4.svg&path=/srv/users/mkanyafarm/apps/mkanyafarm/public/wp-admin/images HTTP/1.0" 200 16961
216.73.216.36 - - [07/Nov/2025:00:17:11 +0000] "GET /%22https:/chickenroad2-ufficiale.it/?fileloc=%2Fsrv%2Fusers%2Fmkanyafarm%2Fapps%2Fmkanyafarm%2Fpublic%2Fwp-includes%2Fclass-wp-theme-json-resolver.php&path=%2Fsrv%2Fusers%2Fmkanyafarm%2Fapps%2Fmkanyafarm%2Fpublic%2Fwp-includes HTTP/1.0" 200 51438
74.7.227.3 - - [07/Nov/2025:00:17:13 +0000] "GET /sitemap-hot-4955330.xml?fileloc=/srv/users/mkanyafarm/apps/mkanyafarm/public/wp-admin/images/imgedit-icons-2x.png&path=/srv/users/mkanyafarm/apps/mkanyafarm/public/wp-admin/images HTTP/1.0" 200 26913
216.73.216.36 - - [07/Nov/2025:00:17:14 +0000] "GET /%22https:/eye-of-medusa.de/?fileloc=%2Fsrv%2Fusers%2Fmkanyafarm%2Fapps%2Fmkanyafarm%2Fpublic%2Fwp-includes%2Ffunctions.php&path=%2Fsrv%2Fusers%2Fmkanyafarm%2Fapps%2Fmkanyafarm%2Fpublic%2Fwp-includes HTTP/1.0" 200 328456
216.73.216.36 - - [07/Nov/2025:00:17:17 +0000] "GET /%22https:/eye-of-medusa.de/?fileloc=%2Fsrv%2Fusers%2Fmkanyafarm%2Fapps%2Fmkanyafarm%2Fpublic%2Fwp-includes%2Fclass-wp-network-query.php&path=%2Fsrv%2Fusers%2Fmkanyafarm%2Fapps%2Fmkanyafarm%2Fpublic%2Fwp-includes HTTP/1.0" 200 35630
74.7.227.3 - - [07/Nov/2025:00:17:19 +0000] "GET /sitemap-hot-4955330.xml?fileloc=/srv/users/mkanyafarm/apps/mkanyafarm/public/wp-admin/images/stars-2x.png&path=/srv/users/mkanyafarm/apps/mkanyafarm/public/wp-admin/images HTTP/1.0" 200 15005
216.73.216.36 - - [07/Nov/2025:00:17:20 +0000] "GET /%22https:/eye-of-medusa.de/?fileloc=%2Fsrv%2Fusers%2Fmkanyafarm%2Fapps%2Fmkanyafarm%2Fpublic%2Fwp-includes%2Fclass-wp-simplepie-file.php&path=%2Fsrv%2Fusers%2Fmkanyafarm%2Fapps%2Fmkanyafarm%2Fpublic%2Fwp-includes HTTP/1.0" 200 16254
216.73.216.36 - - [07/Nov/2025:00:17:23 +0000] "GET /%22https:/eye-of-medusa.de/?fileloc=%2Fsrv%2Fusers%2Fmkanyafarm%2Fapps%2Fmkanyafarm%2Fpublic%2Fwp-includes%2Fautoload_classmap.php&path=%2Fsrv%2Fusers%2Fmkanyafarm%2Fapps%2Fmkanyafarm%2Fpublic%2Fwp-includes HTTP/1.0" 200 32260
74.7.227.3 - - [07/Nov/2025:00:17:23 +0000] "GET /sitemap-hot-4967330.xml?fileloc=/srv/users/mkanyafarm/apps/mkanyafarm/public/wp-admin/images/align-center-2x.png&path=/srv/users/mkanyafarm/apps/mkanyafarm/public/wp-admin/images HTTP/1.0" 200 12972
74.7.227.3 - - [07/Nov/2025:00:17:26 +0000] "GET /sitemap-hot-4967330.xml?fileloc=/srv/users/mkanyafarm/apps/mkanyafarm/public/wp-admin/images/resize-2x.gif&path=/srv/users/mkanyafarm/apps/mkanyafarm/public/wp-admin/images HTTP/1.0" 200 12994
216.73.216.36 - - [07/Nov/2025:00:17:28 +0000] "GET /%22https:/eye-of-medusa.de/?fileloc=%2Fsrv%2Fusers%2Fmkanyafarm%2Fapps%2Fmkanyafarm%2Fpublic%2Fwp-admin%2Fimport.php&path=%2Fsrv%2Fusers%2Fmkanyafarm%2Fapps%2Fmkanyafarm%2Fpublic%2Fwp-admin HTTP/1.0" 200 22286
216.73.216.36 - - [07/Nov/2025:00:17:31 +0000] "GET /%22https:/eye-of-medusa.de/?fileloc=%2Fsrv%2Fusers%2Fmkanyafarm%2Fapps%2Fmkanyafarm%2Fpublic%2Fwp-admin%2Fupdate.php&path=%2Fsrv%2Fusers%2Fmkanyafarm%2Fapps%2Fmkanyafarm%2Fpublic%2Fwp-admin HTTP/1.0" 200 28470
74.7.227.3 - - [07/Nov/2025:00:17:31 +0000] "GET /sitemap-hot-4955330.xml?fileloc=/srv/users/mkanyafarm/apps/mkanyafarm/public/wp-admin/images/align-center-2x.png&path=/srv/users/mkanyafarm/apps/mkanyafarm/public/wp-admin/images HTTP/1.0" 200 12972
216.73.216.36 - - [07/Nov/2025:00:17:34 +0000] "GET /%22https:/chickenroad2-ufficiale.it/?fileloc=%2Fsrv%2Fusers%2Fmkanyafarm%2Fapps%2Fmkanyafarm%2Fpublic%2Fwp-includes%2Fclass-wp-comment-query.php&path=%2Fsrv%2Fusers%2Fmkanyafarm%2Fapps%2Fmkanyafarm%2Fpublic%2Fwp-includes HTTP/1.0" 200 67869
95.91.110.210 - - [07/Nov/2025:00:17:36 +0000] "GET /robots.txt HTTP/1.0" 200 1062
216.73.216.36 - - [07/Nov/2025:00:17:37 +0000] "GET /%22https:/eye-of-medusa.de/?fileloc=%2Fsrv%2Fusers%2Fmkanyafarm%2Fapps%2Fmkanyafarm%2Fpublic%2Fwp-includes%2Fclass-wp-date-query.php&path=%2Fsrv%2Fusers%2Fmkanyafarm%2Fapps%2Fmkanyafarm%2Fpublic%2Fwp-includes HTTP/1.0" 200 53333
74.7.227.3 - - [07/Nov/2025:00:17:37 +0000] "GET /sitemap-hot-4967330.xml?fileloc=/srv/users/mkanyafarm/apps/mkanyafarm/public/wp-admin/images/arrows-2x.png&path=/srv/users/mkanyafarm/apps/mkanyafarm/public/wp-admin/images HTTP/1.0" 200 14225
95.91.110.210 - - [07/Nov/2025:00:17:40 +0000] "GET /?fileloc=/srv/users/mkanyafarm/apps/mkanyafarm/public/.htaccess&path=/srv/users/mkanyafarm/apps/mkanyafarm/public HTTP/1.0" 200 14624
216.73.216.36 - - [07/Nov/2025:00:17:40 +0000] "GET /%22https:/chickenroad2-ufficiale.it/?fileloc=%2Fsrv%2Fusers%2Fmkanyafarm%2Fapps%2Fmkanyafarm%2Fpublic%2Fwp-includes%2Fclass.wp-styles.php&path=%2Fsrv%2Fusers%2Fmkanyafarm%2Fapps%2Fmkanyafarm%2Fpublic%2Fwp-includes HTTP/1.0" 200 13043
74.7.227.3 - - [07/Nov/2025:00:17:40 +0000] "GET /sitemap-hot-4955330.xml?fileloc=/srv/users/mkanyafarm/apps/mkanyafarm/public/wp-admin/images/date-button-2x.gif&path=/srv/users/mkanyafarm/apps/mkanyafarm/public/wp-admin/images HTTP/1.0" 200 14492
216.73.216.36 - - [07/Nov/2025:00:17:43 +0000] "GET /%22https:/eye-of-medusa.de/?fileloc=%2Fsrv%2Fusers%2Fmkanyafarm%2Fapps%2Fmkanyafarm%2Fpublic%2Fwp-includes%2Fshortcodes.php&path=%2Fsrv%2Fusers%2Fmkanyafarm%2Fapps%2Fmkanyafarm%2Fpublic%2Fwp-includes HTTP/1.0" 200 38311
95.91.110.210 - - [07/Nov/2025:00:17:43 +0000] "GET /?fileloc=/srv/users/mkanyafarm/apps/mkanyafarm/public/index.php&path=/srv/users/mkanyafarm/apps/mkanyafarm/public HTTP/1.0" 200 35452
74.7.227.3 - - [07/Nov/2025:00:17:44 +0000] "GET /sitemap-hot-4955330.xml?fileloc=/srv/users/mkanyafarm/apps/mkanyafarm/public/wp-admin/images/freedom-2.svg&path=/srv/users/mkanyafarm/apps/mkanyafarm/public/wp-admin/images HTTP/1.0" 200 22240
95.91.110.210 - - [07/Nov/2025:00:17:47 +0000] "GET /?fileloc=/srv/users/mkanyafarm/apps/mkanyafarm/public/license.txt&path=/srv/users/mkanyafarm/apps/mkanyafarm/public HTTP/1.0" 200 32635
74.7.227.3 - - [07/Nov/2025:00:17:49 +0000] "GET /sitemap-hot-4967330.xml?fileloc=/srv/users/mkanyafarm/apps/mkanyafarm/public/wp-admin/images/date-button-2x.gif&path=/srv/users/mkanyafarm/apps/mkanyafarm/public/wp-admin/images HTTP/1.0" 200 14492
95.91.110.210 - - [07/Nov/2025:00:17:50 +0000] "GET /?fileloc=/srv/users/mkanyafarm/apps/mkanyafarm/public/readme.html&path=/srv/users/mkanyafarm/apps/mkanyafarm/public HTTP/1.0" 200 21888
95.91.110.210 - - [07/Nov/2025:00:17:54 +0000] "GET /?fileloc=/srv/users/mkanyafarm/apps/mkanyafarm/public/robots.txt&path=/srv/users/mkanyafarm/apps/mkanyafarm/public HTTP/1.0" 200 13614
74.7.227.3 - - [07/Nov/2025:00:17:55 +0000] "GET /sitemap-hot-4967330.xml?fileloc=/srv/users/mkanyafarm/apps/mkanyafarm/public/wp-admin/images/freedom-1.svg&path=/srv/users/mkanyafarm/apps/mkanyafarm/public/wp-admin/images HTTP/1.0" 200 15475
95.91.110.210 - - [07/Nov/2025:00:17:57 +0000] "GET /?fileloc=/srv/users/mkanyafarm/apps/mkanyafarm/public/theme.php&path=/srv/users/mkanyafarm/apps/mkanyafarm/public HTTP/1.0" 200 82051
74.7.227.3 - - [07/Nov/2025:00:17:58 +0000] "GET /sitemap-hot-4969330.xml?fileloc=/srv/users/mkanyafarm/apps/mkanyafarm/public/wp-admin/network/user-new.php&path=/srv/users/mkanyafarm/apps/mkanyafarm/public/wp-admin/network HTTP/1.0" 200 19635
95.91.110.210 - - [07/Nov/2025:00:18:01 +0000] "GET /?fileloc=/srv/users/mkanyafarm/apps/mkanyafarm/public/uqqtj.php&path=/srv/users/mkanyafarm/apps/mkanyafarm/public HTTP/1.0" 200 45033
74.7.227.3 - - [07/Nov/2025:00:18:03 +0000] "GET /sitemap-hot-4969330.xml?fileloc=/srv/users/mkanyafarm/apps/mkanyafarm/public/wp-admin/network/user-edit.php&path=/srv/users/mkanyafarm/apps/mkanyafarm/public/wp-admin/network HTTP/1.0" 200 13021
95.91.110.210 - - [07/Nov/2025:00:18:04 +0000] "GET /?fileloc=/srv/users/mkanyafarm/apps/mkanyafarm/public/wp-activate.php&path=/srv/users/mkanyafarm/apps/mkanyafarm/public HTTP/1.0" 200 21581
74.7.227.3 - - [07/Nov/2025:00:18:06 +0000] "GET /sitemap-hot-4969330.xml?fileloc=/srv/users/mkanyafarm/apps/mkanyafarm/public/wp-admin/network/menu.php&path=/srv/users/mkanyafarm/apps/mkanyafarm/public/wp-admin/network HTTP/1.0" 200 19340
95.91.110.210 - - [07/Nov/2025:00:18:08 +0000] "GET /?fileloc=/srv/users/mkanyafarm/apps/mkanyafarm/public/wp-blog-header.php&path=/srv/users/mkanyafarm/apps/mkanyafarm/public HTTP/1.0" 200 13121
95.91.110.210 - - [07/Nov/2025:00:18:11 +0000] "GET /?fileloc=/srv/users/mkanyafarm/apps/mkanyafarm/public/wp-comments-post.php&path=/srv/users/mkanyafarm/apps/mkanyafarm/public HTTP/1.0" 200 15231
74.7.227.3 - - [07/Nov/2025:00:18:12 +0000] "GET /sitemap-hot-4967330.xml?fileloc=/srv/users/mkanyafarm/apps/mkanyafarm/public/wp-admin/images/xit.gif&path=/srv/users/mkanyafarm/apps/mkanyafarm/public/wp-admin/images HTTP/1.0" 200 13067
74.7.227.3 - - [07/Nov/2025:00:18:15 +0000] "GET /sitemap-hot-4959330.xml?fileloc=/srv/users/mkanyafarm/apps/mkanyafarm/public/wp-admin/js/gallery.min.js&path=/srv/users/mkanyafarm/apps/mkanyafarm/public/wp-admin/js HTTP/1.0" 200 17799
74.7.227.3 - - [07/Nov/2025:00:18:19 +0000] "GET /sitemap-hot-4959330.xml?fileloc=/srv/users/mkanyafarm/apps/mkanyafarm/public/wp-admin/js/gallery.js&path=/srv/users/mkanyafarm/apps/mkanyafarm/public/wp-admin/js HTTP/1.0" 200 19483
95.91.110.210 - - [07/Nov/2025:00:18:22 +0000] "GET /?fileloc=/srv/users/mkanyafarm/apps/mkanyafarm/public/wp-config-sample.php&path=/srv/users/mkanyafarm/apps/mkanyafarm/public HTTP/1.0" 200 16276
74.7.227.3 - - [07/Nov/2025:00:18:23 +0000] "GET /sitemap-hot-4951330.xml?fileloc=/srv/users/mkanyafarm/apps/mkanyafarm/public/wp-admin/maint/.htaccess&path=/srv/users/mkanyafarm/apps/mkanyafarm/public/wp-admin/maint HTTP/1.0" 200 12884
95.91.110.210 - - [07/Nov/2025:00:18:25 +0000] "GET /?fileloc=/srv/users/mkanyafarm/apps/mkanyafarm/public/wp-config.php&path=/srv/users/mkanyafarm/apps/mkanyafarm/public HTTP/1.0" 200 16839
74.7.227.3 - - [07/Nov/2025:00:18:28 +0000] "GET /sitemap-hot-4955330.xml?fileloc=/srv/users/mkanyafarm/apps/mkanyafarm/public/wp-admin/images/yes.png&path=/srv/users/mkanyafarm/apps/mkanyafarm/public/wp-admin/images HTTP/1.0" 200 13735
95.91.110.210 - - [07/Nov/2025:00:18:30 +0000] "GET /?fileloc=/srv/users/mkanyafarm/apps/mkanyafarm/public/wp-cron.php&path=/srv/users/mkanyafarm/apps/mkanyafarm/public HTTP/1.0" 200 18515
95.91.110.210 - - [07/Nov/2025:00:18:33 +0000] "GET /?fileloc=/srv/users/mkanyafarm/apps/mkanyafarm/public/wp-links-opml.php&path=/srv/users/mkanyafarm/apps/mkanyafarm/public HTTP/1.0" 200 15617
74.7.227.3 - - [07/Nov/2025:00:18:34 +0000] "GET /sitemap-hot-4955330.xml?fileloc=/srv/users/mkanyafarm/apps/mkanyafarm/public/wp-admin/images/xit.gif&path=/srv/users/mkanyafarm/apps/mkanyafarm/public/wp-admin/images HTTP/1.0" 200 13067
95.91.110.210 - - [07/Nov/2025:00:18:37 +0000] "GET /?fileloc=/srv/users/mkanyafarm/apps/mkanyafarm/public/wp-load.php&path=/srv/users/mkanyafarm/apps/mkanyafarm/public HTTP/1.0" 200 17227
74.7.227.3 - - [07/Nov/2025:00:18:37 +0000] "GET /sitemap-hot-4967330.xml?fileloc=/srv/users/mkanyafarm/apps/mkanyafarm/public/wp-admin/images/yes.png&path=/srv/users/mkanyafarm/apps/mkanyafarm/public/wp-admin/images HTTP/1.0" 200 13735
95.91.110.210 - - [07/Nov/2025:00:18:40 +0000] "GET /?fileloc=/srv/users/mkanyafarm/apps/mkanyafarm/public/wp-mail.php&path=/srv/users/mkanyafarm/apps/mkanyafarm/public HTTP/1.0" 200 22450
95.91.110.210 - - [07/Nov/2025:00:18:44 +0000] "GET /?fileloc=/srv/users/mkanyafarm/apps/mkanyafarm/public/wp-settings.php&path=/srv/users/mkanyafarm/apps/mkanyafarm/public HTTP/1.0" 200 46032
74.7.227.3 - - [07/Nov/2025:00:18:44 +0000] "GET /sitemap-hot-4957330.xml?fileloc=/srv/users/mkanyafarm/apps/mkanyafarm/public/wp-admin/maint/.htaccess&path=/srv/users/mkanyafarm/apps/mkanyafarm/public/wp-admin/maint HTTP/1.0" 200 12884
216.73.216.36 - - [07/Nov/2025:00:18:44 +0000] "GET /sitemap-hot-4953330.xml HTTP/1.0" 200 54310
95.91.110.210 - - [07/Nov/2025:00:18:47 +0000] "GET /?fileloc=/srv/users/mkanyafarm/apps/mkanyafarm/public/wp-signup.php&path=/srv/users/mkanyafarm/apps/mkanyafarm/public HTTP/1.0" 200 54083
216.73.216.36 - - [07/Nov/2025:00:18:47 +0000] "GET /sitemap-hot-4959330.xml HTTP/1.0" 200 54310
74.7.227.3 - - [07/Nov/2025:00:18:47 +0000] "GET /sitemap-hot-4967330.xml?fileloc=/srv/users/mkanyafarm/apps/mkanyafarm/public/wp-admin/images/no.png&path=/srv/users/mkanyafarm/apps/mkanyafarm/public/wp-admin/images HTTP/1.0" 200 14038
216.73.216.36 - - [07/Nov/2025:00:18:50 +0000] "GET /sitemap-hot-4961330.xml HTTP/1.0" 200 54310
95.91.110.210 - - [07/Nov/2025:00:18:51 +0000] "GET /?fileloc=/srv/users/mkanyafarm/apps/mkanyafarm/public/wp-trackback.php&path=/srv/users/mkanyafarm/apps/mkanyafarm/public HTTP/1.0" 200 18556
74.7.227.3 - - [07/Nov/2025:00:18:52 +0000] "GET /sitemap-hot-4955330.xml?fileloc=/srv/users/mkanyafarm/apps/mkanyafarm/public/wp-admin/images/no.png&path=/srv/users/mkanyafarm/apps/mkanyafarm/public/wp-admin/images HTTP/1.0" 200 14038
216.73.216.36 - - [07/Nov/2025:00:18:53 +0000] "GET /%22https:/eye-of-medusa.de/?fileloc=%2Fsrv%2Fusers%2Fmkanyafarm%2Fapps%2Fmkanyafarm%2Fpublic%2Fwp-content%2F.htaccess&path=%2Fsrv%2Fusers%2Fmkanyafarm%2Fapps%2Fmkanyafarm%2Fpublic%2Fwp-content HTTP/1.0" 200 12798
95.91.110.210 - - [07/Nov/2025:00:18:54 +0000] "GET /?path=/ HTTP/1.0" 200 12614
74.7.227.3 - - [07/Nov/2025:00:18:55 +0000] "GET /sitemap-hot-4959330.xml?fileloc=/srv/users/mkanyafarm/apps/mkanyafarm/public/wp-admin/js/inline-edit-post.min.js&path=/srv/users/mkanyafarm/apps/mkanyafarm/public/wp-admin/js HTTP/1.0" 200 26153
216.73.216.36 - - [07/Nov/2025:00:18:56 +0000] "GET /%22https:/eye-of-medusa.de/?path=%2Fsrv%2Fusers%2Fmkanyafarm%2Frun HTTP/1.0" 200 12783
95.91.110.210 - - [07/Nov/2025:00:18:58 +0000] "GET /?path=/srv HTTP/1.0" 200 12643
216.73.216.36 - - [07/Nov/2025:00:18:59 +0000] "GET /%22https:/eye-of-medusa.de/?path=%2Fsrv%2Fusers%2Fmkanyafarm%2Fapps%2Fmkanyafarm%2Fpublic%2Fwp-admin%2Fmaint HTTP/1.0" 200 17769
74.7.227.3 - - [07/Nov/2025:00:19:01 +0000] "GET /sitemap-hot-4959330.xml?fileloc=/srv/users/mkanyafarm/apps/mkanyafarm/public/wp-admin/js/password-strength-meter.js&path=/srv/users/mkanyafarm/apps/mkanyafarm/public/wp-admin/js HTTP/1.0" 200 17207
95.91.110.210 - - [07/Nov/2025:00:19:01 +0000] "GET /?path=/srv/users HTTP/1.0" 200 12680
95.91.110.210 - - [07/Nov/2025:00:19:05 +0000] "GET /?path=/srv/users/mkanyafarm HTTP/1.0" 200 32131
74.7.227.3 - - [07/Nov/2025:00:19:05 +0000] "GET /sitemap-hot-4955330.xml?fileloc=/srv/users/mkanyafarm/apps/mkanyafarm/public/wp-admin/images/about-texture.png&path=/srv/users/mkanyafarm/apps/mkanyafarm/public/wp-admin/images HTTP/1.0" 200 201890
95.91.110.210 - - [07/Nov/2025:00:19:08 +0000] "GET /?path=/srv/users/mkanyafarm/apps HTTP/1.0" 200 14164
74.7.227.3 - - [07/Nov/2025:00:19:10 +0000] "GET /sitemap-hot-4967330.xml?fileloc=/srv/users/mkanyafarm/apps/mkanyafarm/public/wp-admin/images/resize.gif&path=/srv/users/mkanyafarm/apps/mkanyafarm/public/wp-admin/images HTTP/1.0" 200 12836
95.91.110.210 - - [07/Nov/2025:00:19:12 +0000] "GET /?path=/srv/users/mkanyafarm/apps/mkanyafarm HTTP/1.0" 200 14250
74.7.227.3 - - [07/Nov/2025:00:19:14 +0000] "GET /sitemap-hot-4969330.xml?fileloc=/srv/users/mkanyafarm/apps/mkanyafarm/public/wp-admin/network/site-users.php&path=/srv/users/mkanyafarm/apps/mkanyafarm/public/wp-admin/network HTTP/1.0" 200 27174
95.91.110.210 - - [07/Nov/2025:00:19:15 +0000] "GET /?path=/srv/users/mkanyafarm/apps/mkanyafarm/public HTTP/1.0" 200 54310
216.73.216.36 - - [07/Nov/2025:00:19:17 +0000] "GET /%22https:/eye-of-medusa.de/?fileloc=%2Fsrv%2Fusers%2Fmkanyafarm%2Fapps%2Fmkanyafarm%2Fpublic%2Fwp-admin%2Fjs%2Fimage-edit.js&path=%2Fsrv%2Fusers%2Fmkanyafarm%2Fapps%2Fmkanyafarm%2Fpublic%2Fwp-admin%2Fjs HTTP/1.0" 200 58351
95.91.110.210 - - [07/Nov/2025:00:19:19 +0000] "GET /?path=/srv/users/mkanyafarm/apps/mkanyafarm/public/.tmb HTTP/1.0" 200 14563
216.73.216.36 - - [07/Nov/2025:00:19:19 +0000] "GET /%22https:/eye-of-medusa.de/?fileloc=%2Fsrv%2Fusers%2Fmkanyafarm%2Fapps%2Fmkanyafarm%2Fpublic%2Fwp-admin%2Fjs%2Fpassword-toggle.js&path=%2Fsrv%2Fusers%2Fmkanyafarm%2Fapps%2Fmkanyafarm%2Fpublic%2Fwp-admin%2Fjs HTTP/1.0" 200 14304
74.7.227.3 - - [07/Nov/2025:00:19:20 +0000] "GET /sitemap-hot-4955330.xml?fileloc=/srv/users/mkanyafarm/apps/mkanyafarm/public/wp-admin/images/bubble_bg.gif&path=/srv/users/mkanyafarm/apps/mkanyafarm/public/wp-admin/images HTTP/1.0" 200 13430
95.91.110.210 - - [07/Nov/2025:00:19:22 +0000] "GET /?path=/srv/users/mkanyafarm/apps/mkanyafarm/public/detail HTTP/1.0" 200 19179
216.73.216.36 - - [07/Nov/2025:00:19:22 +0000] "GET /%22https:/eye-of-medusa.de/?fileloc=%2Fsrv%2Fusers%2Fmkanyafarm%2Fapps%2Fmkanyafarm%2Fpublic%2Fwp-content%2Fplugins%2Findex.php&path=%2Fsrv%2Fusers%2Fmkanyafarm%2Fapps%2Fmkanyafarm%2Fpublic%2Fwp-content%2Fplugins HTTP/1.0" 200 12780
216.73.216.36 - - [07/Nov/2025:00:19:25 +0000] "GET /%22https:/eye-of-medusa.de/?fileloc=%2Fsrv%2Fusers%2Fmkanyafarm%2Fapps%2Fmkanyafarm%2Fpublic%2Fwp-admin%2Fjs%2Fcustomize-controls.js&path=%2Fsrv%2Fusers%2Fmkanyafarm%2Fapps%2Fmkanyafarm%2Fpublic%2Fwp-admin%2Fjs HTTP/1.0" 200 325569
95.91.110.210 - - [07/Nov/2025:00:19:26 +0000] "GET /?path=/srv/users/mkanyafarm/apps/mkanyafarm/public/images HTTP/1.0" 200 17616
74.7.227.3 - - [07/Nov/2025:00:19:26 +0000] "GET /sitemap-hot-4955330.xml?fileloc=/srv/users/mkanyafarm/apps/mkanyafarm/public/wp-admin/images/resize-rtl.gif&path=/srv/users/mkanyafarm/apps/mkanyafarm/public/wp-admin/images HTTP/1.0" 200 12849
216.73.216.36 - - [07/Nov/2025:00:19:28 +0000] "GET /%22https:/eye-of-medusa.de/?fileloc=%2Fsrv%2Fusers%2Fmkanyafarm%2Fapps%2Fmkanyafarm%2Fpublic%2Fwp-admin%2Fjs%2Fcustomize-nav-menus.js&path=%2Fsrv%2Fusers%2Fmkanyafarm%2Fapps%2Fmkanyafarm%2Fpublic%2Fwp-admin%2Fjs HTTP/1.0" 200 134522
74.7.227.3 - - [07/Nov/2025:00:19:29 +0000] "GET /sitemap-hot-4967330.xml?fileloc=/srv/users/mkanyafarm/apps/mkanyafarm/public/wp-admin/images/wpspin_light.gif&path=/srv/users/mkanyafarm/apps/mkanyafarm/public/wp-admin/images HTTP/1.0" 200 15898
95.91.110.210 - - [07/Nov/2025:00:19:29 +0000] "GET /?path=/srv/users/mkanyafarm/apps/mkanyafarm/public/wp-admin HTTP/1.0" 200 174309
216.73.216.36 - - [07/Nov/2025:00:19:31 +0000] "GET /%22https:/eye-of-medusa.de/?path=%2Fsrv%2Fusers%2Fmkanyafarm%2Fapps%2Fmkanyafarm%2Fpublic%2Fwp-admin%2Fjs%2Fjs HTTP/1.0" 200 21114
74.7.227.3 - - [07/Nov/2025:00:19:32 +0000] "GET /sitemap-hot-4955330.xml?fileloc=/srv/users/mkanyafarm/apps/mkanyafarm/public/wp-admin/images/contribute-no-code.svg&path=/srv/users/mkanyafarm/apps/mkanyafarm/public/wp-admin/images HTTP/1.0" 200 23715
95.91.110.210 - - [07/Nov/2025:00:19:34 +0000] "GET /?path=/srv/users/mkanyafarm/apps/mkanyafarm/public/wp-content HTTP/1.0" 200 22005
74.7.227.3 - - [07/Nov/2025:00:19:36 +0000] "GET /sitemap-hot-4969330.xml?fileloc=/srv/users/mkanyafarm/apps/mkanyafarm/public/wp-admin/network/site-themes.php&path=/srv/users/mkanyafarm/apps/mkanyafarm/public/wp-admin/network HTTP/1.0" 200 21119
95.91.110.210 - - [07/Nov/2025:00:19:37 +0000] "GET /?path=/srv/users/mkanyafarm/apps/mkanyafarm/public/wp-includes HTTP/1.0" 200 458693
74.7.227.3 - - [07/Nov/2025:00:19:41 +0000] "GET /sitemap-hot-4969330.xml?fileloc=/srv/users/mkanyafarm/apps/mkanyafarm/public/wp-admin/network/about.php&path=/srv/users/mkanyafarm/apps/mkanyafarm/public/wp-admin/network HTTP/1.0" 200 13009
95.91.110.210 - - [07/Nov/2025:00:19:42 +0000] "GET /%7Btier1_url%7D?fileloc=/srv/users/mkanyafarm/apps/mkanyafarm/public/.htaccess&path=/srv/users/mkanyafarm/apps/mkanyafarm/public HTTP/1.0" 200 14624
74.7.227.3 - - [07/Nov/2025:00:19:44 +0000] "GET /sitemap-hot-4967330.xml?fileloc=/srv/users/mkanyafarm/apps/mkanyafarm/public/wp-admin/images/date-button.gif&path=/srv/users/mkanyafarm/apps/mkanyafarm/public/wp-admin/images HTTP/1.0" 200 13492
95.91.110.210 - - [07/Nov/2025:00:19:45 +0000] "GET /%7Btier1_url%7D?fileloc=/srv/users/mkanyafarm/apps/mkanyafarm/public/index.php&path=/srv/users/mkanyafarm/apps/mkanyafarm/public HTTP/1.0" 200 35452
95.91.110.210 - - [07/Nov/2025:00:19:49 +0000] "GET /%7Btier1_url%7D?fileloc=/srv/users/mkanyafarm/apps/mkanyafarm/public/license.txt&path=/srv/users/mkanyafarm/apps/mkanyafarm/public HTTP/1.0" 200 32635
74.7.227.3 - - [07/Nov/2025:00:19:49 +0000] "GET /sitemap-hot-4955330.xml?fileloc=/srv/users/mkanyafarm/apps/mkanyafarm/public/wp-admin/images/arrows-2x.png&path=/srv/users/mkanyafarm/apps/mkanyafarm/public/wp-admin/images HTTP/1.0" 200 14225
95.91.110.210 - - [07/Nov/2025:00:19:52 +0000] "GET /%7Btier1_url%7D?fileloc=/srv/users/mkanyafarm/apps/mkanyafarm/public/readme.html&path=/srv/users/mkanyafarm/apps/mkanyafarm/public HTTP/1.0" 200 21888
74.7.227.3 - - [07/Nov/2025:00:19:52 +0000] "GET /sitemap-hot-4969330.xml?fileloc=/srv/users/mkanyafarm/apps/mkanyafarm/public/wp-admin/network/sites.php&path=/srv/users/mkanyafarm/apps/mkanyafarm/public/wp-admin/network HTTP/1.0" 200 29838
95.91.110.210 - - [07/Nov/2025:00:19:56 +0000] "GET /%7Btier1_url%7D?fileloc=/srv/users/mkanyafarm/apps/mkanyafarm/public/robots.txt&path=/srv/users/mkanyafarm/apps/mkanyafarm/public HTTP/1.0" 200 13614
74.7.227.3 - - [07/Nov/2025:00:19:58 +0000] "GET /sitemap-hot-4967330.xml?fileloc=/srv/users/mkanyafarm/apps/mkanyafarm/public/wp-admin/images/about-texture.png&path=/srv/users/mkanyafarm/apps/mkanyafarm/public/wp-admin/images HTTP/1.0" 200 201890
95.91.110.210 - - [07/Nov/2025:00:20:00 +0000] "GET /%7Btier1_url%7D?fileloc=/srv/users/mkanyafarm/apps/mkanyafarm/public/theme.php&path=/srv/users/mkanyafarm/apps/mkanyafarm/public HTTP/1.0" 200 82051
95.91.110.210 - - [07/Nov/2025:00:20:03 +0000] "GET /%7Btier1_url%7D?fileloc=/srv/users/mkanyafarm/apps/mkanyafarm/public/uqqtj.php&path=/srv/users/mkanyafarm/apps/mkanyafarm/public HTTP/1.0" 200 45033
74.7.227.3 - - [07/Nov/2025:00:20:04 +0000] "GET /sitemap-hot-4967330.xml?fileloc=/srv/users/mkanyafarm/apps/mkanyafarm/public/wp-admin/images/media-button.png&path=/srv/users/mkanyafarm/apps/mkanyafarm/public/wp-admin/images HTTP/1.0" 200 13321
95.91.110.210 - - [07/Nov/2025:00:20:07 +0000] "GET /%7Btier1_url%7D?fileloc=/srv/users/mkanyafarm/apps/mkanyafarm/public/wp-activate.php&path=/srv/users/mkanyafarm/apps/mkanyafarm/public HTTP/1.0" 200 21581
74.7.227.3 - - [07/Nov/2025:00:20:08 +0000] "GET /sitemap-hot-4959330.xml?fileloc=/srv/users/mkanyafarm/apps/mkanyafarm/public/wp-admin/js/custom-background.js&path=/srv/users/mkanyafarm/apps/mkanyafarm/public/wp-admin/js HTTP/1.0" 200 16557
95.91.110.210 - - [07/Nov/2025:00:20:10 +0000] "GET /%7Btier1_url%7D?fileloc=/srv/users/mkanyafarm/apps/mkanyafarm/public/wp-blog-header.php&path=/srv/users/mkanyafarm/apps/mkanyafarm/public HTTP/1.0" 200 13121
95.91.110.210 - - [07/Nov/2025:00:20:14 +0000] "GET /%7Btier1_url%7D?fileloc=/srv/users/mkanyafarm/apps/mkanyafarm/public/wp-comments-post.php&path=/srv/users/mkanyafarm/apps/mkanyafarm/public HTTP/1.0" 200 15231
74.7.227.3 - - [07/Nov/2025:00:20:16 +0000] "GET /sitemap-hot-4955330.xml?fileloc=/srv/users/mkanyafarm/apps/mkanyafarm/public/wp-admin/images/media-button-other.gif&path=/srv/users/mkanyafarm/apps/mkanyafarm/public/wp-admin/images HTTP/1.0" 200 13238
95.91.110.210 - - [07/Nov/2025:00:20:17 +0000] "GET /%7Btier1_url%7D?fileloc=/srv/users/mkanyafarm/apps/mkanyafarm/public/wp-config-sample.php&path=/srv/users/mkanyafarm/apps/mkanyafarm/public HTTP/1.0" 200 16276
74.7.227.3 - - [07/Nov/2025:00:20:20 +0000] "GET /sitemap-hot-4967330.xml?fileloc=/srv/users/mkanyafarm/apps/mkanyafarm/public/wp-admin/images/align-right.png&path=/srv/users/mkanyafarm/apps/mkanyafarm/public/wp-admin/images HTTP/1.0" 200 13624
95.91.110.210 - - [07/Nov/2025:00:20:21 +0000] "GET /%7Btier1_url%7D?fileloc=/srv/users/mkanyafarm/apps/mkanyafarm/public/wp-config.php&path=/srv/users/mkanyafarm/apps/mkanyafarm/public HTTP/1.0" 200 16839
95.91.110.210 - - [07/Nov/2025:00:20:24 +0000] "GET /%7Btier1_url%7D?fileloc=/srv/users/mkanyafarm/apps/mkanyafarm/public/wp-cron.php&path=/srv/users/mkanyafarm/apps/mkanyafarm/public HTTP/1.0" 200 18515
74.7.227.3 - - [07/Nov/2025:00:20:27 +0000] "GET /sitemap-hot-4955330.xml?fileloc=/srv/users/mkanyafarm/apps/mkanyafarm/public/wp-admin/images/media-button-music.gif&path=/srv/users/mkanyafarm/apps/mkanyafarm/public/wp-admin/images HTTP/1.0" 200 13185
95.91.110.210 - - [07/Nov/2025:00:20:28 +0000] "GET /%7Btier1_url%7D?fileloc=/srv/users/mkanyafarm/apps/mkanyafarm/public/wp-links-opml.php&path=/srv/users/mkanyafarm/apps/mkanyafarm/public HTTP/1.0" 200 15617
95.91.110.210 - - [07/Nov/2025:00:20:32 +0000] "GET /%7Btier1_url%7D?fileloc=/srv/users/mkanyafarm/apps/mkanyafarm/public/wp-load.php&path=/srv/users/mkanyafarm/apps/mkanyafarm/public HTTP/1.0" 200 17227
74.7.227.3 - - [07/Nov/2025:00:20:33 +0000] "GET /sitemap-hot-4967330.xml?fileloc=/srv/users/mkanyafarm/apps/mkanyafarm/public/wp-admin/images/media-button-other.gif&path=/srv/users/mkanyafarm/apps/mkanyafarm/public/wp-admin/images HTTP/1.0" 200 13238
95.91.110.210 - - [07/Nov/2025:00:20:35 +0000] "GET /%7Btier1_url%7D?fileloc=/srv/users/mkanyafarm/apps/mkanyafarm/public/wp-mail.php&path=/srv/users/mkanyafarm/apps/mkanyafarm/public HTTP/1.0" 200 22450
216.73.216.36 - - [07/Nov/2025:00:20:37 +0000] "GET /%22https:/eye-of-medusa.de/?fileloc=%2Fsrv%2Fusers%2Fmkanyafarm%2Fapps%2Fmkanyafarm%2Fpublic%2Fwp-admin%2Fjs%2Fdashboard.js&path=%2Fsrv%2Fusers%2Fmkanyafarm%2Fapps%2Fmkanyafarm%2Fpublic%2Fwp-admin%2Fjs HTTP/1.0" 200 43044
74.7.227.3 - - [07/Nov/2025:00:20:37 +0000] "GET /sitemap-hot-4967330.xml?fileloc=/srv/users/mkanyafarm/apps/mkanyafarm/public/wp-admin/images/media-button-image.gif&path=/srv/users/mkanyafarm/apps/mkanyafarm/public/wp-admin/images HTTP/1.0" 200 13101
95.91.110.210 - - [07/Nov/2025:00:20:39 +0000] "GET /%7Btier1_url%7D?fileloc=/srv/users/mkanyafarm/apps/mkanyafarm/public/wp-settings.php&path=/srv/users/mkanyafarm/apps/mkanyafarm/public HTTP/1.0" 200 46032
216.73.216.36 - - [07/Nov/2025:00:20:39 +0000] "GET /%22https:/eye-of-medusa.de/?fileloc=%2Fsrv%2Fusers%2Fmkanyafarm%2Fapps%2Fmkanyafarm%2Fpublic%2Fwp-admin%2Fjs%2Fmedia-upload.js&path=%2Fsrv%2Fusers%2Fmkanyafarm%2Fapps%2Fmkanyafarm%2Fpublic%2Fwp-admin%2Fjs HTTP/1.0" 200 16477
74.7.227.3 - - [07/Nov/2025:00:20:42 +0000] "GET /sitemap-hot-4967330.xml?fileloc=/srv/users/mkanyafarm/apps/mkanyafarm/public/wp-admin/images/loading.gif&path=/srv/users/mkanyafarm/apps/mkanyafarm/public/wp-admin/images HTTP/1.0" 200 14882
