74.7.227.3 - - [07/Nov/2025:03:59:37 +0000] "GET /sitemap-hot-4951330.xml?fileloc=/srv/users/mkanyafarm/apps/mkanyafarm/public/wp-includes/Requests/src/Transport/.htaccess&path=/srv/users/mkanyafarm/apps/mkanyafarm/public/wp-includes/Requests/src/Transport HTTP/1.0" 200 13123
74.7.227.3 - - [07/Nov/2025:03:59:39 +0000] "GET /sitemap-hot-4949330.xml?fileloc=/srv/users/mkanyafarm/apps/mkanyafarm/public/wp-includes/Requests/src/Exception/.htaccess&path=/srv/users/mkanyafarm/apps/mkanyafarm/public/wp-includes/Requests/src/Exception HTTP/1.0" 200 13123
74.7.227.3 - - [07/Nov/2025:03:59:42 +0000] "GET /sitemap-hot-4949330.xml?fileloc=/srv/users/mkanyafarm/apps/mkanyafarm/public/wp-includes/Requests/src/Exception/InvalidArgument.php&path=/srv/users/mkanyafarm/apps/mkanyafarm/public/wp-includes/Requests/src/Exception HTTP/1.0" 200 14123
74.7.227.3 - - [07/Nov/2025:03:59:45 +0000] "GET /sitemap-hot-4949330.xml?fileloc=/srv/users/mkanyafarm/apps/mkanyafarm/public/wp-includes/Requests/src/Exception/Http.php&path=/srv/users/mkanyafarm/apps/mkanyafarm/public/wp-includes/Requests/src/Exception HTTP/1.0" 200 14573
74.7.227.3 - - [07/Nov/2025:03:59:48 +0000] "GET /sitemap-hot-4945330.xml?fileloc=/srv/users/mkanyafarm/apps/mkanyafarm/public/wp-includes/Requests/src/Transport/.htaccess&path=/srv/users/mkanyafarm/apps/mkanyafarm/public/wp-includes/Requests/src/Transport HTTP/1.0" 200 13123
74.7.227.3 - - [07/Nov/2025:03:59:53 +0000] "GET /sitemapmobileindex.xml?fileloc=/srv/users/mkanyafarm/apps/mkanyafarm/public/wp-includes/ms-site.php&path=/srv/users/mkanyafarm/apps/mkanyafarm/public/wp-includes HTTP/1.0" 200 57451
74.7.227.3 - - [07/Nov/2025:03:59:55 +0000] "GET /sitemapmobileindex.xml?fileloc=/srv/users/mkanyafarm/apps/mkanyafarm/public/wp-includes/ms-files.php&path=/srv/users/mkanyafarm/apps/mkanyafarm/public/wp-includes HTTP/1.0" 200 15879
74.7.227.3 - - [07/Nov/2025:03:59:58 +0000] "GET /sitemapmobileindex.xml?fileloc=/srv/users/mkanyafarm/apps/mkanyafarm/public/wp-includes/wp-diff.php&path=/srv/users/mkanyafarm/apps/mkanyafarm/public/wp-includes HTTP/1.0" 200 13551
74.7.227.3 - - [07/Nov/2025:04:00:02 +0000] "GET /sitemapmobileindex.xml?fileloc=/srv/users/mkanyafarm/apps/mkanyafarm/public/wp-includes/class-wp.php&path=/srv/users/mkanyafarm/apps/mkanyafarm/public/wp-includes HTTP/1.0" 200 42136
74.7.227.3 - - [07/Nov/2025:04:00:05 +0000] "GET /sitemap-hot-4941330.xml?fileloc=/srv/users/mkanyafarm/apps/mkanyafarm/public/wp-includes/embed.php&path=/srv/users/mkanyafarm/apps/mkanyafarm/public/wp-includes HTTP/1.0" 200 55493
216.73.216.36 - - [07/Nov/2025:04:00:07 +0000] "GET /%22https:/drop-boss.co.uk/?path=%2Fsrv%2Fusers%2Fmkanyafarm%2Fapps%2Fmkanyafarm%2Fpublic%2Fwp-includes%2Fcss%2Fdist%2Fedit-post HTTP/1.0" 200 28519
74.7.227.3 - - [07/Nov/2025:04:00:07 +0000] "GET /sitemap-hot-4955330.xml?fileloc=/srv/users/mkanyafarm/apps/mkanyafarm/public/wp-includes/embed.php&path=/srv/users/mkanyafarm/apps/mkanyafarm/public/wp-includes HTTP/1.0" 200 55493
216.73.216.36 - - [07/Nov/2025:04:00:09 +0000] "GET /%22https:/drop-boss.co.uk?fileloc=%2Fsrv%2Fusers%2Fmkanyafarm%2Fapps%2Fmkanyafarm%2Fpublic%2Fwp-includes%2FSimplePie%2Flibrary%2FSimplePie%2FRating.php&path=%2Fsrv%2Fusers%2Fmkanyafarm%2Fapps%2Fmkanyafarm%2Fpublic%2Fwp-includes%2FSimplePie%2Flibrary%2FSimplePie HTTP/1.0" 200 15456
74.7.227.3 - - [07/Nov/2025:04:00:11 +0000] "GET /sitemap-hot-4945330.xml?fileloc=/srv/users/mkanyafarm/apps/mkanyafarm/public/wp-includes/embed.php&path=/srv/users/mkanyafarm/apps/mkanyafarm/public/wp-includes HTTP/1.0" 200 55493
216.73.216.36 - - [07/Nov/2025:04:00:12 +0000] "GET /%22https:/drop-boss.co.uk?fileloc=%2Fsrv%2Fusers%2Fmkanyafarm%2Fapps%2Fmkanyafarm%2Fpublic%2Fwp-includes%2FSimplePie%2Flibrary%2FSimplePie%2FLocator.php&path=%2Fsrv%2Fusers%2Fmkanyafarm%2Fapps%2Fmkanyafarm%2Fpublic%2Fwp-includes%2FSimplePie%2Flibrary%2FSimplePie HTTP/1.0" 200 15464
74.7.227.3 - - [07/Nov/2025:04:00:14 +0000] "GET /sitemap-hot-4959330.xml?fileloc=/srv/users/mkanyafarm/apps/mkanyafarm/public/wp-includes/embed.php&path=/srv/users/mkanyafarm/apps/mkanyafarm/public/wp-includes HTTP/1.0" 200 55493
216.73.216.36 - - [07/Nov/2025:04:00:15 +0000] "GET /%22https:/drop-boss.co.uk?fileloc=%2Fsrv%2Fusers%2Fmkanyafarm%2Fapps%2Fmkanyafarm%2Fpublic%2Fwp-includes%2FSimplePie%2Flibrary%2FSimplePie%2FCredit.php&path=%2Fsrv%2Fusers%2Fmkanyafarm%2Fapps%2Fmkanyafarm%2Fpublic%2Fwp-includes%2FSimplePie%2Flibrary%2FSimplePie HTTP/1.0" 200 15456
74.7.227.3 - - [07/Nov/2025:04:00:17 +0000] "GET /sitemap-hot-4949330.xml?fileloc=/srv/users/mkanyafarm/apps/mkanyafarm/public/wp-includes/embed.php&path=/srv/users/mkanyafarm/apps/mkanyafarm/public/wp-includes HTTP/1.0" 200 55493
216.73.216.36 - - [07/Nov/2025:04:00:18 +0000] "GET /%22https:/drop-boss.co.uk?fileloc=%2Fsrv%2Fusers%2Fmkanyafarm%2Fapps%2Fmkanyafarm%2Fpublic%2Fwp-includes%2FSimplePie%2Flibrary%2FSimplePie%2FRegistry.php&path=%2Fsrv%2Fusers%2Fmkanyafarm%2Fapps%2Fmkanyafarm%2Fpublic%2Fwp-includes%2FSimplePie%2Flibrary%2FSimplePie HTTP/1.0" 200 15472
216.73.216.36 - - [07/Nov/2025:04:00:21 +0000] "GET /%22https:/drop-boss.co.uk?fileloc=%2Fsrv%2Fusers%2Fmkanyafarm%2Fapps%2Fmkanyafarm%2Fpublic%2Fwp-includes%2FSimplePie%2Flibrary%2FSimplePie%2FCopyright.php&path=%2Fsrv%2Fusers%2Fmkanyafarm%2Fapps%2Fmkanyafarm%2Fpublic%2Fwp-includes%2FSimplePie%2Flibrary%2FSimplePie HTTP/1.0" 200 15480
74.7.227.3 - - [07/Nov/2025:04:00:22 +0000] "GET /sitemap-hot-4951330.xml?fileloc=/srv/users/mkanyafarm/apps/mkanyafarm/public/wp-includes/embed.php&path=/srv/users/mkanyafarm/apps/mkanyafarm/public/wp-includes HTTP/1.0" 200 55493
103.152.79.217 - - [07/Nov/2025:04:00:23 +0000] "GET /wp-login.php HTTP/1.0" 200 54310
103.152.79.217 - - [07/Nov/2025:04:00:24 +0000] "POST /wp-login.php HTTP/1.0" 200 54310
216.73.216.36 - - [07/Nov/2025:04:00:24 +0000] "GET /%22https:/drop-boss.co.uk?fileloc=%2Fsrv%2Fusers%2Fmkanyafarm%2Fapps%2Fmkanyafarm%2Fpublic%2Fwp-includes%2FSimplePie%2Flibrary%2FSimplePie%2FIRI.php&path=%2Fsrv%2Fusers%2Fmkanyafarm%2Fapps%2Fmkanyafarm%2Fpublic%2Fwp-includes%2FSimplePie%2Flibrary%2FSimplePie HTTP/1.0" 200 15432
74.7.227.3 - - [07/Nov/2025:04:00:25 +0000] "GET /sitemap-hot-4951330.xml?fileloc=/srv/users/mkanyafarm/apps/mkanyafarm/public/wp-includes/class-wp-simplepie-file.php&path=/srv/users/mkanyafarm/apps/mkanyafarm/public/wp-includes HTTP/1.0" 200 16254
216.73.216.36 - - [07/Nov/2025:04:00:27 +0000] "GET /%22https:/drop-boss.co.uk?fileloc=%2Fsrv%2Fusers%2Fmkanyafarm%2Fapps%2Fmkanyafarm%2Fpublic%2Fwp-includes%2FSimplePie%2Flibrary%2FSimplePie%2FCategory.php&path=%2Fsrv%2Fusers%2Fmkanyafarm%2Fapps%2Fmkanyafarm%2Fpublic%2Fwp-includes%2FSimplePie%2Flibrary%2FSimplePie HTTP/1.0" 200 15472
74.7.227.3 - - [07/Nov/2025:04:00:29 +0000] "GET /sitemap-hot-4949330.xml?fileloc=/srv/users/mkanyafarm/apps/mkanyafarm/public/wp-includes/class-wp-phpmailer.php&path=/srv/users/mkanyafarm/apps/mkanyafarm/public/wp-includes HTTP/1.0" 200 17124
216.73.216.36 - - [07/Nov/2025:04:00:30 +0000] "GET /%22https:/drop-boss.co.uk?fileloc=%2Fsrv%2Fusers%2Fmkanyafarm%2Fapps%2Fmkanyafarm%2Fpublic%2Fwp-includes%2FSimplePie%2Flibrary%2FSimplePie%2FEnclosure.php&path=%2Fsrv%2Fusers%2Fmkanyafarm%2Fapps%2Fmkanyafarm%2Fpublic%2Fwp-includes%2FSimplePie%2Flibrary%2FSimplePie HTTP/1.0" 200 15480
74.7.227.3 - - [07/Nov/2025:04:00:31 +0000] "GET /sitemap-hot-4959330.xml?fileloc=/srv/users/mkanyafarm/apps/mkanyafarm/public/wp-includes/class-wp-phpmailer.php&path=/srv/users/mkanyafarm/apps/mkanyafarm/public/wp-includes HTTP/1.0" 200 17124
216.73.216.36 - - [07/Nov/2025:04:00:33 +0000] "GET /%22https:/drop-boss.co.uk?fileloc=%2Fsrv%2Fusers%2Fmkanyafarm%2Fapps%2Fmkanyafarm%2Fpublic%2Fwp-includes%2FSimplePie%2Flibrary%2FSimplePie%2FAuthor.php&path=%2Fsrv%2Fusers%2Fmkanyafarm%2Fapps%2Fmkanyafarm%2Fpublic%2Fwp-includes%2FSimplePie%2Flibrary%2FSimplePie HTTP/1.0" 200 15456
74.7.227.3 - - [07/Nov/2025:04:00:34 +0000] "GET /sitemap-hot-4955330.xml?fileloc=/srv/users/mkanyafarm/apps/mkanyafarm/public/wp-includes/class-wp-phpmailer.php&path=/srv/users/mkanyafarm/apps/mkanyafarm/public/wp-includes HTTP/1.0" 200 17124
74.7.227.3 - - [07/Nov/2025:04:00:37 +0000] "GET /sitemap-hot-4941330.xml?fileloc=/srv/users/mkanyafarm/apps/mkanyafarm/public/wp-includes/class-wp-simplepie-file.php&path=/srv/users/mkanyafarm/apps/mkanyafarm/public/wp-includes HTTP/1.0" 200 16254
216.73.216.36 - - [07/Nov/2025:04:00:40 +0000] "GET /%22https:/drop-boss.co.uk/?path=%2Fsrv%2Fusers%2Fmkanyafarm%2Fapps%2Fmkanyafarm%2Fpublic%2Fwp-content%2Fthemes%2Ftwentytwentyfive%2Fstyles HTTP/1.0" 200 35171
74.7.227.3 - - [07/Nov/2025:04:00:40 +0000] "GET /sitemap-hot-4949330.xml?fileloc=/srv/users/mkanyafarm/apps/mkanyafarm/public/wp-includes/class-wp-simplepie-sanitize-kses.php&path=/srv/users/mkanyafarm/apps/mkanyafarm/public/wp-includes HTTP/1.0" 200 14726
216.73.216.36 - - [07/Nov/2025:04:00:43 +0000] "GET /%22https:/drop-boss.co.uk?fileloc=%2Fsrv%2Fusers%2Fmkanyafarm%2Fapps%2Fmkanyafarm%2Fpublic%2Fwp-includes%2Fblocks%2Fquery-title%2Fstyle-rtl.css&path=%2Fsrv%2Fusers%2Fmkanyafarm%2Fapps%2Fmkanyafarm%2Fpublic%2Fwp-includes%2Fblocks%2Fquery-title HTTP/1.0" 200 12923
74.7.227.3 - - [07/Nov/2025:04:00:43 +0000] "GET /sitemap-hot-4959330.xml?fileloc=/srv/users/mkanyafarm/apps/mkanyafarm/public/wp-includes/class-wp-simplepie-sanitize-kses.php&path=/srv/users/mkanyafarm/apps/mkanyafarm/public/wp-includes HTTP/1.0" 200 14726
216.73.216.36 - - [07/Nov/2025:04:00:46 +0000] "GET /%22https:/drop-boss.co.uk/?path=%2Fsrv%2Fusers%2Fmkanyafarm%2Fapps%2Fmkanyafarm%2Fpublic%2Fwp-content%2Fthemes%2Fcwork%2Finc HTTP/1.0" 200 23402
74.7.227.3 - - [07/Nov/2025:04:00:48 +0000] "GET /sitemap-hot-4955330.xml?fileloc=/srv/users/mkanyafarm/apps/mkanyafarm/public/wp-includes/class-wp-simplepie-sanitize-kses.php&path=/srv/users/mkanyafarm/apps/mkanyafarm/public/wp-includes HTTP/1.0" 200 14726
216.73.216.36 - - [07/Nov/2025:04:00:49 +0000] "GET /%22https:/drop-boss.co.uk?fileloc=%2Fsrv%2Fusers%2Fmkanyafarm%2Fapps%2Fmkanyafarm%2Fpublic%2Fwp-includes%2Fblocks%2Fquery-title%2F.htaccess&path=%2Fsrv%2Fusers%2Fmkanyafarm%2Fapps%2Fmkanyafarm%2Fpublic%2Fwp-includes%2Fblocks%2Fquery-title HTTP/1.0" 200 13019
74.7.227.3 - - [07/Nov/2025:04:00:51 +0000] "GET /sitemap-hot-4945330.xml?fileloc=/srv/users/mkanyafarm/apps/mkanyafarm/public/wp-includes/class-wp-simplepie-file.php&path=/srv/users/mkanyafarm/apps/mkanyafarm/public/wp-includes HTTP/1.0" 200 16254
216.73.216.36 - - [07/Nov/2025:04:00:52 +0000] "GET /%22https:/drop-boss.co.uk/?path=%2Fsrv%2Fusers%2Fmkanyafarm%2Fapps%2Fmkanyafarm%2Fpublic%2Fwp-content%2Fthemes%2Ftwentytwentythree%2Fstyles HTTP/1.0" 200 32412
74.7.227.3 - - [07/Nov/2025:04:00:53 +0000] "GET /sitemap-hot-4949330.xml?fileloc=/srv/users/mkanyafarm/apps/mkanyafarm/public/wp-includes/class-wp-dependencies.php&path=/srv/users/mkanyafarm/apps/mkanyafarm/public/wp-includes HTTP/1.0" 200 28321
216.73.216.36 - - [07/Nov/2025:04:00:55 +0000] "GET /%22https:/drop-boss.co.uk?fileloc=%2Fsrv%2Fusers%2Fmkanyafarm%2Fapps%2Fmkanyafarm%2Fpublic%2Fwp-includes%2Fblocks%2Fsite-title%2Feditor-rtl.css&path=%2Fsrv%2Fusers%2Fmkanyafarm%2Fapps%2Fmkanyafarm%2Fpublic%2Fwp-includes%2Fblocks%2Fsite-title HTTP/1.0" 200 12946
74.7.227.3 - - [07/Nov/2025:04:00:57 +0000] "GET /sitemap-hot-4945330.xml?fileloc=/srv/users/mkanyafarm/apps/mkanyafarm/public/wp-includes/class-wp-phpmailer.php&path=/srv/users/mkanyafarm/apps/mkanyafarm/public/wp-includes HTTP/1.0" 200 17124
216.73.216.36 - - [07/Nov/2025:04:00:58 +0000] "GET /%22https:/drop-boss.co.uk?fileloc=%2Fsrv%2Fusers%2Fmkanyafarm%2Fapps%2Fmkanyafarm%2Fpublic%2Fwp-includes%2Fblocks%2Fnavigation-link%2Feditor-rtl.min.css&path=%2Fsrv%2Fusers%2Fmkanyafarm%2Fapps%2Fmkanyafarm%2Fpublic%2Fwp-includes%2Fblocks%2Fnavigation-link HTTP/1.0" 200 14629
74.7.227.3 - - [07/Nov/2025:04:01:01 +0000] "GET /sitemap-hot-4945330.xml?fileloc=/srv/users/mkanyafarm/apps/mkanyafarm/public/wp-includes/class-wp-simplepie-sanitize-kses.php&path=/srv/users/mkanyafarm/apps/mkanyafarm/public/wp-includes HTTP/1.0" 200 14726
216.73.216.36 - - [07/Nov/2025:04:01:01 +0000] "GET /%22https:/drop-boss.co.uk?fileloc=%2Fsrv%2Fusers%2Fmkanyafarm%2Fapps%2Fmkanyafarm%2Fpublic%2Fwp-includes%2Fblocks%2Fcomment-reply-link%2Fstyle-rtl.css&path=%2Fsrv%2Fusers%2Fmkanyafarm%2Fapps%2Fmkanyafarm%2Fpublic%2Fwp-includes%2Fblocks%2Fcomment-reply-link HTTP/1.0" 200 12951
74.7.227.3 - - [07/Nov/2025:04:01:04 +0000] "GET /sitemap-hot-4949330.xml?fileloc=/srv/users/mkanyafarm/apps/mkanyafarm/public/wp-includes/class-wp-speculation-rules.php&path=/srv/users/mkanyafarm/apps/mkanyafarm/public/wp-includes HTTP/1.0" 200 21137
216.73.216.36 - - [07/Nov/2025:04:01:04 +0000] "GET /%22https:/drop-boss.co.uk?fileloc=%2Fsrv%2Fusers%2Fmkanyafarm%2Fapps%2Fmkanyafarm%2Fpublic%2Fwp-includes%2Fblocks%2Fcomment-reply-link%2F.htaccess&path=%2Fsrv%2Fusers%2Fmkanyafarm%2Fapps%2Fmkanyafarm%2Fpublic%2Fwp-includes%2Fblocks%2Fcomment-reply-link HTTP/1.0" 200 13040
74.7.227.3 - - [07/Nov/2025:04:01:06 +0000] "GET /sitemap-hot-4949330.xml?fileloc=/srv/users/mkanyafarm/apps/mkanyafarm/public/wp-includes/class-wp-simplepie-file.php&path=/srv/users/mkanyafarm/apps/mkanyafarm/public/wp-includes HTTP/1.0" 200 16254
216.73.216.36 - - [07/Nov/2025:04:01:07 +0000] "GET /%22https:/drop-boss.co.uk?fileloc=%2Fsrv%2Fusers%2Fmkanyafarm%2Fapps%2Fmkanyafarm%2Fpublic%2Fwp-includes%2Fblocks%2Fcomment-date%2F.htaccess&path=%2Fsrv%2Fusers%2Fmkanyafarm%2Fapps%2Fmkanyafarm%2Fpublic%2Fwp-includes%2Fblocks%2Fcomment-date HTTP/1.0" 200 13022
74.7.227.3 - - [07/Nov/2025:04:01:09 +0000] "GET /sitemap-hot-4941330.xml?fileloc=/srv/users/mkanyafarm/apps/mkanyafarm/public/wp-includes/class-wp-phpmailer.php&path=/srv/users/mkanyafarm/apps/mkanyafarm/public/wp-includes HTTP/1.0" 200 17124
216.73.216.36 - - [07/Nov/2025:04:01:10 +0000] "GET /%22https:/drop-boss.co.uk?fileloc=%2Fsrv%2Fusers%2Fmkanyafarm%2Fapps%2Fmkanyafarm%2Fpublic%2Fwp-includes%2Fblocks%2Fcomment-date%2Fstyle-rtl.css&path=%2Fsrv%2Fusers%2Fmkanyafarm%2Fapps%2Fmkanyafarm%2Fpublic%2Fwp-includes%2Fblocks%2Fcomment-date HTTP/1.0" 200 12927
216.73.216.36 - - [07/Nov/2025:04:01:13 +0000] "GET /%22https:/drop-boss.co.uk?fileloc=%2Fsrv%2Fusers%2Fmkanyafarm%2Fapps%2Fmkanyafarm%2Fpublic%2Fwp-includes%2Fblocks%2Fnavigation-link%2Fstyle-rtl.css&path=%2Fsrv%2Fusers%2Fmkanyafarm%2Fapps%2Fmkanyafarm%2Fpublic%2Fwp-includes%2Fblocks%2Fnavigation-link HTTP/1.0" 200 13244
74.7.227.3 - - [07/Nov/2025:04:01:13 +0000] "GET /sitemap-hot-4941330.xml?fileloc=/srv/users/mkanyafarm/apps/mkanyafarm/public/wp-includes/class-wp-simplepie-sanitize-kses.php&path=/srv/users/mkanyafarm/apps/mkanyafarm/public/wp-includes HTTP/1.0" 200 14726
216.73.216.36 - - [07/Nov/2025:04:01:16 +0000] "GET /%22https:/drop-boss.co.uk?fileloc=%2Fsrv%2Fusers%2Fmkanyafarm%2Fapps%2Fmkanyafarm%2Fpublic%2Fwp-includes%2Fblocks%2Fcomment-edit-link%2Fstyle-rtl.css&path=%2Fsrv%2Fusers%2Fmkanyafarm%2Fapps%2Fmkanyafarm%2Fpublic%2Fwp-includes%2Fblocks%2Fcomment-edit-link HTTP/1.0" 200 12947
74.7.227.3 - - [07/Nov/2025:04:01:16 +0000] "GET /sitemap-hot-4959330.xml?fileloc=/srv/users/mkanyafarm/apps/mkanyafarm/public/wp-includes/class-wp-simplepie-file.php&path=/srv/users/mkanyafarm/apps/mkanyafarm/public/wp-includes HTTP/1.0" 200 16254
216.73.216.36 - - [07/Nov/2025:04:01:19 +0000] "GET /%22https:/drop-boss.co.uk?fileloc=%2Fsrv%2Fusers%2Fmkanyafarm%2Fapps%2Fmkanyafarm%2Fpublic%2Fwp-includes%2Fblocks%2Fpullquote%2Ftheme-rtl.css&path=%2Fsrv%2Fusers%2Fmkanyafarm%2Fapps%2Fmkanyafarm%2Fpublic%2Fwp-includes%2Fblocks%2Fpullquote HTTP/1.0" 200 13164
74.7.227.3 - - [07/Nov/2025:04:01:19 +0000] "GET /sitemap-hot-4955330.xml?fileloc=/srv/users/mkanyafarm/apps/mkanyafarm/public/wp-includes/class-wp-simplepie-file.php&path=/srv/users/mkanyafarm/apps/mkanyafarm/public/wp-includes HTTP/1.0" 200 16254
216.73.216.36 - - [07/Nov/2025:04:01:22 +0000] "GET /%22https:/drop-boss.co.uk?fileloc=%2Fsrv%2Fusers%2Fmkanyafarm%2Fapps%2Fmkanyafarm%2Fpublic%2Fwp-includes%2Fblocks%2Fnavigation-link%2F.htaccess&path=%2Fsrv%2Fusers%2Fmkanyafarm%2Fapps%2Fmkanyafarm%2Fpublic%2Fwp-includes%2Fblocks%2Fnavigation-link HTTP/1.0" 200 13031
74.7.227.3 - - [07/Nov/2025:04:01:23 +0000] "GET /sitemap-hot-4949330.xml?fileloc=/srv/users/mkanyafarm/log/mkanyafarm/mkanyafarm_apache.access.log.1&path=/srv/users/mkanyafarm/log/mkanyafarm HTTP/1.0" 200 1175407
216.73.216.36 - - [07/Nov/2025:04:01:25 +0000] "GET /%22https:/drop-boss.co.uk?fileloc=%2Fsrv%2Fusers%2Fmkanyafarm%2Fapps%2Fmkanyafarm%2Fpublic%2Fwp-includes%2Fblocks%2Fcomment-edit-link%2F.htaccess&path=%2Fsrv%2Fusers%2Fmkanyafarm%2Fapps%2Fmkanyafarm%2Fpublic%2Fwp-includes%2Fblocks%2Fcomment-edit-link HTTP/1.0" 200 13037
216.73.216.36 - - [07/Nov/2025:04:01:28 +0000] "GET /%22https:/drop-boss.co.uk?fileloc=%2Fsrv%2Fusers%2Fmkanyafarm%2Fapps%2Fmkanyafarm%2Fpublic%2Fwp-includes%2Fblocks%2Fsite-title%2Feditor.css&path=%2Fsrv%2Fusers%2Fmkanyafarm%2Fapps%2Fmkanyafarm%2Fpublic%2Fwp-includes%2Fblocks%2Fsite-title HTTP/1.0" 200 12942
74.7.227.3 - - [07/Nov/2025:04:01:28 +0000] "GET /sitemap-hot-4959330.xml?path=/srv/users HTTP/1.0" 200 12680
216.73.216.36 - - [07/Nov/2025:04:01:31 +0000] "GET /%22https:/drop-boss.co.uk?fileloc=%2Fsrv%2Fusers%2Fmkanyafarm%2Fapps%2Fmkanyafarm%2Fpublic%2Fwp-includes%2Fblocks%2Fnavigation-link%2Feditor.min.css&path=%2Fsrv%2Fusers%2Fmkanyafarm%2Fapps%2Fmkanyafarm%2Fpublic%2Fwp-includes%2Fblocks%2Fnavigation-link HTTP/1.0" 200 14625
74.7.227.3 - - [07/Nov/2025:04:01:32 +0000] "GET /sitemap-hot-4941330.xml?path=/srv/users HTTP/1.0" 200 12680
216.73.216.36 - - [07/Nov/2025:04:01:34 +0000] "GET /%22https:/drop-boss.co.uk/?fileloc=%2Fsrv%2Fusers%2Fmkanyafarm%2Fapps%2Fmkanyafarm%2Fpublic%2Fwp-content%2Fthemes%2Fcwork%2Farchive.php&path=%2Fsrv%2Fusers%2Fmkanyafarm%2Fapps%2Fmkanyafarm%2Fpublic%2Fwp-content%2Fthemes%2Fcwork HTTP/1.0" 200 14110
74.7.227.3 - - [07/Nov/2025:04:01:36 +0000] "GET /sitemap-hot-4955330.xml?path=/srv/users HTTP/1.0" 200 12680
216.73.216.36 - - [07/Nov/2025:04:01:37 +0000] "GET /%22https:/drop-boss.co.uk?fileloc=%2Fsrv%2Fusers%2Fmkanyafarm%2Fapps%2Fmkanyafarm%2Fpublic%2Fwp-includes%2Fblocks%2Flatest-comments%2Fstyle-rtl.css&path=%2Fsrv%2Fusers%2Fmkanyafarm%2Fapps%2Fmkanyafarm%2Fpublic%2Fwp-includes%2Fblocks%2Flatest-comments HTTP/1.0" 200 14301
74.7.227.3 - - [07/Nov/2025:04:01:38 +0000] "GET /sitemap-hot-4945330.xml?path=/srv/users HTTP/1.0" 200 12680
216.73.216.36 - - [07/Nov/2025:04:01:40 +0000] "GET /%22https:/drop-boss.co.uk/?fileloc=%2Fsrv%2Fusers%2Fmkanyafarm%2Fapps%2Fmkanyafarm%2Fpublic%2Fwp-content%2Fthemes%2Fcwork%2Ffooter.php&path=%2Fsrv%2Fusers%2Fmkanyafarm%2Fapps%2Fmkanyafarm%2Fpublic%2Fwp-content%2Fthemes%2Fcwork HTTP/1.0" 200 14018
74.7.227.3 - - [07/Nov/2025:04:01:42 +0000] "GET /sitemap-hot-4947330.xml?path=/srv/users HTTP/1.0" 200 12680
216.73.216.36 - - [07/Nov/2025:04:01:43 +0000] "GET /%22https:/drop-boss.co.uk/?fileloc=%2Fsrv%2Fusers%2Fmkanyafarm%2Fapps%2Fmkanyafarm%2Fpublic%2Fwp-content%2Fthemes%2Fcwork%2F404.php&path=%2Fsrv%2Fusers%2Fmkanyafarm%2Fapps%2Fmkanyafarm%2Fpublic%2Fwp-content%2Fthemes%2Fcwork HTTP/1.0" 200 14958
74.7.227.3 - - [07/Nov/2025:04:01:44 +0000] "GET /sitemapmobileindex.xml?fileloc=/srv/users/mkanyafarm/apps/mkanyafarm/public/wp-includes/js/mediaelement/mediaelementplayer.css&path=/srv/users/mkanyafarm/apps/mkanyafarm/public/wp-includes/js/mediaelement HTTP/1.0" 200 28888
216.73.216.36 - - [07/Nov/2025:04:01:46 +0000] "GET /%22https:/drop-boss.co.uk?fileloc=%2Fsrv%2Fusers%2Fmkanyafarm%2Fapps%2Fmkanyafarm%2Fpublic%2Fwp-includes%2Fblocks%2Flatest-comments%2F.htaccess&path=%2Fsrv%2Fusers%2Fmkanyafarm%2Fapps%2Fmkanyafarm%2Fpublic%2Fwp-includes%2Fblocks%2Flatest-comments HTTP/1.0" 200 13031
74.7.227.3 - - [07/Nov/2025:04:01:48 +0000] "GET /sitemap-hot-4969330.xml?path=/srv/users HTTP/1.0" 200 12680
216.73.216.36 - - [07/Nov/2025:04:01:49 +0000] "GET /%22https:/drop-boss.co.uk?fileloc=%2Fsrv%2Fusers%2Fmkanyafarm%2Fapps%2Fmkanyafarm%2Fpublic%2Fwp-includes%2Fblocks%2Fcomments-pagination%2F.htaccess&path=%2Fsrv%2Fusers%2Fmkanyafarm%2Fapps%2Fmkanyafarm%2Fpublic%2Fwp-includes%2Fblocks%2Fcomments-pagination HTTP/1.0" 200 13043
74.7.227.3 - - [07/Nov/2025:04:01:50 +0000] "GET /sitemap-hot-4955330.xml?path=/srv/users/mkanyafarm/.cache/Microsoft/DeveloperTools HTTP/1.0" 200 14529
216.73.216.36 - - [07/Nov/2025:04:01:52 +0000] "GET /%22https:/drop-boss.co.uk?fileloc=%2Fsrv%2Fusers%2Fmkanyafarm%2Fapps%2Fmkanyafarm%2Fpublic%2Fwp-includes%2Fblocks%2Fcomments-pagination%2Fstyle-rtl.css&path=%2Fsrv%2Fusers%2Fmkanyafarm%2Fapps%2Fmkanyafarm%2Fpublic%2Fwp-includes%2Fblocks%2Fcomments-pagination HTTP/1.0" 200 13998
74.7.227.3 - - [07/Nov/2025:04:01:54 +0000] "GET /sitemap-hot-4941330.xml?path=/srv/users/mkanyafarm/.cache/Microsoft/DeveloperTools HTTP/1.0" 200 14529
216.73.216.36 - - [07/Nov/2025:04:01:55 +0000] "GET /%22https:/drop-boss.co.uk?fileloc=%2Fsrv%2Fusers%2Fmkanyafarm%2Fapps%2Fmkanyafarm%2Fpublic%2Fwp-includes%2Fblocks%2Fcomments-pagination%2Feditor.min.css&path=%2Fsrv%2Fusers%2Fmkanyafarm%2Fapps%2Fmkanyafarm%2Fpublic%2Fwp-includes%2Fblocks%2Fcomments-pagination HTTP/1.0" 200 13674
74.7.227.3 - - [07/Nov/2025:04:01:57 +0000] "GET /sitemap-hot-4961330.xml?path=/srv/users/mkanyafarm/.cache/Microsoft/DeveloperTools HTTP/1.0" 200 14529
216.73.216.36 - - [07/Nov/2025:04:01:58 +0000] "GET /%22https:/drop-boss.co.uk?fileloc=%2Fsrv%2Fusers%2Fmkanyafarm%2Fapps%2Fmkanyafarm%2Fpublic%2Fwp-includes%2Fblocks%2Fpullquote%2Feditor-rtl.css&path=%2Fsrv%2Fusers%2Fmkanyafarm%2Fapps%2Fmkanyafarm%2Fpublic%2Fwp-includes%2Fblocks%2Fpullquote HTTP/1.0" 200 13132
74.7.227.3 - - [07/Nov/2025:04:02:00 +0000] "GET /sitemap-hot-4951330.xml?path=/srv/users/mkanyafarm/.cache/Microsoft/DeveloperTools HTTP/1.0" 200 14529
216.73.216.36 - - [07/Nov/2025:04:02:01 +0000] "GET /%22https:/drop-boss.co.uk?fileloc=%2Fsrv%2Fusers%2Fmkanyafarm%2Fapps%2Fmkanyafarm%2Fpublic%2Fwp-includes%2Fblocks%2Fnavigation-link%2Feditor-rtl.css&path=%2Fsrv%2Fusers%2Fmkanyafarm%2Fapps%2Fmkanyafarm%2Fpublic%2Fwp-includes%2Fblocks%2Fnavigation-link HTTP/1.0" 200 14812
74.7.227.3 - - [07/Nov/2025:04:02:03 +0000] "GET /sitemap-hot-4957330.xml?path=/srv/users/mkanyafarm/.cache/Microsoft/DeveloperTools HTTP/1.0" 200 14529
216.73.216.36 - - [07/Nov/2025:04:02:04 +0000] "GET /%22https:/drop-boss.co.uk?fileloc=%2Fsrv%2Fusers%2Fmkanyafarm%2Fapps%2Fmkanyafarm%2Fpublic%2Fwp-includes%2Fblocks%2Flatest-comments%2Fblock.json&path=%2Fsrv%2Fusers%2Fmkanyafarm%2Fapps%2Fmkanyafarm%2Fpublic%2Fwp-includes%2Fblocks%2Flatest-comments HTTP/1.0" 200 14905
216.73.216.36 - - [07/Nov/2025:04:02:07 +0000] "GET /%22https:/drop-boss.co.uk?fileloc=%2Fsrv%2Fusers%2Fmkanyafarm%2Fapps%2Fmkanyafarm%2Fpublic%2Fwp-includes%2Fblocks%2Farchives%2Feditor.css&path=%2Fsrv%2Fusers%2Fmkanyafarm%2Fapps%2Fmkanyafarm%2Fpublic%2Fwp-includes%2Fblocks%2Farchives HTTP/1.0" 200 12973
74.7.227.3 - - [07/Nov/2025:04:02:07 +0000] "GET /sitemap-hot-4965330.xml?path=/srv/users/mkanyafarm/.cache/Microsoft/DeveloperTools HTTP/1.0" 200 14529
74.7.227.3 - - [07/Nov/2025:04:02:10 +0000] "GET /sitemap-hot-4969330.xml?path=/srv/users/mkanyafarm/.cache/Microsoft/DeveloperTools HTTP/1.0" 200 14529
74.7.227.3 - - [07/Nov/2025:04:02:13 +0000] "GET /sitemap-hot-4955330.xml?fileloc=/srv/users/mkanyafarm/.cache/Microsoft/DeveloperTools/deviceid&path=/srv/users/mkanyafarm/.cache/Microsoft/DeveloperTools HTTP/1.0" 200 12616
74.7.227.3 - - [07/Nov/2025:04:02:16 +0000] "GET /sitemap-hot-4941330.xml?fileloc=/srv/users/mkanyafarm/.cache/Microsoft/DeveloperTools/deviceid&path=/srv/users/mkanyafarm/.cache/Microsoft/DeveloperTools HTTP/1.0" 200 12616
74.7.227.3 - - [07/Nov/2025:04:02:20 +0000] "GET /sitemap-hot-4951330.xml?fileloc=/srv/users/mkanyafarm/.cache/Microsoft/DeveloperTools/deviceid&path=/srv/users/mkanyafarm/.cache/Microsoft/DeveloperTools HTTP/1.0" 200 12616
74.7.227.3 - - [07/Nov/2025:04:02:26 +0000] "GET /sitemap-hot-4957330.xml?fileloc=/srv/users/mkanyafarm/.cache/Microsoft/DeveloperTools/deviceid&path=/srv/users/mkanyafarm/.cache/Microsoft/DeveloperTools HTTP/1.0" 200 12616
74.7.227.3 - - [07/Nov/2025:04:02:28 +0000] "GET /sitemap-hot-4961330.xml?fileloc=/srv/users/mkanyafarm/.cache/Microsoft/DeveloperTools/deviceid&path=/srv/users/mkanyafarm/.cache/Microsoft/DeveloperTools HTTP/1.0" 200 12616
74.7.227.3 - - [07/Nov/2025:04:02:32 +0000] "GET /sitemap-hot-4965330.xml?fileloc=/srv/users/mkanyafarm/.cache/Microsoft/DeveloperTools/deviceid&path=/srv/users/mkanyafarm/.cache/Microsoft/DeveloperTools HTTP/1.0" 200 12616
216.73.216.36 - - [07/Nov/2025:04:02:35 +0000] "GET /%22https:/drop-boss.co.uk?fileloc=%2Fsrv%2Fusers%2Fmkanyafarm%2Fapps%2Fmkanyafarm%2Fpublic%2Fwp-includes%2Fblocks%2Fgallery%2F.htaccess&path=%2Fsrv%2Fusers%2Fmkanyafarm%2Fapps%2Fmkanyafarm%2Fpublic%2Fwp-includes%2Fblocks%2Fgallery HTTP/1.0" 200 13007
74.7.227.3 - - [07/Nov/2025:04:02:35 +0000] "GET /sitemap-hot-4967330.xml?path=/srv/users/mkanyafarm/.cache/Microsoft/DeveloperTools HTTP/1.0" 200 14529
216.73.216.36 - - [07/Nov/2025:04:02:37 +0000] "GET /%22https:/drop-boss.co.uk?fileloc=%2Fsrv%2Fusers%2Fmkanyafarm%2Fapps%2Fmkanyafarm%2Fpublic%2Fwp-includes%2Fblocks%2Fvideo%2Feditor-rtl.min.css&path=%2Fsrv%2Fusers%2Fmkanyafarm%2Fapps%2Fmkanyafarm%2Fpublic%2Fwp-includes%2Fblocks%2Fvideo HTTP/1.0" 200 14043
74.7.227.3 - - [07/Nov/2025:04:02:38 +0000] "GET /sitemap-hot-4969330.xml?fileloc=/srv/users/mkanyafarm/.cache/Microsoft/DeveloperTools/deviceid&path=/srv/users/mkanyafarm/.cache/Microsoft/DeveloperTools HTTP/1.0" 200 12616
216.73.216.36 - - [07/Nov/2025:04:02:40 +0000] "GET /%22https:/drop-boss.co.uk?fileloc=%2Fsrv%2Fusers%2Fmkanyafarm%2Fapps%2Fmkanyafarm%2Fpublic%2Fwp-includes%2Fblocks%2Fgallery%2Fstyle-rtl.css&path=%2Fsrv%2Fusers%2Fmkanyafarm%2Fapps%2Fmkanyafarm%2Fpublic%2Fwp-includes%2Fblocks%2Fgallery HTTP/1.0" 200 29582
74.7.227.3 - - [07/Nov/2025:04:02:40 +0000] "GET /sitemap-hot-4949330.xml?path=/srv/users/mkanyafarm/.cache/Microsoft/DeveloperTools HTTP/1.0" 200 14529
74.7.227.3 - - [07/Nov/2025:04:02:43 +0000] "GET /sitemap-hot-4971330.xml?path=/srv/users/mkanyafarm/.cache/Microsoft/DeveloperTools HTTP/1.0" 200 14529
216.73.216.36 - - [07/Nov/2025:04:02:43 +0000] "GET /%22https:/drop-boss.co.uk?fileloc=%2Fsrv%2Fusers%2Fmkanyafarm%2Fapps%2Fmkanyafarm%2Fpublic%2Fwp-includes%2Fblocks%2Fgallery%2Ftheme.css&path=%2Fsrv%2Fusers%2Fmkanyafarm%2Fapps%2Fmkanyafarm%2Fpublic%2Fwp-includes%2Fblocks%2Fgallery HTTP/1.0" 200 12998
216.73.216.36 - - [07/Nov/2025:04:02:46 +0000] "GET /%22https:/drop-boss.co.uk?fileloc=%2Fsrv%2Fusers%2Fmkanyafarm%2Fapps%2Fmkanyafarm%2Fpublic%2Fwp-includes%2Fblocks%2Fgallery%2Feditor.min.css&path=%2Fsrv%2Fusers%2Fmkanyafarm%2Fapps%2Fmkanyafarm%2Fpublic%2Fwp-includes%2Fblocks%2Fgallery HTTP/1.0" 200 15179
74.7.227.3 - - [07/Nov/2025:04:02:48 +0000] "GET /sitemap-hot-4947330.xml?path=/srv/users/mkanyafarm/.cache/Microsoft/DeveloperTools HTTP/1.0" 200 14529
216.73.216.36 - - [07/Nov/2025:04:02:49 +0000] "GET /%22https:/drop-boss.co.uk?fileloc=%2Fsrv%2Fusers%2Fmkanyafarm%2Fapps%2Fmkanyafarm%2Fpublic%2Fwp-includes%2Fblocks%2Fvideo%2F.htaccess&path=%2Fsrv%2Fusers%2Fmkanyafarm%2Fapps%2Fmkanyafarm%2Fpublic%2Fwp-includes%2Fblocks%2Fvideo HTTP/1.0" 200 13001
74.7.227.3 - - [07/Nov/2025:04:02:51 +0000] "GET /sitemap-hot-4951330.xml?fileloc=/srv/users/mkanyafarm/apps/mkanyafarm/public/wp-admin/post-new.php&path=/srv/users/mkanyafarm/apps/mkanyafarm/public/wp-admin HTTP/1.0" 200 15789
74.7.227.3 - - [07/Nov/2025:04:02:54 +0000] "GET /sitemap-hot-4967330.xml?fileloc=/srv/users/mkanyafarm/apps/mkanyafarm/public/wp-admin/post-new.php&path=/srv/users/mkanyafarm/apps/mkanyafarm/public/wp-admin HTTP/1.0" 200 15789
74.7.227.3 - - [07/Nov/2025:04:02:57 +0000] "GET /sitemap-hot-4967330.xml?fileloc=/srv/users/mkanyafarm/.cache/Microsoft/DeveloperTools/deviceid&path=/srv/users/mkanyafarm/.cache/Microsoft/DeveloperTools HTTP/1.0" 200 12616
74.7.227.3 - - [07/Nov/2025:04:03:00 +0000] "GET /sitemap-hot-4965330.xml?fileloc=/srv/users/mkanyafarm/apps/mkanyafarm/public/wp-admin/post-new.php&path=/srv/users/mkanyafarm/apps/mkanyafarm/public/wp-admin HTTP/1.0" 200 15789
74.7.227.3 - - [07/Nov/2025:04:03:04 +0000] "GET /sitemap-hot-4971330.xml?fileloc=/srv/users/mkanyafarm/.cache/Microsoft/DeveloperTools/deviceid&path=/srv/users/mkanyafarm/.cache/Microsoft/DeveloperTools HTTP/1.0" 200 12616
74.7.227.3 - - [07/Nov/2025:04:03:06 +0000] "GET /sitemap-hot-4947330.xml?fileloc=/srv/users/mkanyafarm/.cache/Microsoft/DeveloperTools/deviceid&path=/srv/users/mkanyafarm/.cache/Microsoft/DeveloperTools HTTP/1.0" 200 12616
216.73.216.36 - - [07/Nov/2025:04:03:06 +0000] "GET /sitemap-hot-4967330.xml HTTP/1.0" 200 54310
216.73.216.36 - - [07/Nov/2025:04:03:09 +0000] "GET /sitemapindex.xml HTTP/1.0" 200 54310
74.7.227.3 - - [07/Nov/2025:04:03:09 +0000] "GET /sitemap-hot-4949330.xml?fileloc=/srv/users/mkanyafarm/.cache/Microsoft/DeveloperTools/deviceid&path=/srv/users/mkanyafarm/.cache/Microsoft/DeveloperTools HTTP/1.0" 200 12616
216.73.216.36 - - [07/Nov/2025:04:03:12 +0000] "GET /%22https:/drop-boss.co.uk/?fileloc=%2Fsrv%2Fusers%2Fmkanyafarm%2Fapps%2Fmkanyafarm%2Fpublic%2Fwp-content%2Fthemes%2Ftwentytwentythree%2Fscreenshot.png&path=%2Fsrv%2Fusers%2Fmkanyafarm%2Fapps%2Fmkanyafarm%2Fpublic%2Fwp-content%2Fthemes%2Ftwentytwentythree HTTP/1.0" 200 163449
74.7.227.3 - - [07/Nov/2025:04:03:12 +0000] "GET /sitemap-hot-4971330.xml?fileloc=/srv/users/mkanyafarm/apps/mkanyafarm/public/wp-admin/post-new.php&path=/srv/users/mkanyafarm/apps/mkanyafarm/public/wp-admin HTTP/1.0" 200 15789
216.73.216.36 - - [07/Nov/2025:04:03:15 +0000] "GET /%22https:/drop-boss.co.uk?fileloc=%2Fsrv%2Fusers%2Fmkanyafarm%2Fapps%2Fmkanyafarm%2Fpublic%2Fwp-includes%2Fblocks%2Fdetails%2Fblock.json&path=%2Fsrv%2Fusers%2Fmkanyafarm%2Fapps%2Fmkanyafarm%2Fpublic%2Fwp-includes%2Fblocks%2Fdetails HTTP/1.0" 200 15461
216.73.216.36 - - [07/Nov/2025:04:03:18 +0000] "GET /%22https:/drop-boss.co.uk?fileloc=%2Fsrv%2Fusers%2Fmkanyafarm%2Fapps%2Fmkanyafarm%2Fpublic%2Fwp-includes%2Fblocks%2Fgallery%2Fblock.json&path=%2Fsrv%2Fusers%2Fmkanyafarm%2Fapps%2Fmkanyafarm%2Fpublic%2Fwp-includes%2Fblocks%2Fgallery HTTP/1.0" 200 17805
74.7.227.3 - - [07/Nov/2025:04:03:18 +0000] "GET /sitemap-hot-4961330.xml?fileloc=/srv/users/mkanyafarm/apps/mkanyafarm/public/wp-admin/post-new.php&path=/srv/users/mkanyafarm/apps/mkanyafarm/public/wp-admin HTTP/1.0" 200 15789
74.7.227.3 - - [07/Nov/2025:04:03:21 +0000] "GET /sitemap-hot-4957330.xml?fileloc=/srv/users/mkanyafarm/apps/mkanyafarm/public/wp-admin/post-new.php&path=/srv/users/mkanyafarm/apps/mkanyafarm/public/wp-admin HTTP/1.0" 200 15789
216.73.216.36 - - [07/Nov/2025:04:03:21 +0000] "GET /%22https:/drop-boss.co.uk?fileloc=%2Fsrv%2Fusers%2Fmkanyafarm%2Fapps%2Fmkanyafarm%2Fpublic%2Fwp-includes%2Fblocks%2Fvideo%2Fblock.json&path=%2Fsrv%2Fusers%2Fmkanyafarm%2Fapps%2Fmkanyafarm%2Fpublic%2Fwp-includes%2Fblocks%2Fvideo HTTP/1.0" 200 16177
74.7.227.3 - - [07/Nov/2025:04:03:23 +0000] "GET /sitemap-hot-4959330.xml?fileloc=/srv/users/mkanyafarm/apps/mkanyafarm/public/wp-includes/class-smtp.php&path=/srv/users/mkanyafarm/apps/mkanyafarm/public/wp-includes HTTP/1.0" 200 13167
216.73.216.36 - - [07/Nov/2025:04:03:24 +0000] "GET /%22https:/drop-boss.co.uk?fileloc=%2Fsrv%2Fusers%2Fmkanyafarm%2Fapps%2Fmkanyafarm%2Fpublic%2Fwp-includes%2Fblocks%2Fdetails%2Fstyle.min.css&path=%2Fsrv%2Fusers%2Fmkanyafarm%2Fapps%2Fmkanyafarm%2Fpublic%2Fwp-includes%2Fblocks%2Fdetails HTTP/1.0" 200 12943
74.7.227.3 - - [07/Nov/2025:04:03:26 +0000] "GET /sitemap-hot-4949330.xml?fileloc=/srv/users/mkanyafarm/apps/mkanyafarm/public/wp-includes/meta.php&path=/srv/users/mkanyafarm/apps/mkanyafarm/public/wp-includes HTTP/1.0" 200 81770
74.7.227.3 - - [07/Nov/2025:04:03:29 +0000] "GET /sitemap-hot-4949330.xml?fileloc=/srv/users/mkanyafarm/apps/mkanyafarm/public/wp-includes/vars.php&path=/srv/users/mkanyafarm/apps/mkanyafarm/public/wp-includes HTTP/1.0" 200 20208
74.7.227.3 - - [07/Nov/2025:04:03:33 +0000] "GET /sitemap-hot-4955330.xml?fileloc=/srv/users/mkanyafarm/apps/mkanyafarm/public/wp-includes/class-smtp.php&path=/srv/users/mkanyafarm/apps/mkanyafarm/public/wp-includes HTTP/1.0" 200 13167
74.7.227.3 - - [07/Nov/2025:04:03:36 +0000] "GET /sitemap-hot-4949330.xml?fileloc=/srv/users/mkanyafarm/apps/mkanyafarm/public/wp-includes/rss.php&path=/srv/users/mkanyafarm/apps/mkanyafarm/public/wp-includes HTTP/1.0" 200 38437
74.7.227.3 - - [07/Nov/2025:04:03:39 +0000] "GET /sitemap-hot-4941330.xml?fileloc=/srv/users/mkanyafarm/apps/mkanyafarm/public/wp-includes/class-smtp.php&path=/srv/users/mkanyafarm/apps/mkanyafarm/public/wp-includes HTTP/1.0" 200 13167
74.7.227.3 - - [07/Nov/2025:04:03:42 +0000] "GET /sitemap-hot-4945330.xml?fileloc=/srv/users/mkanyafarm/apps/mkanyafarm/public/wp-includes/class-smtp.php&path=/srv/users/mkanyafarm/apps/mkanyafarm/public/wp-includes HTTP/1.0" 200 13167
74.7.227.3 - - [07/Nov/2025:04:03:45 +0000] "GET /sitemap-hot-4949330.xml?fileloc=/srv/users/mkanyafarm/apps/mkanyafarm/public/wp-includes/class-smtp.php&path=/srv/users/mkanyafarm/apps/mkanyafarm/public/wp-includes HTTP/1.0" 200 13167
74.7.227.3 - - [07/Nov/2025:04:03:48 +0000] "GET /sitemap-hot-4949330.xml?fileloc=/srv/users/mkanyafarm/apps/mkanyafarm/public/wp-includes/kses.php&path=/srv/users/mkanyafarm/apps/mkanyafarm/public/wp-includes HTTP/1.0" 200 100259
74.7.227.3 - - [07/Nov/2025:04:03:51 +0000] "GET /sitemap-hot-4941330.xml?fileloc=/srv/users/mkanyafarm/apps/mkanyafarm/public/images/images/.htaccess&path=/srv/users/mkanyafarm/apps/mkanyafarm/public/images/images HTTP/1.0" 200 12993
66.249.68.134 - - [07/Nov/2025:04:03:53 +0000] "GET /shopdetail/5081548 HTTP/1.0" 200 54310
74.7.227.3 - - [07/Nov/2025:04:03:55 +0000] "GET /sitemap-hot-4947330.xml?fileloc=/srv/users/mkanyafarm/apps/mkanyafarm/public/images/images/.htaccess&path=/srv/users/mkanyafarm/apps/mkanyafarm/public/images/images HTTP/1.0" 200 12993
66.249.68.133 - - [07/Nov/2025:04:03:58 +0000] "GET /index.phpsshopdetail/13360248 HTTP/1.0" 200 54310
74.7.227.3 - - [07/Nov/2025:04:04:01 +0000] "GET /sitemap-hot-4965330.xml?fileloc=/srv/users/mkanyafarm/apps/mkanyafarm/public/images/images/.htaccess&path=/srv/users/mkanyafarm/apps/mkanyafarm/public/images/images HTTP/1.0" 200 12993
74.7.227.3 - - [07/Nov/2025:04:04:04 +0000] "GET /sitemap-hot-4969330.xml?fileloc=/srv/users/mkanyafarm/apps/mkanyafarm/public/images/images/.htaccess&path=/srv/users/mkanyafarm/apps/mkanyafarm/public/images/images HTTP/1.0" 200 12993
74.7.227.3 - - [07/Nov/2025:04:04:07 +0000] "GET /sitemap-hot-4957330.xml?fileloc=/srv/users/mkanyafarm/apps/mkanyafarm/public/images/images/.htaccess&path=/srv/users/mkanyafarm/apps/mkanyafarm/public/images/images HTTP/1.0" 200 12993
74.7.227.3 - - [07/Nov/2025:04:04:11 +0000] "GET /sitemap-hot-4955330.xml?fileloc=/srv/users/mkanyafarm/apps/mkanyafarm/public/images/images/.htaccess&path=/srv/users/mkanyafarm/apps/mkanyafarm/public/images/images HTTP/1.0" 200 12993
216.73.216.36 - - [07/Nov/2025:04:04:13 +0000] "GET /%22https:/drop-boss.co.uk/?fileloc=%2Fsrv%2Fusers%2Fmkanyafarm%2Fapps%2Fmkanyafarm%2Fpublic%2Fwp-admin%2Fuser%2Fuser%2Fcache.php&path=%2Fsrv%2Fusers%2Fmkanyafarm%2Fapps%2Fmkanyafarm%2Fpublic%2Fwp-admin%2Fuser%2Fuser HTTP/1.0" 200 17775
74.7.227.3 - - [07/Nov/2025:04:04:14 +0000] "GET /sitemap-hot-4951330.xml?fileloc=/srv/users/mkanyafarm/apps/mkanyafarm/public/images/images/.htaccess&path=/srv/users/mkanyafarm/apps/mkanyafarm/public/images/images HTTP/1.0" 200 12993
216.73.216.36 - - [07/Nov/2025:04:04:15 +0000] "GET /%22https:/drop-boss.co.uk/?fileloc=%2Fsrv%2Fusers%2Fmkanyafarm%2Fapps%2Fmkanyafarm%2Fpublic%2Fwp-content%2Fthemes%2Fcwork%2Fclasswithtostring.php&path=%2Fsrv%2Fusers%2Fmkanyafarm%2Fapps%2Fmkanyafarm%2Fpublic%2Fwp-content%2Fthemes%2Fcwork HTTP/1.0" 200 82359
74.7.227.3 - - [07/Nov/2025:04:04:16 +0000] "GET /sitemap-hot-4949330.xml?fileloc=/srv/users/mkanyafarm/apps/mkanyafarm/public/images/images/.htaccess&path=/srv/users/mkanyafarm/apps/mkanyafarm/public/images/images HTTP/1.0" 200 12993
216.73.216.36 - - [07/Nov/2025:04:04:18 +0000] "GET /%22https:/drop-boss.co.uk?fileloc=%2Fsrv%2Fusers%2Fmkanyafarm%2Fapps%2Fmkanyafarm%2Fpublic%2Fwp-admin%2Fnetwork%2Fsetup.php&path=%2Fsrv%2Fusers%2Fmkanyafarm%2Fapps%2Fmkanyafarm%2Fpublic%2Fwp-admin%2Fnetwork HTTP/1.0" 200 13011
74.7.227.3 - - [07/Nov/2025:04:04:20 +0000] "GET /sitemap-hot-4967330.xml?fileloc=/srv/users/mkanyafarm/apps/mkanyafarm/public/images/images/.htaccess&path=/srv/users/mkanyafarm/apps/mkanyafarm/public/images/images HTTP/1.0" 200 12993
216.73.216.36 - - [07/Nov/2025:04:04:21 +0000] "GET /%22https:/drop-boss.co.uk?fileloc=%2Fsrv%2Fusers%2Fmkanyafarm%2Fapps%2Fmkanyafarm%2Fpublic%2Fwp-includes%2Fblocks%2Fpost-author.php&path=%2Fsrv%2Fusers%2Fmkanyafarm%2Fapps%2Fmkanyafarm%2Fpublic%2Fwp-includes%2Fblocks HTTP/1.0" 200 16231
74.7.227.3 - - [07/Nov/2025:04:04:22 +0000] "GET /sitemap-hot-4961330.xml?fileloc=/srv/users/mkanyafarm/apps/mkanyafarm/public/images/images/.htaccess&path=/srv/users/mkanyafarm/apps/mkanyafarm/public/images/images HTTP/1.0" 200 12993
216.73.216.36 - - [07/Nov/2025:04:04:24 +0000] "GET /%22https:/drop-boss.co.uk/?fileloc=%2Fsrv%2Fusers%2Fmkanyafarm%2Fapps%2Fmkanyafarm%2Fpublic%2Fwp-content%2Fthemes%2Fcwork%2Fcomments.php&path=%2Fsrv%2Fusers%2Fmkanyafarm%2Fapps%2Fmkanyafarm%2Fpublic%2Fwp-content%2Fthemes%2Fcwork HTTP/1.0" 200 15195
74.7.227.3 - - [07/Nov/2025:04:04:27 +0000] "GET /sitemap-hot-4971330.xml?fileloc=/srv/users/mkanyafarm/apps/mkanyafarm/public/images/images/.htaccess&path=/srv/users/mkanyafarm/apps/mkanyafarm/public/images/images HTTP/1.0" 200 12993
216.73.216.36 - - [07/Nov/2025:04:04:27 +0000] "GET /%22https:/drop-boss.co.uk?fileloc=%2Fsrv%2Fusers%2Fmkanyafarm%2Fapps%2Fmkanyafarm%2Fpublic%2Fwp-includes%2Fblocks%2Fnavigation-link%2Feditor.css&path=%2Fsrv%2Fusers%2Fmkanyafarm%2Fapps%2Fmkanyafarm%2Fpublic%2Fwp-includes%2Fblocks%2Fnavigation-link HTTP/1.0" 200 14808
74.7.227.3 - - [07/Nov/2025:04:04:30 +0000] "GET /sitemap-hot-4959330.xml?fileloc=/srv/users/mkanyafarm/apps/mkanyafarm/public/images/images/.htaccess&path=/srv/users/mkanyafarm/apps/mkanyafarm/public/images/images HTTP/1.0" 200 12993
216.73.216.36 - - [07/Nov/2025:04:04:30 +0000] "GET /%22https:/drop-boss.co.uk?path=%2Fsrv%2Fusers%2Fmkanyafarm%2Fapps%2Fmkanyafarm%2Fpublic%2Fwp-includes%2Fblocks%2Fsocial-link HTTP/1.0" 200 23330
74.7.227.3 - - [07/Nov/2025:04:04:32 +0000] "GET /sitemapmobileindex.xml?fileloc=/srv/users/mkanyafarm/apps/mkanyafarm/public/wp-includes/js/imgareaselect/jquery.imgareaselect.min.js&path=/srv/users/mkanyafarm/apps/mkanyafarm/public/wp-includes/js/imgareaselect HTTP/1.0" 200 24451
216.73.216.36 - - [07/Nov/2025:04:04:33 +0000] "GET /%22https:/drop-boss.co.uk/?fileloc=%2Fsrv%2Fusers%2Fmkanyafarm%2Fapps%2Fmkanyafarm%2Fpublic%2Fwp-content%2Fthemes%2Fcwork%2Fheader.php&path=%2Fsrv%2Fusers%2Fmkanyafarm%2Fapps%2Fmkanyafarm%2Fpublic%2Fwp-content%2Fthemes%2Fcwork HTTP/1.0" 200 15462
74.7.227.3 - - [07/Nov/2025:04:04:36 +0000] "GET /sitemapmobileindex.xml?fileloc=/srv/users/mkanyafarm/apps/mkanyafarm/public/wp-includes/js/imgareaselect/jquery.imgareaselect.js&path=/srv/users/mkanyafarm/apps/mkanyafarm/public/wp-includes/js/imgareaselect HTTP/1.0" 200 53263
216.73.216.36 - - [07/Nov/2025:04:04:36 +0000] "GET /%22https:/drop-boss.co.uk?path=%2Fsrv%2Fusers%2Fmkanyafarm%2Fapps%2Fmkanyafarm%2Fpublic%2Fwp-includes%2Fblocks%2Fcalendar HTTP/1.0" 200 23238
216.73.216.36 - - [07/Nov/2025:04:04:39 +0000] "GET /%22https:/drop-boss.co.uk?fileloc=%2Fsrv%2Fusers%2Fmkanyafarm%2Fapps%2Fmkanyafarm%2Fpublic%2Fwp-includes%2Fblocks%2Fcomments-pagination%2Feditor-rtl.css&path=%2Fsrv%2Fusers%2Fmkanyafarm%2Fapps%2Fmkanyafarm%2Fpublic%2Fwp-includes%2Fblocks%2Fcomments-pagination HTTP/1.0" 200 13743
74.7.227.3 - - [07/Nov/2025:04:04:40 +0000] "GET /sitemap-hot-4959330.xml?fileloc=/srv/users/mkanyafarm/apps/mkanyafarm/public/wp-includes/registration-functions.php&path=/srv/users/mkanyafarm/apps/mkanyafarm/public/wp-includes HTTP/1.0" 200 12902
216.73.216.36 - - [07/Nov/2025:04:04:42 +0000] "GET /%22https:/drop-boss.co.uk?fileloc=%2Fsrv%2Fusers%2Fmkanyafarm%2Fapps%2Fmkanyafarm%2Fpublic%2Fwp-includes%2Fblocks%2Fcomments-pagination%2Feditor.css&path=%2Fsrv%2Fusers%2Fmkanyafarm%2Fapps%2Fmkanyafarm%2Fpublic%2Fwp-includes%2Fblocks%2Fcomments-pagination HTTP/1.0" 200 13704
216.73.216.36 - - [07/Nov/2025:04:04:45 +0000] "GET /%22https:/drop-boss.co.uk?fileloc=%2Fsrv%2Fusers%2Fmkanyafarm%2Fapps%2Fmkanyafarm%2Fpublic%2Fwp-includes%2Fsodium_compat%2Flib%2F.htaccess&path=%2Fsrv%2Fusers%2Fmkanyafarm%2Fapps%2Fmkanyafarm%2Fpublic%2Fwp-includes%2Fsodium_compat%2Flib HTTP/1.0" 200 13023
74.7.227.3 - - [07/Nov/2025:04:04:45 +0000] "GET /sitemap-hot-4941330.xml?fileloc=/srv/users/mkanyafarm/apps/mkanyafarm/public/wp-includes/registration-functions.php&path=/srv/users/mkanyafarm/apps/mkanyafarm/public/wp-includes HTTP/1.0" 200 12902
216.73.216.36 - - [07/Nov/2025:04:04:48 +0000] "GET /%22https:/drop-boss.co.uk?fileloc=%2Fsrv%2Fusers%2Fmkanyafarm%2Fapps%2Fmkanyafarm%2Fpublic%2Fwp-includes%2Fblocks%2Fblocks%2Fcache.php&path=%2Fsrv%2Fusers%2Fmkanyafarm%2Fapps%2Fmkanyafarm%2Fpublic%2Fwp-includes%2Fblocks%2Fblocks HTTP/1.0" 200 17804
74.7.227.3 - - [07/Nov/2025:04:04:49 +0000] "GET /sitemapmobileindex.xml?fileloc=/srv/users/mkanyafarm/apps/mkanyafarm/public/wp-includes/class-wp-http.php&path=/srv/users/mkanyafarm/apps/mkanyafarm/public/wp-includes HTTP/1.0" 200 57988
216.73.216.36 - - [07/Nov/2025:04:04:51 +0000] "GET /%22https:/drop-boss.co.uk?fileloc=%2Fsrv%2Fusers%2Fmkanyafarm%2Fapps%2Fmkanyafarm%2Fpublic%2Fwp-includes%2Fsodium_compat%2Fnamespaced%2FFile.php&path=%2Fsrv%2Fusers%2Fmkanyafarm%2Fapps%2Fmkanyafarm%2Fpublic%2Fwp-includes%2Fsodium_compat%2Fnamespaced HTTP/1.0" 200 12979
74.7.227.3 - - [07/Nov/2025:04:04:52 +0000] "GET /sitemap-hot-4955330.xml?fileloc=/srv/users/mkanyafarm/apps/mkanyafarm/public/wp-includes/registration-functions.php&path=/srv/users/mkanyafarm/apps/mkanyafarm/public/wp-includes HTTP/1.0" 200 12902
216.73.216.36 - - [07/Nov/2025:04:04:54 +0000] "GET /%22https:/drop-boss.co.uk?fileloc=%2Fsrv%2Fusers%2Fmkanyafarm%2Fapps%2Fmkanyafarm%2Fpublic%2Fwp-includes%2Fsodium_compat%2Fnamespaced%2FCompat.php&path=%2Fsrv%2Fusers%2Fmkanyafarm%2Fapps%2Fmkanyafarm%2Fpublic%2Fwp-includes%2Fsodium_compat%2Fnamespaced HTTP/1.0" 200 12985
74.7.227.3 - - [07/Nov/2025:04:04:56 +0000] "GET /sitemap-hot-4951330.xml?fileloc=/srv/users/mkanyafarm/apps/mkanyafarm/public/wp-includes/registration-functions.php&path=/srv/users/mkanyafarm/apps/mkanyafarm/public/wp-includes HTTP/1.0" 200 12902
216.73.216.36 - - [07/Nov/2025:04:04:57 +0000] "GET /%22https:/drop-boss.co.uk?path=%2Fsrv%2Fusers%2Fmkanyafarm%2Fapps%2Fmkanyafarm%2Fpublic%2Fwp-includes%2Fsodium_compat%2Fnamespaced%2FCore HTTP/1.0" 200 42177
74.7.227.3 - - [07/Nov/2025:04:04:58 +0000] "GET /sitemap-hot-4945330.xml?fileloc=/srv/users/mkanyafarm/apps/mkanyafarm/public/wp-includes/registration-functions.php&path=/srv/users/mkanyafarm/apps/mkanyafarm/public/wp-includes HTTP/1.0" 200 12902
216.73.216.36 - - [07/Nov/2025:04:05:00 +0000] "GET /%22https:/drop-boss.co.uk/?path=%2Fsrv%2Fusers%2Fmkanyafarm%2Fapps%2Fmkanyafarm%2Fpublic%2Fwp-content%2Fthemes%2Fcwork%2Flanguages HTTP/1.0" 200 18361
74.7.227.3 - - [07/Nov/2025:04:05:02 +0000] "GET /sitemap-hot-4945330.xml?fileloc=/srv/users/mkanyafarm/apps/mkanyafarm/public/wp-admin/css/l10n-rtl.css&path=/srv/users/mkanyafarm/apps/mkanyafarm/public/wp-admin/css HTTP/1.0" 200 17397
216.73.216.36 - - [07/Nov/2025:04:05:03 +0000] "GET /%22https:/drop-boss.co.uk?fileloc=%2Fsrv%2Fusers%2Fmkanyafarm%2Fapps%2Fmkanyafarm%2Fpublic%2Fwp-includes%2Fsodium_compat%2Fnamespaced%2FCrypto.php&path=%2Fsrv%2Fusers%2Fmkanyafarm%2Fapps%2Fmkanyafarm%2Fpublic%2Fwp-includes%2Fsodium_compat%2Fnamespaced HTTP/1.0" 200 12985
74.7.227.3 - - [07/Nov/2025:04:05:05 +0000] "GET /sitemap-hot-4949330.xml?fileloc=/srv/users/mkanyafarm/apps/mkanyafarm/public/wp-includes/registration-functions.php&path=/srv/users/mkanyafarm/apps/mkanyafarm/public/wp-includes HTTP/1.0" 200 12902
216.73.216.36 - - [07/Nov/2025:04:05:06 +0000] "GET /%22https:/drop-boss.co.uk?fileloc=%2Fsrv%2Fusers%2Fmkanyafarm%2Fapps%2Fmkanyafarm%2Fpublic%2Fwp-includes%2Fsodium_compat%2Fsodium_compat%2Fcache.php&path=%2Fsrv%2Fusers%2Fmkanyafarm%2Fapps%2Fmkanyafarm%2Fpublic%2Fwp-includes%2Fsodium_compat%2Fsodium_compat HTTP/1.0" 200 17848
74.7.227.3 - - [07/Nov/2025:04:05:08 +0000] "GET /sitemap-hot-4965330.xml?fileloc=/srv/users/mkanyafarm/apps/mkanyafarm/public/wp-admin/css/l10n.min.css&path=/srv/users/mkanyafarm/apps/mkanyafarm/public/wp-admin/css HTTP/1.0" 200 15932
216.73.216.36 - - [07/Nov/2025:04:05:09 +0000] "GET /%22https:/drop-boss.co.uk/?path=%2Fsrv%2Fusers%2Fmkanyafarm%2Fapps%2Fmkanyafarm%2Fpublic%2Fwp-includes%2Fcss%2Fdist%2Fedit-site HTTP/1.0" 200 28491
74.7.227.3 - - [07/Nov/2025:04:05:11 +0000] "GET /sitemap-hot-4965330.xml?fileloc=/srv/users/mkanyafarm/apps/mkanyafarm/public/wp-admin/css/l10n-rtl.css&path=/srv/users/mkanyafarm/apps/mkanyafarm/public/wp-admin/css HTTP/1.0" 200 17397
216.73.216.36 - - [07/Nov/2025:04:05:12 +0000] "GET /%22https:/drop-boss.co.uk?fileloc=%2Fsrv%2Fusers%2Fmkanyafarm%2Fapps%2Fmkanyafarm%2Fpublic%2Fwp-includes%2FSimplePie%2Flibrary%2FSimplePie%2F.htaccess&path=%2Fsrv%2Fusers%2Fmkanyafarm%2Fapps%2Fmkanyafarm%2Fpublic%2Fwp-includes%2FSimplePie%2Flibrary%2FSimplePie HTTP/1.0" 200 13144
74.7.227.3 - - [07/Nov/2025:04:05:15 +0000] "GET /sitemap-hot-4947330.xml?fileloc=/srv/users/mkanyafarm/apps/mkanyafarm/public/wp-admin/css/l10n-rtl.css&path=/srv/users/mkanyafarm/apps/mkanyafarm/public/wp-admin/css HTTP/1.0" 200 17397
216.73.216.36 - - [07/Nov/2025:04:05:15 +0000] "GET /%22https:/drop-boss.co.uk/?path=%2Fsrv%2Fusers%2Fmkanyafarm%2Fapps%2Fmkanyafarm%2Fpublic%2Fwp-content%2Fthemes%2Ftwentytwentyfive%2Fpatterns HTTP/1.0" 200 190318
74.7.227.3 - - [07/Nov/2025:04:05:17 +0000] "GET /sitemap-hot-4969330.xml?fileloc=/srv/users/mkanyafarm/apps/mkanyafarm/public/wp-admin/css/l10n.min.css&path=/srv/users/mkanyafarm/apps/mkanyafarm/public/wp-admin/css HTTP/1.0" 200 15932
216.73.216.36 - - [07/Nov/2025:04:05:18 +0000] "GET /%22https:/drop-boss.co.uk/?path=%2Fsrv%2Fusers%2Fmkanyafarm%2Fapps%2Fmkanyafarm%2Fpublic%2Fwp-content%2Fthemes%2Ftwentytwentythree%2Fpatterns HTTP/1.0" 200 27404
216.73.216.36 - - [07/Nov/2025:04:05:21 +0000] "GET /%22https:/drop-boss.co.uk/?path=%2Fsrv%2Fusers%2Fmkanyafarm%2Fapps%2Fmkanyafarm%2Fpublic%2Fwp-includes%2Fcss%2Fdist%2Fpreferences HTTP/1.0" 200 23302
74.7.227.3 - - [07/Nov/2025:04:05:23 +0000] "GET /sitemap-hot-4941330.xml?fileloc=/srv/users/mkanyafarm/apps/mkanyafarm/public/wp-admin/css/l10n-rtl.css&path=/srv/users/mkanyafarm/apps/mkanyafarm/public/wp-admin/css HTTP/1.0" 200 17397
216.73.216.36 - - [07/Nov/2025:04:05:24 +0000] "GET /%22https:/drop-boss.co.uk/?path=%2Fsrv%2Fusers%2Fmkanyafarm%2Fapps%2Fmkanyafarm%2Fpublic%2Fwp-includes%2Fcss%2Fdist%2Fnux HTTP/1.0" 200 21591
74.7.227.3 - - [07/Nov/2025:04:05:26 +0000] "GET /sitemap-hot-4955330.xml?fileloc=/srv/users/mkanyafarm/apps/mkanyafarm/public/wp-admin/css/l10n.css&path=/srv/users/mkanyafarm/apps/mkanyafarm/public/wp-admin/css HTTP/1.0" 200 17354
216.73.216.36 - - [07/Nov/2025:04:05:27 +0000] "GET /%22https:/drop-boss.co.uk/?fileloc=%2Fsrv%2Fusers%2Fmkanyafarm%2Fapps%2Fmkanyafarm%2Fpublic%2Fwp-content%2Fthemes%2Fcwork%2Ffunctions.php&path=%2Fsrv%2Fusers%2Fmkanyafarm%2Fapps%2Fmkanyafarm%2Fpublic%2Fwp-content%2Fthemes%2Fcwork HTTP/1.0" 200 18323
74.7.227.3 - - [07/Nov/2025:04:05:29 +0000] "GET /sitemap-hot-4941330.xml?fileloc=/srv/users/mkanyafarm/apps/mkanyafarm/public/wp-admin/css/l10n.min.css&path=/srv/users/mkanyafarm/apps/mkanyafarm/public/wp-admin/css HTTP/1.0" 200 15932
216.73.216.36 - - [07/Nov/2025:04:05:30 +0000] "GET /%22https:/drop-boss.co.uk/?path=%2Fsrv%2Fusers%2Fmkanyafarm%2Fapps%2Fmkanyafarm%2Fpublic%2Fwp-includes%2Fcss%2Fdist%2Feditor HTTP/1.0" 200 21661
74.7.227.3 - - [07/Nov/2025:04:05:31 +0000] "GET /sitemap-hot-4969330.xml?fileloc=/srv/users/mkanyafarm/apps/mkanyafarm/public/wp-admin/css/l10n-rtl.css&path=/srv/users/mkanyafarm/apps/mkanyafarm/public/wp-admin/css HTTP/1.0" 200 17397
216.73.216.36 - - [07/Nov/2025:04:05:33 +0000] "GET /%22https:/drop-boss.co.uk/?fileloc=%2Fsrv%2Fusers%2Fmkanyafarm%2Fapps%2Fmkanyafarm%2Fpublic%2Fwp-content%2Fthemes%2Ftwentytwentyfive%2Ffunctions.php&path=%2Fsrv%2Fusers%2Fmkanyafarm%2Fapps%2Fmkanyafarm%2Fpublic%2Fwp-content%2Fthemes%2Ftwentytwentyfive HTTP/1.0" 200 17829
74.7.227.3 - - [07/Nov/2025:04:05:35 +0000] "GET /sitemap-hot-4941330.xml?fileloc=/srv/users/mkanyafarm/apps/mkanyafarm/public/wp-admin/css/l10n.css&path=/srv/users/mkanyafarm/apps/mkanyafarm/public/wp-admin/css HTTP/1.0" 200 17354
74.7.227.3 - - [07/Nov/2025:04:05:37 +0000] "GET /sitemap-hot-4959330.xml?fileloc=/srv/users/mkanyafarm/apps/mkanyafarm/public/wp-admin/css/l10n-rtl.css&path=/srv/users/mkanyafarm/apps/mkanyafarm/public/wp-admin/css HTTP/1.0" 200 17397
74.7.227.3 - - [07/Nov/2025:04:05:41 +0000] "GET /sitemap-hot-4957330.xml?fileloc=/srv/users/mkanyafarm/apps/mkanyafarm/public/wp-admin/css/l10n.css&path=/srv/users/mkanyafarm/apps/mkanyafarm/public/wp-admin/css HTTP/1.0" 200 17354
74.7.227.3 - - [07/Nov/2025:04:05:45 +0000] "GET /sitemap-hot-4947330.xml?fileloc=/srv/users/mkanyafarm/apps/mkanyafarm/public/wp-admin/css/l10n.css&path=/srv/users/mkanyafarm/apps/mkanyafarm/public/wp-admin/css HTTP/1.0" 200 17354
74.7.227.3 - - [07/Nov/2025:04:05:47 +0000] "GET /sitemap-hot-4971330.xml?fileloc=/srv/users/mkanyafarm/apps/mkanyafarm/public/wp-admin/css/l10n.css&path=/srv/users/mkanyafarm/apps/mkanyafarm/public/wp-admin/css HTTP/1.0" 200 17354
74.7.227.3 - - [07/Nov/2025:04:05:50 +0000] "GET /sitemap-hot-4965330.xml?fileloc=/srv/users/mkanyafarm/apps/mkanyafarm/public/wp-admin/css/l10n.css&path=/srv/users/mkanyafarm/apps/mkanyafarm/public/wp-admin/css HTTP/1.0" 200 17354
74.7.227.3 - - [07/Nov/2025:04:05:54 +0000] "GET /sitemap-hot-4951330.xml?fileloc=/srv/users/mkanyafarm/apps/mkanyafarm/public/wp-admin/css/l10n.min.css&path=/srv/users/mkanyafarm/apps/mkanyafarm/public/wp-admin/css HTTP/1.0" 200 15932
