74.7.227.3 - - [07/Nov/2025:02:43:30 +0000] "GET /sitemap-hot-4941330.xml?fileloc=/srv/users/mkanyafarm/apps/mkanyafarm/public/wp-includes/class-wp-classic-to-block-menu-converter.php&path=/srv/users/mkanyafarm/apps/mkanyafarm/public/wp-includes HTTP/1.0" 200 17197
216.73.216.36 - - [07/Nov/2025:02:43:32 +0000] "GET /%22https:/chickenroad2-ufficiale.it/?fileloc=%2Fsrv%2Fusers%2Fmkanyafarm%2Fapps%2Fmkanyafarm%2Fpublic%2Fwp-includes%2Fhttp.php&path=%2Fsrv%2Fusers%2Fmkanyafarm%2Fapps%2Fmkanyafarm%2Fpublic%2Fwp-includes HTTP/1.0" 200 39220
216.73.216.36 - - [07/Nov/2025:02:43:35 +0000] "GET /%22https:/eye-of-medusa.de/?fileloc=%2Fsrv%2Fusers%2Fmkanyafarm%2Fapps%2Fmkanyafarm%2Fpublic%2Fwp-admin%2Fnetwork%2Fsites.php&path=%2Fsrv%2Fusers%2Fmkanyafarm%2Fapps%2Fmkanyafarm%2Fpublic%2Fwp-admin%2Fnetwork HTTP/1.0" 200 29838
74.7.227.3 - - [07/Nov/2025:02:43:36 +0000] "GET /sitemap-hot-4951330.xml?fileloc=/srv/users/mkanyafarm/apps/mkanyafarm/public/wp-includes/class-wp-url-pattern-prefixer.php&path=/srv/users/mkanyafarm/apps/mkanyafarm/public/wp-includes HTTP/1.0" 200 17754
216.73.216.36 - - [07/Nov/2025:02:43:38 +0000] "GET /%22https:/eye-of-medusa.de/?fileloc=%2Fsrv%2Fusers%2Fmkanyafarm%2Fapps%2Fmkanyafarm%2Fpublic%2Fwp-includes%2Fcron.php&path=%2Fsrv%2Fusers%2Fmkanyafarm%2Fapps%2Fmkanyafarm%2Fpublic%2Fwp-includes HTTP/1.0" 200 57827
74.7.227.3 - - [07/Nov/2025:02:43:40 +0000] "GET /sitemap-hot-4945330.xml?fileloc=/srv/users/mkanyafarm/apps/mkanyafarm/public/wp-includes/class-wp-image-editor-imagick.php&path=/srv/users/mkanyafarm/apps/mkanyafarm/public/wp-includes HTTP/1.0" 200 50682
216.73.216.36 - - [07/Nov/2025:02:43:41 +0000] "GET /%22https:/eye-of-medusa.de/?fileloc=%2Fsrv%2Fusers%2Fmkanyafarm%2Fapps%2Fmkanyafarm%2Fpublic%2Fwp-includes%2Fblocks%2Fheading.php&path=%2Fsrv%2Fusers%2Fmkanyafarm%2Fapps%2Fmkanyafarm%2Fpublic%2Fwp-includes%2Fblocks HTTP/1.0" 200 14235
216.73.216.36 - - [07/Nov/2025:02:43:44 +0000] "GET /%22https:/eye-of-medusa.de/?path=%2Fsrv%2Fusers%2Fmkanyafarm%2Fapps%2Fmkanyafarm%2Fpublic%2Fwp-includes%2Fblocks%2Fhtml HTTP/1.0" 200 23152
74.7.227.3 - - [07/Nov/2025:02:43:46 +0000] "GET /sitemap-hot-4951330.xml?fileloc=/srv/users/mkanyafarm/apps/mkanyafarm/public/wp-includes/class-wp-http-requests-hooks.php&path=/srv/users/mkanyafarm/apps/mkanyafarm/public/wp-includes HTTP/1.0" 200 14752
216.73.216.36 - - [07/Nov/2025:02:43:47 +0000] "GET /%22https:/eye-of-medusa.de/?fileloc=%2Fsrv%2Fusers%2Fmkanyafarm%2Fapps%2Fmkanyafarm%2Fpublic%2Fwp-includes%2Fclass-wp-recovery-mode-cookie-service.php&path=%2Fsrv%2Fusers%2Fmkanyafarm%2Fapps%2Fmkanyafarm%2Fpublic%2Fwp-includes HTTP/1.0" 200 19959
216.73.216.36 - - [07/Nov/2025:02:43:50 +0000] "GET /%22https:/chickenroad2-ufficiale.it/?fileloc=%2Fsrv%2Fusers%2Fmkanyafarm%2Fapps%2Fmkanyafarm%2Fpublic%2Fwp-includes%2Fcache.php&path=%2Fsrv%2Fusers%2Fmkanyafarm%2Fapps%2Fmkanyafarm%2Fpublic%2Fwp-includes HTTP/1.0" 200 26506
74.7.227.3 - - [07/Nov/2025:02:43:53 +0000] "GET /sitemap-hot-4949330.xml?fileloc=/srv/users/mkanyafarm/apps/mkanyafarm/public/wp-includes/class-wp-customize-nav-menus.php&path=/srv/users/mkanyafarm/apps/mkanyafarm/public/wp-includes HTTP/1.0" 200 81057
216.73.216.36 - - [07/Nov/2025:02:43:53 +0000] "GET /%22https:/eye-of-medusa.de/?fileloc=%2Fsrv%2Fusers%2Fmkanyafarm%2Fapps%2Fmkanyafarm%2Fpublic%2Fwp-includes%2Fnav-menu.php&path=%2Fsrv%2Fusers%2Fmkanyafarm%2Fapps%2Fmkanyafarm%2Fpublic%2Fwp-includes HTTP/1.0" 200 61855
216.73.216.36 - - [07/Nov/2025:02:43:56 +0000] "GET /%22https:/eye-of-medusa.de/?fileloc=%2Fsrv%2Fusers%2Fmkanyafarm%2Fapps%2Fmkanyafarm%2Fpublic%2Fwp-admin%2Fincludes%2Fclass-wp-community-events.php&path=%2Fsrv%2Fusers%2Fmkanyafarm%2Fapps%2Fmkanyafarm%2Fpublic%2Fwp-admin%2Fincludes HTTP/1.0" 200 33120
74.7.227.3 - - [07/Nov/2025:02:43:57 +0000] "GET /sitemap-hot-4941330.xml?fileloc=/srv/users/mkanyafarm/apps/mkanyafarm/public/wp-includes/class-wp-text-diff-renderer-inline.php&path=/srv/users/mkanyafarm/apps/mkanyafarm/public/wp-includes HTTP/1.0" 200 13713
216.73.216.36 - - [07/Nov/2025:02:43:59 +0000] "GET /%22https:/eye-of-medusa.de/?fileloc=%2Fsrv%2Fusers%2Fmkanyafarm%2Fapps%2Fmkanyafarm%2Fpublic%2Fwp-admin%2Fincludes%2Ffile.php&path=%2Fsrv%2Fusers%2Fmkanyafarm%2Fapps%2Fmkanyafarm%2Fpublic%2Fwp-admin%2Fincludes HTTP/1.0" 200 122371
74.7.227.3 - - [07/Nov/2025:02:44:00 +0000] "GET /sitemap-hot-4949330.xml?fileloc=/srv/users/mkanyafarm/apps/mkanyafarm/public/wp-includes/class-wp-theme-json-resolver.php&path=/srv/users/mkanyafarm/apps/mkanyafarm/public/wp-includes HTTP/1.0" 200 51438
216.73.216.36 - - [07/Nov/2025:02:44:02 +0000] "GET /%22https:/chickenroad2-ufficiale.it/?fileloc=%2Fsrv%2Fusers%2Fmkanyafarm%2Fapps%2Fmkanyafarm%2Fpublic%2Fwp-admin%2Fmenu-header.php&path=%2Fsrv%2Fusers%2Fmkanyafarm%2Fapps%2Fmkanyafarm%2Fpublic%2Fwp-admin HTTP/1.0" 200 24864
74.7.227.3 - - [07/Nov/2025:02:44:03 +0000] "GET /sitemap-hot-4951330.xml?fileloc=/srv/users/mkanyafarm/apps/mkanyafarm/public/wp-includes/class-wp-ajax-response.php&path=/srv/users/mkanyafarm/apps/mkanyafarm/public/wp-includes HTTP/1.0" 200 18853
216.73.216.36 - - [07/Nov/2025:02:44:05 +0000] "GET /%22https:/eye-of-medusa.de/?fileloc=%2Fsrv%2Fusers%2Fmkanyafarm%2Fapps%2Fmkanyafarm%2Fpublic%2Fwp-includes%2Fblocks%2Fpage-list.php&path=%2Fsrv%2Fusers%2Fmkanyafarm%2Fapps%2Fmkanyafarm%2Fpublic%2Fwp-includes%2Fblocks HTTP/1.0" 200 28666
216.73.216.36 - - [07/Nov/2025:02:44:08 +0000] "GET /%22https:/eye-of-medusa.de/?fileloc=%2Fsrv%2Fusers%2Fmkanyafarm%2Fapps%2Fmkanyafarm%2Fpublic%2Fwp-includes%2Fms-blogs.php&path=%2Fsrv%2Fusers%2Fmkanyafarm%2Fapps%2Fmkanyafarm%2Fpublic%2Fwp-includes HTTP/1.0" 200 40859
74.7.227.3 - - [07/Nov/2025:02:44:09 +0000] "GET /sitemap-hot-4945330.xml?fileloc=/srv/users/mkanyafarm/apps/mkanyafarm/public/wp-includes/class-wp-network.php&path=/srv/users/mkanyafarm/apps/mkanyafarm/public/wp-includes HTTP/1.0" 200 25952
216.73.216.36 - - [07/Nov/2025:02:44:11 +0000] "GET /%22https:/eye-of-medusa.de/?path=%2Fsrv%2Fusers%2Fmkanyafarm%2Fapps%2Fmkanyafarm%2Fpublic%2Fwp-includes%2FRequests HTTP/1.0" 200 19326
74.7.227.3 - - [07/Nov/2025:02:44:13 +0000] "GET /sitemap-hot-4945330.xml?fileloc=/srv/users/mkanyafarm/apps/mkanyafarm/public/wp-includes/class-wp-http-response.php&path=/srv/users/mkanyafarm/apps/mkanyafarm/public/wp-includes HTTP/1.0" 200 15698
216.73.216.36 - - [07/Nov/2025:02:44:14 +0000] "GET /%22https:/chickenroad2-ufficiale.it/?fileloc=%2Fsrv%2Fusers%2Fmkanyafarm%2Fapps%2Fmkanyafarm%2Fpublic%2Fwp-includes%2Fcapabilities.php&path=%2Fsrv%2Fusers%2Fmkanyafarm%2Fapps%2Fmkanyafarm%2Fpublic%2Fwp-includes HTTP/1.0" 200 59979
74.7.227.3 - - [07/Nov/2025:02:44:17 +0000] "GET /sitemap-hot-4945330.xml?fileloc=/srv/users/mkanyafarm/apps/mkanyafarm/public/wp-includes/class-wp-rewrite.php&path=/srv/users/mkanyafarm/apps/mkanyafarm/public/wp-includes HTTP/1.0" 200 81375
216.73.216.36 - - [07/Nov/2025:02:44:17 +0000] "GET /%22https:/chickenroad2-ufficiale.it/?fileloc=%2Fsrv%2Fusers%2Fmkanyafarm%2Fapps%2Fmkanyafarm%2Fpublic%2Fwp-includes%2Fclass-wp-comment.php&path=%2Fsrv%2Fusers%2Fmkanyafarm%2Fapps%2Fmkanyafarm%2Fpublic%2Fwp-includes HTTP/1.0" 200 23093
216.73.216.36 - - [07/Nov/2025:02:44:20 +0000] "GET /%22https:/eye-of-medusa.de/?path=%2Fsrv%2Fusers%2Fmkanyafarm%2Fapps%2Fmkanyafarm%2Fpublic%2Fwp-includes%2Fblocks%2Fquery-total HTTP/1.0" 200 23318
74.7.227.3 - - [07/Nov/2025:02:44:23 +0000] "GET /sitemap-hot-4941330.xml?fileloc=/srv/users/mkanyafarm/apps/mkanyafarm/public/wp-includes/class-wp-ajax-response.php&path=/srv/users/mkanyafarm/apps/mkanyafarm/public/wp-includes HTTP/1.0" 200 18853
216.73.216.36 - - [07/Nov/2025:02:44:23 +0000] "GET /%22https:/chickenroad2-ufficiale.it/?fileloc=%2Fsrv%2Fusers%2Fmkanyafarm%2Fapps%2Fmkanyafarm%2Fpublic%2Fwp-includes%2Fclass-requests.php&path=%2Fsrv%2Fusers%2Fmkanyafarm%2Fapps%2Fmkanyafarm%2Fpublic%2Fwp-includes HTTP/1.0" 200 14991
216.73.216.36 - - [07/Nov/2025:02:44:26 +0000] "GET /%22https:/chickenroad2-ufficiale.it/?fileloc=%2Fsrv%2Fusers%2Fmkanyafarm%2Fapps%2Fmkanyafarm%2Fpublic%2Fwp-includes%2Fclass-IXR.php&path=%2Fsrv%2Fusers%2Fmkanyafarm%2Fapps%2Fmkanyafarm%2Fpublic%2Fwp-includes HTTP/1.0" 200 15410
74.7.227.3 - - [07/Nov/2025:02:44:27 +0000] "GET /sitemap-hot-4941330.xml?fileloc=/srv/users/mkanyafarm/apps/mkanyafarm/public/wp-includes/class-wp-image-editor-imagick.php&path=/srv/users/mkanyafarm/apps/mkanyafarm/public/wp-includes HTTP/1.0" 200 50682
216.73.216.36 - - [07/Nov/2025:02:44:29 +0000] "GET /%22https:/eye-of-medusa.de/?fileloc=%2Fsrv%2Fusers%2Fmkanyafarm%2Fapps%2Fmkanyafarm%2Fpublic%2Fwp-includes%2Fclass-walker-nav-menu.php&path=%2Fsrv%2Fusers%2Fmkanyafarm%2Fapps%2Fmkanyafarm%2Fpublic%2Fwp-includes HTTP/1.0" 200 25919
216.73.216.36 - - [07/Nov/2025:02:44:32 +0000] "GET /%22https:/chickenroad2-ufficiale.it/?fileloc=%2Fsrv%2Fusers%2Fmkanyafarm%2Fapps%2Fmkanyafarm%2Fpublic%2Fwp-includes%2Fformatting.php&path=%2Fsrv%2Fusers%2Fmkanyafarm%2Fapps%2Fmkanyafarm%2Fpublic%2Fwp-includes HTTP/1.0" 200 494549
74.7.227.3 - - [07/Nov/2025:02:44:33 +0000] "GET /sitemap-hot-4949330.xml?fileloc=/srv/users/mkanyafarm/apps/mkanyafarm/public/wp-includes/class-wp-rewrite.php&path=/srv/users/mkanyafarm/apps/mkanyafarm/public/wp-includes HTTP/1.0" 200 81375
216.73.216.36 - - [07/Nov/2025:02:44:35 +0000] "GET /%22https:/eye-of-medusa.de/?fileloc=%2Fsrv%2Fusers%2Fmkanyafarm%2Fapps%2Fmkanyafarm%2Fpublic%2Fwp-admin%2Fincludes%2Fclass-wp-filesystem-ftpext.php&path=%2Fsrv%2Fusers%2Fmkanyafarm%2Fapps%2Fmkanyafarm%2Fpublic%2Fwp-admin%2Fincludes HTTP/1.0" 200 37981
74.7.227.3 - - [07/Nov/2025:02:44:36 +0000] "GET /sitemap-hot-4955330.xml?fileloc=/srv/users/mkanyafarm/apps/mkanyafarm/public/wp-includes/class-wp-duotone.php&path=/srv/users/mkanyafarm/apps/mkanyafarm/public/wp-includes HTTP/1.0" 200 57073
216.73.216.36 - - [07/Nov/2025:02:44:38 +0000] "GET /%22https:/chickenroad2-ufficiale.it/?fileloc=%2Fsrv%2Fusers%2Fmkanyafarm%2Fapps%2Fmkanyafarm%2Fpublic%2Fwp-includes%2Fdeprecated.php&path=%2Fsrv%2Fusers%2Fmkanyafarm%2Fapps%2Fmkanyafarm%2Fpublic%2Fwp-includes HTTP/1.0" 200 223837
216.73.216.36 - - [07/Nov/2025:02:44:41 +0000] "GET /%22https:/eye-of-medusa.de/?fileloc=%2Fsrv%2Fusers%2Fmkanyafarm%2Fapps%2Fmkanyafarm%2Fpublic%2Fwp-admin%2Fnetwork%2Fuser-edit.php&path=%2Fsrv%2Fusers%2Fmkanyafarm%2Fapps%2Fmkanyafarm%2Fpublic%2Fwp-admin%2Fnetwork HTTP/1.0" 200 13021
74.7.227.3 - - [07/Nov/2025:02:44:43 +0000] "GET /sitemap-hot-4955330.xml?fileloc=/srv/users/mkanyafarm/apps/mkanyafarm/public/wp-includes/class-wp-xmlrpc-server.php&path=/srv/users/mkanyafarm/apps/mkanyafarm/public/wp-includes HTTP/1.0" 200 256630
216.73.216.36 - - [07/Nov/2025:02:44:44 +0000] "GET /%22https:/chickenroad2-ufficiale.it/?fileloc=%2Fsrv%2Fusers%2Fmkanyafarm%2Fapps%2Fmkanyafarm%2Fpublic%2Fwp-includes%2Fglobal-styles-and-settings.php&path=%2Fsrv%2Fusers%2Fmkanyafarm%2Fapps%2Fmkanyafarm%2Fpublic%2Fwp-includes HTTP/1.0" 200 35785
74.7.227.3 - - [07/Nov/2025:02:44:47 +0000] "GET /sitemap-hot-4951330.xml?fileloc=/srv/users/mkanyafarm/apps/mkanyafarm/public/wp-includes/class-wp-network.php&path=/srv/users/mkanyafarm/apps/mkanyafarm/public/wp-includes HTTP/1.0" 200 25952
216.73.216.36 - - [07/Nov/2025:02:44:47 +0000] "GET /%22https:/eye-of-medusa.de/?fileloc=%2Fsrv%2Fusers%2Fmkanyafarm%2Fapps%2Fmkanyafarm%2Fpublic%2Fwp-includes%2FID3%2Fmodule.audio-video.quicktime.php&path=%2Fsrv%2Fusers%2Fmkanyafarm%2Fapps%2Fmkanyafarm%2Fpublic%2Fwp-includes%2FID3 HTTP/1.0" 200 212352
216.73.216.36 - - [07/Nov/2025:02:44:50 +0000] "GET /%22https:/eye-of-medusa.de/?fileloc=%2Fsrv%2Fusers%2Fmkanyafarm%2Fapps%2Fmkanyafarm%2Fpublic%2Fwp-includes%2Fms-network.php&path=%2Fsrv%2Fusers%2Fmkanyafarm%2Fapps%2Fmkanyafarm%2Fpublic%2Fwp-includes HTTP/1.0" 200 16595
74.7.227.3 - - [07/Nov/2025:02:44:52 +0000] "GET /sitemap-hot-4951330.xml?fileloc=/srv/users/mkanyafarm/apps/mkanyafarm/public/wp-includes/ID3/module.tag.id3v1.php&path=/srv/users/mkanyafarm/apps/mkanyafarm/public/wp-includes/ID3 HTTP/1.0" 200 31659
216.73.216.36 - - [07/Nov/2025:02:44:53 +0000] "GET /%22https:/eye-of-medusa.de/?fileloc=%2Fsrv%2Fusers%2Fmkanyafarm%2Fapps%2Fmkanyafarm%2Fpublic%2Fwp-admin%2Fincludes%2Fclass-theme-upgrader.php&path=%2Fsrv%2Fusers%2Fmkanyafarm%2Fapps%2Fmkanyafarm%2Fpublic%2Fwp-admin%2Fincludes HTTP/1.0" 200 43264
216.73.216.36 - - [07/Nov/2025:02:44:56 +0000] "GET /%22https:/eye-of-medusa.de/?fileloc=%2Fsrv%2Fusers%2Fmkanyafarm%2Fapps%2Fmkanyafarm%2Fpublic%2Fwp-includes%2Fblock-bindings.php&path=%2Fsrv%2Fusers%2Fmkanyafarm%2Fapps%2Fmkanyafarm%2Fpublic%2Fwp-includes HTTP/1.0" 200 18530
74.7.227.3 - - [07/Nov/2025:02:44:58 +0000] "GET /sitemap-hot-4955330.xml?fileloc=/srv/users/mkanyafarm/apps/mkanyafarm/public/wp-includes/ID3/module.tag.id3v2.php&path=/srv/users/mkanyafarm/apps/mkanyafarm/public/wp-includes/ID3 HTTP/1.0" 200 192046
74.7.227.3 - - [07/Nov/2025:02:45:03 +0000] "GET /sitemap-hot-4955330.xml?fileloc=/srv/users/mkanyafarm/apps/mkanyafarm/public/wp-includes/ID3/module.tag.id3v1.php&path=/srv/users/mkanyafarm/apps/mkanyafarm/public/wp-includes/ID3 HTTP/1.0" 200 31659
74.7.227.3 - - [07/Nov/2025:02:45:10 +0000] "GET /sitemap-hot-4945330.xml?fileloc=/srv/users/mkanyafarm/apps/mkanyafarm/public/wp-includes/ID3/module.tag.id3v2.php&path=/srv/users/mkanyafarm/apps/mkanyafarm/public/wp-includes/ID3 HTTP/1.0" 200 192046
74.7.227.3 - - [07/Nov/2025:02:45:13 +0000] "GET /sitemap-hot-4945330.xml?fileloc=/srv/users/mkanyafarm/apps/mkanyafarm/public/wp-includes/ID3/module.tag.id3v1.php&path=/srv/users/mkanyafarm/apps/mkanyafarm/public/wp-includes/ID3 HTTP/1.0" 200 31659
74.7.227.3 - - [07/Nov/2025:02:45:17 +0000] "GET /sitemap-hot-4949330.xml?fileloc=/srv/users/mkanyafarm/apps/mkanyafarm/public/wp-includes/ID3/module.tag.id3v1.php&path=/srv/users/mkanyafarm/apps/mkanyafarm/public/wp-includes/ID3 HTTP/1.0" 200 31659
74.7.227.3 - - [07/Nov/2025:02:45:21 +0000] "GET /sitemap-hot-4941330.xml?fileloc=/srv/users/mkanyafarm/apps/mkanyafarm/public/wp-includes/ID3/module.tag.id3v2.php&path=/srv/users/mkanyafarm/apps/mkanyafarm/public/wp-includes/ID3 HTTP/1.0" 200 192046
74.7.227.3 - - [07/Nov/2025:02:45:26 +0000] "GET /sitemap-hot-4941330.xml?fileloc=/srv/users/mkanyafarm/apps/mkanyafarm/public/wp-includes/ID3/module.tag.id3v1.php&path=/srv/users/mkanyafarm/apps/mkanyafarm/public/wp-includes/ID3 HTTP/1.0" 200 31659
74.7.227.3 - - [07/Nov/2025:02:45:31 +0000] "GET /sitemap-hot-4951330.xml?fileloc=/srv/users/mkanyafarm/apps/mkanyafarm/public/wp-includes/ID3/module.tag.id3v2.php&path=/srv/users/mkanyafarm/apps/mkanyafarm/public/wp-includes/ID3 HTTP/1.0" 200 192046
74.7.227.3 - - [07/Nov/2025:02:45:36 +0000] "GET /sitemap-hot-4949330.xml?fileloc=/srv/users/mkanyafarm/apps/mkanyafarm/public/wp-includes/ID3/module.tag.id3v2.php&path=/srv/users/mkanyafarm/apps/mkanyafarm/public/wp-includes/ID3 HTTP/1.0" 200 192046
74.7.227.3 - - [07/Nov/2025:02:45:39 +0000] "GET /sitemap-hot-4941330.xml?path=/srv/users/mkanyafarm/apps/mkanyafarm/public/wp-includes/customize HTTP/1.0" 200 81744
74.7.227.3 - - [07/Nov/2025:02:45:46 +0000] "GET /sitemap-hot-4949330.xml?path=/srv/users/mkanyafarm/apps/mkanyafarm/public/wp-includes/customize HTTP/1.0" 200 81744
74.7.227.3 - - [07/Nov/2025:02:45:53 +0000] "GET /sitemap-hot-4955330.xml?path=/srv/users/mkanyafarm/apps/mkanyafarm/public/wp-includes/customize HTTP/1.0" 200 81744
74.7.227.3 - - [07/Nov/2025:02:45:57 +0000] "GET /sitemap-hot-4951330.xml?path=/srv/users/mkanyafarm/apps/mkanyafarm/public/wp-includes/customize HTTP/1.0" 200 81744
74.7.227.3 - - [07/Nov/2025:02:46:02 +0000] "GET /sitemap-hot-4945330.xml?path=/srv/users/mkanyafarm/apps/mkanyafarm/public/wp-includes/customize HTTP/1.0" 200 81744
216.73.216.36 - - [07/Nov/2025:02:46:03 +0000] "GET /%22https:/eye-of-medusa.de/?fileloc=%2Fsrv%2Fusers%2Fmkanyafarm%2Fapps%2Fmkanyafarm%2Fpublic%2Fwp-admin%2Fcss%2Fcustomize-widgets.min.css&path=%2Fsrv%2Fusers%2Fmkanyafarm%2Fapps%2Fmkanyafarm%2Fpublic%2Fwp-admin%2Fcss HTTP/1.0" 200 22788
74.7.227.3 - - [07/Nov/2025:02:46:05 +0000] "GET /sitemap-hot-4949330.xml?fileloc=/srv/users/mkanyafarm/apps/mkanyafarm/public/wp-includes/class-wp-user.php&path=/srv/users/mkanyafarm/apps/mkanyafarm/public/wp-includes HTTP/1.0" 200 37336
216.73.216.36 - - [07/Nov/2025:02:46:05 +0000] "GET /%22https:/eye-of-medusa.de/?fileloc=%2Fsrv%2Fusers%2Fmkanyafarm%2Fapps%2Fmkanyafarm%2Fpublic%2Fwp-admin%2Fcss%2Fcustomize-nav-menus.min.css&path=%2Fsrv%2Fusers%2Fmkanyafarm%2Fapps%2Fmkanyafarm%2Fpublic%2Fwp-admin%2Fcss HTTP/1.0" 200 31098
216.73.216.36 - - [07/Nov/2025:02:46:08 +0000] "GET /%22https:/eye-of-medusa.de/?fileloc=%2Fsrv%2Fusers%2Fmkanyafarm%2Fapps%2Fmkanyafarm%2Fpublic%2Fwp-admin%2Fnetwork%2Ffreedoms.php&path=%2Fsrv%2Fusers%2Fmkanyafarm%2Fapps%2Fmkanyafarm%2Fpublic%2Fwp-admin%2Fnetwork HTTP/1.0" 200 13018
216.73.216.36 - - [07/Nov/2025:02:46:11 +0000] "GET /%22https:/chickenroad2-ufficiale.it/?fileloc=%2Fsrv%2Fusers%2Fmkanyafarm%2Fapps%2Fmkanyafarm%2Fpublic%2Fwp-content%2Fthemes%2Fnama.php&path=%2Fsrv%2Fusers%2Fmkanyafarm%2Fapps%2Fmkanyafarm%2Fpublic%2Fwp-content%2Fthemes HTTP/1.0" 200 13695
216.73.216.36 - - [07/Nov/2025:02:46:14 +0000] "GET /%22https:/eye-of-medusa.de/?fileloc=%2Fsrv%2Fusers%2Fmkanyafarm%2Fapps%2Fmkanyafarm%2Fpublic%2Fwp-admin%2Fcss%2Fwidgets-rtl.css&path=%2Fsrv%2Fusers%2Fmkanyafarm%2Fapps%2Fmkanyafarm%2Fpublic%2Fwp-admin%2Fcss HTTP/1.0" 200 30496
74.7.227.3 - - [07/Nov/2025:02:46:15 +0000] "GET /sitemap-hot-4941330.xml?fileloc=/srv/users/mkanyafarm/apps/mkanyafarm/public/wp-includes/customize/class-wp-customize-nav-menu-item-setting.php&path=/srv/users/mkanyafarm/apps/mkanyafarm/public/wp-includes/customize HTTP/1.0" 200 44120
216.73.216.36 - - [07/Nov/2025:02:46:17 +0000] "GET /%22https:/eye-of-medusa.de/?fileloc=%2Fsrv%2Fusers%2Fmkanyafarm%2Fapps%2Fmkanyafarm%2Fpublic%2Fwp-admin%2Fincludes%2Fclass-theme-installer-skin.php&path=%2Fsrv%2Fusers%2Fmkanyafarm%2Fapps%2Fmkanyafarm%2Fpublic%2Fwp-admin%2Fincludes HTTP/1.0" 200 28201
216.73.216.36 - - [07/Nov/2025:02:46:20 +0000] "GET /%22https:/eye-of-medusa.de/?fileloc=%2Fsrv%2Fusers%2Fmkanyafarm%2Fapps%2Fmkanyafarm%2Fpublic%2Fwp-admin%2Fcss%2Flist-tables-rtl.css&path=%2Fsrv%2Fusers%2Fmkanyafarm%2Fapps%2Fmkanyafarm%2Fpublic%2Fwp-admin%2Fcss HTTP/1.0" 200 57197
74.7.227.3 - - [07/Nov/2025:02:46:21 +0000] "GET /sitemap-hot-4941330.xml?fileloc=/srv/users/mkanyafarm/apps/mkanyafarm/public/wp-includes/customize/class-wp-customize-nav-menu-item-control.php&path=/srv/users/mkanyafarm/apps/mkanyafarm/public/wp-includes/customize HTTP/1.0" 200 22971
216.73.216.36 - - [07/Nov/2025:02:46:23 +0000] "GET /%22https:/chickenroad2-ufficiale.it/?path=%2Fsrv%2Fusers%2Fmkanyafarm%2Fapps%2Fmkanyafarm%2Fpublic%2Fwp-content%2Fthemes%2Ftwentytwentyfour HTTP/1.0" 200 31025
74.7.227.3 - - [07/Nov/2025:02:46:24 +0000] "GET /sitemap-hot-4955330.xml?fileloc=/srv/users/mkanyafarm/apps/mkanyafarm/public/wp-includes/customize/class-wp-customize-nav-menu-item-setting.php&path=/srv/users/mkanyafarm/apps/mkanyafarm/public/wp-includes/customize HTTP/1.0" 200 44120
216.73.216.36 - - [07/Nov/2025:02:46:26 +0000] "GET /%22https:/eye-of-medusa.de/?fileloc=%2Fsrv%2Fusers%2Fmkanyafarm%2Fapps%2Fmkanyafarm%2Fpublic%2Fwp-content%2Fplugins%2Fakismet%2FLICENSE.txt&path=%2Fsrv%2Fusers%2Fmkanyafarm%2Fapps%2Fmkanyafarm%2Fpublic%2Fwp-content%2Fplugins%2Fakismet HTTP/1.0" 200 31125
74.7.227.3 - - [07/Nov/2025:02:46:27 +0000] "GET /sitemap-hot-4945330.xml?fileloc=/srv/users/mkanyafarm/apps/mkanyafarm/public/wp-includes/customize/class-wp-customize-nav-menu-item-setting.php&path=/srv/users/mkanyafarm/apps/mkanyafarm/public/wp-includes/customize HTTP/1.0" 200 44120
216.73.216.36 - - [07/Nov/2025:02:46:29 +0000] "GET /%22https:/eye-of-medusa.de/?fileloc=%2Fsrv%2Fusers%2Fmkanyafarm%2Fapps%2Fmkanyafarm%2Fpublic%2Fwp-admin%2Fuser%2Findex.php&path=%2Fsrv%2Fusers%2Fmkanyafarm%2Fapps%2Fmkanyafarm%2Fpublic%2Fwp-admin%2Fuser HTTP/1.0" 200 13006
74.7.227.3 - - [07/Nov/2025:02:46:30 +0000] "GET /sitemap-hot-4951330.xml?fileloc=/srv/users/mkanyafarm/apps/mkanyafarm/public/wp-includes/customize/class-wp-customize-nav-menu-item-setting.php&path=/srv/users/mkanyafarm/apps/mkanyafarm/public/wp-includes/customize HTTP/1.0" 200 44120
216.73.216.36 - - [07/Nov/2025:02:46:32 +0000] "GET /%22https:/eye-of-medusa.de/?path=%2Fsrv%2Fusers%2Fmkanyafarm%2Fapps%2Fmkanyafarm%2Fpublic%2Fwp-content%2Fthemes%2Ftwentytwentyfive HTTP/1.0" 200 31025
74.7.227.3 - - [07/Nov/2025:02:46:34 +0000] "GET /sitemap-hot-4949330.xml?fileloc=/srv/users/mkanyafarm/apps/mkanyafarm/public/wp-includes/customize/class-wp-customize-nav-menu-item-control.php&path=/srv/users/mkanyafarm/apps/mkanyafarm/public/wp-includes/customize HTTP/1.0" 200 22971
216.73.216.36 - - [07/Nov/2025:02:46:35 +0000] "GET /%22https:/eye-of-medusa.de/?fileloc=%2Fsrv%2Fusers%2Fmkanyafarm%2Fapps%2Fmkanyafarm%2Fpublic%2Fwp-content%2Fthemes%2Fdb.php&path=%2Fsrv%2Fusers%2Fmkanyafarm%2Fapps%2Fmkanyafarm%2Fpublic%2Fwp-content%2Fthemes HTTP/1.0" 200 44722
74.7.227.3 - - [07/Nov/2025:02:46:38 +0000] "GET /sitemap-hot-4945330.xml?fileloc=/srv/users/mkanyafarm/apps/mkanyafarm/public/wp-includes/customize/class-wp-customize-nav-menu-item-control.php&path=/srv/users/mkanyafarm/apps/mkanyafarm/public/wp-includes/customize HTTP/1.0" 200 22971
216.73.216.36 - - [07/Nov/2025:02:46:38 +0000] "GET /%22https:/eye-of-medusa.de/?fileloc=%2Fsrv%2Fusers%2Fmkanyafarm%2Fapps%2Fmkanyafarm%2Fpublic%2Fwp-admin%2Fcss%2Fcustomize-nav-menus-rtl.min.css&path=%2Fsrv%2Fusers%2Fmkanyafarm%2Fapps%2Fmkanyafarm%2Fpublic%2Fwp-admin%2Fcss HTTP/1.0" 200 31113
74.7.227.3 - - [07/Nov/2025:02:46:41 +0000] "GET /sitemap-hot-4955330.xml?fileloc=/srv/users/mkanyafarm/apps/mkanyafarm/public/wp-includes/customize/class-wp-customize-nav-menu-item-control.php&path=/srv/users/mkanyafarm/apps/mkanyafarm/public/wp-includes/customize HTTP/1.0" 200 22971
216.73.216.36 - - [07/Nov/2025:02:46:41 +0000] "GET /%22https:/chickenroad2-ufficiale.it/?path=%2Fsrv%2Fusers%2Fmkanyafarm%2Fapps%2Fmkanyafarm%2Fpublic%2Fwp-content%2Fthemes%2Fcwork HTTP/1.0" 200 60524
216.73.216.36 - - [07/Nov/2025:02:46:44 +0000] "GET /%22https:/eye-of-medusa.de/?fileloc=%2Fsrv%2Fusers%2Fmkanyafarm%2Fapps%2Fmkanyafarm%2Fpublic%2Fwp-admin%2Fcss%2Fcustomize-widgets-rtl.min.css&path=%2Fsrv%2Fusers%2Fmkanyafarm%2Fapps%2Fmkanyafarm%2Fpublic%2Fwp-admin%2Fcss HTTP/1.0" 200 22794
74.7.227.3 - - [07/Nov/2025:02:46:45 +0000] "GET /sitemap-hot-4951330.xml?fileloc=/srv/users/mkanyafarm/apps/mkanyafarm/public/wp-includes/customize/class-wp-customize-nav-menu-item-control.php&path=/srv/users/mkanyafarm/apps/mkanyafarm/public/wp-includes/customize HTTP/1.0" 200 22971
216.73.216.36 - - [07/Nov/2025:02:46:47 +0000] "GET /%22https:/eye-of-medusa.de/?fileloc=%2Fsrv%2Fusers%2Fmkanyafarm%2Fapps%2Fmkanyafarm%2Fpublic%2Fwp-admin%2Fcss%2Fcustomize-controls-rtl.min.css&path=%2Fsrv%2Fusers%2Fmkanyafarm%2Fapps%2Fmkanyafarm%2Fpublic%2Fwp-admin%2Fcss HTTP/1.0" 200 73756
74.7.227.3 - - [07/Nov/2025:02:46:48 +0000] "GET /sitemap-hot-4949330.xml?fileloc=/srv/users/mkanyafarm/apps/mkanyafarm/public/wp-includes/customize/class-wp-customize-nav-menu-item-setting.php&path=/srv/users/mkanyafarm/apps/mkanyafarm/public/wp-includes/customize HTTP/1.0" 200 44120
216.73.216.36 - - [07/Nov/2025:02:46:50 +0000] "GET /%22https:/eye-of-medusa.de/?fileloc=%2Fsrv%2Fusers%2Fmkanyafarm%2Fapps%2Fmkanyafarm%2Fpublic%2Fwp-admin%2Fcss%2Fforms-rtl.css&path=%2Fsrv%2Fusers%2Fmkanyafarm%2Fapps%2Fmkanyafarm%2Fpublic%2Fwp-admin%2Fcss HTTP/1.0" 200 51420
74.7.227.3 - - [07/Nov/2025:02:46:52 +0000] "GET /sitemap-hot-4949330.xml?fileloc=/srv/users/mkanyafarm/apps/mkanyafarm/public/wp-includes/customize/class-wp-customize-theme-control-SplFixedArray.php&path=/srv/users/mkanyafarm/apps/mkanyafarm/public/wp-includes/customize HTTP/1.0" 200 34007
216.73.216.36 - - [07/Nov/2025:02:46:53 +0000] "GET /%22https:/eye-of-medusa.de/?fileloc=%2Fsrv%2Fusers%2Fmkanyafarm%2Fapps%2Fmkanyafarm%2Fpublic%2Fwp-admin%2Fuser%2Fprivacy.php&path=%2Fsrv%2Fusers%2Fmkanyafarm%2Fapps%2Fmkanyafarm%2Fpublic%2Fwp-admin%2Fuser HTTP/1.0" 200 13018
74.7.227.3 - - [07/Nov/2025:02:46:54 +0000] "GET /sitemap-hot-4945330.xml?fileloc=/srv/users/mkanyafarm/apps/mkanyafarm/public/wp-includes/customize/class-wp-customize-theme-control-SplFixedArray.php&path=/srv/users/mkanyafarm/apps/mkanyafarm/public/wp-includes/customize HTTP/1.0" 200 34007
216.73.216.36 - - [07/Nov/2025:02:46:56 +0000] "GET /%22https:/eye-of-medusa.de/?fileloc=%2Fsrv%2Fusers%2Fmkanyafarm%2Fapps%2Fmkanyafarm%2Fpublic%2Fwp-content%2Fthemes%2Findex.php&path=%2Fsrv%2Fusers%2Fmkanyafarm%2Fapps%2Fmkanyafarm%2Fpublic%2Fwp-content%2Fthemes HTTP/1.0" 200 15708
74.7.227.3 - - [07/Nov/2025:02:46:57 +0000] "GET /sitemap-hot-4955330.xml?fileloc=/srv/users/mkanyafarm/apps/mkanyafarm/public/wp-includes/customize/class-wp-customize-theme-control-SplFixedArray.php&path=/srv/users/mkanyafarm/apps/mkanyafarm/public/wp-includes/customize HTTP/1.0" 200 34007
216.73.216.36 - - [07/Nov/2025:02:46:59 +0000] "GET /%22https:/eye-of-medusa.de/?fileloc=%2Fsrv%2Fusers%2Fmkanyafarm%2Fapps%2Fmkanyafarm%2Fpublic%2Fwp-admin%2Fuser%2Fabout.php&path=%2Fsrv%2Fusers%2Fmkanyafarm%2Fapps%2Fmkanyafarm%2Fpublic%2Fwp-admin%2Fuser HTTP/1.0" 200 13012
216.73.216.36 - - [07/Nov/2025:02:47:02 +0000] "GET /%22https:/chickenroad2-ufficiale.it/?fileloc=%2Fsrv%2Fusers%2Fmkanyafarm%2Fapps%2Fmkanyafarm%2Fpublic%2Fwp-admin%2Fcontribute.php&path=%2Fsrv%2Fusers%2Fmkanyafarm%2Fapps%2Fmkanyafarm%2Fpublic%2Fwp-admin HTTP/1.0" 200 20404
74.7.227.3 - - [07/Nov/2025:02:47:03 +0000] "GET /sitemap-hot-4951330.xml?fileloc=/srv/users/mkanyafarm/apps/mkanyafarm/public/wp-includes/customize/class-wp-customize-theme-control-SplFixedArray.php&path=/srv/users/mkanyafarm/apps/mkanyafarm/public/wp-includes/customize HTTP/1.0" 200 34007
216.73.216.36 - - [07/Nov/2025:02:47:05 +0000] "GET /%22https:/eye-of-medusa.de/?fileloc=%2Fsrv%2Fusers%2Fmkanyafarm%2Fapps%2Fmkanyafarm%2Fpublic%2Fwp-includes%2Fpost.php&path=%2Fsrv%2Fusers%2Fmkanyafarm%2Fapps%2Fmkanyafarm%2Fpublic%2Fwp-includes HTTP/1.0" 200 336669
74.7.227.3 - - [07/Nov/2025:02:47:07 +0000] "GET /sitemap-hot-4941330.xml?fileloc=/srv/users/mkanyafarm/apps/mkanyafarm/public/wp-includes/customize/class-wp-customize-theme-control-SplFixedArray.php&path=/srv/users/mkanyafarm/apps/mkanyafarm/public/wp-includes/customize HTTP/1.0" 200 34007
216.73.216.36 - - [07/Nov/2025:02:47:08 +0000] "GET /%22https:/chickenroad2-ufficiale.it/?fileloc=%2Fsrv%2Fusers%2Fmkanyafarm%2Fapps%2Fmkanyafarm%2Fpublic%2Fwp-content%2Fthemes%2Fdb.php&path=%2Fsrv%2Fusers%2Fmkanyafarm%2Fapps%2Fmkanyafarm%2Fpublic%2Fwp-content%2Fthemes HTTP/1.0" 200 44722
216.73.216.36 - - [07/Nov/2025:02:47:11 +0000] "GET /%22https:/eye-of-medusa.de/?fileloc=%2Fsrv%2Fusers%2Fmkanyafarm%2Fapps%2Fmkanyafarm%2Fpublic%2Fwp-includes%2Fl10n.php&path=%2Fsrv%2Fusers%2Fmkanyafarm%2Fapps%2Fmkanyafarm%2Fpublic%2Fwp-includes HTTP/1.0" 200 85905
74.7.227.3 - - [07/Nov/2025:02:47:12 +0000] "GET /sitemap-hot-4949330.xml?fileloc=/srv/users/mkanyafarm/apps/mkanyafarm/public/wp-includes/customize/class-wp-customize-custom-css-setting.php&path=/srv/users/mkanyafarm/apps/mkanyafarm/public/wp-includes/customize HTTP/1.0" 200 18374
216.73.216.36 - - [07/Nov/2025:02:47:14 +0000] "GET /%22https:/eye-of-medusa.de/?fileloc=%2Fsrv%2Fusers%2Fmkanyafarm%2Fapps%2Fmkanyafarm%2Fpublic%2Fwp-admin%2Fcss%2Fadmin-menu.css&path=%2Fsrv%2Fusers%2Fmkanyafarm%2Fapps%2Fmkanyafarm%2Fpublic%2Fwp-admin%2Fcss HTTP/1.0" 200 31537
74.7.227.3 - - [07/Nov/2025:02:47:15 +0000] "GET /sitemap-hot-4941330.xml?fileloc=/srv/users/mkanyafarm/apps/mkanyafarm/public/wp-includes/class-wp-xmlrpc-server.php&path=/srv/users/mkanyafarm/apps/mkanyafarm/public/wp-includes HTTP/1.0" 200 256630
66.249.76.35 - - [07/Nov/2025:02:47:16 +0000] "GET /detail/aiy/1145232866.phtml HTTP/1.0" 200 54310
216.73.216.36 - - [07/Nov/2025:02:47:17 +0000] "GET /%22https:/eye-of-medusa.de/?path=%2Fsrv%2Fusers%2Fmkanyafarm%2F.vscode-server%2Fdata HTTP/1.0" 200 21542
216.73.216.36 - - [07/Nov/2025:02:47:20 +0000] "GET /%22https:/chickenroad2-ufficiale.it/?fileloc=%2Fsrv%2Fusers%2Fmkanyafarm%2Fapps%2Fmkanyafarm%2Fpublic%2Fwp-admin%2Fusers.php&path=%2Fsrv%2Fusers%2Fmkanyafarm%2Fapps%2Fmkanyafarm%2Fpublic%2Fwp-admin HTTP/1.0" 200 42621
74.7.227.3 - - [07/Nov/2025:02:47:21 +0000] "GET /sitemap-hot-4945330.xml?fileloc=/srv/users/mkanyafarm/apps/mkanyafarm/public/wp-includes/customize/class-wp-customize-custom-css-setting.php&path=/srv/users/mkanyafarm/apps/mkanyafarm/public/wp-includes/customize HTTP/1.0" 200 18374
216.73.216.36 - - [07/Nov/2025:02:47:23 +0000] "GET /%22https:/eye-of-medusa.de/?fileloc=%2Fsrv%2Fusers%2Fmkanyafarm%2Fapps%2Fmkanyafarm%2Fpublic%2Fwp-admin%2Fnetwork%2Findex.php&path=%2Fsrv%2Fusers%2Fmkanyafarm%2Fapps%2Fmkanyafarm%2Fpublic%2Fwp-admin%2Fnetwork HTTP/1.0" 200 16764
74.7.227.3 - - [07/Nov/2025:02:47:25 +0000] "GET /sitemap-hot-4941330.xml?fileloc=/srv/users/mkanyafarm/apps/mkanyafarm/public/wp-includes/customize/class-wp-customize-custom-css-setting.php&path=/srv/users/mkanyafarm/apps/mkanyafarm/public/wp-includes/customize HTTP/1.0" 200 18374
216.73.216.36 - - [07/Nov/2025:02:47:26 +0000] "GET /%22https:/eye-of-medusa.de/?path=%2Fsrv%2Fusers%2Fmkanyafarm%2Fapps%2Fmkanyafarm%2Fpublic%2Fwp-includes%2FIXR HTTP/1.0" 200 33041
216.73.216.36 - - [07/Nov/2025:02:47:29 +0000] "GET /%22https:/eye-of-medusa.de/?path=%2Fsrv%2Fusers%2Fmkanyafarm%2Fapps%2Fmkanyafarm%2Fpublic%2Fwp-content%2Fthemes%2Ftwentytwentythree HTTP/1.0" 200 29354
74.7.227.3 - - [07/Nov/2025:02:47:30 +0000] "GET /sitemap-hot-4951330.xml?fileloc=/srv/users/mkanyafarm/apps/mkanyafarm/public/wp-includes/customize/class-wp-customize-custom-css-setting.php&path=/srv/users/mkanyafarm/apps/mkanyafarm/public/wp-includes/customize HTTP/1.0" 200 18374
216.73.216.36 - - [07/Nov/2025:02:47:32 +0000] "GET /%22https:/eye-of-medusa.de/?fileloc=%2Fsrv%2Fusers%2Fmkanyafarm%2Fapps%2Fmkanyafarm%2Fpublic%2Fwp-admin%2Fcss%2Fadmin-menu-rtl.min.css&path=%2Fsrv%2Fusers%2Fmkanyafarm%2Fapps%2Fmkanyafarm%2Fpublic%2Fwp-admin%2Fcss HTTP/1.0" 200 28016
74.7.227.3 - - [07/Nov/2025:02:47:33 +0000] "GET /sitemap-hot-4955330.xml?fileloc=/srv/users/mkanyafarm/apps/mkanyafarm/public/wp-includes/customize/class-wp-customize-custom-css-setting.php&path=/srv/users/mkanyafarm/apps/mkanyafarm/public/wp-includes/customize HTTP/1.0" 200 18374
216.73.216.36 - - [07/Nov/2025:02:47:35 +0000] "GET /%22https:/eye-of-medusa.de/?fileloc=%2Fsrv%2Fusers%2Fmkanyafarm%2Fapps%2Fmkanyafarm%2Fpublic%2Fwp-admin%2Fcss%2Fcustomize-nav-menus.css&path=%2Fsrv%2Fusers%2Fmkanyafarm%2Fapps%2Fmkanyafarm%2Fpublic%2Fwp-admin%2Fcss HTTP/1.0" 200 35092
216.73.216.36 - - [07/Nov/2025:02:47:38 +0000] "GET /%22https:/eye-of-medusa.de/?fileloc=%2Fsrv%2Fusers%2Fmkanyafarm%2Fapps%2Fmkanyafarm%2Fpublic%2Fwp-includes%2Fms-site.php&path=%2Fsrv%2Fusers%2Fmkanyafarm%2Fapps%2Fmkanyafarm%2Fpublic%2Fwp-includes HTTP/1.0" 200 57451
74.7.227.3 - - [07/Nov/2025:02:47:39 +0000] "GET /sitemap-hot-4949330.xml?fileloc=/srv/users/mkanyafarm/apps/mkanyafarm/public/wp-includes/customize/class-wp-customize-filter-setting.php&path=/srv/users/mkanyafarm/apps/mkanyafarm/public/wp-includes/customize HTTP/1.0" 200 13378
216.73.216.36 - - [07/Nov/2025:02:47:41 +0000] "GET /%22https:/eye-of-medusa.de/?fileloc=%2Fsrv%2Fusers%2Fmkanyafarm%2Fapps%2Fmkanyafarm%2Fpublic%2Fwp-admin%2Fincludes%2Fcontinents-cities.php&path=%2Fsrv%2Fusers%2Fmkanyafarm%2Fapps%2Fmkanyafarm%2Fpublic%2Fwp-admin%2Fincludes HTTP/1.0" 200 43859
74.7.227.3 - - [07/Nov/2025:02:47:42 +0000] "GET /sitemap-hot-4945330.xml?fileloc=/srv/users/mkanyafarm/apps/mkanyafarm/public/wp-includes/customize/class-wp-customize-filter-setting.php&path=/srv/users/mkanyafarm/apps/mkanyafarm/public/wp-includes/customize HTTP/1.0" 200 13378
216.73.216.36 - - [07/Nov/2025:02:47:44 +0000] "GET /%22https:/chickenroad2-ufficiale.it/?path=%2Fsrv%2Fusers%2Fmkanyafarm%2Fapps%2Fmkanyafarm%2Fpublic%2Fwp-content%2Fthemes%2Ftwentytwentythree HTTP/1.0" 200 29354
216.73.216.36 - - [07/Nov/2025:02:47:47 +0000] "GET /%22https:/eye-of-medusa.de/?fileloc=%2Fsrv%2Fusers%2Fmkanyafarm%2Fapps%2Fmkanyafarm%2Fpublic%2Fwp-admin%2Fnetwork%2Fprofile.php&path=%2Fsrv%2Fusers%2Fmkanyafarm%2Fapps%2Fmkanyafarm%2Fpublic%2Fwp-admin%2Fnetwork HTTP/1.0" 200 13020
74.7.227.3 - - [07/Nov/2025:02:47:48 +0000] "GET /sitemap-hot-4941330.xml?fileloc=/srv/users/mkanyafarm/apps/mkanyafarm/public/wp-includes/customize/class-wp-customize-filter-setting.php&path=/srv/users/mkanyafarm/apps/mkanyafarm/public/wp-includes/customize HTTP/1.0" 200 13378
216.73.216.36 - - [07/Nov/2025:02:47:50 +0000] "GET /%22https:/chickenroad2-ufficiale.it/?fileloc=%2Fsrv%2Fusers%2Fmkanyafarm%2Fapps%2Fmkanyafarm%2Fpublic%2Fwp-admin%2Fms-themes.php&path=%2Fsrv%2Fusers%2Fmkanyafarm%2Fapps%2Fmkanyafarm%2Fpublic%2Fwp-admin HTTP/1.0" 200 12887
74.7.227.3 - - [07/Nov/2025:02:47:52 +0000] "GET /sitemap-hot-4955330.xml?fileloc=/srv/users/mkanyafarm/apps/mkanyafarm/public/wp-includes/customize/class-wp-customize-filter-setting.php&path=/srv/users/mkanyafarm/apps/mkanyafarm/public/wp-includes/customize HTTP/1.0" 200 13378
216.73.216.36 - - [07/Nov/2025:02:47:53 +0000] "GET /%22https:/eye-of-medusa.de/?path=%2Fsrv%2Fusers%2Fmkanyafarm%2Fapps%2Fmkanyafarm%2Fpublic%2Fwp-includes%2Fsitemaps HTTP/1.0" 200 26494
216.73.216.36 - - [07/Nov/2025:02:47:56 +0000] "GET /%22https:/eye-of-medusa.de/?fileloc=%2Fsrv%2Fusers%2Fmkanyafarm%2Fapps%2Fmkanyafarm%2Fpublic%2Fwp-admin%2Fnetwork%2Fuser-new.php&path=%2Fsrv%2Fusers%2Fmkanyafarm%2Fapps%2Fmkanyafarm%2Fpublic%2Fwp-admin%2Fnetwork HTTP/1.0" 200 19635
74.7.227.3 - - [07/Nov/2025:02:47:58 +0000] "GET /sitemap-hot-4951330.xml?fileloc=/srv/users/mkanyafarm/apps/mkanyafarm/public/wp-includes/customize/class-wp-customize-filter-setting.php&path=/srv/users/mkanyafarm/apps/mkanyafarm/public/wp-includes/customize HTTP/1.0" 200 13378
216.73.216.36 - - [07/Nov/2025:02:47:59 +0000] "GET /%22https:/eye-of-medusa.de/?fileloc=%2Fsrv%2Fusers%2Fmkanyafarm%2Fapps%2Fmkanyafarm%2Fpublic%2Fwp-admin%2Fnetwork%2Fsite-info.php&path=%2Fsrv%2Fusers%2Fmkanyafarm%2Fapps%2Fmkanyafarm%2Fpublic%2Fwp-admin%2Fnetwork HTTP/1.0" 200 22695
216.73.216.36 - - [07/Nov/2025:02:48:02 +0000] "GET /%22https:/chickenroad2-ufficiale.it/?fileloc=%2Fsrv%2Fusers%2Fmkanyafarm%2Fapps%2Fmkanyafarm%2Fpublic%2Fwp-includes%2Fpost-template.php&path=%2Fsrv%2Fusers%2Fmkanyafarm%2Fapps%2Fmkanyafarm%2Fpublic%2Fwp-includes HTTP/1.0" 200 89785
74.7.227.3 - - [07/Nov/2025:02:48:03 +0000] "GET /sitemap-hot-4949330.xml?fileloc=/srv/users/mkanyafarm/apps/mkanyafarm/public/wp-includes/capabilities.php&path=/srv/users/mkanyafarm/apps/mkanyafarm/public/wp-includes HTTP/1.0" 200 59979
216.73.216.36 - - [07/Nov/2025:02:48:05 +0000] "GET /%22https:/chickenroad2-ufficiale.it/?fileloc=%2Fsrv%2Fusers%2Fmkanyafarm%2Fapps%2Fmkanyafarm%2Fpublic%2Fwp-admin%2Flink.php&path=%2Fsrv%2Fusers%2Fmkanyafarm%2Fapps%2Fmkanyafarm%2Fpublic%2Fwp-admin HTTP/1.0" 200 16058
74.7.227.3 - - [07/Nov/2025:02:48:08 +0000] "GET /sitemap-hot-4945330.xml?path=/srv/users/mkanyafarm/apps/mkanyafarm/public/wp-includes/fonts HTTP/1.0" 200 31369
216.73.216.36 - - [07/Nov/2025:02:48:08 +0000] "GET /%22https:/chickenroad2-ufficiale.it/?fileloc=%2Fsrv%2Fusers%2Fmkanyafarm%2Fapps%2Fmkanyafarm%2Fpublic%2Fwp-admin%2Foptions-permalink.php&path=%2Fsrv%2Fusers%2Fmkanyafarm%2Fapps%2Fmkanyafarm%2Fpublic%2Fwp-admin HTTP/1.0" 200 40306
216.73.216.36 - - [07/Nov/2025:02:48:11 +0000] "GET /%22https:/chickenroad2-ufficiale.it/?fileloc=%2Fsrv%2Fusers%2Fmkanyafarm%2Fapps%2Fmkanyafarm%2Fpublic%2Fwp-includes%2Fembed-template.php&path=%2Fsrv%2Fusers%2Fmkanyafarm%2Fapps%2Fmkanyafarm%2Fpublic%2Fwp-includes HTTP/1.0" 200 13032
74.7.227.3 - - [07/Nov/2025:02:48:13 +0000] "GET /sitemap-hot-4955330.xml?path=/srv/users/mkanyafarm/apps/mkanyafarm/public/wp-includes/fonts HTTP/1.0" 200 31369
216.73.216.36 - - [07/Nov/2025:02:48:14 +0000] "GET /%22https:/eye-of-medusa.de/?fileloc=%2Fsrv%2Fusers%2Fmkanyafarm%2Fapps%2Fmkanyafarm%2Fpublic%2Fwp-includes%2Ffeed-rdf.php&path=%2Fsrv%2Fusers%2Fmkanyafarm%2Fapps%2Fmkanyafarm%2Fpublic%2Fwp-includes HTTP/1.0" 200 16118
216.73.216.36 - - [07/Nov/2025:02:48:17 +0000] "GET /%22https:/chickenroad2-ufficiale.it/?fileloc=%2Fsrv%2Fusers%2Fmkanyafarm%2Fapps%2Fmkanyafarm%2Fpublic%2Fwp-admin%2Fedit-link-form.php&path=%2Fsrv%2Fusers%2Fmkanyafarm%2Fapps%2Fmkanyafarm%2Fpublic%2Fwp-admin HTTP/1.0" 200 21438
74.7.227.3 - - [07/Nov/2025:02:48:19 +0000] "GET /sitemap-hot-4941330.xml?path=/srv/users/mkanyafarm/apps/mkanyafarm/public/wp-includes/fonts HTTP/1.0" 200 31369
216.73.216.36 - - [07/Nov/2025:02:48:20 +0000] "GET /%22https:/chickenroad2-ufficiale.it/?fileloc=%2Fsrv%2Fusers%2Fmkanyafarm%2Fapps%2Fmkanyafarm%2Fpublic%2Fwp-includes%2Fclass-wp-roles.php&path=%2Fsrv%2Fusers%2Fmkanyafarm%2Fapps%2Fmkanyafarm%2Fpublic%2Fwp-includes HTTP/1.0" 200 21786
74.7.227.3 - - [07/Nov/2025:02:48:22 +0000] "GET /sitemap-hot-4949330.xml?path=/srv/users/mkanyafarm/apps/mkanyafarm/public/wp-includes/fonts HTTP/1.0" 200 31369
216.73.216.36 - - [07/Nov/2025:02:48:24 +0000] "GET /%22https:/eye-of-medusa.de/?fileloc=%2Fsrv%2Fusers%2Fmkanyafarm%2Fapps%2Fmkanyafarm%2Fpublic%2Fwp-admin%2Fincludes%2Fcredits.php&path=%2Fsrv%2Fusers%2Fmkanyafarm%2Fapps%2Fmkanyafarm%2Fpublic%2Fwp-admin%2Fincludes HTTP/1.0" 200 19852
216.73.216.36 - - [07/Nov/2025:02:48:27 +0000] "GET /%22https:/eye-of-medusa.de/?fileloc=%2Fsrv%2Fusers%2Fmkanyafarm%2Fapps%2Fmkanyafarm%2Fpublic%2Fwp-includes%2Fmeta.php&path=%2Fsrv%2Fusers%2Fmkanyafarm%2Fapps%2Fmkanyafarm%2Fpublic%2Fwp-includes HTTP/1.0" 200 81770
74.7.227.3 - - [07/Nov/2025:02:48:27 +0000] "GET /sitemap-hot-4959330.xml?path=/srv/users/mkanyafarm/apps/mkanyafarm/public/wp-includes HTTP/1.0" 200 458693
216.73.216.36 - - [07/Nov/2025:02:48:30 +0000] "GET /%22https:/eye-of-medusa.de/?fileloc=%2Fsrv%2Fusers%2Fmkanyafarm%2Fapps%2Fmkanyafarm%2Fpublic%2Fwp-admin%2Fnetwork%2Fsite-new.php&path=%2Fsrv%2Fusers%2Fmkanyafarm%2Fapps%2Fmkanyafarm%2Fpublic%2Fwp-admin%2Fnetwork HTTP/1.0" 200 24898
74.7.227.3 - - [07/Nov/2025:02:48:32 +0000] "GET /sitemap-hot-4945330.xml?fileloc=/srv/users/mkanyafarm/apps/mkanyafarm/public/wp-includes/fonts/dashicons.ttf&path=/srv/users/mkanyafarm/apps/mkanyafarm/public/wp-includes/fonts HTTP/1.0" 200 90517
216.73.216.36 - - [07/Nov/2025:02:48:33 +0000] "GET /%22https:/eye-of-medusa.de/?fileloc=%2Fsrv%2Fusers%2Fmkanyafarm%2Fapps%2Fmkanyafarm%2Fpublic%2Fwp-includes%2Fdate.php&path=%2Fsrv%2Fusers%2Fmkanyafarm%2Fapps%2Fmkanyafarm%2Fpublic%2Fwp-includes HTTP/1.0" 200 13094
74.7.227.3 - - [07/Nov/2025:02:48:38 +0000] "GET /sitemap-hot-4951330.xml?path=/srv/users/mkanyafarm/apps/mkanyafarm/public/wp-includes/fonts HTTP/1.0" 200 31369
74.7.227.3 - - [07/Nov/2025:02:48:44 +0000] "GET /sitemap-hot-4955330.xml?fileloc=/srv/users/mkanyafarm/apps/mkanyafarm/public/wp-includes/fonts/dashicons.ttf&path=/srv/users/mkanyafarm/apps/mkanyafarm/public/wp-includes/fonts HTTP/1.0" 200 90517
216.73.216.36 - - [07/Nov/2025:02:48:46 +0000] "GET /sitemap-hot-4953330.xml HTTP/1.0" 200 54310
216.73.216.36 - - [07/Nov/2025:02:48:48 +0000] "GET /sitemap-hot-4949330.xml HTTP/1.0" 200 54310
74.7.227.3 - - [07/Nov/2025:02:48:50 +0000] "GET /sitemap-hot-4941330.xml?fileloc=/srv/users/mkanyafarm/apps/mkanyafarm/public/wp-includes/fonts/.htaccess&path=/srv/users/mkanyafarm/apps/mkanyafarm/public/wp-includes/fonts HTTP/1.0" 200 12896
216.73.216.36 - - [07/Nov/2025:02:48:51 +0000] "GET /sitemap-hot-4969330.xml HTTP/1.0" 200 54310
74.7.227.3 - - [07/Nov/2025:02:48:54 +0000] "GET /sitemap-hot-4959330.xml?fileloc=/srv/users/mkanyafarm/apps/mkanyafarm/public/wp-includes/sitemaps.php&path=/srv/users/mkanyafarm/apps/mkanyafarm/public/wp-includes HTTP/1.0" 200 16050
216.73.216.36 - - [07/Nov/2025:02:48:54 +0000] "GET /sitemap-hot-4963330.xml HTTP/1.0" 200 54310
216.73.216.36 - - [07/Nov/2025:02:48:57 +0000] "GET /%22https:/eye-of-medusa.de/?fileloc=%2Fsrv%2Fusers%2Fmkanyafarm%2Fapps%2Fmkanyafarm%2Fpublic%2Fwp-admin%2Fimages%2Fw-logo-blue.png&path=%2Fsrv%2Fusers%2Fmkanyafarm%2Fapps%2Fmkanyafarm%2Fpublic%2Fwp-admin%2Fimages HTTP/1.0" 200 18342
74.7.227.3 - - [07/Nov/2025:02:49:00 +0000] "GET /sitemap-hot-4959330.xml?fileloc=/srv/users/mkanyafarm/apps/mkanyafarm/public/wp-includes/author-template.php&path=/srv/users/mkanyafarm/apps/mkanyafarm/public/wp-includes HTTP/1.0" 200 33764
216.73.216.36 - - [07/Nov/2025:02:49:00 +0000] "GET /%22https:/eye-of-medusa.de/?fileloc=%2Fsrv%2Fusers%2Fmkanyafarm%2Fapps%2Fmkanyafarm%2Fpublic%2Fwp-admin%2Fimages%2Ficons32.png&path=%2Fsrv%2Fusers%2Fmkanyafarm%2Fapps%2Fmkanyafarm%2Fpublic%2Fwp-admin%2Fimages HTTP/1.0" 200 27913
74.7.227.3 - - [07/Nov/2025:02:49:03 +0000] "GET /sitemap-hot-4959330.xml?fileloc=/srv/users/mkanyafarm/apps/mkanyafarm/public/wp-includes/class-avif-info.php&path=/srv/users/mkanyafarm/apps/mkanyafarm/public/wp-includes HTTP/1.0" 200 44290
216.73.216.36 - - [07/Nov/2025:02:49:03 +0000] "GET /%22https:/eye-of-medusa.de/?fileloc=%2Fsrv%2Fusers%2Fmkanyafarm%2Fapps%2Fmkanyafarm%2Fpublic%2Fwp-admin%2Fimages%2Ficons32-2x.png&path=%2Fsrv%2Fusers%2Fmkanyafarm%2Fapps%2Fmkanyafarm%2Fpublic%2Fwp-admin%2Fimages HTTP/1.0" 200 53075
216.73.216.36 - - [07/Nov/2025:02:49:06 +0000] "GET /%22https:/eye-of-medusa.de/?fileloc=%2Fsrv%2Fusers%2Fmkanyafarm%2Fapps%2Fmkanyafarm%2Fpublic%2Fwp-admin%2Fimages%2Fno.png&path=%2Fsrv%2Fusers%2Fmkanyafarm%2Fapps%2Fmkanyafarm%2Fpublic%2Fwp-admin%2Fimages HTTP/1.0" 200 14038
51.222.138.144 - - [07/Nov/2025:02:49:07 +0000] "GET /wp-login.php HTTP/1.0" 200 54310
216.73.216.36 - - [07/Nov/2025:02:49:09 +0000] "GET /%22https:/eye-of-medusa.de/?fileloc=%2Fsrv%2Fusers%2Fmkanyafarm%2Fapps%2Fmkanyafarm%2Fpublic%2Fwp-admin%2Fimages%2Fstars.png&path=%2Fsrv%2Fusers%2Fmkanyafarm%2Fapps%2Fmkanyafarm%2Fpublic%2Fwp-admin%2Fimages HTTP/1.0" 200 14388
74.7.227.3 - - [07/Nov/2025:02:49:10 +0000] "GET /sitemap-hot-4959330.xml?fileloc=/srv/users/mkanyafarm/apps/mkanyafarm/public/wp-includes/class-walker-nav-menu.php&path=/srv/users/mkanyafarm/apps/mkanyafarm/public/wp-includes HTTP/1.0" 200 25919
216.73.216.36 - - [07/Nov/2025:02:49:12 +0000] "GET /%22https:/eye-of-medusa.de/?fileloc=%2Fsrv%2Fusers%2Fmkanyafarm%2Fapps%2Fmkanyafarm%2Fpublic%2Fwp-admin%2Fimages%2Fstars-2x.png&path=%2Fsrv%2Fusers%2Fmkanyafarm%2Fapps%2Fmkanyafarm%2Fpublic%2Fwp-admin%2Fimages HTTP/1.0" 200 15005
74.7.227.3 - - [07/Nov/2025:02:49:13 +0000] "GET /sitemap-hot-4959330.xml?path=/srv/users/mkanyafarm/apps/mkanyafarm/public/wp-includes/Requests HTTP/1.0" 200 19326
216.73.216.36 - - [07/Nov/2025:02:49:15 +0000] "GET /%22https:/eye-of-medusa.de/?fileloc=%2Fsrv%2Fusers%2Fmkanyafarm%2Fapps%2Fmkanyafarm%2Fpublic%2Fwp-admin%2Fimages%2Ficons32-vs.png&path=%2Fsrv%2Fusers%2Fmkanyafarm%2Fapps%2Fmkanyafarm%2Fpublic%2Fwp-admin%2Fimages HTTP/1.0" 200 27881
216.73.216.36 - - [07/Nov/2025:02:49:18 +0000] "GET /%22https:/eye-of-medusa.de/?fileloc=%2Fsrv%2Fusers%2Fmkanyafarm%2Fapps%2Fmkanyafarm%2Fpublic%2Fwp-admin%2Fimages%2Ficons32-vs-2x.png&path=%2Fsrv%2Fusers%2Fmkanyafarm%2Fapps%2Fmkanyafarm%2Fpublic%2Fwp-admin%2Fimages HTTP/1.0" 200 52809
51.222.138.144 - - [07/Nov/2025:02:49:18 +0000] "POST /wp-login.php HTTP/1.0" 200 54310
74.7.227.3 - - [07/Nov/2025:02:49:18 +0000] "GET /sitemap-hot-4959330.xml?fileloc=/srv/users/mkanyafarm/apps/mkanyafarm/public/wp-includes/feed-rss2-comments.php&path=/srv/users/mkanyafarm/apps/mkanyafarm/public/wp-includes HTTP/1.0" 200 17645
216.73.216.36 - - [07/Nov/2025:02:49:21 +0000] "GET /%22https:/eye-of-medusa.de/?fileloc=%2Fsrv%2Fusers%2Fmkanyafarm%2Fapps%2Fmkanyafarm%2Fpublic%2Fwp-admin%2Fimages%2Fyes.png&path=%2Fsrv%2Fusers%2Fmkanyafarm%2Fapps%2Fmkanyafarm%2Fpublic%2Fwp-admin%2Fimages HTTP/1.0" 200 13735
74.7.227.3 - - [07/Nov/2025:02:49:22 +0000] "GET /sitemap-hot-4959330.xml?fileloc=/srv/users/mkanyafarm/apps/mkanyafarm/public/wp-includes/error-protection.php&path=/srv/users/mkanyafarm/apps/mkanyafarm/public/wp-includes HTTP/1.0" 200 17163
216.73.216.36 - - [07/Nov/2025:02:49:24 +0000] "GET /%22https:/eye-of-medusa.de/?fileloc=%2Fsrv%2Fusers%2Fmkanyafarm%2Fapps%2Fmkanyafarm%2Fpublic%2Fwp-admin%2Fimages%2Fwordpress-logo.png&path=%2Fsrv%2Fusers%2Fmkanyafarm%2Fapps%2Fmkanyafarm%2Fpublic%2Fwp-admin%2Fimages HTTP/1.0" 200 17184
74.7.227.3 - - [07/Nov/2025:02:49:27 +0000] "GET /sitemap-hot-4941330.xml?fileloc=/srv/users/mkanyafarm/apps/mkanyafarm/public/wp-includes/fonts/dashicons.eot&path=/srv/users/mkanyafarm/apps/mkanyafarm/public/wp-includes/fonts HTTP/1.0" 200 90703
216.73.216.36 - - [07/Nov/2025:02:49:27 +0000] "GET /%22https:/eye-of-medusa.de/?fileloc=%2Fsrv%2Fusers%2Fmkanyafarm%2Fapps%2Fmkanyafarm%2Fpublic%2Fwp-admin%2Fimages%2Flist.png&path=%2Fsrv%2Fusers%2Fmkanyafarm%2Fapps%2Fmkanyafarm%2Fpublic%2Fwp-admin%2Fimages HTTP/1.0" 200 14798
216.73.216.36 - - [07/Nov/2025:02:49:30 +0000] "GET /%22https:/eye-of-medusa.de/?fileloc=%2Fsrv%2Fusers%2Fmkanyafarm%2Fapps%2Fmkanyafarm%2Fpublic%2Fwp-admin%2Fimages%2Fwheel.png&path=%2Fsrv%2Fusers%2Fmkanyafarm%2Fapps%2Fmkanyafarm%2Fpublic%2Fwp-admin%2Fimages HTTP/1.0" 200 23950
74.7.227.3 - - [07/Nov/2025:02:49:32 +0000] "GET /sitemap-hot-4959330.xml?fileloc=/srv/users/mkanyafarm/apps/mkanyafarm/public/wp-includes/post-thumbnail-template.php&path=/srv/users/mkanyafarm/apps/mkanyafarm/public/wp-includes HTTP/1.0" 200 23948
216.73.216.36 - - [07/Nov/2025:02:49:33 +0000] "GET /%22https:/eye-of-medusa.de/?fileloc=%2Fsrv%2Fusers%2Fmkanyafarm%2Fapps%2Fmkanyafarm%2Fpublic%2Fimages%2Fimages%2FHUTgKnJVbwsCqSa.jpc&path=%2Fsrv%2Fusers%2Fmkanyafarm%2Fapps%2Fmkanyafarm%2Fpublic%2Fimages%2Fimages HTTP/1.0" 200 19010
216.73.216.36 - - [07/Nov/2025:02:49:36 +0000] "GET /%22https:/eye-of-medusa.de/?fileloc=%2Fsrv%2Fusers%2Fmkanyafarm%2Fapps%2Fmkanyafarm%2Fpublic%2Fwp-admin%2Fimages%2Fmask.png&path=%2Fsrv%2Fusers%2Fmkanyafarm%2Fapps%2Fmkanyafarm%2Fpublic%2Fwp-admin%2Fimages HTTP/1.0" 200 16426
74.7.227.3 - - [07/Nov/2025:02:49:38 +0000] "GET /sitemap-hot-4959330.xml?fileloc=/srv/users/mkanyafarm/apps/mkanyafarm/public/wp-includes/script-loader.php&path=/srv/users/mkanyafarm/apps/mkanyafarm/public/wp-includes HTTP/1.0" 200 174681
216.73.216.36 - - [07/Nov/2025:02:49:39 +0000] "GET /%22https:/eye-of-medusa.de/?fileloc=%2Fsrv%2Fusers%2Fmkanyafarm%2Fapps%2Fmkanyafarm%2Fpublic%2Fwp-admin%2Fimages%2Farrows-2x.png&path=%2Fsrv%2Fusers%2Fmkanyafarm%2Fapps%2Fmkanyafarm%2Fpublic%2Fwp-admin%2Fimages HTTP/1.0" 200 14225
216.73.216.36 - - [07/Nov/2025:02:49:42 +0000] "GET /%22https:/eye-of-medusa.de/?fileloc=%2Fsrv%2Fusers%2Fmkanyafarm%2Fapps%2Fmkanyafarm%2Fpublic%2Fwp-admin%2Fimages%2Falign-center.png&path=%2Fsrv%2Fusers%2Fmkanyafarm%2Fapps%2Fmkanyafarm%2Fpublic%2Fwp-admin%2Fimages HTTP/1.0" 200 13711
74.7.227.3 - - [07/Nov/2025:02:49:44 +0000] "GET /sitemap-hot-4959330.xml?fileloc=/srv/users/mkanyafarm/apps/mkanyafarm/public/wp-includes/Requests/.htaccess&path=/srv/users/mkanyafarm/apps/mkanyafarm/public/wp-includes/Requests HTTP/1.0" 200 12905
216.73.216.36 - - [07/Nov/2025:02:49:45 +0000] "GET /%22https:/eye-of-medusa.de/?fileloc=%2Fsrv%2Fusers%2Fmkanyafarm%2Fapps%2Fmkanyafarm%2Fpublic%2Fwp-admin%2Fimages%2Flist-2x.png&path=%2Fsrv%2Fusers%2Fmkanyafarm%2Fapps%2Fmkanyafarm%2Fpublic%2Fwp-admin%2Fimages HTTP/1.0" 200 15689
74.7.227.3 - - [07/Nov/2025:02:49:48 +0000] "GET /sitemap-hot-4959330.xml?fileloc=/srv/users/mkanyafarm/apps/mkanyafarm/public/wp-includes/theme-templates.php&path=/srv/users/mkanyafarm/apps/mkanyafarm/public/wp-includes HTTP/1.0" 200 19453
216.73.216.36 - - [07/Nov/2025:02:49:48 +0000] "GET /%22https:/eye-of-medusa.de/?fileloc=%2Fsrv%2Fusers%2Fmkanyafarm%2Fapps%2Fmkanyafarm%2Fpublic%2Fwp-admin%2Fimages%2Farrows.png&path=%2Fsrv%2Fusers%2Fmkanyafarm%2Fapps%2Fmkanyafarm%2Fpublic%2Fwp-admin%2Fimages HTTP/1.0" 200 13149
216.73.216.36 - - [07/Nov/2025:02:49:51 +0000] "GET /%22https:/eye-of-medusa.de/?fileloc=%2Fsrv%2Fusers%2Fmkanyafarm%2Fapps%2Fmkanyafarm%2Fpublic%2Fdetail%2Fdetail%2Findex.php&path=%2Fsrv%2Fusers%2Fmkanyafarm%2Fapps%2Fmkanyafarm%2Fpublic%2Fdetail%2Fdetail HTTP/1.0" 200 18774
74.7.227.3 - - [07/Nov/2025:02:49:54 +0000] "GET /sitemap-hot-4959330.xml?fileloc=/srv/users/mkanyafarm/apps/mkanyafarm/public/wp-includes/rss-functions.php&path=/srv/users/mkanyafarm/apps/mkanyafarm/public/wp-includes HTTP/1.0" 200 12958
216.73.216.36 - - [07/Nov/2025:02:49:54 +0000] "GET /%22https:/eye-of-medusa.de/?fileloc=%2Fsrv%2Fusers%2Fmkanyafarm%2Fapps%2Fmkanyafarm%2Fpublic%2Fwp-admin%2Fimages%2Fcomment-grey-bubble-2x.png&path=%2Fsrv%2Fusers%2Fmkanyafarm%2Fapps%2Fmkanyafarm%2Fpublic%2Fwp-admin%2Fimages HTTP/1.0" 200 13169
216.73.216.36 - - [07/Nov/2025:02:49:57 +0000] "GET /%22https:/eye-of-medusa.de/?fileloc=%2Fsrv%2Fusers%2Fmkanyafarm%2Fapps%2Fmkanyafarm%2Fpublic%2Fwp-admin%2Fimages%2Falign-center-2x.png&path=%2Fsrv%2Fusers%2Fmkanyafarm%2Fapps%2Fmkanyafarm%2Fpublic%2Fwp-admin%2Fimages HTTP/1.0" 200 12972
74.7.227.3 - - [07/Nov/2025:02:50:00 +0000] "GET /sitemap-hot-4959330.xml?fileloc=/srv/users/mkanyafarm/apps/mkanyafarm/public/wp-includes/robots-template.php&path=/srv/users/mkanyafarm/apps/mkanyafarm/public/wp-includes HTTP/1.0" 200 18249
216.73.216.36 - - [07/Nov/2025:02:50:00 +0000] "GET /%22https:/eye-of-medusa.de/?fileloc=%2Fsrv%2Fusers%2Fmkanyafarm%2Fapps%2Fmkanyafarm%2Fpublic%2Fwp-admin%2Fimages%2Fse.png&path=%2Fsrv%2Fusers%2Fmkanyafarm%2Fapps%2Fmkanyafarm%2Fpublic%2Fwp-admin%2Fimages HTTP/1.0" 200 12909
74.7.227.3 - - [07/Nov/2025:02:50:02 +0000] "GET /sitemap-hot-4941330.xml?fileloc=/srv/users/mkanyafarm/apps/mkanyafarm/public/wp-includes/fonts/dashicons.woff&path=/srv/users/mkanyafarm/apps/mkanyafarm/public/wp-includes/fonts HTTP/1.0" 200 60946
216.73.216.36 - - [07/Nov/2025:02:50:03 +0000] "GET /%22https:/eye-of-medusa.de/?fileloc=%2Fsrv%2Fusers%2Fmkanyafarm%2Fapps%2Fmkanyafarm%2Fpublic%2Fwp-admin%2Fimages%2Fbrowser.png&path=%2Fsrv%2Fusers%2Fmkanyafarm%2Fapps%2Fmkanyafarm%2Fpublic%2Fwp-admin%2Fimages HTTP/1.0" 200 87251
74.7.227.3 - - [07/Nov/2025:02:50:06 +0000] "GET /sitemap-hot-4959330.xml?fileloc=/srv/users/mkanyafarm/apps/mkanyafarm/public/wp-includes/global-styles-and-settings.php&path=/srv/users/mkanyafarm/apps/mkanyafarm/public/wp-includes HTTP/1.0" 200 35785
