74.7.227.3 - - [07/Nov/2025:04:22:29 +0000] "GET /sitemap-hot-4945330.xml?path=/srv/users/mkanyafarm/apps/mkanyafarm/public/wp-content/themes/twentytwentyfive HTTP/1.0" 200 31025
216.73.216.36 - - [07/Nov/2025:04:22:29 +0000] "GET /%22https:/drop-boss.co.uk/?fileloc=%2Fsrv%2Fusers%2Fmkanyafarm%2Fapps%2Fmkanyafarm%2Fpublic%2Fwp-includes%2Fcss%2Fdist%2Freusable-blocks%2Fstyle.css&path=%2Fsrv%2Fusers%2Fmkanyafarm%2Fapps%2Fmkanyafarm%2Fpublic%2Fwp-includes%2Fcss%2Fdist%2Freusable-blocks HTTP/1.0" 200 13574
74.7.227.3 - - [07/Nov/2025:04:22:31 +0000] "GET /sitemap-hot-4959330.xml?path=/srv/users/mkanyafarm/apps/mkanyafarm/public/wp-content/themes/twentytwentyfour HTTP/1.0" 200 31025
216.73.216.36 - - [07/Nov/2025:04:22:32 +0000] "GET /%22https:/drop-boss.co.uk/?fileloc=%2Fsrv%2Fusers%2Fmkanyafarm%2Fapps%2Fmkanyafarm%2Fpublic%2Fwp-includes%2Fcss%2Fdist%2Fcomponents%2F.htaccess&path=%2Fsrv%2Fusers%2Fmkanyafarm%2Fapps%2Fmkanyafarm%2Fpublic%2Fwp-includes%2Fcss%2Fdist%2Fcomponents HTTP/1.0" 200 13105
74.7.227.3 - - [07/Nov/2025:04:22:35 +0000] "GET /sitemap-hot-4955330.xml?path=/srv/users/mkanyafarm/apps/mkanyafarm/public/wp-content/themes/twentytwentythree HTTP/1.0" 200 29354
216.73.216.36 - - [07/Nov/2025:04:22:35 +0000] "GET /%22https:/drop-boss.co.uk/?fileloc=%2Fsrv%2Fusers%2Fmkanyafarm%2Fapps%2Fmkanyafarm%2Fpublic%2Fwp-includes%2Fcss%2Fdist%2Fformat-library%2Fstyle-rtl.css&path=%2Fsrv%2Fusers%2Fmkanyafarm%2Fapps%2Fmkanyafarm%2Fpublic%2Fwp-includes%2Fcss%2Fdist%2Fformat-library HTTP/1.0" 200 14295
74.7.227.3 - - [07/Nov/2025:04:22:37 +0000] "GET /sitemap-hot-4945330.xml?path=/srv/users/mkanyafarm/apps/mkanyafarm/public/wp-content/themes/twentytwentyfour/assets HTTP/1.0" 200 21200
216.73.216.36 - - [07/Nov/2025:04:22:38 +0000] "GET /%22https:/drop-boss.co.uk?fileloc=%2Fsrv%2Fusers%2Fmkanyafarm%2Fapps%2Fmkanyafarm%2Fpublic%2Fwp-includes%2Fblocks%2Fquery-pagination-numbers%2Feditor.css&path=%2Fsrv%2Fusers%2Fmkanyafarm%2Fapps%2Fmkanyafarm%2Fpublic%2Fwp-includes%2Fblocks%2Fquery-pagination-numbers HTTP/1.0" 200 13131
74.7.227.3 - - [07/Nov/2025:04:22:41 +0000] "GET /sitemap-hot-4955330.xml?path=/srv/users/mkanyafarm/apps/mkanyafarm/public/wp-content/themes/twentytwentyfive HTTP/1.0" 200 31025
216.73.216.36 - - [07/Nov/2025:04:22:41 +0000] "GET /%22https:/drop-boss.co.uk?fileloc=%2Fsrv%2Fusers%2Fmkanyafarm%2Fapps%2Fmkanyafarm%2Fpublic%2Fwp-includes%2Fblocks%2Fshortcode%2Feditor.min.css&path=%2Fsrv%2Fusers%2Fmkanyafarm%2Fapps%2Fmkanyafarm%2Fpublic%2Fwp-includes%2Fblocks%2Fshortcode HTTP/1.0" 200 13446
216.73.216.36 - - [07/Nov/2025:04:22:44 +0000] "GET /%22https:/drop-boss.co.uk/?fileloc=%2Fsrv%2Fusers%2Fmkanyafarm%2Fapps%2Fmkanyafarm%2Fpublic%2Fwp-includes%2Fcss%2Fdist%2Fcommands%2Fstyle.min.css&path=%2Fsrv%2Fusers%2Fmkanyafarm%2Fapps%2Fmkanyafarm%2Fpublic%2Fwp-includes%2Fcss%2Fdist%2Fcommands HTTP/1.0" 200 16161
74.7.227.3 - - [07/Nov/2025:04:22:44 +0000] "GET /sitemap-hot-4959330.xml?path=/srv/users/mkanyafarm/apps/mkanyafarm/public/wp-content/themes/twentytwentyfive/assets HTTP/1.0" 200 19657
74.7.227.3 - - [07/Nov/2025:04:22:47 +0000] "GET /sitemap-hot-4955330.xml?path=/srv/users/mkanyafarm/apps/mkanyafarm/public/wp-content/themes/twentytwentyfour HTTP/1.0" 200 31025
216.73.216.36 - - [07/Nov/2025:04:22:47 +0000] "GET /%22https:/drop-boss.co.uk?fileloc=%2Fsrv%2Fusers%2Fmkanyafarm%2Fapps%2Fmkanyafarm%2Fpublic%2Fwp-includes%2Fblocks%2Fpost-comments-form%2Feditor-rtl.css&path=%2Fsrv%2Fusers%2Fmkanyafarm%2Fapps%2Fmkanyafarm%2Fpublic%2Fwp-includes%2Fblocks%2Fpost-comments-form HTTP/1.0" 200 13031
216.73.216.36 - - [07/Nov/2025:04:22:50 +0000] "GET /%22https:/drop-boss.co.uk?fileloc=%2Fsrv%2Fusers%2Fmkanyafarm%2Fapps%2Fmkanyafarm%2Fpublic%2Fwp-includes%2Fblocks%2Fshortcode%2F.htaccess&path=%2Fsrv%2Fusers%2Fmkanyafarm%2Fapps%2Fmkanyafarm%2Fpublic%2Fwp-includes%2Fblocks%2Fshortcode HTTP/1.0" 200 13013
74.7.227.3 - - [07/Nov/2025:04:22:50 +0000] "GET /sitemap-hot-4945330.xml?path=/srv/users/mkanyafarm/apps/mkanyafarm/public/wp-content/themes/twentytwentyfive/styles HTTP/1.0" 200 35171
74.7.227.3 - - [07/Nov/2025:04:22:53 +0000] "GET /sitemap-hot-4959330.xml?path=/srv/users/mkanyafarm/apps/mkanyafarm/public/wp-content/themes/twentytwentyfour/assets HTTP/1.0" 200 21200
216.73.216.36 - - [07/Nov/2025:04:22:53 +0000] "GET /%22https:/chickenroad2-ufficiale.it/?path=%2Fsrv%2Fusers%2Fmkanyafarm%2Fapps%2Fmkanyafarm%2Fpublic%2Fwp-includes%2Fjs%2Ftinymce HTTP/1.0" 200 30562
216.73.216.36 - - [07/Nov/2025:04:22:56 +0000] "GET /%22https:/drop-boss.co.uk/?fileloc=%2Fsrv%2Fusers%2Fmkanyafarm%2Fapps%2Fmkanyafarm%2Fpublic%2Fwp-includes%2Fcss%2Fdist%2Fblock-library%2Felements.css&path=%2Fsrv%2Fusers%2Fmkanyafarm%2Fapps%2Fmkanyafarm%2Fpublic%2Fwp-includes%2Fcss%2Fdist%2Fblock-library HTTP/1.0" 200 13007
74.7.227.3 - - [07/Nov/2025:04:22:56 +0000] "GET /sitemap-hot-4959330.xml?path=/srv/users/mkanyafarm/apps/mkanyafarm/public/wp-content/themes/twentytwentyfour/parts HTTP/1.0" 200 21942
74.7.227.3 - - [07/Nov/2025:04:22:59 +0000] "GET /sitemap-hot-4945330.xml?path=/srv/users/mkanyafarm/apps/mkanyafarm/public/wp-content/themes/twentytwentythree HTTP/1.0" 200 29354
216.73.216.36 - - [07/Nov/2025:04:22:59 +0000] "GET /%22https:/chickenroad2-ufficiale.it/?fileloc=%2Fsrv%2Fusers%2Fmkanyafarm%2Fapps%2Fmkanyafarm%2Fpublic%2Fwp-includes%2Fjs%2Fautosave.min.js&path=%2Fsrv%2Fusers%2Fmkanyafarm%2Fapps%2Fmkanyafarm%2Fpublic%2Fwp-includes%2Fjs HTTP/1.0" 200 20323
74.7.227.3 - - [07/Nov/2025:04:23:01 +0000] "GET /sitemap-hot-4941330.xml?path=/srv/users/mkanyafarm/apps/mkanyafarm/public/wp-content/themes/twentytwentyfour HTTP/1.0" 200 31025
74.7.227.3 - - [07/Nov/2025:04:23:05 +0000] "GET /sitemap-hot-4955330.xml?path=/srv/users/mkanyafarm/apps/mkanyafarm/public/wp-content/themes/twentytwentyfive/parts HTTP/1.0" 200 27256
74.7.227.3 - - [07/Nov/2025:04:23:08 +0000] "GET /sitemap-hot-4955330.xml?path=/srv/users/mkanyafarm/apps/mkanyafarm/public/wp-content/themes/twentytwentyfour/parts HTTP/1.0" 200 21942
74.7.227.3 - - [07/Nov/2025:04:23:11 +0000] "GET /sitemap-hot-4955330.xml?path=/srv/users/mkanyafarm/apps/mkanyafarm/public/wp-content/themes/twentytwentyfour/assets HTTP/1.0" 200 21200
74.7.227.3 - - [07/Nov/2025:04:23:14 +0000] "GET /sitemap-hot-4955330.xml?path=/srv/users/mkanyafarm/apps/mkanyafarm/public/wp-content/themes/twentytwentyfour/styles HTTP/1.0" 200 27096
74.7.227.3 - - [07/Nov/2025:04:23:17 +0000] "GET /sitemap-hot-4959330.xml?fileloc=/srv/users/mkanyafarm/apps/mkanyafarm/public/wp-content/themes/twentytwentyfour/parts/.htaccess&path=/srv/users/mkanyafarm/apps/mkanyafarm/public/wp-content/themes/twentytwentyfour/parts HTTP/1.0" 200 13147
216.73.216.36 - - [07/Nov/2025:04:23:20 +0000] "GET /%22https:/chickenroad2-ufficiale.it/?fileloc=%2Fsrv%2Fusers%2Fmkanyafarm%2Fapps%2Fmkanyafarm%2Fpublic%2Fwp-includes%2Fjs%2Fshortcode.js&path=%2Fsrv%2Fusers%2Fmkanyafarm%2Fapps%2Fmkanyafarm%2Fpublic%2Fwp-includes%2Fjs HTTP/1.0" 200 24175
74.7.227.3 - - [07/Nov/2025:04:23:21 +0000] "GET /sitemap-hot-4945330.xml?path=/srv/users/mkanyafarm/apps/mkanyafarm/public/wp-content/themes/twentytwentyfive/parts HTTP/1.0" 200 27256
216.73.216.36 - - [07/Nov/2025:04:23:23 +0000] "GET /%22https:/eye-of-medusa.de/?fileloc=%2Fsrv%2Fusers%2Fmkanyafarm%2Fapps%2Fmkanyafarm%2Fpublic%2Fwp-includes%2Fjs%2Fcustomize-preview-widgets.js&path=%2Fsrv%2Fusers%2Fmkanyafarm%2Fapps%2Fmkanyafarm%2Fpublic%2Fwp-includes%2Fjs HTTP/1.0" 200 36839
74.7.227.3 - - [07/Nov/2025:04:23:24 +0000] "GET /sitemap-hot-4955330.xml?fileloc=/srv/users/mkanyafarm/apps/mkanyafarm/public/wp-content/themes/twentytwentyfive/parts/sidebar.html&path=/srv/users/mkanyafarm/apps/mkanyafarm/public/wp-content/themes/twentytwentyfive/parts HTTP/1.0" 200 13091
216.73.216.36 - - [07/Nov/2025:04:23:26 +0000] "GET /%22https:/chickenroad2-ufficiale.it/?fileloc=%2Fsrv%2Fusers%2Fmkanyafarm%2Fapps%2Fmkanyafarm%2Fpublic%2Fwp-includes%2Fjs%2Futils.js&path=%2Fsrv%2Fusers%2Fmkanyafarm%2Fapps%2Fmkanyafarm%2Fpublic%2Fwp-includes%2Fjs HTTP/1.0" 200 17811
74.7.227.3 - - [07/Nov/2025:04:23:27 +0000] "GET /sitemap-hot-4941330.xml?path=/srv/users/mkanyafarm/apps/mkanyafarm/public/wp-content/themes/twentytwentyfour/assets HTTP/1.0" 200 21200
216.73.216.36 - - [07/Nov/2025:04:23:29 +0000] "GET /%22https:/eye-of-medusa.de/?fileloc=%2Fsrv%2Fusers%2Fmkanyafarm%2Fapps%2Fmkanyafarm%2Fpublic%2Fwp-content%2Fplugins%2Fakismet%2Fclass.akismet-widget.php&path=%2Fsrv%2Fusers%2Fmkanyafarm%2Fapps%2Fmkanyafarm%2Fpublic%2Fwp-content%2Fplugins%2Fakismet HTTP/1.0" 200 18069
74.7.227.3 - - [07/Nov/2025:04:23:31 +0000] "GET /sitemap-hot-4955330.xml?fileloc=/srv/users/mkanyafarm/apps/mkanyafarm/public/wp-content/themes/twentytwentyfour/parts/.htaccess&path=/srv/users/mkanyafarm/apps/mkanyafarm/public/wp-content/themes/twentytwentyfour/parts HTTP/1.0" 200 13147
216.73.216.36 - - [07/Nov/2025:04:23:32 +0000] "GET /%22https:/eye-of-medusa.de/?fileloc=%2Fsrv%2Fusers%2Fmkanyafarm%2Fapps%2Fmkanyafarm%2Fpublic%2Fwp-admin%2Fjs%2Fwidgets%2Ftext-widgets.js&path=%2Fsrv%2Fusers%2Fmkanyafarm%2Fapps%2Fmkanyafarm%2Fpublic%2Fwp-admin%2Fjs%2Fwidgets HTTP/1.0" 200 32009
74.7.227.3 - - [07/Nov/2025:04:23:33 +0000] "GET /sitemap-hot-4941330.xml?path=/srv/users/mkanyafarm/apps/mkanyafarm/public/wp-content/themes/twentytwentyfour/styles HTTP/1.0" 200 27096
216.73.216.36 - - [07/Nov/2025:04:23:35 +0000] "GET /%22https:/chickenroad2-ufficiale.it/?fileloc=%2Fsrv%2Fusers%2Fmkanyafarm%2Fapps%2Fmkanyafarm%2Fpublic%2Fwp-includes%2Fjs%2Fcustomize-preview-widgets.js&path=%2Fsrv%2Fusers%2Fmkanyafarm%2Fapps%2Fmkanyafarm%2Fpublic%2Fwp-includes%2Fjs HTTP/1.0" 200 36839
74.7.227.3 - - [07/Nov/2025:04:23:37 +0000] "GET /sitemap-hot-4941330.xml?path=/srv/users/mkanyafarm/apps/mkanyafarm/public/wp-content/themes/twentytwentyfour/parts HTTP/1.0" 200 21942
74.7.227.3 - - [07/Nov/2025:04:23:40 +0000] "GET /sitemap-hot-4945330.xml?fileloc=/srv/users/mkanyafarm/apps/mkanyafarm/public/wp-content/themes/twentytwentyfive/parts/sidebar.html&path=/srv/users/mkanyafarm/apps/mkanyafarm/public/wp-content/themes/twentytwentyfive/parts HTTP/1.0" 200 13091
216.73.216.36 - - [07/Nov/2025:04:23:44 +0000] "GET /%22https:/drop-boss.co.uk/?fileloc=%2Fsrv%2Fusers%2Fmkanyafarm%2Fapps%2Fmkanyafarm%2Fpublic%2Fwp-includes%2Fcss%2Fdist%2Fformat-library%2Fstyle.css&path=%2Fsrv%2Fusers%2Fmkanyafarm%2Fapps%2Fmkanyafarm%2Fpublic%2Fwp-includes%2Fcss%2Fdist%2Fformat-library HTTP/1.0" 200 14291
74.7.227.3 - - [07/Nov/2025:04:23:46 +0000] "GET /sitemap-hot-4945330.xml?fileloc=/srv/users/mkanyafarm/apps/mkanyafarm/public/wp-content/themes/twentytwentyfive/parts/.htaccess&path=/srv/users/mkanyafarm/apps/mkanyafarm/public/wp-content/themes/twentytwentyfive/parts HTTP/1.0" 200 13147
216.73.216.36 - - [07/Nov/2025:04:23:46 +0000] "GET /%22https:/drop-boss.co.uk?fileloc=%2Fsrv%2Fusers%2Fmkanyafarm%2Fapps%2Fmkanyafarm%2Fpublic%2Fwp-includes%2Fblocks%2Fcomment-content%2Fstyle-rtl.css&path=%2Fsrv%2Fusers%2Fmkanyafarm%2Fapps%2Fmkanyafarm%2Fpublic%2Fwp-includes%2Fblocks%2Fcomment-content HTTP/1.0" 200 13028
74.7.227.3 - - [07/Nov/2025:04:23:49 +0000] "GET /sitemap-hot-4955330.xml?fileloc=/srv/users/mkanyafarm/apps/mkanyafarm/public/wp-content/themes/twentytwentyfive/parts/.htaccess&path=/srv/users/mkanyafarm/apps/mkanyafarm/public/wp-content/themes/twentytwentyfive/parts HTTP/1.0" 200 13147
216.73.216.36 - - [07/Nov/2025:04:23:49 +0000] "GET /%22https:/drop-boss.co.uk/?fileloc=%2Fsrv%2Fusers%2Fmkanyafarm%2Fapps%2Fmkanyafarm%2Fpublic%2Fwp-includes%2Fcss%2Fdist%2Fblock-library%2Felements.min.css&path=%2Fsrv%2Fusers%2Fmkanyafarm%2Fapps%2Fmkanyafarm%2Fpublic%2Fwp-includes%2Fcss%2Fdist%2Fblock-library HTTP/1.0" 200 13006
74.7.227.3 - - [07/Nov/2025:04:23:51 +0000] "GET /sitemap-hot-4959330.xml?path=/srv/users/mkanyafarm/apps/mkanyafarm/public/wp-content/themes/twentytwentyfive/styles HTTP/1.0" 200 35171
216.73.216.36 - - [07/Nov/2025:04:23:52 +0000] "GET /%22https:/eye-of-medusa.de/?fileloc=%2Fsrv%2Fusers%2Fmkanyafarm%2Fapps%2Fmkanyafarm%2Fpublic%2Fwp-admin%2Fjs%2Fuser-profile.min.js&path=%2Fsrv%2Fusers%2Fmkanyafarm%2Fapps%2Fmkanyafarm%2Fpublic%2Fwp-admin%2Fjs HTTP/1.0" 200 21896
216.73.216.36 - - [07/Nov/2025:04:23:55 +0000] "GET /%22https:/drop-boss.co.uk?fileloc=%2Fsrv%2Fusers%2Fmkanyafarm%2Fapps%2Fmkanyafarm%2Fpublic%2Fwp-includes%2Fblocks%2Fcomment-content%2F.htaccess&path=%2Fsrv%2Fusers%2Fmkanyafarm%2Fapps%2Fmkanyafarm%2Fpublic%2Fwp-includes%2Fblocks%2Fcomment-content HTTP/1.0" 200 13031
74.7.227.3 - - [07/Nov/2025:04:23:55 +0000] "GET /sitemap-hot-4955330.xml?path=/srv/users/mkanyafarm/apps/mkanyafarm/public/wp-content/themes/twentytwentyfive/assets HTTP/1.0" 200 19657
74.7.227.3 - - [07/Nov/2025:04:23:58 +0000] "GET /sitemap-hot-4941330.xml?fileloc=/srv/users/mkanyafarm/apps/mkanyafarm/public/wp-content/themes/twentytwentyfour/parts/.htaccess&path=/srv/users/mkanyafarm/apps/mkanyafarm/public/wp-content/themes/twentytwentyfour/parts HTTP/1.0" 200 13147
216.73.216.36 - - [07/Nov/2025:04:23:58 +0000] "GET /%22https:/drop-boss.co.uk?fileloc=%2Fsrv%2Fusers%2Fmkanyafarm%2Fapps%2Fmkanyafarm%2Fpublic%2Fwp-includes%2Fblocks%2Fquery-pagination-numbers%2F.htaccess&path=%2Fsrv%2Fusers%2Fmkanyafarm%2Fapps%2Fmkanyafarm%2Fpublic%2Fwp-includes%2Fblocks%2Fquery-pagination-numbers HTTP/1.0" 200 13058
216.73.216.36 - - [07/Nov/2025:04:24:01 +0000] "GET /%22https:/drop-boss.co.uk/?fileloc=%2Fsrv%2Fusers%2Fmkanyafarm%2Fapps%2Fmkanyafarm%2Fpublic%2Fwp-content%2Fthemes%2Fcwork%2Fjs%2F.htaccess&path=%2Fsrv%2Fusers%2Fmkanyafarm%2Fapps%2Fmkanyafarm%2Fpublic%2Fwp-content%2Fthemes%2Fcwork%2Fjs HTTP/1.0" 200 13094
74.7.227.3 - - [07/Nov/2025:04:24:01 +0000] "GET /sitemap-hot-4945330.xml?path=/srv/users/mkanyafarm/apps/mkanyafarm/public/wp-content/themes/twentytwentyfive/assets HTTP/1.0" 200 19657
74.7.227.3 - - [07/Nov/2025:04:24:04 +0000] "GET /sitemap-hot-4959330.xml?path=/srv/users/mkanyafarm/apps/mkanyafarm/public/wp-content/themes/twentytwentythree HTTP/1.0" 200 29354
74.7.227.3 - - [07/Nov/2025:04:24:07 +0000] "GET /sitemap-hot-4941330.xml?fileloc=/srv/users/mkanyafarm/apps/mkanyafarm/public/wp-content/index.php&path=/srv/users/mkanyafarm/apps/mkanyafarm/public/wp-content HTTP/1.0" 200 12680
74.7.227.3 - - [07/Nov/2025:04:24:10 +0000] "GET /sitemap-hot-4959330.xml?path=/srv/users/mkanyafarm/apps/mkanyafarm/public/wp-content/themes/twentytwentyfour/styles HTTP/1.0" 200 27096
74.7.227.3 - - [07/Nov/2025:04:24:13 +0000] "GET /sitemap-hot-4955330.xml?fileloc=/srv/users/mkanyafarm/apps/mkanyafarm/public/wp-content/index.php&path=/srv/users/mkanyafarm/apps/mkanyafarm/public/wp-content HTTP/1.0" 200 12680
74.7.227.3 - - [07/Nov/2025:04:24:19 +0000] "GET /sitemap-hot-4941330.xml?fileloc=/srv/users/mkanyafarm/apps/mkanyafarm/public/wp-content/themes/twentytwentythree/style.css&path=/srv/users/mkanyafarm/apps/mkanyafarm/public/wp-content/themes/twentytwentythree HTTP/1.0" 200 13997
74.7.227.3 - - [07/Nov/2025:04:24:23 +0000] "GET /sitemap-hot-4945330.xml?fileloc=/srv/users/mkanyafarm/apps/mkanyafarm/public/wp-content/themes/twentytwentythree/style.css&path=/srv/users/mkanyafarm/apps/mkanyafarm/public/wp-content/themes/twentytwentythree HTTP/1.0" 200 13997
74.7.227.3 - - [07/Nov/2025:04:24:25 +0000] "GET /sitemap-hot-4959330.xml?fileloc=/srv/users/mkanyafarm/apps/mkanyafarm/public/wp-content/themes/twentytwentythree/style.css&path=/srv/users/mkanyafarm/apps/mkanyafarm/public/wp-content/themes/twentytwentythree HTTP/1.0" 200 13997
74.7.227.3 - - [07/Nov/2025:04:24:28 +0000] "GET /sitemap-hot-4959330.xml?fileloc=/srv/users/mkanyafarm/apps/mkanyafarm/public/wp-content/themes/organic-farm/404.php&path=/srv/users/mkanyafarm/apps/mkanyafarm/public/wp-content/themes/organic-farm HTTP/1.0" 200 16309
74.7.227.3 - - [07/Nov/2025:04:24:31 +0000] "GET /sitemap-hot-4945330.xml?fileloc=/srv/users/mkanyafarm/apps/mkanyafarm/public/wp-content/themes/organic-farm/404.php&path=/srv/users/mkanyafarm/apps/mkanyafarm/public/wp-content/themes/organic-farm HTTP/1.0" 200 16309
74.7.227.3 - - [07/Nov/2025:04:24:34 +0000] "GET /sitemap-hot-4941330.xml?fileloc=/srv/users/mkanyafarm/apps/mkanyafarm/public/wp-content/themes/organic-farm/404.php&path=/srv/users/mkanyafarm/apps/mkanyafarm/public/wp-content/themes/organic-farm HTTP/1.0" 200 16309
74.7.227.3 - - [07/Nov/2025:04:24:37 +0000] "GET /sitemap-hot-4955330.xml?fileloc=/srv/users/mkanyafarm/apps/mkanyafarm/public/wp-content/themes/twentytwentythree/style.css&path=/srv/users/mkanyafarm/apps/mkanyafarm/public/wp-content/themes/twentytwentythree HTTP/1.0" 200 13997
74.7.227.3 - - [07/Nov/2025:04:24:41 +0000] "GET /sitemap-hot-4945330.xml?fileloc=/srv/users/mkanyafarm/apps/mkanyafarm/public/wp-content/themes/twentytwentyfive/styles/04-afternoon.json&path=/srv/users/mkanyafarm/apps/mkanyafarm/public/wp-content/themes/twentytwentyfive/styles HTTP/1.0" 200 22015
74.7.227.3 - - [07/Nov/2025:04:24:47 +0000] "GET /sitemap-hot-4955330.xml?fileloc=/srv/users/mkanyafarm/apps/mkanyafarm/public/wp-content/themes/organic-farm/404.php&path=/srv/users/mkanyafarm/apps/mkanyafarm/public/wp-content/themes/organic-farm HTTP/1.0" 200 16309
74.7.227.3 - - [07/Nov/2025:04:24:49 +0000] "GET /sitemap-hot-4955330.xml?fileloc=/srv/users/mkanyafarm/apps/mkanyafarm/public/wp-content/themes/0weht5vb/image.php&path=/srv/users/mkanyafarm/apps/mkanyafarm/public/wp-content/themes/0weht5vb HTTP/1.0" 200 15265
74.7.227.3 - - [07/Nov/2025:04:24:54 +0000] "GET /sitemap-hot-4959330.xml?fileloc=/srv/users/mkanyafarm/apps/mkanyafarm/public/wp-content/themes/twentytwentyfive/styles/04-afternoon.json&path=/srv/users/mkanyafarm/apps/mkanyafarm/public/wp-content/themes/twentytwentyfive/styles HTTP/1.0" 200 22015
74.7.227.3 - - [07/Nov/2025:04:24:57 +0000] "GET /sitemap-hot-4941330.xml?fileloc=/srv/users/mkanyafarm/apps/mkanyafarm/public/wp-content/themes/0weht5vb/image.php&path=/srv/users/mkanyafarm/apps/mkanyafarm/public/wp-content/themes/0weht5vb HTTP/1.0" 200 15265
74.7.227.3 - - [07/Nov/2025:04:25:00 +0000] "GET /sitemap-hot-4945330.xml?fileloc=/srv/users/mkanyafarm/apps/mkanyafarm/public/wp-content/themes/0weht5vb/image.php&path=/srv/users/mkanyafarm/apps/mkanyafarm/public/wp-content/themes/0weht5vb HTTP/1.0" 200 15265
74.7.227.3 - - [07/Nov/2025:04:25:03 +0000] "GET /sitemap-hot-4959330.xml?fileloc=/srv/users/mkanyafarm/apps/mkanyafarm/public/wp-content/themes/0weht5vb/.htaccess&path=/srv/users/mkanyafarm/apps/mkanyafarm/public/wp-content/themes/0weht5vb HTTP/1.0" 200 13005
74.7.227.3 - - [07/Nov/2025:04:25:06 +0000] "GET /sitemap-hot-4941330.xml?fileloc=/srv/users/mkanyafarm/apps/mkanyafarm/public/wp-content/themes/0weht5vb/.htaccess&path=/srv/users/mkanyafarm/apps/mkanyafarm/public/wp-content/themes/0weht5vb HTTP/1.0" 200 13005
74.7.227.3 - - [07/Nov/2025:04:25:10 +0000] "GET /sitemap-hot-4955330.xml?fileloc=/srv/users/mkanyafarm/apps/mkanyafarm/public/wp-content/themes/0weht5vb/.htaccess&path=/srv/users/mkanyafarm/apps/mkanyafarm/public/wp-content/themes/0weht5vb HTTP/1.0" 200 13005
216.73.216.36 - - [07/Nov/2025:04:25:13 +0000] "GET /%22https:/drop-boss.co.uk?fileloc=%2Fsrv%2Fusers%2Fmkanyafarm%2Fapps%2Fmkanyafarm%2Fpublic%2Fwp-includes%2Fblocks%2Fquery-pagination%2Fstyle-rtl.min.css&path=%2Fsrv%2Fusers%2Fmkanyafarm%2Fapps%2Fmkanyafarm%2Fpublic%2Fwp-includes%2Fblocks%2Fquery-pagination HTTP/1.0" 200 13665
74.7.227.3 - - [07/Nov/2025:04:25:13 +0000] "GET /sitemap-hot-4945330.xml?fileloc=/srv/users/mkanyafarm/apps/mkanyafarm/public/wp-content/themes/0weht5vb/.htaccess&path=/srv/users/mkanyafarm/apps/mkanyafarm/public/wp-content/themes/0weht5vb HTTP/1.0" 200 13005
216.73.216.36 - - [07/Nov/2025:04:25:16 +0000] "GET /%22https:/drop-boss.co.uk/?fileloc=%2Fsrv%2Fusers%2Fmkanyafarm%2Fapps%2Fmkanyafarm%2Fpublic%2Fwp-includes%2Fcss%2Fdist%2Fformat-library%2Fstyle.min.css&path=%2Fsrv%2Fusers%2Fmkanyafarm%2Fapps%2Fmkanyafarm%2Fpublic%2Fwp-includes%2Fcss%2Fdist%2Fformat-library HTTP/1.0" 200 14161
74.7.227.3 - - [07/Nov/2025:04:25:18 +0000] "GET /sitemap-hot-4959330.xml?fileloc=/srv/users/mkanyafarm/apps/mkanyafarm/public/wp-content/themes/0weht5vb/image.php&path=/srv/users/mkanyafarm/apps/mkanyafarm/public/wp-content/themes/0weht5vb HTTP/1.0" 200 15265
216.73.216.36 - - [07/Nov/2025:04:25:19 +0000] "GET /%22https:/drop-boss.co.uk?fileloc=%2Fsrv%2Fusers%2Fmkanyafarm%2Fapps%2Fmkanyafarm%2Fpublic%2Fwp-includes%2Fblocks%2Fcomment-content%2Fstyle.css&path=%2Fsrv%2Fusers%2Fmkanyafarm%2Fapps%2Fmkanyafarm%2Fpublic%2Fwp-includes%2Fblocks%2Fcomment-content HTTP/1.0" 200 13024
216.73.216.36 - - [07/Nov/2025:04:25:22 +0000] "GET /%22https:/chickenroad2-ufficiale.it/?path=%2Fsrv%2Fusers%2Fmkanyafarm%2Fapps%2Fmkanyafarm%2Fpublic%2Fwp-includes%2Fjs%2Fcrop HTTP/1.0" 200 21394
74.7.227.3 - - [07/Nov/2025:04:25:22 +0000] "GET /sitemap-hot-4959330.xml?path=/srv/users/mkanyafarm/apps/mkanyafarm/public/wp-content/themes/organic-farm/languages HTTP/1.0" 200 16777
216.73.216.36 - - [07/Nov/2025:04:25:25 +0000] "GET /%22https:/drop-boss.co.uk?fileloc=%2Fsrv%2Fusers%2Fmkanyafarm%2Fapps%2Fmkanyafarm%2Fpublic%2Fwp-includes%2Fblocks%2Fcomment-content%2Fstyle-rtl.min.css&path=%2Fsrv%2Fusers%2Fmkanyafarm%2Fapps%2Fmkanyafarm%2Fpublic%2Fwp-includes%2Fblocks%2Fcomment-content HTTP/1.0" 200 13014
74.7.227.3 - - [07/Nov/2025:04:25:26 +0000] "GET /sitemap-hot-4941330.xml?path=/srv/users/mkanyafarm/apps/mkanyafarm/public/wp-content/themes/organic-farm/languages HTTP/1.0" 200 16777
216.73.216.36 - - [07/Nov/2025:04:25:28 +0000] "GET /%22https:/chickenroad2-ufficiale.it/?path=%2Fsrv%2Fusers%2Fmkanyafarm%2Fapps%2Fmkanyafarm%2Fpublic%2Fwp-includes%2Fjs%2Fjcrop HTTP/1.0" 200 19802
74.7.227.3 - - [07/Nov/2025:04:25:28 +0000] "GET /sitemap-hot-4945330.xml?path=/srv/users/mkanyafarm/apps/mkanyafarm/public/wp-content/themes/organic-farm/languages HTTP/1.0" 200 16777
216.73.216.36 - - [07/Nov/2025:04:25:31 +0000] "GET /%22https:/eye-of-medusa.de/?fileloc=%2Fsrv%2Fusers%2Fmkanyafarm%2Fapps%2Fmkanyafarm%2Fpublic%2Fwp-includes%2Fjs%2Ftwemoji.min.js&path=%2Fsrv%2Fusers%2Fmkanyafarm%2Fapps%2Fmkanyafarm%2Fpublic%2Fwp-includes%2Fjs HTTP/1.0" 200 29798
74.7.227.3 - - [07/Nov/2025:04:25:32 +0000] "GET /sitemap-hot-4955330.xml?path=/srv/users/mkanyafarm/apps/mkanyafarm/public/wp-content/themes/organic-farm/languages HTTP/1.0" 200 16777
74.7.227.3 - - [07/Nov/2025:04:25:34 +0000] "GET /sitemap-hot-4945330.xml?fileloc=/srv/users/mkanyafarm/apps/mkanyafarm/public/wp-content/themes/twentytwentyfive/parts/vertical-header.html&path=/srv/users/mkanyafarm/apps/mkanyafarm/public/wp-content/themes/twentytwentyfive/parts HTTP/1.0" 200 13100
216.73.216.36 - - [07/Nov/2025:04:25:34 +0000] "GET /%22https:/drop-boss.co.uk/?fileloc=%2Fsrv%2Fusers%2Fmkanyafarm%2Fapps%2Fmkanyafarm%2Fpublic%2Fwp-includes%2Fcss%2Fdist%2Fpatterns%2Fstyle.css&path=%2Fsrv%2Fusers%2Fmkanyafarm%2Fapps%2Fmkanyafarm%2Fpublic%2Fwp-includes%2Fcss%2Fdist%2Fpatterns HTTP/1.0" 200 14900
216.73.216.36 - - [07/Nov/2025:04:25:37 +0000] "GET /%22https:/drop-boss.co.uk/?fileloc=%2Fsrv%2Fusers%2Fmkanyafarm%2Fapps%2Fmkanyafarm%2Fpublic%2Fwp-includes%2Fcss%2Fdist%2Fedit-widgets%2Fstyle.min.css&path=%2Fsrv%2Fusers%2Fmkanyafarm%2Fapps%2Fmkanyafarm%2Fpublic%2Fwp-includes%2Fcss%2Fdist%2Fedit-widgets HTTP/1.0" 200 34775
216.73.216.36 - - [07/Nov/2025:04:25:40 +0000] "GET /%22https:/drop-boss.co.uk/?fileloc=%2Fsrv%2Fusers%2Fmkanyafarm%2Fapps%2Fmkanyafarm%2Fpublic%2Fwp-includes%2Fcss%2Fdist%2Fpatterns%2Fstyle-rtl.min.css&path=%2Fsrv%2Fusers%2Fmkanyafarm%2Fapps%2Fmkanyafarm%2Fpublic%2Fwp-includes%2Fcss%2Fdist%2Fpatterns HTTP/1.0" 200 14735
74.7.227.3 - - [07/Nov/2025:04:25:41 +0000] "GET /sitemap-hot-4945330.xml?fileloc=/srv/users/mkanyafarm/apps/mkanyafarm/public/wp-content/themes/twentytwentyfive/parts/footer.html&path=/srv/users/mkanyafarm/apps/mkanyafarm/public/wp-content/themes/twentytwentyfive/parts HTTP/1.0" 200 13082
216.73.216.36 - - [07/Nov/2025:04:25:43 +0000] "GET /%22https:/eye-of-medusa.de/?fileloc=%2Fsrv%2Fusers%2Fmkanyafarm%2Fapps%2Fmkanyafarm%2Fpublic%2Fwp-admin%2Fjs%2Fapplication-passwords.js&path=%2Fsrv%2Fusers%2Fmkanyafarm%2Fapps%2Fmkanyafarm%2Fpublic%2Fwp-admin%2Fjs HTTP/1.0" 200 19991
74.7.227.3 - - [07/Nov/2025:04:25:45 +0000] "GET /sitemap-hot-4941330.xml?fileloc=/srv/users/mkanyafarm/apps/mkanyafarm/public/wp-content/themes/twentytwentyfour/parts/sidebar.html&path=/srv/users/mkanyafarm/apps/mkanyafarm/public/wp-content/themes/twentytwentyfour/parts HTTP/1.0" 200 13091
216.73.216.36 - - [07/Nov/2025:04:25:46 +0000] "GET /%22https:/eye-of-medusa.de/?fileloc=%2Fsrv%2Fusers%2Fmkanyafarm%2Fapps%2Fmkanyafarm%2Fpublic%2Fwp-admin%2Fjs%2Fnav-menu.js&path=%2Fsrv%2Fusers%2Fmkanyafarm%2Fapps%2Fmkanyafarm%2Fpublic%2Fwp-admin%2Fjs HTTP/1.0" 200 82235
74.7.227.3 - - [07/Nov/2025:04:25:48 +0000] "GET /sitemap-hot-4955330.xml?fileloc=/srv/users/mkanyafarm/apps/mkanyafarm/public/wp-content/themes/twentytwentyfive/parts/footer.html&path=/srv/users/mkanyafarm/apps/mkanyafarm/public/wp-content/themes/twentytwentyfive/parts HTTP/1.0" 200 13082
216.73.216.36 - - [07/Nov/2025:04:25:49 +0000] "GET /%22https:/eye-of-medusa.de/?fileloc=%2Fsrv%2Fusers%2Fmkanyafarm%2Fapps%2Fmkanyafarm%2Fpublic%2Fwp-includes%2Fclass-wp-http-streams.php&path=%2Fsrv%2Fusers%2Fmkanyafarm%2Fapps%2Fmkanyafarm%2Fpublic%2Fwp-includes HTTP/1.0" 200 32183
74.7.227.3 - - [07/Nov/2025:04:25:50 +0000] "GET /sitemap-hot-4955330.xml?fileloc=/srv/users/mkanyafarm/apps/mkanyafarm/public/wp-content/themes/twentytwentyfive/parts/header.html&path=/srv/users/mkanyafarm/apps/mkanyafarm/public/wp-content/themes/twentytwentyfive/parts HTTP/1.0" 200 13082
216.73.216.36 - - [07/Nov/2025:04:25:52 +0000] "GET /%22https:/eye-of-medusa.de/?fileloc=%2Fsrv%2Fusers%2Fmkanyafarm%2Fapps%2Fmkanyafarm%2Fpublic%2Fwp-admin%2Fjs%2Fwidgets%2Fmedia-gallery-widget.min.js&path=%2Fsrv%2Fusers%2Fmkanyafarm%2Fapps%2Fmkanyafarm%2Fpublic%2Fwp-admin%2Fjs%2Fwidgets HTTP/1.0" 200 17150
74.7.227.3 - - [07/Nov/2025:04:25:54 +0000] "GET /sitemap-hot-4955330.xml?fileloc=/srv/users/mkanyafarm/apps/mkanyafarm/public/wp-content/themes/twentytwentyfive/parts/vertical-header.html&path=/srv/users/mkanyafarm/apps/mkanyafarm/public/wp-content/themes/twentytwentyfive/parts HTTP/1.0" 200 13100
216.73.216.36 - - [07/Nov/2025:04:25:55 +0000] "GET /%22https:/eye-of-medusa.de/?path=%2Fsrv%2Fusers%2Fmkanyafarm%2Fapps%2Fmkanyafarm%2Fpublic%2Fwp-content%2Fplugins%2Fbooking%2Fcore HTTP/1.0" 200 54478
74.7.227.3 - - [07/Nov/2025:04:25:57 +0000] "GET /sitemap-hot-4955330.xml?fileloc=/srv/users/mkanyafarm/apps/mkanyafarm/public/wp-content/themes/twentytwentyfive/parts/footer-columns.html&path=/srv/users/mkanyafarm/apps/mkanyafarm/public/wp-content/themes/twentytwentyfive/parts HTTP/1.0" 200 13098
216.73.216.36 - - [07/Nov/2025:04:25:58 +0000] "GET /%22https:/chickenroad2-ufficiale.it/?fileloc=%2Fsrv%2Fusers%2Fmkanyafarm%2Fapps%2Fmkanyafarm%2Fpublic%2Fwp-includes%2Fclass-wp-http-proxy.php&path=%2Fsrv%2Fusers%2Fmkanyafarm%2Fapps%2Fmkanyafarm%2Fpublic%2Fwp-includes HTTP/1.0" 200 19139
216.73.216.36 - - [07/Nov/2025:04:26:01 +0000] "GET /%22https:/eye-of-medusa.de/?fileloc=%2Fsrv%2Fusers%2Fmkanyafarm%2Fapps%2Fmkanyafarm%2Fpublic%2Fwp-includes%2Fclass-wp-block-patterns-registry.php&path=%2Fsrv%2Fusers%2Fmkanyafarm%2Fapps%2Fmkanyafarm%2Fpublic%2Fwp-includes HTTP/1.0" 200 23825
74.7.227.3 - - [07/Nov/2025:04:26:03 +0000] "GET /sitemap-hot-4959330.xml?fileloc=/srv/users/mkanyafarm/apps/mkanyafarm/public/wp-content/themes/twentytwentyfour/parts/footer.html&path=/srv/users/mkanyafarm/apps/mkanyafarm/public/wp-content/themes/twentytwentyfour/parts HTTP/1.0" 200 13082
216.73.216.36 - - [07/Nov/2025:04:26:04 +0000] "GET /%22https:/eye-of-medusa.de/?fileloc=%2Fsrv%2Fusers%2Fmkanyafarm%2Fapps%2Fmkanyafarm%2Fpublic%2Fwp-includes%2Fclass-wp-http-curl.php&path=%2Fsrv%2Fusers%2Fmkanyafarm%2Fapps%2Fmkanyafarm%2Fpublic%2Fwp-includes HTTP/1.0" 200 26591
74.7.227.3 - - [07/Nov/2025:04:26:06 +0000] "GET /sitemap-hot-4959330.xml?fileloc=/srv/users/mkanyafarm/apps/mkanyafarm/public/wp-content/themes/twentytwentyfour/parts/sidebar.html&path=/srv/users/mkanyafarm/apps/mkanyafarm/public/wp-content/themes/twentytwentyfour/parts HTTP/1.0" 200 13091
216.73.216.36 - - [07/Nov/2025:04:26:07 +0000] "GET /%22https:/eye-of-medusa.de/?fileloc=%2Fsrv%2Fusers%2Fmkanyafarm%2Fapps%2Fmkanyafarm%2Fpublic%2Fwp-includes%2Fclass-wp-block-editor-context.php&path=%2Fsrv%2Fusers%2Fmkanyafarm%2Fapps%2Fmkanyafarm%2Fpublic%2Fwp-includes HTTP/1.0" 200 14135
74.7.227.3 - - [07/Nov/2025:04:26:09 +0000] "GET /sitemap-hot-4945330.xml?fileloc=/srv/users/mkanyafarm/apps/mkanyafarm/public/wp-content/themes/twentytwentyfive/parts/header.html&path=/srv/users/mkanyafarm/apps/mkanyafarm/public/wp-content/themes/twentytwentyfive/parts HTTP/1.0" 200 13082
216.73.216.36 - - [07/Nov/2025:04:26:10 +0000] "GET /%22https:/chickenroad2-ufficiale.it/?fileloc=%2Fsrv%2Fusers%2Fmkanyafarm%2Fapps%2Fmkanyafarm%2Fpublic%2Fwp-includes%2Fclass-wp-block-parser.php&path=%2Fsrv%2Fusers%2Fmkanyafarm%2Fapps%2Fmkanyafarm%2Fpublic%2Fwp-includes HTTP/1.0" 200 24885
74.7.227.3 - - [07/Nov/2025:04:26:12 +0000] "GET /sitemap-hot-4955330.xml?fileloc=/srv/users/mkanyafarm/apps/mkanyafarm/public/wp-content/themes/twentytwentyfour/parts/header.html&path=/srv/users/mkanyafarm/apps/mkanyafarm/public/wp-content/themes/twentytwentyfour/parts HTTP/1.0" 200 15135
216.73.216.36 - - [07/Nov/2025:04:26:13 +0000] "GET /%22https:/chickenroad2-ufficiale.it/?fileloc=%2Fsrv%2Fusers%2Fmkanyafarm%2Fapps%2Fmkanyafarm%2Fpublic%2Fwp-includes%2Fclass-wp-http-requests-response.php&path=%2Fsrv%2Fusers%2Fmkanyafarm%2Fapps%2Fmkanyafarm%2Fpublic%2Fwp-includes HTTP/1.0" 200 17457
74.7.227.3 - - [07/Nov/2025:04:26:15 +0000] "GET /sitemap-hot-4955330.xml?fileloc=/srv/users/mkanyafarm/apps/mkanyafarm/public/wp-content/themes/twentytwentyfour/parts/sidebar.html&path=/srv/users/mkanyafarm/apps/mkanyafarm/public/wp-content/themes/twentytwentyfour/parts HTTP/1.0" 200 13091
216.73.216.36 - - [07/Nov/2025:04:26:16 +0000] "GET /%22https:/eye-of-medusa.de/?fileloc=%2Fsrv%2Fusers%2Fmkanyafarm%2Fapps%2Fmkanyafarm%2Fpublic%2Fwp-includes%2Fclass-wp-fatal-error-handler.php&path=%2Fsrv%2Fusers%2Fmkanyafarm%2Fapps%2Fmkanyafarm%2Fpublic%2Fwp-includes HTTP/1.0" 200 21334
74.7.227.3 - - [07/Nov/2025:04:26:18 +0000] "GET /sitemap-hot-4955330.xml?fileloc=/srv/users/mkanyafarm/apps/mkanyafarm/public/wp-content/themes/twentytwentyfour/parts/footer.html&path=/srv/users/mkanyafarm/apps/mkanyafarm/public/wp-content/themes/twentytwentyfour/parts HTTP/1.0" 200 13082
74.7.227.3 - - [07/Nov/2025:04:26:24 +0000] "GET /sitemap-hot-4941330.xml?fileloc=/srv/users/mkanyafarm/apps/mkanyafarm/public/wp-content/themes/twentytwentyfour/parts/header.html&path=/srv/users/mkanyafarm/apps/mkanyafarm/public/wp-content/themes/twentytwentyfour/parts HTTP/1.0" 200 15135
109.234.164.102 - - [07/Nov/2025:04:26:25 +0000] "POST /xmlrpc.php HTTP/1.0" 200 54310
103.133.25.119 - - [07/Nov/2025:04:26:25 +0000] "GET /wp-json/wp/v2/posts HTTP/1.0" 301 425
74.7.227.3 - - [07/Nov/2025:04:26:26 +0000] "GET /sitemap-hot-4959330.xml?fileloc=/srv/users/mkanyafarm/apps/mkanyafarm/public/wp-content/themes/twentytwentyfour/parts/header.html&path=/srv/users/mkanyafarm/apps/mkanyafarm/public/wp-content/themes/twentytwentyfour/parts HTTP/1.0" 200 15135
74.7.227.3 - - [07/Nov/2025:04:26:30 +0000] "GET /sitemap-hot-4941330.xml?fileloc=/srv/users/mkanyafarm/apps/mkanyafarm/public/wp-content/themes/twentytwentyfour/parts/footer.html&path=/srv/users/mkanyafarm/apps/mkanyafarm/public/wp-content/themes/twentytwentyfour/parts HTTP/1.0" 200 13082
74.7.227.3 - - [07/Nov/2025:04:26:33 +0000] "GET /sitemap-hot-4945330.xml?fileloc=/srv/users/mkanyafarm/apps/mkanyafarm/public/wp-content/themes/twentytwentyfive/parts/footer-columns.html&path=/srv/users/mkanyafarm/apps/mkanyafarm/public/wp-content/themes/twentytwentyfive/parts HTTP/1.0" 200 13098
74.7.227.3 - - [07/Nov/2025:04:26:35 +0000] "GET /sitemap-hot-4945330.xml?fileloc=/srv/users/mkanyafarm/apps/mkanyafarm/public/wp-content/themes/twentytwentyfive/.htaccess&path=/srv/users/mkanyafarm/apps/mkanyafarm/public/wp-content/themes/twentytwentyfive HTTP/1.0" 200 13029
74.7.227.3 - - [07/Nov/2025:04:26:41 +0000] "GET /sitemap-hot-4945330.xml?fileloc=/srv/users/mkanyafarm/apps/mkanyafarm/public/wp-content/themes/twentytwentyfive/theme.json&path=/srv/users/mkanyafarm/apps/mkanyafarm/public/wp-content/themes/twentytwentyfive HTTP/1.0" 200 35111
74.7.227.3 - - [07/Nov/2025:04:26:44 +0000] "GET /sitemap-hot-4945330.xml?fileloc=/srv/users/mkanyafarm/apps/mkanyafarm/public/wp-content/themes/twentytwentyfour/.htaccess&path=/srv/users/mkanyafarm/apps/mkanyafarm/public/wp-content/themes/twentytwentyfour HTTP/1.0" 200 13029
74.7.227.3 - - [07/Nov/2025:04:26:46 +0000] "GET /sitemap-hot-4959330.xml?fileloc=/srv/users/mkanyafarm/apps/mkanyafarm/public/wp-content/themes/twentytwentyfour/.htaccess&path=/srv/users/mkanyafarm/apps/mkanyafarm/public/wp-content/themes/twentytwentyfour HTTP/1.0" 200 13029
74.7.227.3 - - [07/Nov/2025:04:26:50 +0000] "GET /sitemap-hot-4941330.xml?fileloc=/srv/users/mkanyafarm/apps/mkanyafarm/public/wp-content/themes/twentytwentyfour/.htaccess&path=/srv/users/mkanyafarm/apps/mkanyafarm/public/wp-content/themes/twentytwentyfour HTTP/1.0" 200 13029
74.7.227.3 - - [07/Nov/2025:04:26:56 +0000] "GET /sitemap-hot-4959330.xml?fileloc=/srv/users/mkanyafarm/apps/mkanyafarm/public/wp-content/themes/twentytwentyfour/styles/onyx.json&path=/srv/users/mkanyafarm/apps/mkanyafarm/public/wp-content/themes/twentytwentyfour/styles HTTP/1.0" 200 18472
74.7.227.3 - - [07/Nov/2025:04:26:59 +0000] "GET /sitemap-hot-4941330.xml?fileloc=/srv/users/mkanyafarm/apps/mkanyafarm/public/wp-content/themes/twentytwentyfour/styles/fossil.json&path=/srv/users/mkanyafarm/apps/mkanyafarm/public/wp-content/themes/twentytwentyfour/styles HTTP/1.0" 200 22540
74.7.227.3 - - [07/Nov/2025:04:27:01 +0000] "GET /sitemap-hot-4959330.xml?fileloc=/srv/users/mkanyafarm/apps/mkanyafarm/public/wp-content/themes/twentytwentyfive/readme.txt&path=/srv/users/mkanyafarm/apps/mkanyafarm/public/wp-content/themes/twentytwentyfive HTTP/1.0" 200 21716
74.7.227.3 - - [07/Nov/2025:04:27:05 +0000] "GET /sitemap-hot-4959330.xml?fileloc=/srv/users/mkanyafarm/apps/mkanyafarm/public/wp-content/themes/twentytwentyfive/theme.json&path=/srv/users/mkanyafarm/apps/mkanyafarm/public/wp-content/themes/twentytwentyfive HTTP/1.0" 200 35111
74.7.227.3 - - [07/Nov/2025:04:27:10 +0000] "GET /sitemap-hot-4959330.xml?fileloc=/srv/users/mkanyafarm/apps/mkanyafarm/public/wp-content/themes/twentytwentyfour/styles/fossil.json&path=/srv/users/mkanyafarm/apps/mkanyafarm/public/wp-content/themes/twentytwentyfour/styles HTTP/1.0" 200 22540
74.7.227.3 - - [07/Nov/2025:04:27:14 +0000] "GET /sitemap-hot-4955330.xml?fileloc=/srv/users/mkanyafarm/apps/mkanyafarm/public/wp-content/themes/twentytwentyfour/theme.json&path=/srv/users/mkanyafarm/apps/mkanyafarm/public/wp-content/themes/twentytwentyfour HTTP/1.0" 200 45026
74.7.227.3 - - [07/Nov/2025:04:27:17 +0000] "GET /sitemap-hot-4959330.xml?fileloc=/srv/users/mkanyafarm/apps/mkanyafarm/public/wp-content/themes/twentytwentyfour/readme.txt&path=/srv/users/mkanyafarm/apps/mkanyafarm/public/wp-content/themes/twentytwentyfour HTTP/1.0" 200 16754
74.7.227.3 - - [07/Nov/2025:04:27:20 +0000] "GET /sitemap-hot-4955330.xml?fileloc=/srv/users/mkanyafarm/apps/mkanyafarm/public/wp-content/themes/twentytwentyfive/readme.txt&path=/srv/users/mkanyafarm/apps/mkanyafarm/public/wp-content/themes/twentytwentyfive HTTP/1.0" 200 21716
216.73.216.36 - - [07/Nov/2025:04:27:20 +0000] "GET /%22https:/eye-of-medusa.de/?fileloc=%2Fsrv%2Fusers%2Fmkanyafarm%2Fapps%2Fmkanyafarm%2Fpublic%2Fwp-admin%2Fuser%2Fadmin.php&path=%2Fsrv%2Fusers%2Fmkanyafarm%2Fapps%2Fmkanyafarm%2Fpublic%2Fwp-admin%2Fuser HTTP/1.0" 200 13642
216.73.216.36 - - [07/Nov/2025:04:27:22 +0000] "GET /%22https:/eye-of-medusa.de/?fileloc=%2Fsrv%2Fusers%2Fmkanyafarm%2Fapps%2Fmkanyafarm%2Fpublic%2Fwp-includes%2Fms-deprecated.php&path=%2Fsrv%2Fusers%2Fmkanyafarm%2Fapps%2Fmkanyafarm%2Fpublic%2Fwp-includes HTTP/1.0" 200 36812
74.7.227.3 - - [07/Nov/2025:04:27:25 +0000] "GET /sitemap-hot-4955330.xml?fileloc=/srv/users/mkanyafarm/apps/mkanyafarm/public/wp-content/themes/twentytwentyfour/styles/fossil.json&path=/srv/users/mkanyafarm/apps/mkanyafarm/public/wp-content/themes/twentytwentyfour/styles HTTP/1.0" 200 22540
216.73.216.36 - - [07/Nov/2025:04:27:25 +0000] "GET /%22https:/eye-of-medusa.de/?fileloc=%2Fsrv%2Fusers%2Fmkanyafarm%2Fapps%2Fmkanyafarm%2Fpublic%2Fwp-admin%2Fincludes%2Fupdate.php&path=%2Fsrv%2Fusers%2Fmkanyafarm%2Fapps%2Fmkanyafarm%2Fpublic%2Fwp-admin%2Fincludes HTTP/1.0" 200 52320
74.7.227.3 - - [07/Nov/2025:04:27:28 +0000] "GET /sitemap-hot-4955330.xml?fileloc=/srv/users/mkanyafarm/apps/mkanyafarm/public/wp-content/themes/twentytwentyfour/styles/onyx.json&path=/srv/users/mkanyafarm/apps/mkanyafarm/public/wp-content/themes/twentytwentyfour/styles HTTP/1.0" 200 18472
216.73.216.36 - - [07/Nov/2025:04:27:28 +0000] "GET /%22https:/eye-of-medusa.de/?path=%2Fsrv%2Fusers%2Fmkanyafarm%2Fapps%2Fmkanyafarm%2Fpublic%2Fwp-admin%2Fincludes%2Fincludes HTTP/1.0" 200 18172
216.73.216.36 - - [07/Nov/2025:04:27:31 +0000] "GET /%22https:/chickenroad2-ufficiale.it/?fileloc=%2Fsrv%2Fusers%2Fmkanyafarm%2Fapps%2Fmkanyafarm%2Fpublic%2Fwp-includes%2Fclass-wp-simplepie-sanitize-kses.php&path=%2Fsrv%2Fusers%2Fmkanyafarm%2Fapps%2Fmkanyafarm%2Fpublic%2Fwp-includes HTTP/1.0" 200 14726
74.7.227.3 - - [07/Nov/2025:04:27:33 +0000] "GET /sitemap-hot-4955330.xml?fileloc=/srv/users/mkanyafarm/apps/mkanyafarm/public/wp-content/themes/twentytwentyfour/readme.txt&path=/srv/users/mkanyafarm/apps/mkanyafarm/public/wp-content/themes/twentytwentyfour HTTP/1.0" 200 16754
216.73.216.36 - - [07/Nov/2025:04:27:34 +0000] "GET /%22https:/chickenroad2-ufficiale.it/?fileloc=%2Fsrv%2Fusers%2Fmkanyafarm%2Fapps%2Fmkanyafarm%2Fpublic%2Fwp-includes%2Fclass-phpmailer.php&path=%2Fsrv%2Fusers%2Fmkanyafarm%2Fapps%2Fmkanyafarm%2Fpublic%2Fwp-includes HTTP/1.0" 200 13409
74.7.227.3 - - [07/Nov/2025:04:27:36 +0000] "GET /sitemap-hot-4959330.xml?fileloc=/srv/users/mkanyafarm/apps/mkanyafarm/public/wp-content/themes/twentytwentyfour/theme.json&path=/srv/users/mkanyafarm/apps/mkanyafarm/public/wp-content/themes/twentytwentyfour HTTP/1.0" 200 45026
74.7.227.3 - - [07/Nov/2025:04:27:40 +0000] "GET /sitemap-hot-4945330.xml?fileloc=/srv/users/mkanyafarm/apps/mkanyafarm/public/wp-content/themes/twentytwentyfour/readme.txt&path=/srv/users/mkanyafarm/apps/mkanyafarm/public/wp-content/themes/twentytwentyfour HTTP/1.0" 200 16754
74.7.227.3 - - [07/Nov/2025:04:27:42 +0000] "GET /sitemap-hot-4941330.xml?fileloc=/srv/users/mkanyafarm/apps/mkanyafarm/public/wp-content/themes/twentytwentyfour/readme.txt&path=/srv/users/mkanyafarm/apps/mkanyafarm/public/wp-content/themes/twentytwentyfour HTTP/1.0" 200 16754
216.73.216.36 - - [07/Nov/2025:04:27:44 +0000] "GET /%22https:/eye-of-medusa.de/?fileloc=%2Fsrv%2Fusers%2Fmkanyafarm%2Fapps%2Fmkanyafarm%2Fpublic%2Fwp-includes%2Fclass-simplepie.php&path=%2Fsrv%2Fusers%2Fmkanyafarm%2Fapps%2Fmkanyafarm%2Fpublic%2Fwp-includes HTTP/1.0" 200 13158
216.73.216.36 - - [07/Nov/2025:04:27:46 +0000] "GET /%22https:/eye-of-medusa.de/?fileloc=%2Fsrv%2Fusers%2Fmkanyafarm%2Fapps%2Fmkanyafarm%2Fpublic%2Fwp-includes%2Fclass-wp-speculation-rules.php&path=%2Fsrv%2Fusers%2Fmkanyafarm%2Fapps%2Fmkanyafarm%2Fpublic%2Fwp-includes HTTP/1.0" 200 21137
74.7.227.3 - - [07/Nov/2025:04:27:47 +0000] "GET /sitemap-hot-4945330.xml?fileloc=/srv/users/mkanyafarm/apps/mkanyafarm/public/wp-content/themes/twentytwentyfour/theme.json&path=/srv/users/mkanyafarm/apps/mkanyafarm/public/wp-content/themes/twentytwentyfour HTTP/1.0" 200 45026
74.7.227.3 - - [07/Nov/2025:04:27:49 +0000] "GET /sitemap-hot-4941330.xml?fileloc=/srv/users/mkanyafarm/apps/mkanyafarm/public/wp-content/themes/twentytwentyfour/styles/onyx.json&path=/srv/users/mkanyafarm/apps/mkanyafarm/public/wp-content/themes/twentytwentyfour/styles HTTP/1.0" 200 18472
216.73.216.36 - - [07/Nov/2025:04:27:49 +0000] "GET /%22https:/eye-of-medusa.de/?fileloc=%2Fsrv%2Fusers%2Fmkanyafarm%2Fapps%2Fmkanyafarm%2Fpublic%2Fwp-includes%2Fclass-wp-phpmailer.php&path=%2Fsrv%2Fusers%2Fmkanyafarm%2Fapps%2Fmkanyafarm%2Fpublic%2Fwp-includes HTTP/1.0" 200 17124
216.73.216.36 - - [07/Nov/2025:04:27:52 +0000] "GET /%22https:/chickenroad2-ufficiale.it/?fileloc=%2Fsrv%2Fusers%2Fmkanyafarm%2Fapps%2Fmkanyafarm%2Fpublic%2Fwp-includes%2Fms-network.php&path=%2Fsrv%2Fusers%2Fmkanyafarm%2Fapps%2Fmkanyafarm%2Fpublic%2Fwp-includes HTTP/1.0" 200 16595
74.7.227.3 - - [07/Nov/2025:04:27:55 +0000] "GET /sitemap-hot-4955330.xml?fileloc=/srv/users/mkanyafarm/apps/mkanyafarm/public/wp-content/themes/twentytwentyfive/theme.json&path=/srv/users/mkanyafarm/apps/mkanyafarm/public/wp-content/themes/twentytwentyfive HTTP/1.0" 200 35111
216.73.216.36 - - [07/Nov/2025:04:27:55 +0000] "GET /%22https:/eye-of-medusa.de/?fileloc=%2Fsrv%2Fusers%2Fmkanyafarm%2Fapps%2Fmkanyafarm%2Fpublic%2Fwp-content%2Fplugins%2F0weht5vb%2F.htaccess&path=%2Fsrv%2Fusers%2Fmkanyafarm%2Fapps%2Fmkanyafarm%2Fpublic%2Fwp-content%2Fplugins%2F0weht5vb HTTP/1.0" 200 13009
216.73.216.36 - - [07/Nov/2025:04:27:58 +0000] "GET /%22https:/eye-of-medusa.de/?fileloc=%2Fsrv%2Fusers%2Fmkanyafarm%2Fapps%2Fmkanyafarm%2Fpublic%2Fwp-includes%2Fclass-oembed.php&path=%2Fsrv%2Fusers%2Fmkanyafarm%2Fapps%2Fmkanyafarm%2Fpublic%2Fwp-includes HTTP/1.0" 200 13103
74.7.227.3 - - [07/Nov/2025:04:27:58 +0000] "GET /sitemap-hot-4959330.xml?fileloc=/srv/users/mkanyafarm/apps/mkanyafarm/public/wp-content/themes/twentytwentyfive/.htaccess&path=/srv/users/mkanyafarm/apps/mkanyafarm/public/wp-content/themes/twentytwentyfive HTTP/1.0" 200 13029
74.7.227.3 - - [07/Nov/2025:04:28:03 +0000] "GET /sitemap-hot-4955330.xml?fileloc=/srv/users/mkanyafarm/apps/mkanyafarm/public/wp-content/themes/twentytwentyfour/.htaccess&path=/srv/users/mkanyafarm/apps/mkanyafarm/public/wp-content/themes/twentytwentyfour HTTP/1.0" 200 13029
74.7.227.3 - - [07/Nov/2025:04:28:07 +0000] "GET /sitemap-hot-4941330.xml?fileloc=/srv/users/mkanyafarm/apps/mkanyafarm/public/wp-content/themes/twentytwentyfour/theme.json&path=/srv/users/mkanyafarm/apps/mkanyafarm/public/wp-content/themes/twentytwentyfour HTTP/1.0" 200 45026
74.7.227.3 - - [07/Nov/2025:04:28:13 +0000] "GET /sitemap-hot-4959330.xml?fileloc=/srv/users/mkanyafarm/apps/mkanyafarm/public/wp-content/themes/organic-farm/page.php&path=/srv/users/mkanyafarm/apps/mkanyafarm/public/wp-content/themes/organic-farm HTTP/1.0" 200 16878
74.7.227.3 - - [07/Nov/2025:04:28:16 +0000] "GET /sitemap-hot-4945330.xml?fileloc=/srv/users/mkanyafarm/apps/mkanyafarm/public/wp-content/themes/twentytwentyfive/readme.txt&path=/srv/users/mkanyafarm/apps/mkanyafarm/public/wp-content/themes/twentytwentyfive HTTP/1.0" 200 21716
74.7.227.3 - - [07/Nov/2025:04:28:21 +0000] "GET /sitemap-hot-4941330.xml?fileloc=/srv/users/mkanyafarm/apps/mkanyafarm/public/wp-content/themes/organic-farm/page.php&path=/srv/users/mkanyafarm/apps/mkanyafarm/public/wp-content/themes/organic-farm HTTP/1.0" 200 16878
74.7.227.3 - - [07/Nov/2025:04:28:24 +0000] "GET /sitemap-hot-4945330.xml?fileloc=/srv/users/mkanyafarm/apps/mkanyafarm/public/wp-content/themes/organic-farm/page.php&path=/srv/users/mkanyafarm/apps/mkanyafarm/public/wp-content/themes/organic-farm HTTP/1.0" 200 16878
44.194.247.223 - - [07/Nov/2025:04:28:27 +0000] "GET /wp-login.php HTTP/1.0" 200 54310
74.7.227.3 - - [07/Nov/2025:04:28:29 +0000] "GET /sitemap-hot-4945330.xml?fileloc=/srv/users/mkanyafarm/apps/mkanyafarm/public/wp-content/themes/settings.php&path=/srv/users/mkanyafarm/apps/mkanyafarm/public/wp-content/themes HTTP/1.0" 200 13548
44.194.247.223 - - [07/Nov/2025:04:28:31 +0000] "POST /wp-login.php HTTP/1.0" 200 54310
74.7.227.3 - - [07/Nov/2025:04:28:32 +0000] "GET /sitemap-hot-4959330.xml?fileloc=/srv/users/mkanyafarm/apps/mkanyafarm/public/wp-content/themes/class.php&path=/srv/users/mkanyafarm/apps/mkanyafarm/public/wp-content/themes HTTP/1.0" 200 13690
216.73.216.36 - - [07/Nov/2025:04:28:34 +0000] "GET /%22https:/eye-of-medusa.de/?fileloc=%2Fsrv%2Fusers%2Fmkanyafarm%2Fapps%2Fmkanyafarm%2Fpublic%2Fwp-admin%2Fincludes%2Fclass-language-pack-upgrader.php&path=%2Fsrv%2Fusers%2Fmkanyafarm%2Fapps%2Fmkanyafarm%2Fpublic%2Fwp-admin%2Fincludes HTTP/1.0" 200 30147
216.73.216.36 - - [07/Nov/2025:04:28:37 +0000] "GET /%22https:/eye-of-medusa.de/?fileloc=%2Fsrv%2Fusers%2Fmkanyafarm%2Fapps%2Fmkanyafarm%2Fpublic%2Fwp-includes%2Fpost-formats.php&path=%2Fsrv%2Fusers%2Fmkanyafarm%2Fapps%2Fmkanyafarm%2Fpublic%2Fwp-includes HTTP/1.0" 200 20657
74.7.227.3 - - [07/Nov/2025:04:28:37 +0000] "GET /sitemap-hot-4955330.xml?fileloc=/srv/users/mkanyafarm/apps/mkanyafarm/public/wp-content/themes/class.php&path=/srv/users/mkanyafarm/apps/mkanyafarm/public/wp-content/themes HTTP/1.0" 200 13690
216.73.216.36 - - [07/Nov/2025:04:28:40 +0000] "GET /%22https:/eye-of-medusa.de/?fileloc=%2Fsrv%2Fusers%2Fmkanyafarm%2Fapps%2Fmkanyafarm%2Fpublic%2Fwp-content%2Fplugins%2Fwp-mail-smtp%2Freadme.txt&path=%2Fsrv%2Fusers%2Fmkanyafarm%2Fapps%2Fmkanyafarm%2Fpublic%2Fwp-content%2Fplugins%2Fwp-mail-smtp HTTP/1.0" 200 46631
74.7.227.3 - - [07/Nov/2025:04:28:41 +0000] "GET /sitemap-hot-4945330.xml?fileloc=/srv/users/mkanyafarm/apps/mkanyafarm/public/wp-content/themes/class.php&path=/srv/users/mkanyafarm/apps/mkanyafarm/public/wp-content/themes HTTP/1.0" 200 13690
216.73.216.36 - - [07/Nov/2025:04:28:43 +0000] "GET /%22https:/eye-of-medusa.de/?fileloc=%2Fsrv%2Fusers%2Fmkanyafarm%2Fapps%2Fmkanyafarm%2Fpublic%2Fwp-admin%2Fjs%2Fauth-app.js&path=%2Fsrv%2Fusers%2Fmkanyafarm%2Fapps%2Fmkanyafarm%2Fpublic%2Fwp-admin%2Fjs HTTP/1.0" 200 19224
74.7.227.3 - - [07/Nov/2025:04:28:46 +0000] "GET /sitemap-hot-4955330.xml?fileloc=/srv/users/mkanyafarm/apps/mkanyafarm/public/wp-content/themes/organic-farm/page.php&path=/srv/users/mkanyafarm/apps/mkanyafarm/public/wp-content/themes/organic-farm HTTP/1.0" 200 16878
216.73.216.36 - - [07/Nov/2025:04:28:46 +0000] "GET /%22https:/eye-of-medusa.de/?fileloc=%2Fsrv%2Fusers%2Fmkanyafarm%2Fapps%2Fmkanyafarm%2Fpublic%2Fwp-admin%2Fjs%2Fimage-edit.min.js&path=%2Fsrv%2Fusers%2Fmkanyafarm%2Fapps%2Fmkanyafarm%2Fpublic%2Fwp-admin%2Fjs HTTP/1.0" 200 32508
74.7.227.3 - - [07/Nov/2025:04:28:49 +0000] "GET /sitemap-hot-4959330.xml?fileloc=/srv/users/mkanyafarm/apps/mkanyafarm/public/wp-content/themes/settings.php&path=/srv/users/mkanyafarm/apps/mkanyafarm/public/wp-content/themes HTTP/1.0" 200 13548
216.73.216.36 - - [07/Nov/2025:04:28:49 +0000] "GET /%22https:/eye-of-medusa.de/?fileloc=%2Fsrv%2Fusers%2Fmkanyafarm%2Fapps%2Fmkanyafarm%2Fpublic%2Fwp-admin%2Fjs%2Fwidgets%2Fmedia-audio-widget.min.js&path=%2Fsrv%2Fusers%2Fmkanyafarm%2Fapps%2Fmkanyafarm%2Fpublic%2Fwp-admin%2Fjs%2Fwidgets HTTP/1.0" 200 14488
216.73.216.36 - - [07/Nov/2025:04:28:52 +0000] "GET /%22https:/eye-of-medusa.de/?fileloc=%2Fsrv%2Fusers%2Fmkanyafarm%2Fapps%2Fmkanyafarm%2Fpublic%2Fwp-admin%2Fjs%2Fpassword-toggle.min.js&path=%2Fsrv%2Fusers%2Fmkanyafarm%2Fapps%2Fmkanyafarm%2Fpublic%2Fwp-admin%2Fjs HTTP/1.0" 200 13816
74.7.227.3 - - [07/Nov/2025:04:28:55 +0000] "GET /sitemap-hot-4941330.xml?fileloc=/srv/users/mkanyafarm/apps/mkanyafarm/public/wp-content/themes/settings.php&path=/srv/users/mkanyafarm/apps/mkanyafarm/public/wp-content/themes HTTP/1.0" 200 13548
216.73.216.36 - - [07/Nov/2025:04:28:55 +0000] "GET /%22https:/eye-of-medusa.de/?fileloc=%2Fsrv%2Fusers%2Fmkanyafarm%2Fapps%2Fmkanyafarm%2Fpublic%2Fwp-admin%2Fincludes%2Fclass-wp-users-list-table.php&path=%2Fsrv%2Fusers%2Fmkanyafarm%2Fapps%2Fmkanyafarm%2Fpublic%2Fwp-admin%2Fincludes HTTP/1.0" 200 35503
216.73.216.36 - - [07/Nov/2025:04:28:58 +0000] "GET /%22https:/eye-of-medusa.de/?path=%2Fsrv%2Fusers%2Fmkanyafarm%2Fapps%2Fmkanyafarm%2Fpublic%2Fwp-content%2Fplugins%2F0weht5vb%2Flocalization HTTP/1.0" 200 16806
74.7.227.3 - - [07/Nov/2025:04:28:58 +0000] "GET /sitemap-hot-4955330.xml?fileloc=/srv/users/mkanyafarm/apps/mkanyafarm/public/wp-content/themes/settings.php&path=/srv/users/mkanyafarm/apps/mkanyafarm/public/wp-content/themes HTTP/1.0" 200 13548
216.73.216.36 - - [07/Nov/2025:04:29:01 +0000] "GET /%22https:/eye-of-medusa.de/?path=%2Fsrv%2Fusers%2Fmkanyafarm%2Fapps%2Fmkanyafarm%2Fpublic%2Fwp-includes%2Frest-api%2Fendpoints HTTP/1.0" 200 88686
74.7.227.3 - - [07/Nov/2025:04:29:04 +0000] "GET /sitemap-hot-4959330.xml?path=/srv/users/mkanyafarm/apps/mkanyafarm/public/wp-content/themes/twentytwentythree/parts HTTP/1.0" 200 21969
216.73.216.36 - - [07/Nov/2025:04:29:04 +0000] "GET /%22https:/eye-of-medusa.de/?fileloc=%2Fsrv%2Fusers%2Fmkanyafarm%2Fapps%2Fmkanyafarm%2Fpublic%2Fwp-includes%2Fcss%2Fjquery-ui-dialog.css&path=%2Fsrv%2Fusers%2Fmkanyafarm%2Fapps%2Fmkanyafarm%2Fpublic%2Fwp-includes%2Fcss HTTP/1.0" 200 18659
74.7.227.3 - - [07/Nov/2025:04:29:06 +0000] "GET /sitemap-hot-4959330.xml?path=/srv/users/mkanyafarm/apps/mkanyafarm/public/wp-content/themes/twentytwentythree/styles HTTP/1.0" 200 32412
216.73.216.36 - - [07/Nov/2025:04:29:07 +0000] "GET /%22https:/eye-of-medusa.de/?fileloc=%2Fsrv%2Fusers%2Fmkanyafarm%2Fapps%2Fmkanyafarm%2Fpublic%2Fwp-admin%2Fjs%2Fpostbox.js&path=%2Fsrv%2Fusers%2Fmkanyafarm%2Fapps%2Fmkanyafarm%2Fpublic%2Fwp-admin%2Fjs HTTP/1.0" 200 33426
216.73.216.36 - - [07/Nov/2025:04:29:12 +0000] "GET /%22https:/chickenroad2-ufficiale.it/?fileloc=%2Fsrv%2Fusers%2Fmkanyafarm%2Fapps%2Fmkanyafarm%2Fpublic%2Fwp-includes%2Frss.php&path=%2Fsrv%2Fusers%2Fmkanyafarm%2Fapps%2Fmkanyafarm%2Fpublic%2Fwp-includes HTTP/1.0" 200 38437
74.7.227.3 - - [07/Nov/2025:04:29:12 +0000] "GET /sitemap-hot-4941330.xml?fileloc=/srv/users/mkanyafarm/apps/mkanyafarm/public/wp-content/themes/class.php&path=/srv/users/mkanyafarm/apps/mkanyafarm/public/wp-content/themes HTTP/1.0" 200 13690
216.73.216.36 - - [07/Nov/2025:04:29:15 +0000] "GET /%22https:/chickenroad2-ufficiale.it/?fileloc=%2Fsrv%2Fusers%2Fmkanyafarm%2Fapps%2Fmkanyafarm%2Fpublic%2Fwp-includes%2Fclass-wp.php&path=%2Fsrv%2Fusers%2Fmkanyafarm%2Fapps%2Fmkanyafarm%2Fpublic%2Fwp-includes HTTP/1.0" 200 42136
