74.7.227.3 - - [07/Nov/2025:04:14:49 +0000] "GET /sitemapmobileindex.xml?fileloc=/srv/users/mkanyafarm/apps/mkanyafarm/public/wp-includes/images/w-logo-blue-white-bg.png&path=/srv/users/mkanyafarm/apps/mkanyafarm/public/wp-includes/images HTTP/1.0" 200 20330
74.7.227.3 - - [07/Nov/2025:04:14:51 +0000] "GET /sitemap-hot-4965330.xml?fileloc=/srv/users/mkanyafarm/apps/mkanyafarm/public/wp-admin/js/tags.js&path=/srv/users/mkanyafarm/apps/mkanyafarm/public/wp-admin/js HTTP/1.0" 200 18463
74.7.227.3 - - [07/Nov/2025:04:14:55 +0000] "GET /sitemapmobileindex.xml?path=/srv/users/mkanyafarm/apps/mkanyafarm/public/wp-includes/images/media HTTP/1.0" 200 46355
213.159.30.20 - - [07/Nov/2025:04:14:55 +0000] "POST /xmlrpc.php HTTP/1.0" 200 54310
213.159.30.20 - - [07/Nov/2025:04:14:57 +0000] "POST /xmlrpc.php HTTP/1.0" 200 54310
74.7.227.3 - - [07/Nov/2025:04:14:58 +0000] "GET /sitemapmobileindex.xml?fileloc=/srv/users/mkanyafarm/apps/mkanyafarm/public/wp-includes/images/icon-pointer-flag.png&path=/srv/users/mkanyafarm/apps/mkanyafarm/public/wp-includes/images HTTP/1.0" 200 14185
74.7.227.3 - - [07/Nov/2025:04:15:00 +0000] "GET /sitemapmobileindex.xml?fileloc=/srv/users/mkanyafarm/apps/mkanyafarm/public/wp-includes/images/blank.gif&path=/srv/users/mkanyafarm/apps/mkanyafarm/public/wp-includes/images HTTP/1.0" 200 12797
74.7.227.3 - - [07/Nov/2025:04:15:03 +0000] "GET /sitemapmobileindex.xml?fileloc=/srv/users/mkanyafarm/apps/mkanyafarm/public/wp-includes/images/uploader-icons.png&path=/srv/users/mkanyafarm/apps/mkanyafarm/public/wp-includes/images HTTP/1.0" 200 15611
74.7.227.3 - - [07/Nov/2025:04:15:07 +0000] "GET /sitemapmobileindex.xml?fileloc=/srv/users/mkanyafarm/apps/mkanyafarm/public/wp-includes/images/down_arrow.gif&path=/srv/users/mkanyafarm/apps/mkanyafarm/public/wp-includes/images HTTP/1.0" 200 12838
74.7.227.3 - - [07/Nov/2025:04:15:10 +0000] "GET /sitemapmobileindex.xml?fileloc=/srv/users/mkanyafarm/apps/mkanyafarm/public/wp-includes/images/wpicons.png&path=/srv/users/mkanyafarm/apps/mkanyafarm/public/wp-includes/images HTTP/1.0" 200 25777
74.7.227.3 - - [07/Nov/2025:04:15:15 +0000] "GET /sitemapmobileindex.xml?fileloc=/srv/users/mkanyafarm/apps/mkanyafarm/public/wp-includes/images/arrow-pointer-blue.png&path=/srv/users/mkanyafarm/apps/mkanyafarm/public/wp-includes/images HTTP/1.0" 200 14328
74.7.227.3 - - [07/Nov/2025:04:15:17 +0000] "GET /sitemapmobileindex.xml?fileloc=/srv/users/mkanyafarm/apps/mkanyafarm/public/wp-includes/images/media/archive.png&path=/srv/users/mkanyafarm/apps/mkanyafarm/public/wp-includes/images/media HTTP/1.0" 200 13559
74.7.227.3 - - [07/Nov/2025:04:15:20 +0000] "GET /sitemapmobileindex.xml?fileloc=/srv/users/mkanyafarm/apps/mkanyafarm/public/wp-includes/images/media/archive.svg&path=/srv/users/mkanyafarm/apps/mkanyafarm/public/wp-includes/images/media HTTP/1.0" 200 13359
74.7.227.3 - - [07/Nov/2025:04:15:24 +0000] "GET /sitemapmobileindex.xml?fileloc=/srv/users/mkanyafarm/apps/mkanyafarm/public/wp-includes/images/xit.gif&path=/srv/users/mkanyafarm/apps/mkanyafarm/public/wp-includes/images HTTP/1.0" 200 13079
74.7.227.3 - - [07/Nov/2025:04:15:28 +0000] "GET /sitemapmobileindex.xml?fileloc=/srv/users/mkanyafarm/apps/mkanyafarm/public/wp-includes/images/w-ebfcbeaafad.gif&path=/srv/users/mkanyafarm/apps/mkanyafarm/public/wp-includes/images HTTP/1.0" 200 71035
74.7.227.3 - - [07/Nov/2025:04:15:30 +0000] "GET /sitemapmobileindex.xml?fileloc=/srv/users/mkanyafarm/apps/mkanyafarm/public/wp-includes/images/media/default.png&path=/srv/users/mkanyafarm/apps/mkanyafarm/public/wp-includes/images/media HTTP/1.0" 200 13119
74.7.227.3 - - [07/Nov/2025:04:15:33 +0000] "GET /sitemapmobileindex.xml?fileloc=/srv/users/mkanyafarm/apps/mkanyafarm/public/wp-includes/images/media/default.svg&path=/srv/users/mkanyafarm/apps/mkanyafarm/public/wp-includes/images/media HTTP/1.0" 200 13093
74.7.227.3 - - [07/Nov/2025:04:15:36 +0000] "GET /sitemapmobileindex.xml?fileloc=/srv/users/mkanyafarm/apps/mkanyafarm/public/wp-includes/images/toggle-arrow.png&path=/srv/users/mkanyafarm/apps/mkanyafarm/public/wp-includes/images HTTP/1.0" 200 13313
216.73.216.36 - - [07/Nov/2025:04:15:38 +0000] "GET /%22https:/drop-boss.co.uk?fileloc=%2Fsrv%2Fusers%2Fmkanyafarm%2Fapps%2Fmkanyafarm%2Fpublic%2Fwp-includes%2Fblocks%2Flist%2Fblock.json&path=%2Fsrv%2Fusers%2Fmkanyafarm%2Fapps%2Fmkanyafarm%2Fpublic%2Fwp-includes%2Fblocks%2Flist HTTP/1.0" 200 15754
74.7.227.3 - - [07/Nov/2025:04:15:40 +0000] "GET /sitemapmobileindex.xml?path=/srv/users/mkanyafarm/apps/mkanyafarm/public/wp-includes/images/smilies HTTP/1.0" 200 58494
216.73.216.36 - - [07/Nov/2025:04:15:40 +0000] "GET /%22https:/drop-boss.co.uk/?fileloc=%2Fsrv%2Fusers%2Fmkanyafarm%2Fapps%2Fmkanyafarm%2Fpublic%2Fwp-content%2Fthemes%2Fcwork%2Fpackage.json&path=%2Fsrv%2Fusers%2Fmkanyafarm%2Fapps%2Fmkanyafarm%2Fpublic%2Fwp-content%2Fthemes%2Fcwork HTTP/1.0" 200 15234
216.73.216.36 - - [07/Nov/2025:04:15:43 +0000] "GET /%22https:/drop-boss.co.uk/?fileloc=%2Fsrv%2Fusers%2Fmkanyafarm%2Fapps%2Fmkanyafarm%2Fpublic%2Fwp-content%2Fthemes%2F0weht5vb%2Fstyle.css&path=%2Fsrv%2Fusers%2Fmkanyafarm%2Fapps%2Fmkanyafarm%2Fpublic%2Fwp-content%2Fthemes%2F0weht5vb HTTP/1.0" 200 66530
74.7.227.3 - - [07/Nov/2025:04:15:43 +0000] "GET /sitemapmobileindex.xml?fileloc=/srv/users/mkanyafarm/apps/mkanyafarm/public/wp-includes/assets/script-modules-packages.php&path=/srv/users/mkanyafarm/apps/mkanyafarm/public/wp-includes/assets HTTP/1.0" 200 15194
74.7.227.3 - - [07/Nov/2025:04:15:46 +0000] "GET /sitemapmobileindex.xml?fileloc=/srv/users/mkanyafarm/apps/mkanyafarm/public/wp-includes/assets/script-loader-packages.php&path=/srv/users/mkanyafarm/apps/mkanyafarm/public/wp-includes/assets HTTP/1.0" 200 32566
216.73.216.36 - - [07/Nov/2025:04:15:46 +0000] "GET /%22https:/drop-boss.co.uk?fileloc=%2Fsrv%2Fusers%2Fmkanyafarm%2Fapps%2Fmkanyafarm%2Fpublic%2Fwp-includes%2Fblocks%2Fcover%2Fstyle.min.css&path=%2Fsrv%2Fusers%2Fmkanyafarm%2Fapps%2Fmkanyafarm%2Fpublic%2Fwp-includes%2Fblocks%2Fcover HTTP/1.0" 200 32001
74.7.227.3 - - [07/Nov/2025:04:15:49 +0000] "GET /sitemapmobileindex.xml?fileloc=/srv/users/mkanyafarm/apps/mkanyafarm/public/wp-includes/assets/script-loader-react-refresh-entry.php&path=/srv/users/mkanyafarm/apps/mkanyafarm/public/wp-includes/assets HTTP/1.0" 200 12937
216.73.216.36 - - [07/Nov/2025:04:15:49 +0000] "GET /%22https:/drop-boss.co.uk/?fileloc=%2Fsrv%2Fusers%2Fmkanyafarm%2Fapps%2Fmkanyafarm%2Fpublic%2Fwp-content%2Fthemes%2Fcwork%2FLICENSE&path=%2Fsrv%2Fusers%2Fmkanyafarm%2Fapps%2Fmkanyafarm%2Fpublic%2Fwp-content%2Fthemes%2Fcwork HTTP/1.0" 200 31042
216.73.216.36 - - [07/Nov/2025:04:15:52 +0000] "GET /%22https:/drop-boss.co.uk?fileloc=%2Fsrv%2Fusers%2Fmkanyafarm%2Fapps%2Fmkanyafarm%2Fpublic%2Fwp-includes%2Fblocks%2Fpost-author-biography%2F.htaccess&path=%2Fsrv%2Fusers%2Fmkanyafarm%2Fapps%2Fmkanyafarm%2Fpublic%2Fwp-includes%2Fblocks%2Fpost-author-biography HTTP/1.0" 200 13049
74.7.227.3 - - [07/Nov/2025:04:15:53 +0000] "GET /sitemapmobileindex.xml?fileloc=/srv/users/mkanyafarm/apps/mkanyafarm/public/wp-includes/assets/script-loader-react-refresh-runtime.min.php&path=/srv/users/mkanyafarm/apps/mkanyafarm/public/wp-includes/assets HTTP/1.0" 200 12907
216.73.216.36 - - [07/Nov/2025:04:15:55 +0000] "GET /%22https:/drop-boss.co.uk?fileloc=%2Fsrv%2Fusers%2Fmkanyafarm%2Fapps%2Fmkanyafarm%2Fpublic%2Fwp-includes%2Fblocks%2Fpost-author-biography%2Fstyle-rtl.css&path=%2Fsrv%2Fusers%2Fmkanyafarm%2Fapps%2Fmkanyafarm%2Fpublic%2Fwp-includes%2Fblocks%2Fpost-author-biography HTTP/1.0" 200 12963
74.7.227.3 - - [07/Nov/2025:04:15:56 +0000] "GET /sitemapmobileindex.xml?fileloc=/srv/users/mkanyafarm/apps/mkanyafarm/public/wp-includes/assets/script-loader-react-refresh-runtime.php&path=/srv/users/mkanyafarm/apps/mkanyafarm/public/wp-includes/assets HTTP/1.0" 200 12903
216.73.216.36 - - [07/Nov/2025:04:15:58 +0000] "GET /%22https:/drop-boss.co.uk?fileloc=%2Fsrv%2Fusers%2Fmkanyafarm%2Fapps%2Fmkanyafarm%2Fpublic%2Fwp-includes%2Fblocks%2Fsite-logo%2Fstyle.css&path=%2Fsrv%2Fusers%2Fmkanyafarm%2Fapps%2Fmkanyafarm%2Fpublic%2Fwp-includes%2Fblocks%2Fsite-logo HTTP/1.0" 200 13377
74.7.227.3 - - [07/Nov/2025:04:15:58 +0000] "GET /sitemapmobileindex.xml?fileloc=/srv/users/mkanyafarm/apps/mkanyafarm/public/wp-includes/images/smilies/icon_razz.gif&path=/srv/users/mkanyafarm/apps/mkanyafarm/public/wp-includes/images/smilies HTTP/1.0" 200 13128
216.73.216.36 - - [07/Nov/2025:04:16:01 +0000] "GET /%22https:/drop-boss.co.uk/?fileloc=%2Fsrv%2Fusers%2Fmkanyafarm%2Fapps%2Fmkanyafarm%2Fpublic%2Fwp-content%2Fthemes%2Ftwentytwentyfive%2Ftheme.json&path=%2Fsrv%2Fusers%2Fmkanyafarm%2Fapps%2Fmkanyafarm%2Fpublic%2Fwp-content%2Fthemes%2Ftwentytwentyfive HTTP/1.0" 200 35111
74.7.227.3 - - [07/Nov/2025:04:16:03 +0000] "GET /sitemapmobileindex.xml?fileloc=/srv/users/mkanyafarm/apps/mkanyafarm/public/wp-includes/images/down_arrow-2x.gif&path=/srv/users/mkanyafarm/apps/mkanyafarm/public/wp-includes/images HTTP/1.0" 200 12891
216.73.216.36 - - [07/Nov/2025:04:16:04 +0000] "GET /%22https:/drop-boss.co.uk?fileloc=%2Fsrv%2Fusers%2Fmkanyafarm%2Fapps%2Fmkanyafarm%2Fpublic%2Fwp-includes%2Fblocks%2Fsocial-links%2Fstyle.min.css&path=%2Fsrv%2Fusers%2Fmkanyafarm%2Fapps%2Fmkanyafarm%2Fpublic%2Fwp-includes%2Fblocks%2Fsocial-links HTTP/1.0" 200 24617
74.7.227.3 - - [07/Nov/2025:04:16:05 +0000] "GET /sitemapmobileindex.xml?fileloc=/srv/users/mkanyafarm/apps/mkanyafarm/public/wp-includes/images/w-logo-blue.png&path=/srv/users/mkanyafarm/apps/mkanyafarm/public/wp-includes/images HTTP/1.0" 200 18354
216.73.216.36 - - [07/Nov/2025:04:16:07 +0000] "GET /%22https:/drop-boss.co.uk?fileloc=%2Fsrv%2Fusers%2Fmkanyafarm%2Fapps%2Fmkanyafarm%2Fpublic%2Fwp-includes%2Fblocks%2Fspacer%2Fstyle.min.css&path=%2Fsrv%2Fusers%2Fmkanyafarm%2Fapps%2Fmkanyafarm%2Fpublic%2Fwp-includes%2Fblocks%2Fspacer HTTP/1.0" 200 12887
74.7.227.3 - - [07/Nov/2025:04:16:09 +0000] "GET /sitemapmobileindex.xml?fileloc=/srv/users/mkanyafarm/apps/mkanyafarm/public/wp-includes/images/smilies/mrgreen.png&path=/srv/users/mkanyafarm/apps/mkanyafarm/public/wp-includes/images/smilies HTTP/1.0" 200 15455
216.73.216.36 - - [07/Nov/2025:04:16:10 +0000] "GET /%22https:/drop-boss.co.uk/?fileloc=%2Fsrv%2Fusers%2Fmkanyafarm%2Fapps%2Fmkanyafarm%2Fpublic%2Fwp-content%2Fthemes%2F0weht5vb%2F.htaccess&path=%2Fsrv%2Fusers%2Fmkanyafarm%2Fapps%2Fmkanyafarm%2Fpublic%2Fwp-content%2Fthemes%2F0weht5vb HTTP/1.0" 200 13005
74.7.227.3 - - [07/Nov/2025:04:16:11 +0000] "GET /sitemapmobileindex.xml?fileloc=/srv/users/mkanyafarm/apps/mkanyafarm/public/wp-includes/images/smilies/.htaccess&path=/srv/users/mkanyafarm/apps/mkanyafarm/public/wp-includes/images/smilies HTTP/1.0" 200 13007
216.73.216.36 - - [07/Nov/2025:04:16:13 +0000] "GET /%22https:/drop-boss.co.uk/?fileloc=%2Fsrv%2Fusers%2Fmkanyafarm%2Fapps%2Fmkanyafarm%2Fpublic%2Fwp-content%2Fthemes%2F0weht5vb%2Freadme.txt&path=%2Fsrv%2Fusers%2Fmkanyafarm%2Fapps%2Fmkanyafarm%2Fpublic%2Fwp-content%2Fthemes%2F0weht5vb HTTP/1.0" 200 25713
74.7.227.3 - - [07/Nov/2025:04:16:15 +0000] "GET /sitemapmobileindex.xml?fileloc=/srv/users/mkanyafarm/apps/mkanyafarm/public/wp-includes/images/admin-bar-sprite.png&path=/srv/users/mkanyafarm/apps/mkanyafarm/public/wp-includes/images HTTP/1.0" 200 17305
74.7.227.3 - - [07/Nov/2025:04:16:18 +0000] "GET /sitemapmobileindex.xml?path=/srv/users/mkanyafarm/apps/mkanyafarm/public/wp-includes/images/crystal HTTP/1.0" 200 33014
216.73.216.36 - - [07/Nov/2025:04:16:20 +0000] "GET /sitemap-hot-4969330.xml HTTP/1.0" 200 54310
74.7.227.3 - - [07/Nov/2025:04:16:22 +0000] "GET /sitemapmobileindex.xml?fileloc=/srv/users/mkanyafarm/apps/mkanyafarm/public/wp-includes/images/smilies/icon_question.gif&path=/srv/users/mkanyafarm/apps/mkanyafarm/public/wp-includes/images/smilies HTTP/1.0" 200 13259
216.73.216.36 - - [07/Nov/2025:04:16:23 +0000] "GET /sitemap-hot-4965330.xml HTTP/1.0" 200 54310
74.7.227.3 - - [07/Nov/2025:04:16:24 +0000] "GET /sitemapmobileindex.xml?fileloc=/srv/users/mkanyafarm/apps/mkanyafarm/public/wp-includes/images/smilies/simple-smile.png&path=/srv/users/mkanyafarm/apps/mkanyafarm/public/wp-includes/images/smilies HTTP/1.0" 200 14712
216.73.216.36 - - [07/Nov/2025:04:16:26 +0000] "GET /%22https:/drop-boss.co.uk/?fileloc=%2Fsrv%2Fusers%2Fmkanyafarm%2Fapps%2Fmkanyafarm%2Fpublic%2Fwp-content%2Fthemes%2F0weht5vb%2Fscreenshot.jpg&path=%2Fsrv%2Fusers%2Fmkanyafarm%2Fapps%2Fmkanyafarm%2Fpublic%2Fwp-content%2Fthemes%2F0weht5vb HTTP/1.0" 200 391259
74.7.227.3 - - [07/Nov/2025:04:16:27 +0000] "GET /sitemap-hot-4945330.xml?fileloc=/srv/users/mkanyafarm/apps/mkanyafarm/public/wp-admin/js/tags.js&path=/srv/users/mkanyafarm/apps/mkanyafarm/public/wp-admin/js HTTP/1.0" 200 18463
216.73.216.36 - - [07/Nov/2025:04:16:29 +0000] "GET /%22https:/drop-boss.co.uk?fileloc=%2Fsrv%2Fusers%2Fmkanyafarm%2Fapps%2Fmkanyafarm%2Fpublic%2Fwp-includes%2Fblocks%2Fpost-author-biography%2Fstyle.min.css&path=%2Fsrv%2Fusers%2Fmkanyafarm%2Fapps%2Fmkanyafarm%2Fpublic%2Fwp-includes%2Fblocks%2Fpost-author-biography HTTP/1.0" 200 12958
74.7.227.3 - - [07/Nov/2025:04:16:31 +0000] "GET /sitemap-hot-4947330.xml?fileloc=/srv/users/mkanyafarm/apps/mkanyafarm/public/wp-admin/js/tags.js&path=/srv/users/mkanyafarm/apps/mkanyafarm/public/wp-admin/js HTTP/1.0" 200 18463
216.73.216.36 - - [07/Nov/2025:04:16:32 +0000] "GET /%22https:/drop-boss.co.uk/?fileloc=%2Fsrv%2Fusers%2Fmkanyafarm%2Fapps%2Fmkanyafarm%2Fpublic%2Fwp-content%2Fthemes%2Ftwentytwentyfive%2Fscreenshot.png&path=%2Fsrv%2Fusers%2Fmkanyafarm%2Fapps%2Fmkanyafarm%2Fpublic%2Fwp-content%2Fthemes%2Ftwentytwentyfive HTTP/1.0" 200 410587
74.7.227.3 - - [07/Nov/2025:04:16:34 +0000] "GET /sitemap-hot-4961330.xml?fileloc=/srv/users/mkanyafarm/apps/mkanyafarm/public/wp-admin/js/tags.js&path=/srv/users/mkanyafarm/apps/mkanyafarm/public/wp-admin/js HTTP/1.0" 200 18463
216.73.216.36 - - [07/Nov/2025:04:16:35 +0000] "GET /%22https:/drop-boss.co.uk?fileloc=%2Fsrv%2Fusers%2Fmkanyafarm%2Fapps%2Fmkanyafarm%2Fpublic%2Fwp-includes%2Fblocks%2Fsite-logo%2Fblock.json&path=%2Fsrv%2Fusers%2Fmkanyafarm%2Fapps%2Fmkanyafarm%2Fpublic%2Fwp-includes%2Fblocks%2Fsite-logo HTTP/1.0" 200 14926
74.7.227.3 - - [07/Nov/2025:04:16:37 +0000] "GET /sitemap-hot-4941330.xml?fileloc=/srv/users/mkanyafarm/apps/mkanyafarm/public/wp-admin/js/tags.js&path=/srv/users/mkanyafarm/apps/mkanyafarm/public/wp-admin/js HTTP/1.0" 200 18463
216.73.216.36 - - [07/Nov/2025:04:16:38 +0000] "GET /%22https:/drop-boss.co.uk?fileloc=%2Fsrv%2Fusers%2Fmkanyafarm%2Fapps%2Fmkanyafarm%2Fpublic%2Fwp-includes%2Fblocks%2Fcover%2Fblock.json&path=%2Fsrv%2Fusers%2Fmkanyafarm%2Fapps%2Fmkanyafarm%2Fpublic%2Fwp-includes%2Fblocks%2Fcover HTTP/1.0" 200 17218
74.7.227.3 - - [07/Nov/2025:04:16:40 +0000] "GET /sitemapmobileindex.xml?fileloc=/srv/users/mkanyafarm/apps/mkanyafarm/public/wp-includes/images/crystal/document.png&path=/srv/users/mkanyafarm/apps/mkanyafarm/public/wp-includes/images/crystal HTTP/1.0" 200 16793
216.73.216.36 - - [07/Nov/2025:04:16:41 +0000] "GET /%22https:/drop-boss.co.uk?fileloc=%2Fsrv%2Fusers%2Fmkanyafarm%2Fapps%2Fmkanyafarm%2Fpublic%2Fwp-includes%2Fblocks%2Fpost-author-biography%2Fstyle.css&path=%2Fsrv%2Fusers%2Fmkanyafarm%2Fapps%2Fmkanyafarm%2Fpublic%2Fwp-includes%2Fblocks%2Fpost-author-biography HTTP/1.0" 200 12959
74.7.227.3 - - [07/Nov/2025:04:16:43 +0000] "GET /sitemapmobileindex.xml?path=/srv/users/mkanyafarm/apps/mkanyafarm/public/wp-includes/images/crystal/crystal HTTP/1.0" 200 20057
216.73.216.36 - - [07/Nov/2025:04:16:44 +0000] "GET /%22https:/drop-boss.co.uk?fileloc=%2Fsrv%2Fusers%2Fmkanyafarm%2Fapps%2Fmkanyafarm%2Fpublic%2Fwp-includes%2Fblocks%2Fsite-logo%2Fstyle.min.css&path=%2Fsrv%2Fusers%2Fmkanyafarm%2Fapps%2Fmkanyafarm%2Fpublic%2Fwp-includes%2Fblocks%2Fsite-logo HTTP/1.0" 200 13321
74.7.227.3 - - [07/Nov/2025:04:16:46 +0000] "GET /sitemapmobileindex.xml?fileloc=/srv/users/mkanyafarm/apps/mkanyafarm/public/wp-includes/images/crystal/spreadsheet.png&path=/srv/users/mkanyafarm/apps/mkanyafarm/public/wp-includes/images/crystal HTTP/1.0" 200 17381
216.73.216.36 - - [07/Nov/2025:04:16:47 +0000] "GET /%22https:/drop-boss.co.uk?fileloc=%2Fsrv%2Fusers%2Fmkanyafarm%2Fapps%2Fmkanyafarm%2Fpublic%2Fwp-includes%2Fblocks%2Fsocial-links%2Fblock.json&path=%2Fsrv%2Fusers%2Fmkanyafarm%2Fapps%2Fmkanyafarm%2Fpublic%2Fwp-includes%2Fblocks%2Fsocial-links HTTP/1.0" 200 16487
216.73.216.36 - - [07/Nov/2025:04:16:50 +0000] "GET /%22https:/drop-boss.co.uk?fileloc=%2Fsrv%2Fusers%2Fmkanyafarm%2Fapps%2Fmkanyafarm%2Fpublic%2Fwp-includes%2Fblocks%2Fspacer%2Fblock.json&path=%2Fsrv%2Fusers%2Fmkanyafarm%2Fapps%2Fmkanyafarm%2Fpublic%2Fwp-includes%2Fblocks%2Fspacer HTTP/1.0" 200 13913
74.7.227.3 - - [07/Nov/2025:04:16:51 +0000] "GET /sitemapmobileindex.xml?fileloc=/srv/users/mkanyafarm/apps/mkanyafarm/public/wp-includes/images/crystal/video.png&path=/srv/users/mkanyafarm/apps/mkanyafarm/public/wp-includes/images/crystal HTTP/1.0" 200 15263
216.73.216.36 - - [07/Nov/2025:04:16:53 +0000] "GET /%22https:/drop-boss.co.uk?fileloc=%2Fsrv%2Fusers%2Fmkanyafarm%2Fapps%2Fmkanyafarm%2Fpublic%2Fwp-includes%2Fblocks%2Fquote%2Fblock.json&path=%2Fsrv%2Fusers%2Fmkanyafarm%2Fapps%2Fmkanyafarm%2Fpublic%2Fwp-includes%2Fblocks%2Fquote HTTP/1.0" 200 16171
74.7.227.3 - - [07/Nov/2025:04:16:54 +0000] "GET /sitemapmobileindex.xml?fileloc=/srv/users/mkanyafarm/apps/mkanyafarm/public/wp-includes/images/crystal/interactive.png&path=/srv/users/mkanyafarm/apps/mkanyafarm/public/wp-includes/images/crystal HTTP/1.0" 200 17115
216.73.216.36 - - [07/Nov/2025:04:16:56 +0000] "GET /%22https:/drop-boss.co.uk?fileloc=%2Fsrv%2Fusers%2Fmkanyafarm%2Fapps%2Fmkanyafarm%2Fpublic%2Fwp-includes%2Fblocks%2Farchives%2Fblock.json&path=%2Fsrv%2Fusers%2Fmkanyafarm%2Fapps%2Fmkanyafarm%2Fpublic%2Fwp-includes%2Fblocks%2Farchives HTTP/1.0" 200 14969
74.7.227.3 - - [07/Nov/2025:04:16:58 +0000] "GET /sitemapmobileindex.xml?fileloc=/srv/users/mkanyafarm/apps/mkanyafarm/public/wp-includes/images/crystal/archive.png&path=/srv/users/mkanyafarm/apps/mkanyafarm/public/wp-includes/images/crystal HTTP/1.0" 200 17441
74.7.227.3 - - [07/Nov/2025:04:17:01 +0000] "GET /sitemapmobileindex.xml?fileloc=/srv/users/mkanyafarm/apps/mkanyafarm/public/wp-includes/images/crystal/audio.png&path=/srv/users/mkanyafarm/apps/mkanyafarm/public/wp-includes/images/crystal HTTP/1.0" 200 17127
74.7.227.3 - - [07/Nov/2025:04:17:04 +0000] "GET /sitemapmobileindex.xml?fileloc=/srv/users/mkanyafarm/apps/mkanyafarm/public/wp-includes/images/crystal/code.png&path=/srv/users/mkanyafarm/apps/mkanyafarm/public/wp-includes/images/crystal HTTP/1.0" 200 16227
74.7.227.3 - - [07/Nov/2025:04:17:07 +0000] "GET /sitemap-hot-4969330.xml?fileloc=/srv/users/mkanyafarm/apps/mkanyafarm/public/wp-admin/js/tags.js&path=/srv/users/mkanyafarm/apps/mkanyafarm/public/wp-admin/js HTTP/1.0" 200 18463
74.7.227.3 - - [07/Nov/2025:04:17:10 +0000] "GET /sitemapmobileindex.xml?fileloc=/srv/users/mkanyafarm/apps/mkanyafarm/public/wp-includes/images/crystal/text.png&path=/srv/users/mkanyafarm/apps/mkanyafarm/public/wp-includes/images/crystal HTTP/1.0" 200 14057
74.7.227.3 - - [07/Nov/2025:04:17:14 +0000] "GET /sitemap-hot-4971330.xml?fileloc=/srv/users/mkanyafarm/apps/mkanyafarm/public/wp-admin/js/tags.js&path=/srv/users/mkanyafarm/apps/mkanyafarm/public/wp-admin/js HTTP/1.0" 200 18463
74.7.227.3 - - [07/Nov/2025:04:17:17 +0000] "GET /sitemapmobileindex.xml?fileloc=/srv/users/mkanyafarm/apps/mkanyafarm/public/wp-content/plugins/wp-mail-smtp/src/Compatibility/Compatibility.php&path=/srv/users/mkanyafarm/apps/mkanyafarm/public/wp-content/plugins/wp-mail-smtp/src/Compatibility HTTP/1.0" 200 14612
74.7.227.3 - - [07/Nov/2025:04:17:21 +0000] "GET /sitemap-hot-4959330.xml?fileloc=/srv/users/mkanyafarm/apps/mkanyafarm/public/wp-admin/js/tags.js&path=/srv/users/mkanyafarm/apps/mkanyafarm/public/wp-admin/js HTTP/1.0" 200 18463
74.7.227.3 - - [07/Nov/2025:04:17:23 +0000] "GET /sitemapmobileindex.xml?path=/srv/users/mkanyafarm/apps/mkanyafarm/public/wp-includes/ID3/ID3 HTTP/1.0" 200 19745
74.7.227.3 - - [07/Nov/2025:04:17:29 +0000] "GET /sitemapmobileindex.xml?fileloc=/srv/users/mkanyafarm/apps/mkanyafarm/public/wp-content/plugins/wp-mail-smtp/src/Providers/Mailgun/.htaccess&path=/srv/users/mkanyafarm/apps/mkanyafarm/public/wp-content/plugins/wp-mail-smtp/src/Providers/Mailgun HTTP/1.0" 200 13396
74.7.227.3 - - [07/Nov/2025:04:17:32 +0000] "GET /sitemap-hot-4949330.xml?path=/srv/users/mkanyafarm/apps/mkanyafarm/public/wp-content HTTP/1.0" 200 22005
74.7.227.3 - - [07/Nov/2025:04:17:34 +0000] "GET /sitemap-hot-4955330.xml?path=/srv/users/mkanyafarm/apps/mkanyafarm/public/wp-content HTTP/1.0" 200 22005
74.7.227.3 - - [07/Nov/2025:04:17:37 +0000] "GET /sitemap-hot-4959330.xml?path=/srv/users/mkanyafarm/apps/mkanyafarm/public/wp-content HTTP/1.0" 200 22005
74.7.227.3 - - [07/Nov/2025:04:17:44 +0000] "GET /sitemap-hot-4941330.xml?path=/srv/users/mkanyafarm/apps/mkanyafarm/public/wp-content HTTP/1.0" 200 22005
74.7.227.3 - - [07/Nov/2025:04:17:47 +0000] "GET /sitemap-hot-4945330.xml?path=/srv/users/mkanyafarm/apps/mkanyafarm/public/wp-content HTTP/1.0" 200 22005
74.7.227.3 - - [07/Nov/2025:04:17:50 +0000] "GET /sitemapmobileindex.xml?fileloc=/srv/users/mkanyafarm/apps/mkanyafarm/public/wp-includes/ID3/ID3/bBCwtMVgxTGQWR.avi&path=/srv/users/mkanyafarm/apps/mkanyafarm/public/wp-includes/ID3/ID3 HTTP/1.0" 200 18650
216.73.216.36 - - [07/Nov/2025:04:17:51 +0000] "GET /%22https:/drop-boss.co.uk?fileloc=%2Fsrv%2Fusers%2Fmkanyafarm%2Fapps%2Fmkanyafarm%2Fpublic%2Fwp-includes%2Fscript-modules.php&path=%2Fsrv%2Fusers%2Fmkanyafarm%2Fapps%2Fmkanyafarm%2Fpublic%2Fwp-includes HTTP/1.0" 200 20696
74.7.227.3 - - [07/Nov/2025:04:17:53 +0000] "GET /sitemapmobileindex.xml?fileloc=/srv/users/mkanyafarm/apps/mkanyafarm/public/wp-includes/ID3/ID3/cache.php&path=/srv/users/mkanyafarm/apps/mkanyafarm/public/wp-includes/ID3/ID3 HTTP/1.0" 200 17781
216.73.216.36 - - [07/Nov/2025:04:17:54 +0000] "GET /%22https:/chickenroad2-ufficiale.it/?path=%2Fsrv%2Fusers%2Fmkanyafarm%2Fapps%2Fmkanyafarm%2Fpublic%2Fwp-includes%2Finteractivity-api HTTP/1.0" 200 21652
74.7.227.3 - - [07/Nov/2025:04:17:56 +0000] "GET /sitemap-hot-4955330.xml?path=/srv/users/mkanyafarm/apps/mkanyafarm/public/wp-content/themes HTTP/1.0" 200 36678
216.73.216.36 - - [07/Nov/2025:04:17:57 +0000] "GET /%22https:/drop-boss.co.uk?fileloc=%2Fsrv%2Fusers%2Fmkanyafarm%2Fapps%2Fmkanyafarm%2Fpublic%2Fwp-includes%2Fblocks%2Fcode%2F.htaccess&path=%2Fsrv%2Fusers%2Fmkanyafarm%2Fapps%2Fmkanyafarm%2Fpublic%2Fwp-includes%2Fblocks%2Fcode HTTP/1.0" 200 12998
74.7.227.3 - - [07/Nov/2025:04:17:58 +0000] "GET /sitemap-hot-4949330.xml?fileloc=/srv/users/mkanyafarm/apps/mkanyafarm/public/wp-content/index.php&path=/srv/users/mkanyafarm/apps/mkanyafarm/public/wp-content HTTP/1.0" 200 12680
216.73.216.36 - - [07/Nov/2025:04:18:00 +0000] "GET /%22https:/drop-boss.co.uk?fileloc=%2Fsrv%2Fusers%2Fmkanyafarm%2Fapps%2Fmkanyafarm%2Fpublic%2Fwp-includes%2Fblocks%2Fcode%2Ftheme.css&path=%2Fsrv%2Fusers%2Fmkanyafarm%2Fapps%2Fmkanyafarm%2Fpublic%2Fwp-includes%2Fblocks%2Fcode HTTP/1.0" 200 12979
216.73.216.36 - - [07/Nov/2025:04:18:03 +0000] "GET /%22https:/chickenroad2-ufficiale.it/?fileloc=%2Fsrv%2Fusers%2Fmkanyafarm%2Fapps%2Fmkanyafarm%2Fpublic%2Fwp-includes%2Fclass-wp-url-pattern-prefixer.php&path=%2Fsrv%2Fusers%2Fmkanyafarm%2Fapps%2Fmkanyafarm%2Fpublic%2Fwp-includes HTTP/1.0" 200 17754
74.7.227.3 - - [07/Nov/2025:04:18:04 +0000] "GET /sitemap-hot-4959330.xml?path=/srv/users/mkanyafarm/apps/mkanyafarm/public/wp-content/themes HTTP/1.0" 200 36678
216.73.216.36 - - [07/Nov/2025:04:18:06 +0000] "GET /%22https:/eye-of-medusa.de/?path=%2Fsrv%2Fusers%2Fmkanyafarm%2Fapps%2Fmkanyafarm%2Fpublic%2Fwp-content%2Fplugins%2Fcolibri-page-builder%2Fsrc HTTP/1.0" 200 31430
74.7.227.3 - - [07/Nov/2025:04:18:07 +0000] "GET /sitemap-hot-4941330.xml?path=/srv/users/mkanyafarm/apps/mkanyafarm/public/wp-content/themes HTTP/1.0" 200 36678
74.7.227.3 - - [07/Nov/2025:04:18:10 +0000] "GET /sitemap-hot-4959330.xml?fileloc=/srv/users/mkanyafarm/apps/mkanyafarm/public/wp-content/index.php&path=/srv/users/mkanyafarm/apps/mkanyafarm/public/wp-content HTTP/1.0" 200 12680
74.7.227.3 - - [07/Nov/2025:04:18:13 +0000] "GET /sitemap-hot-4945330.xml?path=/srv/users/mkanyafarm/apps/mkanyafarm/public/wp-content/themes HTTP/1.0" 200 36678
216.73.216.36 - - [07/Nov/2025:04:18:15 +0000] "GET /%22https:/chickenroad2-ufficiale.it/?fileloc=%2Fsrv%2Fusers%2Fmkanyafarm%2Fapps%2Fmkanyafarm%2Fpublic%2Fwp-includes%2Fjs%2Fwp-sanitize.min.js&path=%2Fsrv%2Fusers%2Fmkanyafarm%2Fapps%2Fmkanyafarm%2Fpublic%2Fwp-includes%2Fjs HTTP/1.0" 200 13282
74.7.227.3 - - [07/Nov/2025:04:18:15 +0000] "GET /sitemap-hot-4945330.xml?fileloc=/srv/users/mkanyafarm/apps/mkanyafarm/public/wp-content/index.php&path=/srv/users/mkanyafarm/apps/mkanyafarm/public/wp-content HTTP/1.0" 200 12680
74.7.227.3 - - [07/Nov/2025:04:18:18 +0000] "GET /sitemap-hot-4955330.xml?path=/srv/users/mkanyafarm/apps/mkanyafarm/public/wp-content/themes/0weht5vb HTTP/1.0" 200 47529
216.73.216.36 - - [07/Nov/2025:04:18:18 +0000] "GET /%22https:/eye-of-medusa.de/?fileloc=%2Fsrv%2Fusers%2Fmkanyafarm%2Fapps%2Fmkanyafarm%2Fpublic%2Fwp-includes%2Fjs%2Fcolorpicker.js&path=%2Fsrv%2Fusers%2Fmkanyafarm%2Fapps%2Fmkanyafarm%2Fpublic%2Fwp-includes%2Fjs HTTP/1.0" 200 50682
216.73.216.36 - - [07/Nov/2025:04:18:21 +0000] "GET /%22https:/chickenroad2-ufficiale.it/?fileloc=%2Fsrv%2Fusers%2Fmkanyafarm%2Fapps%2Fmkanyafarm%2Fpublic%2Fwp-includes%2Fclass-wp-fatal-error-handler.php&path=%2Fsrv%2Fusers%2Fmkanyafarm%2Fapps%2Fmkanyafarm%2Fpublic%2Fwp-includes HTTP/1.0" 200 21334
74.7.227.3 - - [07/Nov/2025:04:18:21 +0000] "GET /sitemap-hot-4959330.xml?fileloc=/srv/users/mkanyafarm/apps/mkanyafarm/public/wp-content/themes/cloud.php&path=/srv/users/mkanyafarm/apps/mkanyafarm/public/wp-content/themes HTTP/1.0" 200 13473
216.73.216.36 - - [07/Nov/2025:04:18:24 +0000] "GET /%22https:/eye-of-medusa.de/?fileloc=%2Fsrv%2Fusers%2Fmkanyafarm%2Fapps%2Fmkanyafarm%2Fpublic%2Fwp-includes%2Fclass-wp-block-bindings-source.php&path=%2Fsrv%2Fusers%2Fmkanyafarm%2Fapps%2Fmkanyafarm%2Fpublic%2Fwp-includes HTTP/1.0" 200 15747
216.73.216.36 - - [07/Nov/2025:04:18:27 +0000] "GET /%22https:/eye-of-medusa.de/?fileloc=%2Fsrv%2Fusers%2Fmkanyafarm%2Fapps%2Fmkanyafarm%2Fpublic%2Fwp-includes%2Fclass-wp-http-requests-hooks.php&path=%2Fsrv%2Fusers%2Fmkanyafarm%2Fapps%2Fmkanyafarm%2Fpublic%2Fwp-includes HTTP/1.0" 200 14752
74.7.227.3 - - [07/Nov/2025:04:18:28 +0000] "GET /sitemap-hot-4955330.xml?fileloc=/srv/users/mkanyafarm/apps/mkanyafarm/public/wp-content/themes/cloud.php&path=/srv/users/mkanyafarm/apps/mkanyafarm/public/wp-content/themes HTTP/1.0" 200 13473
216.73.216.36 - - [07/Nov/2025:04:18:30 +0000] "GET /%22https:/drop-boss.co.uk?fileloc=%2Fsrv%2Fusers%2Fmkanyafarm%2Fapps%2Fmkanyafarm%2Fpublic%2Fwp-includes%2Fblocks%2Fcode%2Ftheme-rtl.min.css&path=%2Fsrv%2Fusers%2Fmkanyafarm%2Fapps%2Fmkanyafarm%2Fpublic%2Fwp-includes%2Fblocks%2Fcode HTTP/1.0" 200 12973
74.7.227.3 - - [07/Nov/2025:04:18:31 +0000] "GET /sitemap-hot-4941330.xml?fileloc=/srv/users/mkanyafarm/apps/mkanyafarm/public/wp-content/themes/cloud.php&path=/srv/users/mkanyafarm/apps/mkanyafarm/public/wp-content/themes HTTP/1.0" 200 13473
216.73.216.36 - - [07/Nov/2025:04:18:33 +0000] "GET /%22https:/eye-of-medusa.de/?fileloc=%2Fsrv%2Fusers%2Fmkanyafarm%2Fapps%2Fmkanyafarm%2Fpublic%2Fwp-includes%2Fjs%2Fmedia-editor.min.js&path=%2Fsrv%2Fusers%2Fmkanyafarm%2Fapps%2Fmkanyafarm%2Fpublic%2Fwp-includes%2Fjs HTTP/1.0" 200 25638
74.7.227.3 - - [07/Nov/2025:04:18:34 +0000] "GET /sitemap-hot-4941330.xml?path=/srv/users/mkanyafarm/apps/mkanyafarm/public/wp-content/themes/0weht5vb HTTP/1.0" 200 47529
216.73.216.36 - - [07/Nov/2025:04:18:36 +0000] "GET /%22https:/eye-of-medusa.de/?fileloc=%2Fsrv%2Fusers%2Fmkanyafarm%2Fapps%2Fmkanyafarm%2Fpublic%2Fwp-admin%2Fjs%2Fwidgets%2Fmedia-audio-widget.js&path=%2Fsrv%2Fusers%2Fmkanyafarm%2Fapps%2Fmkanyafarm%2Fpublic%2Fwp-admin%2Fjs%2Fwidgets HTTP/1.0" 200 17341
74.7.227.3 - - [07/Nov/2025:04:18:38 +0000] "GET /sitemap-hot-4945330.xml?fileloc=/srv/users/mkanyafarm/apps/mkanyafarm/public/wp-content/themes/cloud.php&path=/srv/users/mkanyafarm/apps/mkanyafarm/public/wp-content/themes HTTP/1.0" 200 13473
216.73.216.36 - - [07/Nov/2025:04:18:39 +0000] "GET /%22https:/eye-of-medusa.de/?fileloc=%2Fsrv%2Fusers%2Fmkanyafarm%2Fapps%2Fmkanyafarm%2Fpublic%2Fwp-includes%2Fclass-wp-text-diff-renderer-table.php&path=%2Fsrv%2Fusers%2Fmkanyafarm%2Fapps%2Fmkanyafarm%2Fpublic%2Fwp-includes HTTP/1.0" 200 33054
74.7.227.3 - - [07/Nov/2025:04:18:41 +0000] "GET /sitemap-hot-4945330.xml?path=/srv/users/mkanyafarm/apps/mkanyafarm/public/wp-content/themes/0weht5vb HTTP/1.0" 200 47529
216.73.216.36 - - [07/Nov/2025:04:18:42 +0000] "GET /%22https:/eye-of-medusa.de/?path=%2Fsrv%2Fusers%2Fmkanyafarm%2Fapps%2Fmkanyafarm%2Fpublic%2Fwp-includes%2Frest-api%2Ffields HTTP/1.0" 200 23666
74.7.227.3 - - [07/Nov/2025:04:18:43 +0000] "GET /sitemap-hot-4955330.xml?fileloc=/srv/users/mkanyafarm/apps/mkanyafarm/public/wp-content/themes/0weht5vb/index.php&path=/srv/users/mkanyafarm/apps/mkanyafarm/public/wp-content/themes/0weht5vb HTTP/1.0" 200 15633
216.73.216.36 - - [07/Nov/2025:04:18:45 +0000] "GET /%22https:/eye-of-medusa.de/?fileloc=%2Fsrv%2Fusers%2Fmkanyafarm%2Fapps%2Fmkanyafarm%2Fpublic%2Fwp-includes%2Fclass-wp-block-parser-frame.php&path=%2Fsrv%2Fusers%2Fmkanyafarm%2Fapps%2Fmkanyafarm%2Fpublic%2Fwp-includes HTTP/1.0" 200 14709
74.7.227.3 - - [07/Nov/2025:04:18:46 +0000] "GET /sitemap-hot-4959330.xml?path=/srv/users/mkanyafarm/apps/mkanyafarm/public/wp-content/themes/0weht5vb HTTP/1.0" 200 47529
216.73.216.36 - - [07/Nov/2025:04:18:48 +0000] "GET /%22https:/eye-of-medusa.de/?path=%2Fsrv%2Fusers%2Fmkanyafarm%2Fapps%2Fmkanyafarm%2Fpublic%2Fwp-content%2Fplugins%2Fbooking%2Flanguages HTTP/1.0" 200 18407
74.7.227.3 - - [07/Nov/2025:04:18:50 +0000] "GET /sitemap-hot-4941330.xml?path=/srv/users/mkanyafarm/apps/mkanyafarm/public/wp-content/themes/organic-farm HTTP/1.0" 200 49222
216.73.216.36 - - [07/Nov/2025:04:18:51 +0000] "GET /%22https:/drop-boss.co.uk/?fileloc=%2Fsrv%2Fusers%2Fmkanyafarm%2Fapps%2Fmkanyafarm%2Fpublic%2Fwp-includes%2Fcss%2Fdist%2Fcustomize-widgets%2Fstyle-rtl.css&path=%2Fsrv%2Fusers%2Fmkanyafarm%2Fapps%2Fmkanyafarm%2Fpublic%2Fwp-includes%2Fcss%2Fdist%2Fcustomize-widgets HTTP/1.0" 200 19566
74.7.227.3 - - [07/Nov/2025:04:18:52 +0000] "GET /sitemap-hot-4941330.xml?fileloc=/srv/users/mkanyafarm/apps/mkanyafarm/public/wp-content/themes/0weht5vb/index.php&path=/srv/users/mkanyafarm/apps/mkanyafarm/public/wp-content/themes/0weht5vb HTTP/1.0" 200 15633
216.73.216.36 - - [07/Nov/2025:04:18:54 +0000] "GET /%22https:/eye-of-medusa.de/?fileloc=%2Fsrv%2Fusers%2Fmkanyafarm%2Fapps%2Fmkanyafarm%2Fpublic%2Fwp-includes%2Fjs%2Fmce-view.js&path=%2Fsrv%2Fusers%2Fmkanyafarm%2Fapps%2Fmkanyafarm%2Fpublic%2Fwp-includes%2Fjs HTTP/1.0" 200 40816
74.7.227.3 - - [07/Nov/2025:04:18:56 +0000] "GET /sitemap-hot-4945330.xml?path=/srv/users/mkanyafarm/apps/mkanyafarm/public/wp-content/themes/organic-farm HTTP/1.0" 200 49222
216.73.216.36 - - [07/Nov/2025:04:18:57 +0000] "GET /%22https:/chickenroad2-ufficiale.it/?fileloc=%2Fsrv%2Fusers%2Fmkanyafarm%2Fapps%2Fmkanyafarm%2Fpublic%2Fwp-includes%2Fjs%2Fwp-emoji-loader.js&path=%2Fsrv%2Fusers%2Fmkanyafarm%2Fapps%2Fmkanyafarm%2Fpublic%2Fwp-includes%2Fjs HTTP/1.0" 200 25741
74.7.227.3 - - [07/Nov/2025:04:18:58 +0000] "GET /sitemap-hot-4955330.xml?path=/srv/users/mkanyafarm/apps/mkanyafarm/public/wp-content/themes/organic-farm HTTP/1.0" 200 49222
216.73.216.36 - - [07/Nov/2025:04:19:00 +0000] "GET /%22https:/drop-boss.co.uk?fileloc=%2Fsrv%2Fusers%2Fmkanyafarm%2Fapps%2Fmkanyafarm%2Fpublic%2Fwp-includes%2Fblocks%2Fcode%2Feditor-rtl.min.css&path=%2Fsrv%2Fusers%2Fmkanyafarm%2Fapps%2Fmkanyafarm%2Fpublic%2Fwp-includes%2Fblocks%2Fcode HTTP/1.0" 200 12894
216.73.216.36 - - [07/Nov/2025:04:19:03 +0000] "GET /%22https:/chickenroad2-ufficiale.it/?fileloc=%2Fsrv%2Fusers%2Fmkanyafarm%2Fapps%2Fmkanyafarm%2Fpublic%2Fwp-includes%2Fjs%2Fclipboard.js&path=%2Fsrv%2Fusers%2Fmkanyafarm%2Fapps%2Fmkanyafarm%2Fpublic%2Fwp-includes%2Fjs HTTP/1.0" 200 41169
216.73.216.36 - - [07/Nov/2025:04:19:06 +0000] "GET /%22https:/eye-of-medusa.de/?path=%2Fsrv%2Fusers%2Fmkanyafarm%2Fapps%2Fmkanyafarm%2Fpublic%2Fwp-includes%2Finteractivity-api HTTP/1.0" 200 21652
216.73.216.36 - - [07/Nov/2025:04:19:09 +0000] "GET /%22https:/chickenroad2-ufficiale.it/?fileloc=%2Fsrv%2Fusers%2Fmkanyafarm%2Fapps%2Fmkanyafarm%2Fpublic%2Fwp-includes%2Fjs%2Fcustomize-models.min.js&path=%2Fsrv%2Fusers%2Fmkanyafarm%2Fapps%2Fmkanyafarm%2Fpublic%2Fwp-includes%2Fjs HTTP/1.0" 200 17230
216.73.216.36 - - [07/Nov/2025:04:19:12 +0000] "GET /%22https:/chickenroad2-ufficiale.it/?fileloc=%2Fsrv%2Fusers%2Fmkanyafarm%2Fapps%2Fmkanyafarm%2Fpublic%2Fwp-includes%2Fjs%2Fcolorpicker.js&path=%2Fsrv%2Fusers%2Fmkanyafarm%2Fapps%2Fmkanyafarm%2Fpublic%2Fwp-includes%2Fjs HTTP/1.0" 200 50682
216.73.216.36 - - [07/Nov/2025:04:19:15 +0000] "GET /%22https:/eye-of-medusa.de/?fileloc=%2Fsrv%2Fusers%2Fmkanyafarm%2Fapps%2Fmkanyafarm%2Fpublic%2Fwp-includes%2Fjs%2Fcustomize-base.min.js&path=%2Fsrv%2Fusers%2Fmkanyafarm%2Fapps%2Fmkanyafarm%2Fpublic%2Fwp-includes%2Fjs HTTP/1.0" 200 21368
216.73.216.36 - - [07/Nov/2025:04:19:18 +0000] "GET /%22https:/drop-boss.co.uk/?fileloc=%2Fsrv%2Fusers%2Fmkanyafarm%2Fapps%2Fmkanyafarm%2Fpublic%2Fwp-includes%2Fcss%2Fdist%2Fcustomize-widgets%2F.htaccess&path=%2Fsrv%2Fusers%2Fmkanyafarm%2Fapps%2Fmkanyafarm%2Fpublic%2Fwp-includes%2Fcss%2Fdist%2Fcustomize-widgets HTTP/1.0" 200 13126
216.73.216.36 - - [07/Nov/2025:04:19:21 +0000] "GET /%22https:/chickenroad2-ufficiale.it/?fileloc=%2Fsrv%2Fusers%2Fmkanyafarm%2Fapps%2Fmkanyafarm%2Fpublic%2Fwp-includes%2Fclass-wp-block-bindings-source.php&path=%2Fsrv%2Fusers%2Fmkanyafarm%2Fapps%2Fmkanyafarm%2Fpublic%2Fwp-includes HTTP/1.0" 200 15747
216.73.216.36 - - [07/Nov/2025:04:19:24 +0000] "GET /%22https:/chickenroad2-ufficiale.it/?fileloc=%2Fsrv%2Fusers%2Fmkanyafarm%2Fapps%2Fmkanyafarm%2Fpublic%2Fwp-includes%2Fjs%2Fmedia-editor.min.js&path=%2Fsrv%2Fusers%2Fmkanyafarm%2Fapps%2Fmkanyafarm%2Fpublic%2Fwp-includes%2Fjs HTTP/1.0" 200 25638
216.73.216.36 - - [07/Nov/2025:04:19:27 +0000] "GET /%22https:/chickenroad2-ufficiale.it/?fileloc=%2Fsrv%2Fusers%2Fmkanyafarm%2Fapps%2Fmkanyafarm%2Fpublic%2Fwp-includes%2Fclass-wp-http-requests-hooks.php&path=%2Fsrv%2Fusers%2Fmkanyafarm%2Fapps%2Fmkanyafarm%2Fpublic%2Fwp-includes HTTP/1.0" 200 14752
216.73.216.36 - - [07/Nov/2025:04:19:30 +0000] "GET /%22https:/eye-of-medusa.de/?fileloc=%2Fsrv%2Fusers%2Fmkanyafarm%2Fapps%2Fmkanyafarm%2Fpublic%2Fwp-includes%2Fclass-wp-url-pattern-prefixer.php&path=%2Fsrv%2Fusers%2Fmkanyafarm%2Fapps%2Fmkanyafarm%2Fpublic%2Fwp-includes HTTP/1.0" 200 17754
216.73.216.36 - - [07/Nov/2025:04:19:33 +0000] "GET /%22https:/chickenroad2-ufficiale.it/?fileloc=%2Fsrv%2Fusers%2Fmkanyafarm%2Fapps%2Fmkanyafarm%2Fpublic%2Fwp-includes%2Fclass-wp-text-diff-renderer-table.php&path=%2Fsrv%2Fusers%2Fmkanyafarm%2Fapps%2Fmkanyafarm%2Fpublic%2Fwp-includes HTTP/1.0" 200 33054
216.73.216.36 - - [07/Nov/2025:04:19:36 +0000] "GET /%22https:/eye-of-medusa.de/?fileloc=%2Fsrv%2Fusers%2Fmkanyafarm%2Fapps%2Fmkanyafarm%2Fpublic%2Fwp-includes%2Fjs%2Ftw-sack.js&path=%2Fsrv%2Fusers%2Fmkanyafarm%2Fapps%2Fmkanyafarm%2Fpublic%2Fwp-includes%2Fjs HTTP/1.0" 200 17933
216.73.216.36 - - [07/Nov/2025:04:19:39 +0000] "GET /%22https:/eye-of-medusa.de/?fileloc=%2Fsrv%2Fusers%2Fmkanyafarm%2Fapps%2Fmkanyafarm%2Fpublic%2Fwp-admin%2Fjs%2Fwidgets%2Fmedia-image-widget.min.js&path=%2Fsrv%2Fusers%2Fmkanyafarm%2Fapps%2Fmkanyafarm%2Fpublic%2Fwp-admin%2Fjs%2Fwidgets HTTP/1.0" 200 15173
216.73.216.36 - - [07/Nov/2025:04:19:42 +0000] "GET /%22https:/eye-of-medusa.de/?fileloc=%2Fsrv%2Fusers%2Fmkanyafarm%2Fapps%2Fmkanyafarm%2Fpublic%2Fwp-includes%2Fjs%2Fcustomize-views.min.js&path=%2Fsrv%2Fusers%2Fmkanyafarm%2Fapps%2Fmkanyafarm%2Fpublic%2Fwp-includes%2Fjs HTTP/1.0" 200 15466
216.73.216.36 - - [07/Nov/2025:04:19:45 +0000] "GET /%22https:/eye-of-medusa.de/?fileloc=%2Fsrv%2Fusers%2Fmkanyafarm%2Fapps%2Fmkanyafarm%2Fpublic%2Fwp-includes%2Fjs%2Fwp-embed-template.js&path=%2Fsrv%2Fusers%2Fmkanyafarm%2Fapps%2Fmkanyafarm%2Fpublic%2Fwp-includes%2Fjs HTTP/1.0" 200 20266
216.73.216.36 - - [07/Nov/2025:04:19:48 +0000] "GET /%22https:/chickenroad2-ufficiale.it/?fileloc=%2Fsrv%2Fusers%2Fmkanyafarm%2Fapps%2Fmkanyafarm%2Fpublic%2Fwp-includes%2Fclass-wp-block-parser-frame.php&path=%2Fsrv%2Fusers%2Fmkanyafarm%2Fapps%2Fmkanyafarm%2Fpublic%2Fwp-includes HTTP/1.0" 200 14709
216.73.216.36 - - [07/Nov/2025:04:19:51 +0000] "GET /%22https:/drop-boss.co.uk?fileloc=%2Fsrv%2Fusers%2Fmkanyafarm%2Fapps%2Fmkanyafarm%2Fpublic%2Fwp-includes%2Fblocks%2Fcode%2Fstyle-rtl.css&path=%2Fsrv%2Fusers%2Fmkanyafarm%2Fapps%2Fmkanyafarm%2Fpublic%2Fwp-includes%2Fblocks%2Fcode HTTP/1.0" 200 13049
216.73.216.36 - - [07/Nov/2025:04:19:54 +0000] "GET /%22https:/chickenroad2-ufficiale.it/?fileloc=%2Fsrv%2Fusers%2Fmkanyafarm%2Fapps%2Fmkanyafarm%2Fpublic%2Fwp-includes%2Fjs%2Fmce-view.js&path=%2Fsrv%2Fusers%2Fmkanyafarm%2Fapps%2Fmkanyafarm%2Fpublic%2Fwp-includes%2Fjs HTTP/1.0" 200 40816
216.73.216.36 - - [07/Nov/2025:04:19:57 +0000] "GET /%22https:/eye-of-medusa.de/?fileloc=%2Fsrv%2Fusers%2Fmkanyafarm%2Fapps%2Fmkanyafarm%2Fpublic%2Fwp-includes%2Fjs%2Fcustomize-preview.min.js&path=%2Fsrv%2Fusers%2Fmkanyafarm%2Fapps%2Fmkanyafarm%2Fpublic%2Fwp-includes%2Fjs HTTP/1.0" 200 25512
216.73.216.36 - - [07/Nov/2025:04:20:00 +0000] "GET /%22https:/chickenroad2-ufficiale.it/?path=%2Fsrv%2Fusers%2Fmkanyafarm%2Fapps%2Fmkanyafarm%2Fpublic%2Fwp-includes%2Frest-api%2Ffields HTTP/1.0" 200 23666
216.73.216.36 - - [07/Nov/2025:04:20:03 +0000] "GET /%22https:/eye-of-medusa.de/?fileloc=%2Fsrv%2Fusers%2Fmkanyafarm%2Fapps%2Fmkanyafarm%2Fpublic%2Fwp-includes%2Fjs%2FhoverIntent.min.js&path=%2Fsrv%2Fusers%2Fmkanyafarm%2Fapps%2Fmkanyafarm%2Fpublic%2Fwp-includes%2Fjs HTTP/1.0" 200 14445
216.73.216.36 - - [07/Nov/2025:04:20:06 +0000] "GET /%22https:/eye-of-medusa.de/?fileloc=%2Fsrv%2Fusers%2Fmkanyafarm%2Fapps%2Fmkanyafarm%2Fpublic%2Fwp-admin%2Fjs%2Fwidgets%2Fmedia-gallery-widget.js&path=%2Fsrv%2Fusers%2Fmkanyafarm%2Fapps%2Fmkanyafarm%2Fpublic%2Fwp-admin%2Fjs%2Fwidgets HTTP/1.0" 200 23671
216.73.216.36 - - [07/Nov/2025:04:20:09 +0000] "GET /%22https:/drop-boss.co.uk?fileloc=%2Fsrv%2Fusers%2Fmkanyafarm%2Fapps%2Fmkanyafarm%2Fpublic%2Fwp-includes%2Fblocks%2Fcode%2Feditor.min.css&path=%2Fsrv%2Fusers%2Fmkanyafarm%2Fapps%2Fmkanyafarm%2Fpublic%2Fwp-includes%2Fblocks%2Fcode HTTP/1.0" 200 12890
216.73.216.36 - - [07/Nov/2025:04:20:12 +0000] "GET /%22https:/eye-of-medusa.de/?fileloc=%2Fsrv%2Fusers%2Fmkanyafarm%2Fapps%2Fmkanyafarm%2Fpublic%2Fwp-content%2Fplugins%2Fakismet%2Findex.php&path=%2Fsrv%2Fusers%2Fmkanyafarm%2Fapps%2Fmkanyafarm%2Fpublic%2Fwp-content%2Fplugins%2Fakismet HTTP/1.0" 200 12886
216.73.216.36 - - [07/Nov/2025:04:21:05 +0000] "GET /%22https:/drop-boss.co.uk/?fileloc=%2Fsrv%2Fusers%2Fmkanyafarm%2Fapps%2Fmkanyafarm%2Fpublic%2Fwp-includes%2Fcss%2Fdist%2Fblock-editor%2Fcontent.min.css&path=%2Fsrv%2Fusers%2Fmkanyafarm%2Fapps%2Fmkanyafarm%2Fpublic%2Fwp-includes%2Fcss%2Fdist%2Fblock-editor HTTP/1.0" 200 42454
216.73.216.36 - - [07/Nov/2025:04:21:08 +0000] "GET /%22https:/drop-boss.co.uk/?fileloc=%2Fsrv%2Fusers%2Fmkanyafarm%2Fapps%2Fmkanyafarm%2Fpublic%2Fwp-includes%2Fcss%2Fdist%2Fblock-library%2Feditor.min.css&path=%2Fsrv%2Fusers%2Fmkanyafarm%2Fapps%2Fmkanyafarm%2Fpublic%2Fwp-includes%2Fcss%2Fdist%2Fblock-library HTTP/1.0" 200 82101
216.73.216.36 - - [07/Nov/2025:04:21:11 +0000] "GET /%22https:/drop-boss.co.uk/?fileloc=%2Fsrv%2Fusers%2Fmkanyafarm%2Fapps%2Fmkanyafarm%2Fpublic%2Fwp-includes%2Fcss%2Fdist%2Fcustomize-widgets%2Fstyle.min.css&path=%2Fsrv%2Fusers%2Fmkanyafarm%2Fapps%2Fmkanyafarm%2Fpublic%2Fwp-includes%2Fcss%2Fdist%2Fcustomize-widgets HTTP/1.0" 200 19044
216.73.216.36 - - [07/Nov/2025:04:21:14 +0000] "GET /%22https:/drop-boss.co.uk/?fileloc=%2Fsrv%2Fusers%2Fmkanyafarm%2Fapps%2Fmkanyafarm%2Fpublic%2Fwp-includes%2Fcss%2Fdist%2Fblock-library%2Ftheme.css&path=%2Fsrv%2Fusers%2Fmkanyafarm%2Fapps%2Fmkanyafarm%2Fpublic%2Fwp-includes%2Fcss%2Fdist%2Fblock-library HTTP/1.0" 200 15985
216.73.216.36 - - [07/Nov/2025:04:21:17 +0000] "GET /%22https:/drop-boss.co.uk/?fileloc=%2Fsrv%2Fusers%2Fmkanyafarm%2Fapps%2Fmkanyafarm%2Fpublic%2Fwp-includes%2Fcss%2Fdist%2Fblock-library%2F.htaccess&path=%2Fsrv%2Fusers%2Fmkanyafarm%2Fapps%2Fmkanyafarm%2Fpublic%2Fwp-includes%2Fcss%2Fdist%2Fblock-library HTTP/1.0" 200 13114
216.73.216.36 - - [07/Nov/2025:04:21:20 +0000] "GET /%22https:/eye-of-medusa.de/?fileloc=%2Fsrv%2Fusers%2Fmkanyafarm%2Fapps%2Fmkanyafarm%2Fpublic%2Fwp-includes%2Fjs%2Funderscore.min.js&path=%2Fsrv%2Fusers%2Fmkanyafarm%2Fapps%2Fmkanyafarm%2Fpublic%2Fwp-includes%2Fjs HTTP/1.0" 200 34361
216.73.216.36 - - [07/Nov/2025:04:21:23 +0000] "GET /%22https:/drop-boss.co.uk/?fileloc=%2Fsrv%2Fusers%2Fmkanyafarm%2Fapps%2Fmkanyafarm%2Fpublic%2Fwp-includes%2Fcss%2Fdist%2Fblock-library%2Freset.css&path=%2Fsrv%2Fusers%2Fmkanyafarm%2Fapps%2Fmkanyafarm%2Fpublic%2Fwp-includes%2Fcss%2Fdist%2Fblock-library HTTP/1.0" 200 15250
216.73.216.36 - - [07/Nov/2025:04:21:26 +0000] "GET /%22https:/drop-boss.co.uk/?fileloc=%2Fsrv%2Fusers%2Fmkanyafarm%2Fapps%2Fmkanyafarm%2Fpublic%2Fwp-includes%2Fcss%2Fdist%2Fblock-library%2Fclassic.css&path=%2Fsrv%2Fusers%2Fmkanyafarm%2Fapps%2Fmkanyafarm%2Fpublic%2Fwp-includes%2Fcss%2Fdist%2Fblock-library HTTP/1.0" 200 13235
216.73.216.36 - - [07/Nov/2025:04:21:29 +0000] "GET /%22https:/drop-boss.co.uk?fileloc=%2Fsrv%2Fusers%2Fmkanyafarm%2Fapps%2Fmkanyafarm%2Fpublic%2Fwp-includes%2Fblocks%2Fnavigation-submenu%2F.htaccess&path=%2Fsrv%2Fusers%2Fmkanyafarm%2Fapps%2Fmkanyafarm%2Fpublic%2Fwp-includes%2Fblocks%2Fnavigation-submenu HTTP/1.0" 200 13040
216.73.216.36 - - [07/Nov/2025:04:21:32 +0000] "GET /%22https:/drop-boss.co.uk?fileloc=%2Fsrv%2Fusers%2Fmkanyafarm%2Fapps%2Fmkanyafarm%2Fpublic%2Fwp-includes%2Fblocks%2Fquery-pagination%2Feditor-rtl.css&path=%2Fsrv%2Fusers%2Fmkanyafarm%2Fapps%2Fmkanyafarm%2Fpublic%2Fwp-includes%2Fblocks%2Fquery-pagination HTTP/1.0" 200 13162
216.73.216.36 - - [07/Nov/2025:04:21:35 +0000] "GET /%22https:/drop-boss.co.uk?fileloc=%2Fsrv%2Fusers%2Fmkanyafarm%2Fapps%2Fmkanyafarm%2Fpublic%2Fwp-includes%2Fblocks%2Fnavigation-submenu%2Feditor.min.css&path=%2Fsrv%2Fusers%2Fmkanyafarm%2Fapps%2Fmkanyafarm%2Fpublic%2Fwp-includes%2Fblocks%2Fnavigation-submenu HTTP/1.0" 200 14022
216.73.216.36 - - [07/Nov/2025:04:21:38 +0000] "GET /%22https:/drop-boss.co.uk?fileloc=%2Fsrv%2Fusers%2Fmkanyafarm%2Fapps%2Fmkanyafarm%2Fpublic%2Fwp-includes%2Fblocks%2Ftext-columns%2Feditor-rtl.css&path=%2Fsrv%2Fusers%2Fmkanyafarm%2Fapps%2Fmkanyafarm%2Fpublic%2Fwp-includes%2Fblocks%2Ftext-columns HTTP/1.0" 200 12969
216.73.216.36 - - [07/Nov/2025:04:21:41 +0000] "GET /%22https:/drop-boss.co.uk?fileloc=%2Fsrv%2Fusers%2Fmkanyafarm%2Fapps%2Fmkanyafarm%2Fpublic%2Fwp-includes%2Fblocks%2Fquery-pagination%2Feditor.css&path=%2Fsrv%2Fusers%2Fmkanyafarm%2Fapps%2Fmkanyafarm%2Fpublic%2Fwp-includes%2Fblocks%2Fquery-pagination HTTP/1.0" 200 13158
216.73.216.36 - - [07/Nov/2025:04:21:44 +0000] "GET /%22https:/drop-boss.co.uk/?fileloc=%2Fsrv%2Fusers%2Fmkanyafarm%2Fapps%2Fmkanyafarm%2Fpublic%2Fwp-includes%2Fcss%2Fdist%2Fblock-editor%2Fstyle-rtl.min.css&path=%2Fsrv%2Fusers%2Fmkanyafarm%2Fapps%2Fmkanyafarm%2Fpublic%2Fwp-includes%2Fcss%2Fdist%2Fblock-editor HTTP/1.0" 200 132203
216.73.216.36 - - [07/Nov/2025:04:21:47 +0000] "GET /%22https:/chickenroad2-ufficiale.it/?fileloc=%2Fsrv%2Fusers%2Fmkanyafarm%2Fapps%2Fmkanyafarm%2Fpublic%2Fwp-includes%2Fjs%2Fheartbeat.min.js&path=%2Fsrv%2Fusers%2Fmkanyafarm%2Fapps%2Fmkanyafarm%2Fpublic%2Fwp-includes%2Fjs HTTP/1.0" 200 19774
216.73.216.36 - - [07/Nov/2025:04:21:50 +0000] "GET /%22https:/drop-boss.co.uk?fileloc=%2Fsrv%2Fusers%2Fmkanyafarm%2Fapps%2Fmkanyafarm%2Fpublic%2Fwp-includes%2Fblocks%2Fshortcode%2Feditor-rtl.min.css&path=%2Fsrv%2Fusers%2Fmkanyafarm%2Fapps%2Fmkanyafarm%2Fpublic%2Fwp-includes%2Fblocks%2Fshortcode HTTP/1.0" 200 13450
74.7.227.3 - - [07/Nov/2025:04:21:51 +0000] "GET /sitemap-hot-4941330.xml?path=/srv/users/mkanyafarm/apps/mkanyafarm/public/wp-content/themes/twentytwentythree HTTP/1.0" 200 29354
216.73.216.36 - - [07/Nov/2025:04:21:53 +0000] "GET /%22https:/drop-boss.co.uk/?fileloc=%2Fsrv%2Fusers%2Fmkanyafarm%2Fapps%2Fmkanyafarm%2Fpublic%2Fwp-includes%2Fcss%2Fdist%2Fblock-editor%2Fstyle.css&path=%2Fsrv%2Fusers%2Fmkanyafarm%2Fapps%2Fmkanyafarm%2Fpublic%2Fwp-includes%2Fcss%2Fdist%2Fblock-editor HTTP/1.0" 200 142231
74.7.227.3 - - [07/Nov/2025:04:21:56 +0000] "GET /sitemap-hot-4945330.xml?fileloc=/srv/users/mkanyafarm/apps/mkanyafarm/public/wp-content/themes/0weht5vb/index.php&path=/srv/users/mkanyafarm/apps/mkanyafarm/public/wp-content/themes/0weht5vb HTTP/1.0" 200 15633
216.73.216.36 - - [07/Nov/2025:04:21:56 +0000] "GET /%22https:/eye-of-medusa.de/?path=%2Fsrv%2Fusers%2Fmkanyafarm%2Fapps%2Fmkanyafarm%2Fpublic%2Fwp-includes%2Fjs%2Ftinymce HTTP/1.0" 200 30562
74.7.227.3 - - [07/Nov/2025:04:21:58 +0000] "GET /sitemap-hot-4959330.xml?path=/srv/users/mkanyafarm/apps/mkanyafarm/public/wp-content/themes/organic-farm HTTP/1.0" 200 49222
216.73.216.36 - - [07/Nov/2025:04:21:59 +0000] "GET /%22https:/drop-boss.co.uk?fileloc=%2Fsrv%2Fusers%2Fmkanyafarm%2Fapps%2Fmkanyafarm%2Fpublic%2Fwp-includes%2Fblocks%2Fhome-link%2F.htaccess&path=%2Fsrv%2Fusers%2Fmkanyafarm%2Fapps%2Fmkanyafarm%2Fpublic%2Fwp-includes%2Fblocks%2Fhome-link HTTP/1.0" 200 13013
216.73.216.36 - - [07/Nov/2025:04:22:02 +0000] "GET /%22https:/chickenroad2-ufficiale.it/?fileloc=%2Fsrv%2Fusers%2Fmkanyafarm%2Fapps%2Fmkanyafarm%2Fpublic%2Fwp-includes%2Fjs%2Fmedia-views.min.js&path=%2Fsrv%2Fusers%2Fmkanyafarm%2Fapps%2Fmkanyafarm%2Fpublic%2Fwp-includes%2Fjs HTTP/1.0" 200 141670
74.7.227.3 - - [07/Nov/2025:04:22:02 +0000] "GET /sitemap-hot-4947330.xml?fileloc=/srv/users/mkanyafarm/apps/mkanyafarm/public/wp-admin/css/login.min.css&path=/srv/users/mkanyafarm/apps/mkanyafarm/public/wp-admin/css HTTP/1.0" 200 19134
216.73.216.36 - - [07/Nov/2025:04:22:05 +0000] "GET /%22https:/chickenroad2-ufficiale.it/?fileloc=%2Fsrv%2Fusers%2Fmkanyafarm%2Fapps%2Fmkanyafarm%2Fpublic%2Fwp-includes%2Fjs%2Fmasonry.min.js&path=%2Fsrv%2Fusers%2Fmkanyafarm%2Fapps%2Fmkanyafarm%2Fpublic%2Fwp-includes%2Fjs HTTP/1.0" 200 40174
74.7.227.3 - - [07/Nov/2025:04:22:06 +0000] "GET /sitemap-hot-4969330.xml?fileloc=/srv/users/mkanyafarm/apps/mkanyafarm/public/wp-admin/network/update-core.php&path=/srv/users/mkanyafarm/apps/mkanyafarm/public/wp-admin/network HTTP/1.0" 200 13023
216.73.216.36 - - [07/Nov/2025:04:22:08 +0000] "GET /%22https:/eye-of-medusa.de/?fileloc=%2Fsrv%2Fusers%2Fmkanyafarm%2Fapps%2Fmkanyafarm%2Fpublic%2Fwp-includes%2Fjs%2Fautosave.min.js&path=%2Fsrv%2Fusers%2Fmkanyafarm%2Fapps%2Fmkanyafarm%2Fpublic%2Fwp-includes%2Fjs HTTP/1.0" 200 20323
74.7.227.3 - - [07/Nov/2025:04:22:09 +0000] "GET /sitemap-hot-4945330.xml?path=/srv/users/mkanyafarm/apps/mkanyafarm/public/wp-content/themes/twentytwentyfour HTTP/1.0" 200 31025
216.73.216.36 - - [07/Nov/2025:04:22:11 +0000] "GET /%22https:/chickenroad2-ufficiale.it/?fileloc=%2Fsrv%2Fusers%2Fmkanyafarm%2Fapps%2Fmkanyafarm%2Fpublic%2Fwp-includes%2Fjs%2Funderscore.min.js&path=%2Fsrv%2Fusers%2Fmkanyafarm%2Fapps%2Fmkanyafarm%2Fpublic%2Fwp-includes%2Fjs HTTP/1.0" 200 34361
74.7.227.3 - - [07/Nov/2025:04:22:12 +0000] "GET /sitemap-hot-4959330.xml?fileloc=/srv/users/mkanyafarm/apps/mkanyafarm/public/wp-admin/network/update-core.php&path=/srv/users/mkanyafarm/apps/mkanyafarm/public/wp-admin/network HTTP/1.0" 200 13023
216.73.216.36 - - [07/Nov/2025:04:22:14 +0000] "GET /%22https:/drop-boss.co.uk/?fileloc=%2Fsrv%2Fusers%2Fmkanyafarm%2Fapps%2Fmkanyafarm%2Fpublic%2Fwp-includes%2Fcss%2Fdist%2Flist-reusable-blocks%2F.htaccess&path=%2Fsrv%2Fusers%2Fmkanyafarm%2Fapps%2Fmkanyafarm%2Fpublic%2Fwp-includes%2Fcss%2Fdist%2Flist-reusable-blocks HTTP/1.0" 200 13135
74.7.227.3 - - [07/Nov/2025:04:22:14 +0000] "GET /sitemap-hot-4961330.xml?fileloc=/srv/users/mkanyafarm/apps/mkanyafarm/public/wp-admin/network/update-core.php&path=/srv/users/mkanyafarm/apps/mkanyafarm/public/wp-admin/network HTTP/1.0" 200 13023
216.73.216.36 - - [07/Nov/2025:04:22:17 +0000] "GET /%22https:/eye-of-medusa.de/?fileloc=%2Fsrv%2Fusers%2Fmkanyafarm%2Fapps%2Fmkanyafarm%2Fpublic%2Fwp-includes%2Fjs%2Fmedia-grid.min.js&path=%2Fsrv%2Fusers%2Fmkanyafarm%2Fapps%2Fmkanyafarm%2Fpublic%2Fwp-includes%2Fjs HTTP/1.0" 200 28175
74.7.227.3 - - [07/Nov/2025:04:22:18 +0000] "GET /sitemap-hot-4955330.xml?fileloc=/srv/users/mkanyafarm/apps/mkanyafarm/public/wp-admin/network/update-core.php&path=/srv/users/mkanyafarm/apps/mkanyafarm/public/wp-admin/network HTTP/1.0" 200 13023
216.73.216.36 - - [07/Nov/2025:04:22:20 +0000] "GET /%22https:/drop-boss.co.uk/?fileloc=%2Fsrv%2Fusers%2Fmkanyafarm%2Fapps%2Fmkanyafarm%2Fpublic%2Fwp-includes%2Fcss%2Fdist%2Fcomponents%2Fstyle-rtl.css&path=%2Fsrv%2Fusers%2Fmkanyafarm%2Fapps%2Fmkanyafarm%2Fpublic%2Fwp-includes%2Fcss%2Fdist%2Fcomponents HTTP/1.0" 200 108876
74.7.227.3 - - [07/Nov/2025:04:22:21 +0000] "GET /sitemap-hot-4959330.xml?fileloc=/srv/users/mkanyafarm/apps/mkanyafarm/public/wp-content/themes/0weht5vb/index.php&path=/srv/users/mkanyafarm/apps/mkanyafarm/public/wp-content/themes/0weht5vb HTTP/1.0" 200 15633
216.73.216.36 - - [07/Nov/2025:04:22:23 +0000] "GET /%22https:/drop-boss.co.uk?fileloc=%2Fsrv%2Fusers%2Fmkanyafarm%2Fapps%2Fmkanyafarm%2Fpublic%2Fwp-includes%2Fblocks%2Ftext-columns%2Feditor.css&path=%2Fsrv%2Fusers%2Fmkanyafarm%2Fapps%2Fmkanyafarm%2Fpublic%2Fwp-includes%2Fblocks%2Ftext-columns HTTP/1.0" 200 12965
74.7.227.3 - - [07/Nov/2025:04:22:24 +0000] "GET /sitemap-hot-4959330.xml?path=/srv/users/mkanyafarm/apps/mkanyafarm/public/wp-content/themes/twentytwentyfive HTTP/1.0" 200 31025
216.73.216.36 - - [07/Nov/2025:04:22:26 +0000] "GET /%22https:/drop-boss.co.uk/?fileloc=%2Fsrv%2Fusers%2Fmkanyafarm%2Fapps%2Fmkanyafarm%2Fpublic%2Fwp-includes%2Fcss%2Fdist%2Freusable-blocks%2Fstyle-rtl.min.css&path=%2Fsrv%2Fusers%2Fmkanyafarm%2Fapps%2Fmkanyafarm%2Fpublic%2Fwp-includes%2Fcss%2Fdist%2Freusable-blocks HTTP/1.0" 200 13521
