216.73.216.36 - - [07/Nov/2025:00:53:22 +0000] "GET /%22https:/drop-boss.co.uk/?fileloc=%2Fsrv%2Fusers%2Fmkanyafarm%2Fapps%2Fmkanyafarm%2Fpublic%2Fwp-includes%2Fblock-editor.php&path=%2Fsrv%2Fusers%2Fmkanyafarm%2Fapps%2Fmkanyafarm%2Fpublic%2Fwp-includes HTTP/1.0" 200 45677
216.73.216.36 - - [07/Nov/2025:00:53:25 +0000] "GET /%22https:/drop-boss.co.uk/?fileloc=%2Fsrv%2Fusers%2Fmkanyafarm%2Fapps%2Fmkanyafarm%2Fpublic%2Fwp-includes%2Fclass-wp-theme-json-schema.php&path=%2Fsrv%2Fusers%2Fmkanyafarm%2Fapps%2Fmkanyafarm%2Fpublic%2Fwp-includes HTTP/1.0" 200 20746
74.7.227.3 - - [07/Nov/2025:00:53:28 +0000] "GET /sitemap-hot-4955330.xml?fileloc=/srv/users/mkanyafarm/apps/mkanyafarm/public/wp-admin/js/widgets/media-gallery-widget.min.js&path=/srv/users/mkanyafarm/apps/mkanyafarm/public/wp-admin/js/widgets HTTP/1.0" 200 17150
216.73.216.36 - - [07/Nov/2025:00:53:28 +0000] "GET /%22https:/drop-boss.co.uk/?fileloc=%2Fsrv%2Fusers%2Fmkanyafarm%2Fapps%2Fmkanyafarm%2Fpublic%2Fwp-includes%2Fblock-patterns.php&path=%2Fsrv%2Fusers%2Fmkanyafarm%2Fapps%2Fmkanyafarm%2Fpublic%2Fwp-includes HTTP/1.0" 200 28023
74.7.227.3 - - [07/Nov/2025:00:53:31 +0000] "GET /sitemap-hot-4967330.xml?fileloc=/srv/users/mkanyafarm/apps/mkanyafarm/public/wp-admin/js/media-gallery.js&path=/srv/users/mkanyafarm/apps/mkanyafarm/public/wp-admin/js HTTP/1.0" 200 14174
216.73.216.36 - - [07/Nov/2025:00:53:31 +0000] "GET /%22https:/drop-boss.co.uk/?fileloc=%2Fsrv%2Fusers%2Fmkanyafarm%2Fapps%2Fmkanyafarm%2Fpublic%2Fwp-includes%2Fms-default-constants.php&path=%2Fsrv%2Fusers%2Fmkanyafarm%2Fapps%2Fmkanyafarm%2Fpublic%2Fwp-includes HTTP/1.0" 200 18314
216.73.216.36 - - [07/Nov/2025:00:53:34 +0000] "GET /%22https:/drop-boss.co.uk?fileloc=%2Fsrv%2Fusers%2Fmkanyafarm%2Fapps%2Fmkanyafarm%2Fpublic%2Fwp-includes%2Fclass.wp-styles.php&path=%2Fsrv%2Fusers%2Fmkanyafarm%2Fapps%2Fmkanyafarm%2Fpublic%2Fwp-includes HTTP/1.0" 200 13043
74.7.227.3 - - [07/Nov/2025:00:53:36 +0000] "GET /sitemap-hot-4967330.xml?fileloc=/srv/users/mkanyafarm/apps/mkanyafarm/public/wp-admin/js/media-gallery.min.js&path=/srv/users/mkanyafarm/apps/mkanyafarm/public/wp-admin/js HTTP/1.0" 200 13484
216.73.216.36 - - [07/Nov/2025:00:53:37 +0000] "GET /%22https:/drop-boss.co.uk/?fileloc=%2Fsrv%2Fusers%2Fmkanyafarm%2Fapps%2Fmkanyafarm%2Fpublic%2Fwp-includes%2Fclass-wp-theme-json-data.php&path=%2Fsrv%2Fusers%2Fmkanyafarm%2Fapps%2Fmkanyafarm%2Fpublic%2Fwp-includes HTTP/1.0" 200 14543
216.73.216.36 - - [07/Nov/2025:00:53:40 +0000] "GET /%22https:/drop-boss.co.uk?path=%2Fsrv%2Fusers%2Fmkanyafarm%2Fapps%2Fmkanyafarm%2Fpublic%2Fwp-includes%2Fsitemaps HTTP/1.0" 200 26494
74.7.227.3 - - [07/Nov/2025:00:53:42 +0000] "GET /sitemap-hot-4965330.xml?fileloc=/srv/users/mkanyafarm/apps/mkanyafarm/public/wp-admin/images/post-formats32-vs.png&path=/srv/users/mkanyafarm/apps/mkanyafarm/public/wp-admin/images HTTP/1.0" 200 22396
216.73.216.36 - - [07/Nov/2025:00:53:43 +0000] "GET /%22https:/drop-boss.co.uk/?fileloc=%2Fsrv%2Fusers%2Fmkanyafarm%2Fapps%2Fmkanyafarm%2Fpublic%2Fwp-includes%2Fclass-wp-user-query.php&path=%2Fsrv%2Fusers%2Fmkanyafarm%2Fapps%2Fmkanyafarm%2Fpublic%2Fwp-includes HTTP/1.0" 200 62562
74.7.227.3 - - [07/Nov/2025:00:53:45 +0000] "GET /sitemap-hot-4967330.xml?fileloc=/srv/users/mkanyafarm/apps/mkanyafarm/public/wp-admin/js/theme-plugin-editor.min.js&path=/srv/users/mkanyafarm/apps/mkanyafarm/public/wp-admin/js HTTP/1.0" 200 26169
216.73.216.36 - - [07/Nov/2025:00:53:46 +0000] "GET /%22https:/drop-boss.co.uk/?fileloc=%2Fsrv%2Fusers%2Fmkanyafarm%2Fapps%2Fmkanyafarm%2Fpublic%2Fwp-admin%2Fasync-upload.php&path=%2Fsrv%2Fusers%2Fmkanyafarm%2Fapps%2Fmkanyafarm%2Fpublic%2Fwp-admin HTTP/1.0" 200 18855
216.73.216.36 - - [07/Nov/2025:00:53:49 +0000] "GET /%22https:/drop-boss.co.uk?path=%2Fsrv%2Fusers%2Fmkanyafarm%2Flog HTTP/1.0" 200 14151
74.7.227.3 - - [07/Nov/2025:00:53:51 +0000] "GET /sitemap-hot-4965330.xml?fileloc=/srv/users/mkanyafarm/apps/mkanyafarm/public/wp-admin/images/w-logo-white.png&path=/srv/users/mkanyafarm/apps/mkanyafarm/public/wp-admin/images HTTP/1.0" 200 23697
74.7.227.3 - - [07/Nov/2025:00:53:53 +0000] "GET /sitemap-hot-4941330.xml?fileloc=/srv/users/mkanyafarm/apps/mkanyafarm/public/wp-admin/js/language-chooser.js&path=/srv/users/mkanyafarm/apps/mkanyafarm/public/wp-admin/js HTTP/1.0" 200 13786
74.7.227.3 - - [07/Nov/2025:00:53:59 +0000] "GET /sitemap-hot-4967330.xml?fileloc=/srv/users/mkanyafarm/apps/mkanyafarm/public/wp-admin/js/customize-nav-menus.min.js&path=/srv/users/mkanyafarm/apps/mkanyafarm/public/wp-admin/js HTTP/1.0" 200 69417
74.7.227.3 - - [07/Nov/2025:00:54:04 +0000] "GET /sitemap-hot-4967330.xml?fileloc=/srv/users/mkanyafarm/apps/mkanyafarm/public/wp-admin/js/customize-controls.min.js&path=/srv/users/mkanyafarm/apps/mkanyafarm/public/wp-admin/js HTTP/1.0" 200 143978
74.7.227.3 - - [07/Nov/2025:00:54:09 +0000] "GET /sitemap-hot-4955330.xml?fileloc=/srv/users/mkanyafarm/apps/mkanyafarm/public/wp-admin/js/widgets/media-audio-widget.min.js&path=/srv/users/mkanyafarm/apps/mkanyafarm/public/wp-admin/js/widgets HTTP/1.0" 200 14488
74.7.227.3 - - [07/Nov/2025:00:54:13 +0000] "GET /sitemap-hot-4941330.xml?fileloc=/srv/users/mkanyafarm/apps/mkanyafarm/public/wp-admin/js/revisions.min.js&path=/srv/users/mkanyafarm/apps/mkanyafarm/public/wp-admin/js HTTP/1.0" 200 33687
74.7.227.3 - - [07/Nov/2025:00:54:19 +0000] "GET /sitemap-hot-4941330.xml?fileloc=/srv/users/mkanyafarm/apps/mkanyafarm/public/wp-admin/js/password-toggle.js&path=/srv/users/mkanyafarm/apps/mkanyafarm/public/wp-admin/js HTTP/1.0" 200 14304
74.7.227.3 - - [07/Nov/2025:00:54:23 +0000] "GET /sitemap-hot-4955330.xml?fileloc=/srv/users/mkanyafarm/apps/mkanyafarm/public/wp-admin/js/widgets/media-image-widget.min.js&path=/srv/users/mkanyafarm/apps/mkanyafarm/public/wp-admin/js/widgets HTTP/1.0" 200 15173
74.7.227.3 - - [07/Nov/2025:00:54:28 +0000] "GET /sitemap-hot-4955330.xml?fileloc=/srv/users/mkanyafarm/apps/mkanyafarm/public/wp-admin/js/widgets/text-widgets.js&path=/srv/users/mkanyafarm/apps/mkanyafarm/public/wp-admin/js/widgets HTTP/1.0" 200 32009
74.7.227.3 - - [07/Nov/2025:00:54:35 +0000] "GET /sitemap-hot-4967330.xml?fileloc=/srv/users/mkanyafarm/apps/mkanyafarm/public/wp-admin/js/password-toggle.js&path=/srv/users/mkanyafarm/apps/mkanyafarm/public/wp-admin/js HTTP/1.0" 200 14304
74.7.227.3 - - [07/Nov/2025:00:54:39 +0000] "GET /sitemap-hot-4941330.xml?fileloc=/srv/users/mkanyafarm/apps/mkanyafarm/public/wp-admin/js/custom-header.js&path=/srv/users/mkanyafarm/apps/mkanyafarm/public/wp-admin/js HTTP/1.0" 200 14908
74.7.227.3 - - [07/Nov/2025:00:54:44 +0000] "GET /sitemap-hot-4965330.xml?fileloc=/srv/users/mkanyafarm/apps/mkanyafarm/public/wp-admin/images/w-logo-blue.png&path=/srv/users/mkanyafarm/apps/mkanyafarm/public/wp-admin/images HTTP/1.0" 200 18342
74.7.227.3 - - [07/Nov/2025:00:54:48 +0000] "GET /sitemap-hot-4941330.xml?fileloc=/srv/users/mkanyafarm/apps/mkanyafarm/public/wp-admin/js/customize-nav-menus.js&path=/srv/users/mkanyafarm/apps/mkanyafarm/public/wp-admin/js HTTP/1.0" 200 134522
74.7.227.3 - - [07/Nov/2025:00:54:53 +0000] "GET /sitemap-hot-4955330.xml?fileloc=/srv/users/mkanyafarm/apps/mkanyafarm/public/wp-admin/js/widgets/media-widgets.min.js&path=/srv/users/mkanyafarm/apps/mkanyafarm/public/wp-admin/js/widgets HTTP/1.0" 200 29615
74.7.227.3 - - [07/Nov/2025:00:54:57 +0000] "GET /sitemap-hot-4941330.xml?fileloc=/srv/users/mkanyafarm/apps/mkanyafarm/public/wp-admin/js/color-picker.min.js&path=/srv/users/mkanyafarm/apps/mkanyafarm/public/wp-admin/js HTTP/1.0" 200 17132
74.7.227.3 - - [07/Nov/2025:00:55:03 +0000] "GET /sitemap-hot-4967330.xml?fileloc=/srv/users/mkanyafarm/apps/mkanyafarm/public/wp-admin/js/language-chooser.min.js&path=/srv/users/mkanyafarm/apps/mkanyafarm/public/wp-admin/js HTTP/1.0" 200 13331
74.7.227.3 - - [07/Nov/2025:00:55:07 +0000] "GET /sitemap-hot-4941330.xml?fileloc=/srv/users/mkanyafarm/apps/mkanyafarm/public/wp-admin/js/custom-background.min.js&path=/srv/users/mkanyafarm/apps/mkanyafarm/public/wp-admin/js HTTP/1.0" 200 14327
74.7.227.3 - - [07/Nov/2025:00:55:09 +0000] "GET /sitemap-hot-4941330.xml?fileloc=/srv/users/mkanyafarm/apps/mkanyafarm/public/wp-admin/js/customize-nav-menus.min.js&path=/srv/users/mkanyafarm/apps/mkanyafarm/public/wp-admin/js HTTP/1.0" 200 69417
74.7.227.3 - - [07/Nov/2025:00:55:13 +0000] "GET /sitemap-hot-4941330.xml?fileloc=/srv/users/mkanyafarm/apps/mkanyafarm/public/wp-admin/js/dashboard.min.js&path=/srv/users/mkanyafarm/apps/mkanyafarm/public/wp-admin/js HTTP/1.0" 200 24059
74.7.227.3 - - [07/Nov/2025:00:55:17 +0000] "GET /sitemap-hot-4967330.xml?fileloc=/srv/users/mkanyafarm/apps/mkanyafarm/public/wp-admin/js/media-upload.min.js&path=/srv/users/mkanyafarm/apps/mkanyafarm/public/wp-admin/js HTTP/1.0" 200 14183
74.7.227.3 - - [07/Nov/2025:00:55:22 +0000] "GET /sitemap-hot-4941330.xml?fileloc=/srv/users/mkanyafarm/apps/mkanyafarm/public/wp-admin/js/theme-plugin-editor.js&path=/srv/users/mkanyafarm/apps/mkanyafarm/public/wp-admin/js HTTP/1.0" 200 39555
74.7.227.3 - - [07/Nov/2025:00:55:25 +0000] "GET /sitemap-hot-4967330.xml?fileloc=/srv/users/mkanyafarm/apps/mkanyafarm/public/wp-admin/js/theme-plugin-editor.js&path=/srv/users/mkanyafarm/apps/mkanyafarm/public/wp-admin/js HTTP/1.0" 200 39555
74.7.227.3 - - [07/Nov/2025:00:55:30 +0000] "GET /sitemap-hot-4941330.xml?fileloc=/srv/users/mkanyafarm/apps/mkanyafarm/public/wp-admin/js/language-chooser.min.js&path=/srv/users/mkanyafarm/apps/mkanyafarm/public/wp-admin/js HTTP/1.0" 200 13331
74.7.227.3 - - [07/Nov/2025:00:55:33 +0000] "GET /sitemap-hot-4967330.xml?fileloc=/srv/users/mkanyafarm/apps/mkanyafarm/public/wp-admin/js/color-picker.min.js&path=/srv/users/mkanyafarm/apps/mkanyafarm/public/wp-admin/js HTTP/1.0" 200 17132
74.7.227.3 - - [07/Nov/2025:00:55:38 +0000] "GET /sitemap-hot-4955330.xml?fileloc=/srv/users/mkanyafarm/apps/mkanyafarm/public/wp-admin/js/widgets/text-widgets.min.js&path=/srv/users/mkanyafarm/apps/mkanyafarm/public/wp-admin/js/widgets HTTP/1.0" 200 19893
74.7.227.3 - - [07/Nov/2025:00:55:44 +0000] "GET /sitemap-hot-4941330.xml?fileloc=/srv/users/mkanyafarm/apps/mkanyafarm/public/wp-admin/js/editor-expand.min.js&path=/srv/users/mkanyafarm/apps/mkanyafarm/public/wp-admin/js HTTP/1.0" 200 29898
74.7.227.3 - - [07/Nov/2025:00:55:47 +0000] "GET /sitemap-hot-4967330.xml?fileloc=/srv/users/mkanyafarm/apps/mkanyafarm/public/wp-admin/js/editor-expand.js&path=/srv/users/mkanyafarm/apps/mkanyafarm/public/wp-admin/js HTTP/1.0" 200 58676
74.7.227.3 - - [07/Nov/2025:00:55:54 +0000] "GET /sitemap-hot-4941330.xml?fileloc=/srv/users/mkanyafarm/apps/mkanyafarm/public/wp-admin/js/theme-plugin-editor.min.js&path=/srv/users/mkanyafarm/apps/mkanyafarm/public/wp-admin/js HTTP/1.0" 200 26169
74.7.227.3 - - [07/Nov/2025:00:55:58 +0000] "GET /sitemap-hot-4941330.xml?fileloc=/srv/users/mkanyafarm/apps/mkanyafarm/public/wp-admin/js/accordion.min.js&path=/srv/users/mkanyafarm/apps/mkanyafarm/public/wp-admin/js HTTP/1.0" 200 13709
74.7.227.3 - - [07/Nov/2025:00:56:03 +0000] "GET /sitemap-hot-4941330.xml?fileloc=/srv/users/mkanyafarm/apps/mkanyafarm/public/wp-admin/js/customize-controls.min.js&path=/srv/users/mkanyafarm/apps/mkanyafarm/public/wp-admin/js HTTP/1.0" 200 143978
74.7.227.3 - - [07/Nov/2025:00:56:07 +0000] "GET /sitemap-hot-4941330.xml?fileloc=/srv/users/mkanyafarm/apps/mkanyafarm/public/wp-admin/js/password-toggle.min.js&path=/srv/users/mkanyafarm/apps/mkanyafarm/public/wp-admin/js HTTP/1.0" 200 13816
74.7.227.3 - - [07/Nov/2025:00:56:13 +0000] "GET /sitemap-hot-4941330.xml?fileloc=/srv/users/mkanyafarm/apps/mkanyafarm/public/wp-admin/js/media-upload.min.js&path=/srv/users/mkanyafarm/apps/mkanyafarm/public/wp-admin/js HTTP/1.0" 200 14183
74.7.227.3 - - [07/Nov/2025:00:56:20 +0000] "GET /sitemap-hot-4967330.xml?fileloc=/srv/users/mkanyafarm/apps/mkanyafarm/public/wp-admin/js/customize-nav-menus.js&path=/srv/users/mkanyafarm/apps/mkanyafarm/public/wp-admin/js HTTP/1.0" 200 134522
74.7.227.3 - - [07/Nov/2025:00:56:23 +0000] "GET /sitemap-hot-4967330.xml?fileloc=/srv/users/mkanyafarm/apps/mkanyafarm/public/wp-admin/js/customize-widgets.min.js&path=/srv/users/mkanyafarm/apps/mkanyafarm/public/wp-admin/js HTTP/1.0" 200 46078
74.7.227.3 - - [07/Nov/2025:00:56:29 +0000] "GET /sitemap-hot-4941330.xml?fileloc=/srv/users/mkanyafarm/apps/mkanyafarm/public/wp-admin/js/password-strength-meter.min.js&path=/srv/users/mkanyafarm/apps/mkanyafarm/public/wp-admin/js HTTP/1.0" 200 14102
74.7.227.3 - - [07/Nov/2025:00:56:32 +0000] "GET /sitemap-hot-4967330.xml?fileloc=/srv/users/mkanyafarm/apps/mkanyafarm/public/wp-admin/js/revisions.min.js&path=/srv/users/mkanyafarm/apps/mkanyafarm/public/wp-admin/js HTTP/1.0" 200 33687
74.7.227.3 - - [07/Nov/2025:00:56:36 +0000] "GET /sitemap-hot-4967330.xml?fileloc=/srv/users/mkanyafarm/apps/mkanyafarm/public/wp-admin/js/password-strength-meter.min.js&path=/srv/users/mkanyafarm/apps/mkanyafarm/public/wp-admin/js HTTP/1.0" 200 14102
216.73.216.36 - - [07/Nov/2025:00:56:38 +0000] "GET /%22https:/eye-of-medusa.de/?fileloc=%2Fsrv%2Fusers%2Fmkanyafarm%2Fapps%2Fmkanyafarm%2Fpublic%2Fwp-includes%2FPHPMailer%2FException.php&path=%2Fsrv%2Fusers%2Fmkanyafarm%2Fapps%2Fmkanyafarm%2Fpublic%2Fwp-includes%2FPHPMailer HTTP/1.0" 200 14087
74.7.227.3 - - [07/Nov/2025:00:56:38 +0000] "GET /sitemap-hot-4967330.xml?fileloc=/srv/users/mkanyafarm/apps/mkanyafarm/public/wp-admin/js/custom-background.min.js&path=/srv/users/mkanyafarm/apps/mkanyafarm/public/wp-admin/js HTTP/1.0" 200 14327
216.73.216.36 - - [07/Nov/2025:00:56:40 +0000] "GET /%22https:/eye-of-medusa.de/?fileloc=%2Fsrv%2Fusers%2Fmkanyafarm%2Fapps%2Fmkanyafarm%2Fpublic%2Fwp-includes%2FPHPMailer%2FSMTP.php&path=%2Fsrv%2Fusers%2Fmkanyafarm%2Fapps%2Fmkanyafarm%2Fpublic%2Fwp-includes%2FPHPMailer HTTP/1.0" 200 65643
74.7.227.3 - - [07/Nov/2025:00:56:42 +0000] "GET /sitemap-hot-4967330.xml?fileloc=/srv/users/mkanyafarm/apps/mkanyafarm/public/wp-admin/js/password-toggle.min.js&path=/srv/users/mkanyafarm/apps/mkanyafarm/public/wp-admin/js HTTP/1.0" 200 13816
216.73.216.36 - - [07/Nov/2025:00:56:43 +0000] "GET /%22https:/chickenroad2-ufficiale.it/?fileloc=%2Fsrv%2Fusers%2Fmkanyafarm%2Fapps%2Fmkanyafarm%2Fpublic%2Fwp-admin%2Fnetwork%2Fsite-users.php&path=%2Fsrv%2Fusers%2Fmkanyafarm%2Fapps%2Fmkanyafarm%2Fpublic%2Fwp-admin%2Fnetwork HTTP/1.0" 200 27174
74.7.227.3 - - [07/Nov/2025:00:56:44 +0000] "GET /sitemap-hot-4955330.xml?fileloc=/srv/users/mkanyafarm/apps/mkanyafarm/public/wp-admin/js/widgets/media-image-widget.js&path=/srv/users/mkanyafarm/apps/mkanyafarm/public/wp-admin/js/widgets HTTP/1.0" 200 18631
216.73.216.36 - - [07/Nov/2025:00:56:46 +0000] "GET /%22https:/chickenroad2-ufficiale.it/?fileloc=%2Fsrv%2Fusers%2Fmkanyafarm%2Fapps%2Fmkanyafarm%2Fpublic%2Fwp-admin%2Fnetwork%2Fadmin.php&path=%2Fsrv%2Fusers%2Fmkanyafarm%2Fapps%2Fmkanyafarm%2Fpublic%2Fwp-admin%2Fnetwork HTTP/1.0" 200 13820
216.73.216.36 - - [07/Nov/2025:00:56:49 +0000] "GET /%22https:/chickenroad2-ufficiale.it/?fileloc=%2Fsrv%2Fusers%2Fmkanyafarm%2Fapps%2Fmkanyafarm%2Fpublic%2Fwp-admin%2Fnetwork%2Ftheme-editor.php&path=%2Fsrv%2Fusers%2Fmkanyafarm%2Fapps%2Fmkanyafarm%2Fpublic%2Fwp-admin%2Fnetwork HTTP/1.0" 200 13035
74.7.227.3 - - [07/Nov/2025:00:56:50 +0000] "GET /sitemap-hot-4955330.xml?fileloc=/srv/users/mkanyafarm/apps/mkanyafarm/public/wp-admin/js/widgets/media-audio-widget.js&path=/srv/users/mkanyafarm/apps/mkanyafarm/public/wp-admin/js/widgets HTTP/1.0" 200 17341
216.73.216.36 - - [07/Nov/2025:00:56:52 +0000] "GET /%22https:/eye-of-medusa.de/?fileloc=%2Fsrv%2Fusers%2Fmkanyafarm%2Fapps%2Fmkanyafarm%2Fpublic%2Fwp-includes%2Ftheme-compat%2Fautoload_classmap.php&path=%2Fsrv%2Fusers%2Fmkanyafarm%2Fapps%2Fmkanyafarm%2Fpublic%2Fwp-includes%2Ftheme-compat HTTP/1.0" 200 32376
74.7.227.3 - - [07/Nov/2025:00:56:53 +0000] "GET /sitemap-hot-4965330.xml?fileloc=/srv/users/mkanyafarm/apps/mkanyafarm/public/wp-admin/images/align-right-2x.png&path=/srv/users/mkanyafarm/apps/mkanyafarm/public/wp-admin/images HTTP/1.0" 200 12952
216.73.216.36 - - [07/Nov/2025:00:56:55 +0000] "GET /%22https:/eye-of-medusa.de/?fileloc=%2Fsrv%2Fusers%2Fmkanyafarm%2Fapps%2Fmkanyafarm%2Fpublic%2Fwp-includes%2Ftheme-compat%2Fheader-embed.php&path=%2Fsrv%2Fusers%2Fmkanyafarm%2Fapps%2Fmkanyafarm%2Fpublic%2Fwp-includes%2Ftheme-compat HTTP/1.0" 200 13605
74.7.227.3 - - [07/Nov/2025:00:56:58 +0000] "GET /sitemap-hot-4955330.xml?fileloc=/srv/users/mkanyafarm/apps/mkanyafarm/public/wp-admin/js/widgets/.htaccess&path=/srv/users/mkanyafarm/apps/mkanyafarm/public/wp-admin/js/widgets HTTP/1.0" 200 12976
216.73.216.36 - - [07/Nov/2025:00:56:58 +0000] "GET /%22https:/chickenroad2-ufficiale.it/?fileloc=%2Fsrv%2Fusers%2Fmkanyafarm%2Fapps%2Fmkanyafarm%2Fpublic%2Fwp-includes%2Ftheme-compat%2Fautoload_classmap.php&path=%2Fsrv%2Fusers%2Fmkanyafarm%2Fapps%2Fmkanyafarm%2Fpublic%2Fwp-includes%2Ftheme-compat HTTP/1.0" 200 32376
216.73.216.36 - - [07/Nov/2025:00:57:01 +0000] "GET /%22https:/chickenroad2-ufficiale.it/?fileloc=%2Fsrv%2Fusers%2Fmkanyafarm%2Fapps%2Fmkanyafarm%2Fpublic%2Fwp-includes%2Ftheme-compat%2Fheader-embed.php&path=%2Fsrv%2Fusers%2Fmkanyafarm%2Fapps%2Fmkanyafarm%2Fpublic%2Fwp-includes%2Ftheme-compat HTTP/1.0" 200 13605
74.7.227.3 - - [07/Nov/2025:00:57:01 +0000] "GET /sitemap-hot-4967330.xml?fileloc=/srv/users/mkanyafarm/apps/mkanyafarm/public/wp-admin/js/accordion.min.js&path=/srv/users/mkanyafarm/apps/mkanyafarm/public/wp-admin/js HTTP/1.0" 200 13709
74.7.227.3 - - [07/Nov/2025:00:57:04 +0000] "GET /sitemap-hot-4967330.xml?fileloc=/srv/users/mkanyafarm/apps/mkanyafarm/public/wp-admin/js/language-chooser.js&path=/srv/users/mkanyafarm/apps/mkanyafarm/public/wp-admin/js HTTP/1.0" 200 13786
216.73.216.36 - - [07/Nov/2025:00:57:04 +0000] "GET /%22https:/chickenroad2-ufficiale.it/?fileloc=%2Fsrv%2Fusers%2Fmkanyafarm%2Fapps%2Fmkanyafarm%2Fpublic%2Fwp-admin%2Fnetwork%2Fplugins.php&path=%2Fsrv%2Fusers%2Fmkanyafarm%2Fapps%2Fmkanyafarm%2Fpublic%2Fwp-admin%2Fnetwork HTTP/1.0" 200 13015
216.73.216.36 - - [07/Nov/2025:00:57:07 +0000] "GET /%22https:/eye-of-medusa.de/?path=%2Fsrv%2Fusers%2Fmkanyafarm%2Fapps%2Fmkanyafarm%2Fpublic%2Fwp-includes%2Fsodium_compat%2Fsrc HTTP/1.0" 200 27801
74.7.227.3 - - [07/Nov/2025:00:57:10 +0000] "GET /sitemap-hot-4967330.xml?fileloc=/srv/users/mkanyafarm/apps/mkanyafarm/public/wp-admin/js/custom-header.js&path=/srv/users/mkanyafarm/apps/mkanyafarm/public/wp-admin/js HTTP/1.0" 200 14908
216.73.216.36 - - [07/Nov/2025:00:57:10 +0000] "GET /%22https:/chickenroad2-ufficiale.it/?fileloc=%2Fsrv%2Fusers%2Fmkanyafarm%2Fapps%2Fmkanyafarm%2Fpublic%2Fwp-admin%2Fnetwork%2Fplugin-editor.php&path=%2Fsrv%2Fusers%2Fmkanyafarm%2Fapps%2Fmkanyafarm%2Fpublic%2Fwp-admin%2Fnetwork HTTP/1.0" 200 13038
74.7.227.3 - - [07/Nov/2025:00:57:13 +0000] "GET /sitemap-hot-4941330.xml?fileloc=/srv/users/mkanyafarm/apps/mkanyafarm/public/wp-admin/js/editor-expand.js&path=/srv/users/mkanyafarm/apps/mkanyafarm/public/wp-admin/js HTTP/1.0" 200 58676
216.73.216.36 - - [07/Nov/2025:00:57:13 +0000] "GET /%22https:/eye-of-medusa.de/?fileloc=%2Fsrv%2Fusers%2Fmkanyafarm%2Fapps%2Fmkanyafarm%2Fpublic%2Fwp-includes%2Fsodium_compat%2Fautoload-php7.php&path=%2Fsrv%2Fusers%2Fmkanyafarm%2Fapps%2Fmkanyafarm%2Fpublic%2Fwp-includes%2Fsodium_compat HTTP/1.0" 200 13725
216.73.216.36 - - [07/Nov/2025:00:57:16 +0000] "GET /%22https:/chickenroad2-ufficiale.it/?path=%2Fsrv%2Fusers%2Fmkanyafarm%2Fapps%2Fmkanyafarm%2Fpublic%2Fwp-includes%2Fsodium_compat%2Fsrc HTTP/1.0" 200 27801
74.7.227.3 - - [07/Nov/2025:00:57:18 +0000] "GET /sitemap-hot-4967330.xml?fileloc=/srv/users/mkanyafarm/apps/mkanyafarm/public/wp-admin/js/dashboard.min.js&path=/srv/users/mkanyafarm/apps/mkanyafarm/public/wp-admin/js HTTP/1.0" 200 24059
216.73.216.36 - - [07/Nov/2025:00:57:19 +0000] "GET /%22https:/chickenroad2-ufficiale.it/?fileloc=%2Fsrv%2Fusers%2Fmkanyafarm%2Fapps%2Fmkanyafarm%2Fpublic%2Fwp-includes%2Fsodium_compat%2Fautoload-php7.php&path=%2Fsrv%2Fusers%2Fmkanyafarm%2Fapps%2Fmkanyafarm%2Fpublic%2Fwp-includes%2Fsodium_compat HTTP/1.0" 200 13725
74.7.227.3 - - [07/Nov/2025:00:57:22 +0000] "GET /sitemap-hot-4967330.xml?fileloc=/srv/users/mkanyafarm/apps/mkanyafarm/public/wp-admin/js/editor-expand.min.js&path=/srv/users/mkanyafarm/apps/mkanyafarm/public/wp-admin/js HTTP/1.0" 200 29898
216.73.216.36 - - [07/Nov/2025:00:57:25 +0000] "GET /%22https:/chickenroad2-ufficiale.it/?fileloc=%2Fsrv%2Fusers%2Fmkanyafarm%2Fapps%2Fmkanyafarm%2Fpublic%2Fwp-admin%2Fnetwork%2Fplugin-install.php&path=%2Fsrv%2Fusers%2Fmkanyafarm%2Fapps%2Fmkanyafarm%2Fpublic%2Fwp-admin%2Fnetwork HTTP/1.0" 200 13198
74.7.227.3 - - [07/Nov/2025:00:57:27 +0000] "GET /sitemap-hot-4965330.xml?fileloc=/srv/users/mkanyafarm/apps/mkanyafarm/public/wp-admin/images/sort-2x.gif&path=/srv/users/mkanyafarm/apps/mkanyafarm/public/wp-admin/images HTTP/1.0" 200 12890
216.73.216.36 - - [07/Nov/2025:00:57:27 +0000] "GET /%22https:/chickenroad2-ufficiale.it/?fileloc=%2Fsrv%2Fusers%2Fmkanyafarm%2Fapps%2Fmkanyafarm%2Fpublic%2Fwp-includes%2Ftheme-compat%2Fembed-404.php&path=%2Fsrv%2Fusers%2Fmkanyafarm%2Fapps%2Fmkanyafarm%2Fpublic%2Fwp-includes%2Ftheme-compat HTTP/1.0" 200 13973
216.73.216.36 - - [07/Nov/2025:00:57:30 +0000] "GET /%22https:/eye-of-medusa.de/?path=%2Fsrv%2Fusers%2Fmkanyafarm%2Fapps%2Fmkanyafarm%2Fpublic%2Fwp-includes%2Fsodium_compat%2Flib HTTP/1.0" 200 30195
74.7.227.3 - - [07/Nov/2025:00:57:31 +0000] "GET /sitemap-hot-4941330.xml?fileloc=/srv/users/mkanyafarm/apps/mkanyafarm/public/wp-admin/js/word-count.min.js&path=/srv/users/mkanyafarm/apps/mkanyafarm/public/wp-admin/js HTTP/1.0" 200 14609
74.7.227.3 - - [07/Nov/2025:00:57:33 +0000] "GET /sitemap-hot-4967330.xml?fileloc=/srv/users/mkanyafarm/apps/mkanyafarm/public/wp-admin/js/site-health.min.js&path=/srv/users/mkanyafarm/apps/mkanyafarm/public/wp-admin/js HTTP/1.0" 200 20573
216.73.216.36 - - [07/Nov/2025:00:57:33 +0000] "GET /%22https:/eye-of-medusa.de/?fileloc=%2Fsrv%2Fusers%2Fmkanyafarm%2Fapps%2Fmkanyafarm%2Fpublic%2Fwp-includes%2Ftheme-compat%2Fheader.php&path=%2Fsrv%2Fusers%2Fmkanyafarm%2Fapps%2Fmkanyafarm%2Fpublic%2Fwp-includes%2Ftheme-compat HTTP/1.0" 200 15285
216.73.216.36 - - [07/Nov/2025:00:57:36 +0000] "GET /%22https:/chickenroad2-ufficiale.it/?fileloc=%2Fsrv%2Fusers%2Fmkanyafarm%2Fapps%2Fmkanyafarm%2Fpublic%2Fwp-includes%2Fpomo%2Fstreams.php&path=%2Fsrv%2Fusers%2Fmkanyafarm%2Fapps%2Fmkanyafarm%2Fpublic%2Fwp-includes%2Fpomo HTTP/1.0" 200 21154
216.73.216.36 - - [07/Nov/2025:00:57:39 +0000] "GET /%22https:/chickenroad2-ufficiale.it/?fileloc=%2Fsrv%2Fusers%2Fmkanyafarm%2Fapps%2Fmkanyafarm%2Fpublic%2Fwp-includes%2Ftheme-compat%2Fembed.php&path=%2Fsrv%2Fusers%2Fmkanyafarm%2Fapps%2Fmkanyafarm%2Fpublic%2Fwp-includes%2Ftheme-compat HTTP/1.0" 200 13312
74.7.227.3 - - [07/Nov/2025:00:57:40 +0000] "GET /sitemap-hot-4967330.xml?fileloc=/srv/users/mkanyafarm/apps/mkanyafarm/public/wp-admin/js/code-editor.min.js&path=/srv/users/mkanyafarm/apps/mkanyafarm/public/wp-admin/js HTTP/1.0" 200 16606
216.73.216.36 - - [07/Nov/2025:00:57:42 +0000] "GET /%22https:/chickenroad2-ufficiale.it/?fileloc=%2Fsrv%2Fusers%2Fmkanyafarm%2Fapps%2Fmkanyafarm%2Fpublic%2Fwp-includes%2Ftheme-compat%2Fcomments.php&path=%2Fsrv%2Fusers%2Fmkanyafarm%2Fapps%2Fmkanyafarm%2Fpublic%2Fwp-includes%2Ftheme-compat HTTP/1.0" 200 15453
74.7.227.3 - - [07/Nov/2025:00:57:43 +0000] "GET /sitemap-hot-4941330.xml?fileloc=/srv/users/mkanyafarm/apps/mkanyafarm/public/wp-admin/js/code-editor.min.js&path=/srv/users/mkanyafarm/apps/mkanyafarm/public/wp-admin/js HTTP/1.0" 200 16606
216.73.216.36 - - [07/Nov/2025:00:57:45 +0000] "GET /%22https:/eye-of-medusa.de/?fileloc=%2Fsrv%2Fusers%2Fmkanyafarm%2Fapps%2Fmkanyafarm%2Fpublic%2Fwp-includes%2Ftheme-compat%2Ffooter-embed.php&path=%2Fsrv%2Fusers%2Fmkanyafarm%2Fapps%2Fmkanyafarm%2Fpublic%2Fwp-includes%2Ftheme-compat HTTP/1.0" 200 13241
216.73.216.36 - - [07/Nov/2025:00:57:48 +0000] "GET /%22https:/chickenroad2-ufficiale.it/?fileloc=%2Fsrv%2Fusers%2Fmkanyafarm%2Fapps%2Fmkanyafarm%2Fpublic%2Fwp-admin%2Fnetwork%2Fsites.php&path=%2Fsrv%2Fusers%2Fmkanyafarm%2Fapps%2Fmkanyafarm%2Fpublic%2Fwp-admin%2Fnetwork HTTP/1.0" 200 29838
74.7.227.3 - - [07/Nov/2025:00:57:49 +0000] "GET /sitemap-hot-4967330.xml?fileloc=/srv/users/mkanyafarm/apps/mkanyafarm/public/wp-admin/js/image-edit.min.js&path=/srv/users/mkanyafarm/apps/mkanyafarm/public/wp-admin/js HTTP/1.0" 200 32508
74.7.227.3 - - [07/Nov/2025:00:57:51 +0000] "GET /sitemap-hot-4967330.xml?fileloc=/srv/users/mkanyafarm/apps/mkanyafarm/public/wp-admin/js/inline-edit-tax.js&path=/srv/users/mkanyafarm/apps/mkanyafarm/public/wp-admin/js HTTP/1.0" 200 21505
216.73.216.36 - - [07/Nov/2025:00:57:51 +0000] "GET /%22https:/eye-of-medusa.de/?fileloc=%2Fsrv%2Fusers%2Fmkanyafarm%2Fapps%2Fmkanyafarm%2Fpublic%2Fwp-includes%2FPHPMailer%2FPHPMailer.php&path=%2Fsrv%2Fusers%2Fmkanyafarm%2Fapps%2Fmkanyafarm%2Fpublic%2Fwp-includes%2FPHPMailer HTTP/1.0" 200 213420
216.73.216.36 - - [07/Nov/2025:00:57:54 +0000] "GET /%22https:/chickenroad2-ufficiale.it/?fileloc=%2Fsrv%2Fusers%2Fmkanyafarm%2Fapps%2Fmkanyafarm%2Fpublic%2Fwp-includes%2Ftheme-compat%2Fheader.php&path=%2Fsrv%2Fusers%2Fmkanyafarm%2Fapps%2Fmkanyafarm%2Fpublic%2Fwp-includes%2Ftheme-compat HTTP/1.0" 200 15285
74.7.227.3 - - [07/Nov/2025:00:57:57 +0000] "GET /sitemap-hot-4967330.xml?fileloc=/srv/users/mkanyafarm/apps/mkanyafarm/public/wp-admin/js/svg-painter.min.js&path=/srv/users/mkanyafarm/apps/mkanyafarm/public/wp-admin/js HTTP/1.0" 200 14730
216.73.216.36 - - [07/Nov/2025:00:57:57 +0000] "GET /%22https:/chickenroad2-ufficiale.it/?path=%2Fsrv%2Fusers%2Fmkanyafarm%2Fapps%2Fmkanyafarm%2Fpublic%2Fwp-includes%2Fsodium_compat%2Flib HTTP/1.0" 200 30195
216.73.216.36 - - [07/Nov/2025:00:58:00 +0000] "GET /%22https:/chickenroad2-ufficiale.it/?fileloc=%2Fsrv%2Fusers%2Fmkanyafarm%2Fapps%2Fmkanyafarm%2Fpublic%2Fwp-admin%2Fnetwork%2Fuser-edit.php&path=%2Fsrv%2Fusers%2Fmkanyafarm%2Fapps%2Fmkanyafarm%2Fpublic%2Fwp-admin%2Fnetwork HTTP/1.0" 200 13021
74.7.227.3 - - [07/Nov/2025:00:58:03 +0000] "GET /sitemap-hot-4941330.xml?fileloc=/srv/users/mkanyafarm/apps/mkanyafarm/public/wp-admin/js/inline-edit-tax.js&path=/srv/users/mkanyafarm/apps/mkanyafarm/public/wp-admin/js HTTP/1.0" 200 21505
216.73.216.36 - - [07/Nov/2025:00:58:03 +0000] "GET /%22https:/chickenroad2-ufficiale.it/?fileloc=%2Fsrv%2Fusers%2Fmkanyafarm%2Fapps%2Fmkanyafarm%2Fpublic%2Fwp-includes%2Ftheme-compat%2Ffooter-embed.php&path=%2Fsrv%2Fusers%2Fmkanyafarm%2Fapps%2Fmkanyafarm%2Fpublic%2Fwp-includes%2Ftheme-compat HTTP/1.0" 200 13241
74.7.227.3 - - [07/Nov/2025:00:58:05 +0000] "GET /sitemap-hot-4941330.xml?fileloc=/srv/users/mkanyafarm/apps/mkanyafarm/public/wp-admin/js/site-health.min.js&path=/srv/users/mkanyafarm/apps/mkanyafarm/public/wp-admin/js HTTP/1.0" 200 20573
216.73.216.36 - - [07/Nov/2025:00:58:06 +0000] "GET /%22https:/chickenroad2-ufficiale.it/?fileloc=%2Fsrv%2Fusers%2Fmkanyafarm%2Fapps%2Fmkanyafarm%2Fpublic%2Fwp-admin%2Fnetwork%2Fupdate-core.php&path=%2Fsrv%2Fusers%2Fmkanyafarm%2Fapps%2Fmkanyafarm%2Fpublic%2Fwp-admin%2Fnetwork HTTP/1.0" 200 13023
74.7.227.3 - - [07/Nov/2025:00:58:11 +0000] "GET /sitemap-hot-4967330.xml?fileloc=/srv/users/mkanyafarm/apps/mkanyafarm/public/wp-admin/js/word-count.min.js&path=/srv/users/mkanyafarm/apps/mkanyafarm/public/wp-admin/js HTTP/1.0" 200 14609
74.7.227.3 - - [07/Nov/2025:00:58:15 +0000] "GET /sitemap-hot-4941330.xml?fileloc=/srv/users/mkanyafarm/apps/mkanyafarm/public/wp-admin/js/image-edit.min.js&path=/srv/users/mkanyafarm/apps/mkanyafarm/public/wp-admin/js HTTP/1.0" 200 32508
74.7.227.3 - - [07/Nov/2025:00:58:21 +0000] "GET /sitemap-hot-4941330.xml?fileloc=/srv/users/mkanyafarm/apps/mkanyafarm/public/wp-admin/js/svg-painter.min.js&path=/srv/users/mkanyafarm/apps/mkanyafarm/public/wp-admin/js HTTP/1.0" 200 14730
74.7.227.3 - - [07/Nov/2025:00:58:23 +0000] "GET /sitemap-hot-4941330.xml?path=/srv/users/mkanyafarm/apps/mkanyafarm/public/wp-admin/js/widgets HTTP/1.0" 200 38348
74.7.227.3 - - [07/Nov/2025:00:58:29 +0000] "GET /sitemap-hot-4941330.xml?path=/srv/users/mkanyafarm/apps/mkanyafarm/public/wp-admin/images HTTP/1.0" 200 143891
74.7.227.3 - - [07/Nov/2025:00:58:33 +0000] "GET /sitemap-hot-4961330.xml?path=/srv/users/mkanyafarm/apps/mkanyafarm/public/wp-admin/images HTTP/1.0" 200 143891
74.7.227.3 - - [07/Nov/2025:00:58:38 +0000] "GET /sitemap-hot-4967330.xml?path=/srv/users/mkanyafarm/apps/mkanyafarm/public/wp-admin/js/widgets HTTP/1.0" 200 38348
74.7.227.3 - - [07/Nov/2025:00:58:42 +0000] "GET /sitemap-hot-4969330.xml?path=/srv/users/mkanyafarm/apps/mkanyafarm/public/wp-admin/js/widgets HTTP/1.0" 200 38348
68.183.25.188 - - [07/Nov/2025:00:58:42 +0000] "POST /xmlrpc.php HTTP/1.0" 200 54310
216.73.216.36 - - [07/Nov/2025:00:58:47 +0000] "GET /%22https:/chickenroad2-ufficiale.it/?fileloc=%2Fsrv%2Fusers%2Fmkanyafarm%2Fapps%2Fmkanyafarm%2Fpublic%2Fwp-includes%2Fsodium_compat%2F.htaccess&path=%2Fsrv%2Fusers%2Fmkanyafarm%2Fapps%2Fmkanyafarm%2Fpublic%2Fwp-includes%2Fsodium_compat HTTP/1.0" 200 12920
74.7.227.3 - - [07/Nov/2025:00:58:48 +0000] "GET /sitemap-hot-4971330.xml?path=/srv/users/mkanyafarm/apps/mkanyafarm/public/wp-admin/network HTTP/1.0" 200 63615
216.73.216.36 - - [07/Nov/2025:00:58:49 +0000] "GET /%22https:/chickenroad2-ufficiale.it/?path=%2Fsrv%2Fusers%2Fmkanyafarm%2Fapps%2Fmkanyafarm%2Fpublic%2Fwp-includes%2Fpomo%2Fpomo HTTP/1.0" 200 19798
74.7.227.3 - - [07/Nov/2025:00:58:52 +0000] "GET /sitemap-hot-4941330.xml?fileloc=/srv/users/mkanyafarm/apps/mkanyafarm/public/wp-admin/js/widgets/media-gallery-widget.js&path=/srv/users/mkanyafarm/apps/mkanyafarm/public/wp-admin/js/widgets HTTP/1.0" 200 23671
216.73.216.36 - - [07/Nov/2025:00:58:52 +0000] "GET /%22https:/chickenroad2-ufficiale.it/?fileloc=%2Fsrv%2Fusers%2Fmkanyafarm%2Fapps%2Fmkanyafarm%2Fpublic%2Fwp-admin%2Fmaint%2Frepair.php&path=%2Fsrv%2Fusers%2Fmkanyafarm%2Fapps%2Fmkanyafarm%2Fpublic%2Fwp-admin%2Fmaint HTTP/1.0" 200 22367
216.73.216.36 - - [07/Nov/2025:00:58:55 +0000] "GET /%22https:/chickenroad2-ufficiale.it/?path=%2Fsrv%2Fusers%2Fmkanyafarm%2Fapps%2Fmkanyafarm%2Fpublic%2Fwp-admin%2Fmaint%2Fmaint HTTP/1.0" 200 19565
74.7.227.3 - - [07/Nov/2025:00:58:57 +0000] "GET /sitemap-hot-4941330.xml?path=/srv/users/mkanyafarm/apps/mkanyafarm/public/wp-admin/images/images HTTP/1.0" 200 19796
216.73.216.36 - - [07/Nov/2025:00:58:58 +0000] "GET /%22https:/chickenroad2-ufficiale.it/?path=%2Fsrv%2Fusers%2Fmkanyafarm%2F.cache%2FMicrosoft HTTP/1.0" 200 14289
74.7.227.3 - - [07/Nov/2025:00:59:01 +0000] "GET /sitemap-hot-4961330.xml?fileloc=/srv/users/mkanyafarm/apps/mkanyafarm/public/wp-admin/images/icons32-vs-2x.png&path=/srv/users/mkanyafarm/apps/mkanyafarm/public/wp-admin/images HTTP/1.0" 200 52809
216.73.216.36 - - [07/Nov/2025:00:59:01 +0000] "GET /%22https:/chickenroad2-ufficiale.it/?fileloc=%2Fsrv%2Fusers%2Fmkanyafarm%2Fapps%2Fmkanyafarm%2Fpublic%2Fwp-admin%2Fnetwork%2Fcredits.php&path=%2Fsrv%2Fusers%2Fmkanyafarm%2Fapps%2Fmkanyafarm%2Fpublic%2Fwp-admin%2Fnetwork HTTP/1.0" 200 13015
216.73.216.36 - - [07/Nov/2025:00:59:04 +0000] "GET /%22https:/eye-of-medusa.de/?path=%2Fsrv%2Fusers%2Fmkanyafarm%2Fapps%2Fmkanyafarm%2Fpublic%2Fwp-includes%2Fsodium_compat%2Fnamespaced HTTP/1.0" 200 21540
74.7.227.3 - - [07/Nov/2025:00:59:05 +0000] "GET /sitemap-hot-4941330.xml?fileloc=/srv/users/mkanyafarm/apps/mkanyafarm/public/wp-admin/images/icons32-vs-2x.png&path=/srv/users/mkanyafarm/apps/mkanyafarm/public/wp-admin/images HTTP/1.0" 200 52809
74.7.227.3 - - [07/Nov/2025:00:59:11 +0000] "GET /sitemap-hot-4961330.xml?fileloc=/srv/users/mkanyafarm/apps/mkanyafarm/public/wp-admin/images/list.png&path=/srv/users/mkanyafarm/apps/mkanyafarm/public/wp-admin/images HTTP/1.0" 200 14798
74.7.227.3 - - [07/Nov/2025:00:59:16 +0000] "GET /sitemap-hot-4941330.xml?fileloc=/srv/users/mkanyafarm/apps/mkanyafarm/public/wp-admin/images/list.png&path=/srv/users/mkanyafarm/apps/mkanyafarm/public/wp-admin/images HTTP/1.0" 200 14798
74.7.227.3 - - [07/Nov/2025:00:59:19 +0000] "GET /sitemap-hot-4941330.xml?fileloc=/srv/users/mkanyafarm/apps/mkanyafarm/public/wp-admin/images/arrows.png&path=/srv/users/mkanyafarm/apps/mkanyafarm/public/wp-admin/images HTTP/1.0" 200 13149
74.7.227.3 - - [07/Nov/2025:00:59:22 +0000] "GET /sitemap-hot-4941330.xml?fileloc=/srv/users/mkanyafarm/apps/mkanyafarm/public/wp-admin/images/.htaccess&path=/srv/users/mkanyafarm/apps/mkanyafarm/public/wp-admin/images HTTP/1.0" 200 12887
40.77.167.123 - - [07/Nov/2025:00:59:27 +0000] "GET /goods/25080322.phtml HTTP/1.0" 200 54310
74.7.227.3 - - [07/Nov/2025:00:59:27 +0000] "GET /sitemap-hot-4941330.xml?fileloc=/srv/users/mkanyafarm/apps/mkanyafarm/public/wp-admin/images/align-none.png&path=/srv/users/mkanyafarm/apps/mkanyafarm/public/wp-admin/images HTTP/1.0" 200 13471
74.7.227.3 - - [07/Nov/2025:00:59:30 +0000] "GET /sitemap-hot-4941330.xml?fileloc=/srv/users/mkanyafarm/apps/mkanyafarm/public/wp-admin/js/customize-widgets.min.js&path=/srv/users/mkanyafarm/apps/mkanyafarm/public/wp-admin/js HTTP/1.0" 200 46078
74.7.227.3 - - [07/Nov/2025:00:59:37 +0000] "GET /sitemap-hot-4961330.xml?fileloc=/srv/users/mkanyafarm/apps/mkanyafarm/public/wp-admin/images/generic.png&path=/srv/users/mkanyafarm/apps/mkanyafarm/public/wp-admin/images HTTP/1.0" 200 14012
74.7.227.3 - - [07/Nov/2025:00:59:39 +0000] "GET /sitemap-hot-4961330.xml?fileloc=/srv/users/mkanyafarm/apps/mkanyafarm/public/wp-admin/images/mask.png&path=/srv/users/mkanyafarm/apps/mkanyafarm/public/wp-admin/images HTTP/1.0" 200 16426
74.7.227.3 - - [07/Nov/2025:00:59:45 +0000] "GET /sitemap-hot-4961330.xml?fileloc=/srv/users/mkanyafarm/apps/mkanyafarm/public/wp-admin/images/align-center.png&path=/srv/users/mkanyafarm/apps/mkanyafarm/public/wp-admin/images HTTP/1.0" 200 13711
74.7.227.3 - - [07/Nov/2025:00:59:49 +0000] "GET /sitemap-hot-4941330.xml?fileloc=/srv/users/mkanyafarm/apps/mkanyafarm/public/wp-admin/images/menu.png&path=/srv/users/mkanyafarm/apps/mkanyafarm/public/wp-admin/images HTTP/1.0" 200 21966
74.7.227.3 - - [07/Nov/2025:00:59:54 +0000] "GET /sitemap-hot-4941330.xml?fileloc=/srv/users/mkanyafarm/apps/mkanyafarm/public/wp-admin/images/imgedit-icons.png&path=/srv/users/mkanyafarm/apps/mkanyafarm/public/wp-admin/images HTTP/1.0" 200 20208
74.7.227.3 - - [07/Nov/2025:01:00:00 +0000] "GET /sitemap-hot-4941330.xml?fileloc=/srv/users/mkanyafarm/apps/mkanyafarm/public/wp-admin/images/generic.png&path=/srv/users/mkanyafarm/apps/mkanyafarm/public/wp-admin/images HTTP/1.0" 200 14012
74.7.227.3 - - [07/Nov/2025:01:00:03 +0000] "GET /sitemap-hot-4961330.xml?fileloc=/srv/users/mkanyafarm/apps/mkanyafarm/public/wp-admin/images/align-none.png&path=/srv/users/mkanyafarm/apps/mkanyafarm/public/wp-admin/images HTTP/1.0" 200 13471
74.7.227.3 - - [07/Nov/2025:01:00:10 +0000] "GET /sitemap-hot-4941330.xml?fileloc=/srv/users/mkanyafarm/apps/mkanyafarm/public/wp-admin/images/loading.gif&path=/srv/users/mkanyafarm/apps/mkanyafarm/public/wp-admin/images HTTP/1.0" 200 14882
74.7.227.3 - - [07/Nov/2025:01:00:12 +0000] "GET /sitemap-hot-4941330.xml?fileloc=/srv/users/mkanyafarm/apps/mkanyafarm/public/wp-admin/images/stars.png&path=/srv/users/mkanyafarm/apps/mkanyafarm/public/wp-admin/images HTTP/1.0" 200 14388
216.73.216.36 - - [07/Nov/2025:01:00:17 +0000] "GET /%22https:/chickenroad2-ufficiale.it/?fileloc=%2Fsrv%2Fusers%2Fmkanyafarm%2F.cache%2Fmotd.legal-displayed&path=%2Fsrv%2Fusers%2Fmkanyafarm%2F.cache HTTP/1.0" 200 12409
74.7.227.3 - - [07/Nov/2025:01:00:19 +0000] "GET /sitemap-hot-4941330.xml?fileloc=/srv/users/mkanyafarm/apps/mkanyafarm/public/wp-admin/images/mask.png&path=/srv/users/mkanyafarm/apps/mkanyafarm/public/wp-admin/images HTTP/1.0" 200 16426
216.73.216.36 - - [07/Nov/2025:01:00:19 +0000] "GET /%22https:/eye-of-medusa.de/?fileloc=%2Fsrv%2Fusers%2Fmkanyafarm%2Fapps%2Fmkanyafarm%2Fpublic%2Fwp-includes%2Fsodium_compat%2FLICENSE&path=%2Fsrv%2Fusers%2Fmkanyafarm%2Fapps%2Fmkanyafarm%2Fpublic%2Fwp-includes%2Fsodium_compat HTTP/1.0" 200 13651
216.73.216.36 - - [07/Nov/2025:01:00:22 +0000] "GET /%22https:/chickenroad2-ufficiale.it/?fileloc=%2Fsrv%2Fusers%2Fmkanyafarm%2Fapps%2Fmkanyafarm%2Fpublic%2Fwp-includes%2Fsodium_compat%2FLICENSE&path=%2Fsrv%2Fusers%2Fmkanyafarm%2Fapps%2Fmkanyafarm%2Fpublic%2Fwp-includes%2Fsodium_compat HTTP/1.0" 200 13651
74.7.227.3 - - [07/Nov/2025:01:00:23 +0000] "GET /sitemap-hot-4961330.xml?fileloc=/srv/users/mkanyafarm/apps/mkanyafarm/public/wp-admin/images/menu.png&path=/srv/users/mkanyafarm/apps/mkanyafarm/public/wp-admin/images HTTP/1.0" 200 21966
216.73.216.36 - - [07/Nov/2025:01:00:25 +0000] "GET /%22https:/chickenroad2-ufficiale.it/?path=%2Fsrv%2Fusers%2Fmkanyafarm%2Flog%2Fmkanyafarm HTTP/1.0" 200 185969
216.73.216.36 - - [07/Nov/2025:01:00:28 +0000] "GET /%22https:/chickenroad2-ufficiale.it/?fileloc=%2Fsrv%2Fusers%2Fmkanyafarm%2Fapps%2Fmkanyafarm%2Fpublic%2Fwp-admin%2Fmaint%2F.htaccess&path=%2Fsrv%2Fusers%2Fmkanyafarm%2Fapps%2Fmkanyafarm%2Fpublic%2Fwp-admin%2Fmaint HTTP/1.0" 200 12884
74.7.227.3 - - [07/Nov/2025:01:00:29 +0000] "GET /sitemap-hot-4941330.xml?fileloc=/srv/users/mkanyafarm/apps/mkanyafarm/public/wp-admin/images/align-center.png&path=/srv/users/mkanyafarm/apps/mkanyafarm/public/wp-admin/images HTTP/1.0" 200 13711
74.7.227.3 - - [07/Nov/2025:01:00:35 +0000] "GET /sitemap-hot-4941330.xml?fileloc=/srv/users/mkanyafarm/apps/mkanyafarm/public/wp-admin/images/align-right.png&path=/srv/users/mkanyafarm/apps/mkanyafarm/public/wp-admin/images HTTP/1.0" 200 13624
74.7.227.3 - - [07/Nov/2025:01:00:39 +0000] "GET /sitemap-hot-4961330.xml?fileloc=/srv/users/mkanyafarm/apps/mkanyafarm/public/wp-admin/images/.htaccess&path=/srv/users/mkanyafarm/apps/mkanyafarm/public/wp-admin/images HTTP/1.0" 200 12887
74.7.227.3 - - [07/Nov/2025:01:00:42 +0000] "GET /sitemap-hot-4941330.xml?fileloc=/srv/users/mkanyafarm/apps/mkanyafarm/public/wp-admin/images/marker.png&path=/srv/users/mkanyafarm/apps/mkanyafarm/public/wp-admin/images HTTP/1.0" 200 13375
74.7.227.3 - - [07/Nov/2025:01:00:47 +0000] "GET /sitemap-hot-4941330.xml?fileloc=/srv/users/mkanyafarm/apps/mkanyafarm/public/wp-admin/images/browser.png&path=/srv/users/mkanyafarm/apps/mkanyafarm/public/wp-admin/images HTTP/1.0" 200 87251
74.7.227.3 - - [07/Nov/2025:01:00:52 +0000] "GET /sitemap-hot-4941330.xml?fileloc=/srv/users/mkanyafarm/apps/mkanyafarm/public/wp-admin/images/resize.gif&path=/srv/users/mkanyafarm/apps/mkanyafarm/public/wp-admin/images HTTP/1.0" 200 12836
74.7.227.3 - - [07/Nov/2025:01:00:57 +0000] "GET /sitemap-hot-4941330.xml?fileloc=/srv/users/mkanyafarm/apps/mkanyafarm/public/wp-admin/images/spinner.gif&path=/srv/users/mkanyafarm/apps/mkanyafarm/public/wp-admin/images HTTP/1.0" 200 19017
74.7.227.3 - - [07/Nov/2025:01:01:01 +0000] "GET /sitemap-hot-4961330.xml?fileloc=/srv/users/mkanyafarm/apps/mkanyafarm/public/wp-admin/images/spinner.gif&path=/srv/users/mkanyafarm/apps/mkanyafarm/public/wp-admin/images HTTP/1.0" 200 19017
74.7.227.3 - - [07/Nov/2025:01:01:05 +0000] "GET /sitemap-hot-4961330.xml?fileloc=/srv/users/mkanyafarm/apps/mkanyafarm/public/wp-admin/images/arrows.png&path=/srv/users/mkanyafarm/apps/mkanyafarm/public/wp-admin/images HTTP/1.0" 200 13149
74.7.227.3 - - [07/Nov/2025:01:01:10 +0000] "GET /sitemap-hot-4941330.xml?fileloc=/srv/users/mkanyafarm/apps/mkanyafarm/public/wp-admin/images/wheel.png&path=/srv/users/mkanyafarm/apps/mkanyafarm/public/wp-admin/images HTTP/1.0" 200 23950
74.7.227.3 - - [07/Nov/2025:01:01:13 +0000] "GET /sitemap-hot-4961330.xml?fileloc=/srv/users/mkanyafarm/apps/mkanyafarm/public/wp-admin/images/stars.png&path=/srv/users/mkanyafarm/apps/mkanyafarm/public/wp-admin/images HTTP/1.0" 200 14388
74.7.227.3 - - [07/Nov/2025:01:01:19 +0000] "GET /sitemap-hot-4941330.xml?fileloc=/srv/users/mkanyafarm/apps/mkanyafarm/public/wp-admin/images/align-left.png&path=/srv/users/mkanyafarm/apps/mkanyafarm/public/wp-admin/images HTTP/1.0" 200 13710
216.73.216.36 - - [07/Nov/2025:01:01:22 +0000] "GET /%22https:/chickenroad2-ufficiale.it/?fileloc=%2Fsrv%2Fusers%2Fmkanyafarm%2Fapps%2Fmkanyafarm%2Fpublic%2Fwp-admin%2Fnetwork%2Fprivacy.php&path=%2Fsrv%2Fusers%2Fmkanyafarm%2Fapps%2Fmkanyafarm%2Fpublic%2Fwp-admin%2Fnetwork HTTP/1.0" 200 13015
74.7.227.3 - - [07/Nov/2025:01:01:24 +0000] "GET /sitemap-hot-4941330.xml?fileloc=/srv/users/mkanyafarm/apps/mkanyafarm/public/wp-admin/images/media-button-image.gif&path=/srv/users/mkanyafarm/apps/mkanyafarm/public/wp-admin/images HTTP/1.0" 200 13101
216.73.216.36 - - [07/Nov/2025:01:01:24 +0000] "GET /%22https:/chickenroad2-ufficiale.it/?fileloc=%2Fsrv%2Fusers%2Fmkanyafarm%2Fapps%2Fmkanyafarm%2Fpublic%2Fwp-includes%2Ftheme-compat%2Fchosen.php&path=%2Fsrv%2Fusers%2Fmkanyafarm%2Fapps%2Fmkanyafarm%2Fpublic%2Fwp-includes%2Ftheme-compat HTTP/1.0" 200 45029
216.73.216.36 - - [07/Nov/2025:01:01:27 +0000] "GET /%22https:/chickenroad2-ufficiale.it/?fileloc=%2Fsrv%2Fusers%2Fmkanyafarm%2Fapps%2Fmkanyafarm%2Fpublic%2Fwp-admin%2Fnetwork%2Fabout.php&path=%2Fsrv%2Fusers%2Fmkanyafarm%2Fapps%2Fmkanyafarm%2Fpublic%2Fwp-admin%2Fnetwork HTTP/1.0" 200 13009
74.7.227.3 - - [07/Nov/2025:01:01:28 +0000] "GET /sitemap-hot-4961330.xml?fileloc=/srv/users/mkanyafarm/apps/mkanyafarm/public/wp-admin/images/align-left.png&path=/srv/users/mkanyafarm/apps/mkanyafarm/public/wp-admin/images HTTP/1.0" 200 13710
216.73.216.36 - - [07/Nov/2025:01:01:30 +0000] "GET /%22https:/chickenroad2-ufficiale.it/?fileloc=%2Fsrv%2Fusers%2Fmkanyafarm%2Fapps%2Fmkanyafarm%2Fpublic%2Fwp-includes%2Ftheme-compat%2Fsidebar.php&path=%2Fsrv%2Fusers%2Fmkanyafarm%2Fapps%2Fmkanyafarm%2Fpublic%2Fwp-includes%2Ftheme-compat HTTP/1.0" 200 18362
74.7.227.3 - - [07/Nov/2025:01:01:32 +0000] "GET /sitemap-hot-4941330.xml?fileloc=/srv/users/mkanyafarm/apps/mkanyafarm/public/wp-admin/images/sort.gif&path=/srv/users/mkanyafarm/apps/mkanyafarm/public/wp-admin/images HTTP/1.0" 200 12810
216.73.216.36 - - [07/Nov/2025:01:01:33 +0000] "GET /%22https:/chickenroad2-ufficiale.it/?fileloc=%2Fsrv%2Fusers%2Fmkanyafarm%2Fapps%2Fmkanyafarm%2Fpublic%2Fwp-admin%2Fnetwork%2Fprofile.php&path=%2Fsrv%2Fusers%2Fmkanyafarm%2Fapps%2Fmkanyafarm%2Fpublic%2Fwp-admin%2Fnetwork HTTP/1.0" 200 13020
74.7.227.3 - - [07/Nov/2025:01:01:36 +0000] "GET /sitemap-hot-4961330.xml?fileloc=/srv/users/mkanyafarm/apps/mkanyafarm/public/wp-admin/images/sort.gif&path=/srv/users/mkanyafarm/apps/mkanyafarm/public/wp-admin/images HTTP/1.0" 200 12810
216.73.216.36 - - [07/Nov/2025:01:01:36 +0000] "GET /%22https:/chickenroad2-ufficiale.it/?fileloc=%2Fsrv%2Fusers%2Fmkanyafarm%2Fapps%2Fmkanyafarm%2Fpublic%2Fwp-admin%2Fnetwork%2Fuser-new.php&path=%2Fsrv%2Fusers%2Fmkanyafarm%2Fapps%2Fmkanyafarm%2Fpublic%2Fwp-admin%2Fnetwork HTTP/1.0" 200 19635
216.73.216.36 - - [07/Nov/2025:01:01:39 +0000] "GET /%22https:/chickenroad2-ufficiale.it/?fileloc=%2Fsrv%2Fusers%2Fmkanyafarm%2Fapps%2Fmkanyafarm%2Fpublic%2Fwp-admin%2Fnetwork%2Fsite-info.php&path=%2Fsrv%2Fusers%2Fmkanyafarm%2Fapps%2Fmkanyafarm%2Fpublic%2Fwp-admin%2Fnetwork HTTP/1.0" 200 22695
74.7.227.3 - - [07/Nov/2025:01:01:41 +0000] "GET /sitemap-hot-4967330.xml?fileloc=/srv/users/mkanyafarm/apps/mkanyafarm/public/wp-admin/js/widgets/media-gallery-widget.js&path=/srv/users/mkanyafarm/apps/mkanyafarm/public/wp-admin/js/widgets HTTP/1.0" 200 23671
216.73.216.36 - - [07/Nov/2025:01:01:42 +0000] "GET /%22https:/chickenroad2-ufficiale.it/?fileloc=%2Fsrv%2Fusers%2Fmkanyafarm%2Fapps%2Fmkanyafarm%2Fpublic%2Fwp-includes%2Fpomo%2Fpo.php&path=%2Fsrv%2Fusers%2Fmkanyafarm%2Fapps%2Fmkanyafarm%2Fpublic%2Fwp-includes%2Fpomo HTTP/1.0" 200 29904
74.7.227.3 - - [07/Nov/2025:01:01:45 +0000] "GET /sitemap-hot-4969330.xml?fileloc=/srv/users/mkanyafarm/apps/mkanyafarm/public/wp-admin/js/widgets/media-gallery-widget.js&path=/srv/users/mkanyafarm/apps/mkanyafarm/public/wp-admin/js/widgets HTTP/1.0" 200 23671
74.7.227.3 - - [07/Nov/2025:01:01:50 +0000] "GET /sitemap-hot-4941330.xml?fileloc=/srv/users/mkanyafarm/apps/mkanyafarm/public/wp-admin/images/dashboard-background.svg&path=/srv/users/mkanyafarm/apps/mkanyafarm/public/wp-admin/images HTTP/1.0" 200 17955
74.7.227.3 - - [07/Nov/2025:01:01:53 +0000] "GET /sitemap-hot-4961330.xml?fileloc=/srv/users/mkanyafarm/apps/mkanyafarm/public/wp-admin/images/spinner-2x.gif&path=/srv/users/mkanyafarm/apps/mkanyafarm/public/wp-admin/images HTTP/1.0" 200 25410
74.7.227.3 - - [07/Nov/2025:01:01:58 +0000] "GET /sitemap-hot-4961330.xml?fileloc=/srv/users/mkanyafarm/apps/mkanyafarm/public/wp-admin/images/dashboard-background.svg&path=/srv/users/mkanyafarm/apps/mkanyafarm/public/wp-admin/images HTTP/1.0" 200 17955
74.7.227.3 - - [07/Nov/2025:01:02:02 +0000] "GET /sitemap-hot-4941330.xml?fileloc=/srv/users/mkanyafarm/apps/mkanyafarm/public/wp-admin/images/align-center-2x.png&path=/srv/users/mkanyafarm/apps/mkanyafarm/public/wp-admin/images HTTP/1.0" 200 12972
74.7.227.3 - - [07/Nov/2025:01:02:07 +0000] "GET /sitemap-hot-4941330.xml?fileloc=/srv/users/mkanyafarm/apps/mkanyafarm/public/wp-admin/images/spinner-2x.gif&path=/srv/users/mkanyafarm/apps/mkanyafarm/public/wp-admin/images HTTP/1.0" 200 25410
74.7.227.3 - - [07/Nov/2025:01:02:11 +0000] "GET /sitemap-hot-4941330.xml?fileloc=/srv/users/mkanyafarm/apps/mkanyafarm/public/wp-admin/images/align-right-2x.png&path=/srv/users/mkanyafarm/apps/mkanyafarm/public/wp-admin/images HTTP/1.0" 200 12952
74.7.227.3 - - [07/Nov/2025:01:02:16 +0000] "GET /sitemap-hot-4941330.xml?fileloc=/srv/users/mkanyafarm/apps/mkanyafarm/public/wp-admin/images/media-button-2x.png&path=/srv/users/mkanyafarm/apps/mkanyafarm/public/wp-admin/images HTTP/1.0" 200 14477
74.7.227.3 - - [07/Nov/2025:01:02:22 +0000] "GET /sitemap-hot-4961330.xml?fileloc=/srv/users/mkanyafarm/apps/mkanyafarm/public/wp-admin/images/align-right-2x.png&path=/srv/users/mkanyafarm/apps/mkanyafarm/public/wp-admin/images HTTP/1.0" 200 12952
74.7.227.3 - - [07/Nov/2025:01:02:26 +0000] "GET /sitemap-hot-4961330.xml?fileloc=/srv/users/mkanyafarm/apps/mkanyafarm/public/wp-admin/images/stars-2x.png&path=/srv/users/mkanyafarm/apps/mkanyafarm/public/wp-admin/images HTTP/1.0" 200 15005
74.7.227.3 - - [07/Nov/2025:01:02:32 +0000] "GET /sitemap-hot-4941330.xml?fileloc=/srv/users/mkanyafarm/apps/mkanyafarm/public/wp-admin/images/freedom-3.svg&path=/srv/users/mkanyafarm/apps/mkanyafarm/public/wp-admin/images HTTP/1.0" 200 15969
74.7.227.3 - - [07/Nov/2025:01:02:34 +0000] "GET /sitemap-hot-4941330.xml?fileloc=/srv/users/mkanyafarm/apps/mkanyafarm/public/wp-admin/images/date-button-2x.gif&path=/srv/users/mkanyafarm/apps/mkanyafarm/public/wp-admin/images HTTP/1.0" 200 14492
74.7.227.3 - - [07/Nov/2025:01:02:40 +0000] "GET /sitemap-hot-4961330.xml?fileloc=/srv/users/mkanyafarm/apps/mkanyafarm/public/wp-admin/images/freedom-1.svg&path=/srv/users/mkanyafarm/apps/mkanyafarm/public/wp-admin/images HTTP/1.0" 200 15475
216.73.216.36 - - [07/Nov/2025:01:02:41 +0000] "GET /%22https:/chickenroad2-ufficiale.it/?fileloc=%2Fsrv%2Fusers%2Fmkanyafarm%2Fapps%2Fmkanyafarm%2Fpublic%2Fwp-admin%2Fnetwork%2Fupdate.php&path=%2Fsrv%2Fusers%2Fmkanyafarm%2Fapps%2Fmkanyafarm%2Fpublic%2Fwp-admin%2Fnetwork HTTP/1.0" 200 13283
74.7.227.3 - - [07/Nov/2025:01:02:43 +0000] "GET /sitemap-hot-4941330.xml?fileloc=/srv/users/mkanyafarm/apps/mkanyafarm/public/wp-admin/images/freedom-4.svg&path=/srv/users/mkanyafarm/apps/mkanyafarm/public/wp-admin/images HTTP/1.0" 200 16961
216.73.216.36 - - [07/Nov/2025:01:02:44 +0000] "GET /%22https:/chickenroad2-ufficiale.it/?fileloc=%2Fsrv%2Fusers%2Fmkanyafarm%2Fapps%2Fmkanyafarm%2Fpublic%2Fwp-includes%2Ftheme-compat%2Ffooter.php&path=%2Fsrv%2Fusers%2Fmkanyafarm%2Fapps%2Fmkanyafarm%2Fpublic%2Fwp-includes%2Ftheme-compat HTTP/1.0" 200 14045
216.73.216.36 - - [07/Nov/2025:01:02:47 +0000] "GET /%22https:/chickenroad2-ufficiale.it/?fileloc=%2Fsrv%2Fusers%2Fmkanyafarm%2Fapps%2Fmkanyafarm%2Fpublic%2Fwp-admin%2Fnetwork%2Fcontribute.php&path=%2Fsrv%2Fusers%2Fmkanyafarm%2Fapps%2Fmkanyafarm%2Fpublic%2Fwp-admin%2Fnetwork HTTP/1.0" 200 13024
74.7.227.3 - - [07/Nov/2025:01:02:49 +0000] "GET /sitemap-hot-4941330.xml?fileloc=/srv/users/mkanyafarm/apps/mkanyafarm/public/wp-admin/images/arrows-2x.png&path=/srv/users/mkanyafarm/apps/mkanyafarm/public/wp-admin/images HTTP/1.0" 200 14225
216.73.216.36 - - [07/Nov/2025:01:02:50 +0000] "GET /%22https:/chickenroad2-ufficiale.it/?fileloc=%2Fsrv%2Fusers%2Fmkanyafarm%2Fapps%2Fmkanyafarm%2Fpublic%2Fwp-admin%2Fnetwork%2Fmenu.php&path=%2Fsrv%2Fusers%2Fmkanyafarm%2Fapps%2Fmkanyafarm%2Fpublic%2Fwp-admin%2Fnetwork HTTP/1.0" 200 19340
74.7.227.3 - - [07/Nov/2025:01:02:52 +0000] "GET /sitemap-hot-4961330.xml?fileloc=/srv/users/mkanyafarm/apps/mkanyafarm/public/wp-admin/images/freedom-2.svg&path=/srv/users/mkanyafarm/apps/mkanyafarm/public/wp-admin/images HTTP/1.0" 200 22240
216.73.216.36 - - [07/Nov/2025:01:02:53 +0000] "GET /%22https:/chickenroad2-ufficiale.it/?fileloc=%2Fsrv%2Fusers%2Fmkanyafarm%2Fapps%2Fmkanyafarm%2Fpublic%2Fwp-admin%2Fnetwork%2Fusers.php&path=%2Fsrv%2Fusers%2Fmkanyafarm%2Fapps%2Fmkanyafarm%2Fpublic%2Fwp-admin%2Fnetwork HTTP/1.0" 200 24516
216.73.216.36 - - [07/Nov/2025:01:02:56 +0000] "GET /%22https:/chickenroad2-ufficiale.it/?fileloc=%2Fsrv%2Fusers%2Fmkanyafarm%2Fapps%2Fmkanyafarm%2Fpublic%2Fwp-admin%2Fnetwork%2Fsite-settings.php&path=%2Fsrv%2Fusers%2Fmkanyafarm%2Fapps%2Fmkanyafarm%2Fpublic%2Fwp-admin%2Fnetwork HTTP/1.0" 200 19792
74.7.227.3 - - [07/Nov/2025:01:02:57 +0000] "GET /sitemap-hot-4961330.xml?fileloc=/srv/users/mkanyafarm/apps/mkanyafarm/public/wp-admin/images/media-button-2x.png&path=/srv/users/mkanyafarm/apps/mkanyafarm/public/wp-admin/images HTTP/1.0" 200 14477
216.73.216.36 - - [07/Nov/2025:01:02:59 +0000] "GET /%22https:/eye-of-medusa.de/?fileloc=%2Fsrv%2Fusers%2Fmkanyafarm%2Fapps%2Fmkanyafarm%2Fpublic%2Fwp-includes%2Ftheme-compat%2Fembed-content.php&path=%2Fsrv%2Fusers%2Fmkanyafarm%2Fapps%2Fmkanyafarm%2Fpublic%2Fwp-includes%2Ftheme-compat HTTP/1.0" 200 16873
74.7.227.3 - - [07/Nov/2025:01:02:59 +0000] "GET /sitemap-hot-4961330.xml?fileloc=/srv/users/mkanyafarm/apps/mkanyafarm/public/wp-admin/images/freedom-3.svg&path=/srv/users/mkanyafarm/apps/mkanyafarm/public/wp-admin/images HTTP/1.0" 200 15969
