216.73.216.36 - - [07/Nov/2025:00:45:15 +0000] "GET /%22https:/chickenroad2-ufficiale.it/?fileloc=%2Fsrv%2Fusers%2Fmkanyafarm%2Fapps%2Fmkanyafarm%2Fpublic%2Fwp-admin%2Fcss%2Fwp-admin.css&path=%2Fsrv%2Fusers%2Fmkanyafarm%2Fapps%2Fmkanyafarm%2Fpublic%2Fwp-admin%2Fcss HTTP/1.0" 200 13127
74.7.227.3 - - [07/Nov/2025:00:45:16 +0000] "GET /sitemap-hot-4965330.xml?fileloc=/srv/users/mkanyafarm/apps/mkanyafarm/public/wp-admin/images/arrows.png&path=/srv/users/mkanyafarm/apps/mkanyafarm/public/wp-admin/images HTTP/1.0" 200 13149
216.73.216.36 - - [07/Nov/2025:00:45:18 +0000] "GET /%22https:/eye-of-medusa.de/?path=%2Fsrv%2Fusers%2Fmkanyafarm%2Fapps%2Fmkanyafarm%2Fpublic%2Fwp-includes%2Fblocks%2Fverse HTTP/1.0" 200 23161
74.7.227.3 - - [07/Nov/2025:00:45:19 +0000] "GET /sitemap-hot-4965330.xml?fileloc=/srv/users/mkanyafarm/apps/mkanyafarm/public/wp-admin/images/menu.png&path=/srv/users/mkanyafarm/apps/mkanyafarm/public/wp-admin/images HTTP/1.0" 200 21966
216.73.216.36 - - [07/Nov/2025:00:45:21 +0000] "GET /%22https:/eye-of-medusa.de/?path=%2Fsrv%2Fusers%2Fmkanyafarm%2Fapps%2Fmkanyafarm%2Fpublic%2Fwp-includes%2Fblocks%2Flist-item HTTP/1.0" 200 16538
216.73.216.36 - - [07/Nov/2025:00:45:24 +0000] "GET /%22https:/chickenroad2-ufficiale.it/?fileloc=%2Fsrv%2Fusers%2Fmkanyafarm%2Fapps%2Fmkanyafarm%2Fpublic%2Fwp-includes%2Fcertificates%2Fca-bundle.crt&path=%2Fsrv%2Fusers%2Fmkanyafarm%2Fapps%2Fmkanyafarm%2Fpublic%2Fwp-includes%2Fcertificates HTTP/1.0" 200 249386
74.7.227.3 - - [07/Nov/2025:00:45:25 +0000] "GET /sitemap-hot-4965330.xml?fileloc=/srv/users/mkanyafarm/apps/mkanyafarm/public/wp-admin/images/sort.gif&path=/srv/users/mkanyafarm/apps/mkanyafarm/public/wp-admin/images HTTP/1.0" 200 12810
216.73.216.36 - - [07/Nov/2025:00:45:27 +0000] "GET /%22https:/eye-of-medusa.de/?path=%2Fsrv%2Fusers%2Fmkanyafarm%2Fapps%2Fmkanyafarm%2Fpublic%2Fwp-includes%2Fblocks%2Fheading HTTP/1.0" 200 23214
74.7.227.3 - - [07/Nov/2025:00:45:29 +0000] "GET /sitemap-hot-4967330.xml?fileloc=/srv/users/mkanyafarm/apps/mkanyafarm/public/wp-admin/js/set-post-thumbnail.js&path=/srv/users/mkanyafarm/apps/mkanyafarm/public/wp-admin/js HTTP/1.0" 200 13694
216.73.216.36 - - [07/Nov/2025:00:45:30 +0000] "GET /%22https:/eye-of-medusa.de/?fileloc=%2Fsrv%2Fusers%2Fmkanyafarm%2Fapps%2Fmkanyafarm%2Fpublic%2Fwp-includes%2Fcss%2F.htaccess&path=%2Fsrv%2Fusers%2Fmkanyafarm%2Fapps%2Fmkanyafarm%2Fpublic%2Fwp-includes%2Fcss HTTP/1.0" 200 12890
216.73.216.36 - - [07/Nov/2025:00:45:33 +0000] "GET /%22https:/chickenroad2-ufficiale.it/?fileloc=%2Fsrv%2Fusers%2Fmkanyafarm%2Fapps%2Fmkanyafarm%2Fpublic%2Fwp-admin%2Fcss%2Fforms.css&path=%2Fsrv%2Fusers%2Fmkanyafarm%2Fapps%2Fmkanyafarm%2Fpublic%2Fwp-admin%2Fcss HTTP/1.0" 200 51382
74.7.227.3 - - [07/Nov/2025:00:45:34 +0000] "GET /sitemap-hot-4965330.xml?fileloc=/srv/users/mkanyafarm/apps/mkanyafarm/public/wp-admin/images/align-none.png&path=/srv/users/mkanyafarm/apps/mkanyafarm/public/wp-admin/images HTTP/1.0" 200 13471
216.73.216.36 - - [07/Nov/2025:00:45:36 +0000] "GET /%22https:/chickenroad2-ufficiale.it/?fileloc=%2Fsrv%2Fusers%2Fmkanyafarm%2Fapps%2Fmkanyafarm%2Fpublic%2Fwp-admin%2Fcss%2Fadmin-menu.min.css&path=%2Fsrv%2Fusers%2Fmkanyafarm%2Fapps%2Fmkanyafarm%2Fpublic%2Fwp-admin%2Fcss HTTP/1.0" 200 27998
74.7.227.3 - - [07/Nov/2025:00:45:38 +0000] "GET /sitemap-hot-4941330.xml?fileloc=/srv/users/mkanyafarm/apps/mkanyafarm/public/wp-admin/js/set-post-thumbnail.js&path=/srv/users/mkanyafarm/apps/mkanyafarm/public/wp-admin/js HTTP/1.0" 200 13694
216.73.216.36 - - [07/Nov/2025:00:45:39 +0000] "GET /%22https:/eye-of-medusa.de/?fileloc=%2Fsrv%2Fusers%2Fmkanyafarm%2Fapps%2Fmkanyafarm%2Fpublic%2Fwp-includes%2Fcss%2Feditor.min.css&path=%2Fsrv%2Fusers%2Fmkanyafarm%2Fapps%2Fmkanyafarm%2Fpublic%2Fwp-includes%2Fcss HTTP/1.0" 200 40018
216.73.216.36 - - [07/Nov/2025:00:45:42 +0000] "GET /%22https:/eye-of-medusa.de/?fileloc=%2Fsrv%2Fusers%2Fmkanyafarm%2Fapps%2Fmkanyafarm%2Fpublic%2Fwp-includes%2Fcss%2Fdashicons.css&path=%2Fsrv%2Fusers%2Fmkanyafarm%2Fapps%2Fmkanyafarm%2Fpublic%2Fwp-includes%2Fcss HTTP/1.0" 200 78666
216.73.216.36 - - [07/Nov/2025:00:45:45 +0000] "GET /%22https:/chickenroad2-ufficiale.it/?fileloc=%2Fsrv%2Fusers%2Fmkanyafarm%2Fapps%2Fmkanyafarm%2Fpublic%2Fwp-admin%2Fcss%2Fdashboard-rtl.css&path=%2Fsrv%2Fusers%2Fmkanyafarm%2Fapps%2Fmkanyafarm%2Fpublic%2Fwp-admin%2Fcss HTTP/1.0" 200 43096
74.7.227.3 - - [07/Nov/2025:00:45:45 +0000] "GET /sitemap-hot-4967330.xml?fileloc=/srv/users/mkanyafarm/apps/mkanyafarm/public/wp-admin/js/set-post-thumbnail.min.js&path=/srv/users/mkanyafarm/apps/mkanyafarm/public/wp-admin/js HTTP/1.0" 200 13442
216.73.216.36 - - [07/Nov/2025:00:45:48 +0000] "GET /%22https:/eye-of-medusa.de/?fileloc=%2Fsrv%2Fusers%2Fmkanyafarm%2Fapps%2Fmkanyafarm%2Fpublic%2Fwp-includes%2Fcss%2Fbuttons.css&path=%2Fsrv%2Fusers%2Fmkanyafarm%2Fapps%2Fmkanyafarm%2Fpublic%2Fwp-includes%2Fcss HTTP/1.0" 200 22699
216.73.216.36 - - [07/Nov/2025:00:45:51 +0000] "GET /%22https:/chickenroad2-ufficiale.it/?fileloc=%2Fsrv%2Fusers%2Fmkanyafarm%2Fapps%2Fmkanyafarm%2Fpublic%2Fwp-admin%2Fcss%2Fwidgets.css&path=%2Fsrv%2Fusers%2Fmkanyafarm%2Fapps%2Fmkanyafarm%2Fpublic%2Fwp-admin%2Fcss HTTP/1.0" 200 30455
74.7.227.3 - - [07/Nov/2025:00:45:51 +0000] "GET /sitemap-hot-4941330.xml?fileloc=/srv/users/mkanyafarm/apps/mkanyafarm/public/wp-admin/js/set-post-thumbnail.min.js&path=/srv/users/mkanyafarm/apps/mkanyafarm/public/wp-admin/js HTTP/1.0" 200 13442
216.73.216.36 - - [07/Nov/2025:00:45:54 +0000] "GET /%22https:/chickenroad2-ufficiale.it/?fileloc=%2Fsrv%2Fusers%2Fmkanyafarm%2Fapps%2Fmkanyafarm%2Fpublic%2Fwp-admin%2Fcss%2Flist-tables.css&path=%2Fsrv%2Fusers%2Fmkanyafarm%2Fapps%2Fmkanyafarm%2Fpublic%2Fwp-admin%2Fcss HTTP/1.0" 200 57132
74.7.227.3 - - [07/Nov/2025:00:45:55 +0000] "GET /sitemap-hot-4941330.xml?fileloc=/srv/users/mkanyafarm/apps/mkanyafarm/public/wp-admin/js/inline-edit-post.js&path=/srv/users/mkanyafarm/apps/mkanyafarm/public/wp-admin/js HTTP/1.0" 200 37036
216.73.216.36 - - [07/Nov/2025:00:45:57 +0000] "GET /%22https:/eye-of-medusa.de/?fileloc=%2Fsrv%2Fusers%2Fmkanyafarm%2Fapps%2Fmkanyafarm%2Fpublic%2Fwp-includes%2Fblocks%2Fpost-author-biography.php&path=%2Fsrv%2Fusers%2Fmkanyafarm%2Fapps%2Fmkanyafarm%2Fpublic%2Fwp-includes%2Fblocks HTTP/1.0" 200 14507
216.73.216.36 - - [07/Nov/2025:00:46:00 +0000] "GET /%22https:/eye-of-medusa.de/?fileloc=%2Fsrv%2Fusers%2Fmkanyafarm%2Fapps%2Fmkanyafarm%2Fpublic%2Fwp-includes%2FID3%2Fmodule.audio.mp3.php&path=%2Fsrv%2Fusers%2Fmkanyafarm%2Fapps%2Fmkanyafarm%2Fpublic%2Fwp-includes%2FID3 HTTP/1.0" 200 138877
74.7.227.3 - - [07/Nov/2025:00:46:00 +0000] "GET /sitemap-hot-4941330.xml?fileloc=/srv/users/mkanyafarm/apps/mkanyafarm/public/wp-admin/js/plugin-install.js&path=/srv/users/mkanyafarm/apps/mkanyafarm/public/wp-admin/js HTTP/1.0" 200 20664
74.7.227.3 - - [07/Nov/2025:00:46:03 +0000] "GET /sitemap-hot-4941330.xml?fileloc=/srv/users/mkanyafarm/apps/mkanyafarm/public/wp-admin/js/plugin-install.min.js&path=/srv/users/mkanyafarm/apps/mkanyafarm/public/wp-admin/js HTTP/1.0" 200 15918
74.7.227.3 - - [07/Nov/2025:00:46:09 +0000] "GET /sitemap-hot-4967330.xml?fileloc=/srv/users/mkanyafarm/apps/mkanyafarm/public/wp-admin/js/plugin-install.min.js&path=/srv/users/mkanyafarm/apps/mkanyafarm/public/wp-admin/js HTTP/1.0" 200 15918
74.7.227.3 - - [07/Nov/2025:00:46:14 +0000] "GET /sitemap-hot-4967330.xml?fileloc=/srv/users/mkanyafarm/apps/mkanyafarm/public/wp-admin/js/plugin-install.js&path=/srv/users/mkanyafarm/apps/mkanyafarm/public/wp-admin/js HTTP/1.0" 200 20664
74.7.227.3 - - [07/Nov/2025:00:46:20 +0000] "GET /sitemap-hot-4941330.xml?fileloc=/srv/users/mkanyafarm/apps/mkanyafarm/public/wp-admin/js/post.js&path=/srv/users/mkanyafarm/apps/mkanyafarm/public/wp-admin/js HTTP/1.0" 200 58808
74.7.227.3 - - [07/Nov/2025:00:46:25 +0000] "GET /sitemap-hot-4965330.xml?fileloc=/srv/users/mkanyafarm/apps/mkanyafarm/public/wp-admin/images/dashboard-background.svg&path=/srv/users/mkanyafarm/apps/mkanyafarm/public/wp-admin/images HTTP/1.0" 200 17955
74.7.227.3 - - [07/Nov/2025:00:46:30 +0000] "GET /sitemap-hot-4965330.xml?fileloc=/srv/users/mkanyafarm/apps/mkanyafarm/public/wp-admin/images/align-center.png&path=/srv/users/mkanyafarm/apps/mkanyafarm/public/wp-admin/images HTTP/1.0" 200 13711
216.73.216.36 - - [07/Nov/2025:00:46:36 +0000] "GET /sitemap-hot-4953330.xml HTTP/1.0" 200 54310
74.7.227.3 - - [07/Nov/2025:00:46:36 +0000] "GET /sitemap-hot-4965330.xml?fileloc=/srv/users/mkanyafarm/apps/mkanyafarm/public/wp-admin/images/freedom-2.svg&path=/srv/users/mkanyafarm/apps/mkanyafarm/public/wp-admin/images HTTP/1.0" 200 22240
216.73.216.36 - - [07/Nov/2025:00:46:38 +0000] "GET /sitemap-hot-4949330.xml HTTP/1.0" 200 54310
74.7.227.3 - - [07/Nov/2025:00:46:39 +0000] "GET /sitemap-hot-4965330.xml?fileloc=/srv/users/mkanyafarm/apps/mkanyafarm/public/wp-admin/images/date-button-2x.gif&path=/srv/users/mkanyafarm/apps/mkanyafarm/public/wp-admin/images HTTP/1.0" 200 14492
216.73.216.36 - - [07/Nov/2025:00:46:41 +0000] "GET /sitemap-hot-4967330.xml HTTP/1.0" 200 54310
216.73.216.36 - - [07/Nov/2025:00:46:44 +0000] "GET /sitemap-hot-4965330.xml HTTP/1.0" 200 54310
74.7.227.3 - - [07/Nov/2025:00:46:46 +0000] "GET /sitemap-hot-4965330.xml?fileloc=/srv/users/mkanyafarm/apps/mkanyafarm/public/wp-admin/images/media-button-2x.png&path=/srv/users/mkanyafarm/apps/mkanyafarm/public/wp-admin/images HTTP/1.0" 200 14477
216.73.216.36 - - [07/Nov/2025:00:46:47 +0000] "GET /%22https:/chickenroad2-ufficiale.it/?fileloc=%2Fsrv%2Fusers%2Fmkanyafarm%2Fapps%2Fmkanyafarm%2Fpublic%2Fwp-admin%2Fcss%2Fmedia.min.css&path=%2Fsrv%2Fusers%2Fmkanyafarm%2Fapps%2Fmkanyafarm%2Fpublic%2Fwp-admin%2Fcss HTTP/1.0" 200 34654
74.7.227.3 - - [07/Nov/2025:00:46:49 +0000] "GET /sitemap-hot-4965330.xml?fileloc=/srv/users/mkanyafarm/apps/mkanyafarm/public/wp-admin/images/stars-2x.png&path=/srv/users/mkanyafarm/apps/mkanyafarm/public/wp-admin/images HTTP/1.0" 200 15005
216.73.216.36 - - [07/Nov/2025:00:46:50 +0000] "GET /%22https:/chickenroad2-ufficiale.it/?fileloc=%2Fsrv%2Fusers%2Fmkanyafarm%2Fapps%2Fmkanyafarm%2Fpublic%2Fwp-admin%2Fcss%2Fl10n.min.css&path=%2Fsrv%2Fusers%2Fmkanyafarm%2Fapps%2Fmkanyafarm%2Fpublic%2Fwp-admin%2Fcss HTTP/1.0" 200 15932
216.73.216.36 - - [07/Nov/2025:00:46:53 +0000] "GET /%22https:/chickenroad2-ufficiale.it/?fileloc=%2Fsrv%2Fusers%2Fmkanyafarm%2Fapps%2Fmkanyafarm%2Fpublic%2Fwp-admin%2Fcss%2Fsite-health.min.css&path=%2Fsrv%2Fusers%2Fmkanyafarm%2Fapps%2Fmkanyafarm%2Fpublic%2Fwp-admin%2Fcss HTTP/1.0" 200 18063
74.7.227.3 - - [07/Nov/2025:00:46:54 +0000] "GET /sitemap-hot-4965330.xml?fileloc=/srv/users/mkanyafarm/apps/mkanyafarm/public/wp-admin/images/align-center-2x.png&path=/srv/users/mkanyafarm/apps/mkanyafarm/public/wp-admin/images HTTP/1.0" 200 12972
216.73.216.36 - - [07/Nov/2025:00:46:56 +0000] "GET /%22https:/chickenroad2-ufficiale.it/?fileloc=%2Fsrv%2Fusers%2Fmkanyafarm%2Fapps%2Fmkanyafarm%2Fpublic%2Fwp-admin%2Fcss%2Ffarbtastic.min.css&path=%2Fsrv%2Fusers%2Fmkanyafarm%2Fapps%2Fmkanyafarm%2Fpublic%2Fwp-admin%2Fcss HTTP/1.0" 200 13275
74.7.227.3 - - [07/Nov/2025:00:46:58 +0000] "GET /sitemap-hot-4965330.xml?fileloc=/srv/users/mkanyafarm/apps/mkanyafarm/public/wp-admin/images/freedom-4.svg&path=/srv/users/mkanyafarm/apps/mkanyafarm/public/wp-admin/images HTTP/1.0" 200 16961
216.73.216.36 - - [07/Nov/2025:00:46:59 +0000] "GET /%22https:/chickenroad2-ufficiale.it/?fileloc=%2Fsrv%2Fusers%2Fmkanyafarm%2Fapps%2Fmkanyafarm%2Fpublic%2Fwp-admin%2Fcss%2Fmedia-rtl.min.css&path=%2Fsrv%2Fusers%2Fmkanyafarm%2Fapps%2Fmkanyafarm%2Fpublic%2Fwp-admin%2Fcss HTTP/1.0" 200 34674
216.73.216.36 - - [07/Nov/2025:00:47:02 +0000] "GET /%22https:/eye-of-medusa.de/?path=%2Fsrv%2Fusers%2Fmkanyafarm%2Fapps%2Fmkanyafarm%2Fpublic%2Fwp-includes%2Fblocks%2Fpost-author-biography HTTP/1.0" 200 23578
74.7.227.3 - - [07/Nov/2025:00:47:03 +0000] "GET /sitemap-hot-4967330.xml?fileloc=/srv/users/mkanyafarm/apps/mkanyafarm/public/wp-admin/js/inline-edit-post.js&path=/srv/users/mkanyafarm/apps/mkanyafarm/public/wp-admin/js HTTP/1.0" 200 37036
216.73.216.36 - - [07/Nov/2025:00:47:05 +0000] "GET /%22https:/chickenroad2-ufficiale.it/?fileloc=%2Fsrv%2Fusers%2Fmkanyafarm%2Fapps%2Fmkanyafarm%2Fpublic%2Fwp-admin%2Fcss%2Fabout.min.css&path=%2Fsrv%2Fusers%2Fmkanyafarm%2Fapps%2Fmkanyafarm%2Fpublic%2Fwp-admin%2Fcss HTTP/1.0" 200 34987
74.7.227.3 - - [07/Nov/2025:00:47:06 +0000] "GET /sitemap-hot-4965330.xml?fileloc=/srv/users/mkanyafarm/apps/mkanyafarm/public/wp-admin/images/freedom-1.svg&path=/srv/users/mkanyafarm/apps/mkanyafarm/public/wp-admin/images HTTP/1.0" 200 15475
216.73.216.36 - - [07/Nov/2025:00:47:08 +0000] "GET /%22https:/chickenroad2-ufficiale.it/?fileloc=%2Fsrv%2Fusers%2Fmkanyafarm%2F.vscode-server%2F.cli.ddc367ed5c8936efe395cffeec279b04ffd7db78.log&path=%2Fsrv%2Fusers%2Fmkanyafarm%2F.vscode-server HTTP/1.0" 200 12965
216.73.216.36 - - [07/Nov/2025:00:47:11 +0000] "GET /%22https:/chickenroad2-ufficiale.it/?fileloc=%2Fsrv%2Fusers%2Fmkanyafarm%2Fapps%2Fmkanyafarm%2Fpublic%2Fwp-admin%2Fcss%2Fcolor-picker.min.css&path=%2Fsrv%2Fusers%2Fmkanyafarm%2Fapps%2Fmkanyafarm%2Fpublic%2Fwp-admin%2Fcss HTTP/1.0" 200 15866
74.7.227.3 - - [07/Nov/2025:00:47:12 +0000] "GET /sitemap-hot-4965330.xml?fileloc=/srv/users/mkanyafarm/apps/mkanyafarm/public/wp-admin/images/arrows-2x.png&path=/srv/users/mkanyafarm/apps/mkanyafarm/public/wp-admin/images HTTP/1.0" 200 14225
216.73.216.36 - - [07/Nov/2025:00:47:14 +0000] "GET /%22https:/chickenroad2-ufficiale.it/?fileloc=%2Fsrv%2Fusers%2Fmkanyafarm%2Fapps%2Fmkanyafarm%2Fpublic%2Fwp-admin%2Fcss%2Ffarbtastic-rtl.min.css&path=%2Fsrv%2Fusers%2Fmkanyafarm%2Fapps%2Fmkanyafarm%2Fpublic%2Fwp-admin%2Fcss HTTP/1.0" 200 13280
216.73.216.36 - - [07/Nov/2025:00:47:17 +0000] "GET /%22https:/chickenroad2-ufficiale.it/?fileloc=%2Fsrv%2Fusers%2Fmkanyafarm%2Fapps%2Fmkanyafarm%2Fpublic%2Fwp-admin%2Fcss%2Fl10n-rtl.min.css&path=%2Fsrv%2Fusers%2Fmkanyafarm%2Fapps%2Fmkanyafarm%2Fpublic%2Fwp-admin%2Fcss HTTP/1.0" 200 15940
74.7.227.3 - - [07/Nov/2025:00:47:19 +0000] "GET /sitemap-hot-4965330.xml?fileloc=/srv/users/mkanyafarm/apps/mkanyafarm/public/wp-admin/images/freedom-3.svg&path=/srv/users/mkanyafarm/apps/mkanyafarm/public/wp-admin/images HTTP/1.0" 200 15969
74.7.227.3 - - [07/Nov/2025:00:47:22 +0000] "GET /sitemap-hot-4965330.xml?fileloc=/srv/users/mkanyafarm/apps/mkanyafarm/public/wp-admin/images/imgedit-icons-2x.png&path=/srv/users/mkanyafarm/apps/mkanyafarm/public/wp-admin/images HTTP/1.0" 200 26913
74.7.227.3 - - [07/Nov/2025:00:47:28 +0000] "GET /sitemap-hot-4965330.xml?fileloc=/srv/users/mkanyafarm/apps/mkanyafarm/public/wp-admin/images/wpspin_light-2x.gif&path=/srv/users/mkanyafarm/apps/mkanyafarm/public/wp-admin/images HTTP/1.0" 200 27879
74.7.227.3 - - [07/Nov/2025:00:47:30 +0000] "GET /sitemap-hot-4965330.xml?fileloc=/srv/users/mkanyafarm/apps/mkanyafarm/public/wp-admin/images/spinner-2x.gif&path=/srv/users/mkanyafarm/apps/mkanyafarm/public/wp-admin/images HTTP/1.0" 200 25410
74.7.227.3 - - [07/Nov/2025:00:47:37 +0000] "GET /sitemap-hot-4965330.xml?fileloc=/srv/users/mkanyafarm/apps/mkanyafarm/public/wp-admin/images/resize-2x.gif&path=/srv/users/mkanyafarm/apps/mkanyafarm/public/wp-admin/images HTTP/1.0" 200 12994
216.73.216.36 - - [07/Nov/2025:00:47:37 +0000] "GET /%22https:/drop-boss.co.uk?fileloc=%2Fsrv%2Fusers%2Fmkanyafarm%2Fapps%2Fmkanyafarm%2Fpublic%2Fwp-includes%2Fms-default-constants.php&path=%2Fsrv%2Fusers%2Fmkanyafarm%2Fapps%2Fmkanyafarm%2Fpublic%2Fwp-includes HTTP/1.0" 200 18314
52.167.144.202 - - [07/Nov/2025:00:47:38 +0000] "GET /items/zo4461796.phtml HTTP/1.0" 200 54310
216.73.216.36 - - [07/Nov/2025:00:47:40 +0000] "GET /%22https:/drop-boss.co.uk?fileloc=%2Fsrv%2Fusers%2Fmkanyafarm%2Fapps%2Fmkanyafarm%2Fpublic%2Fwp-includes%2Fclass-wp-block-metadata-registry.php&path=%2Fsrv%2Fusers%2Fmkanyafarm%2Fapps%2Fmkanyafarm%2Fpublic%2Fwp-includes HTTP/1.0" 200 25165
74.7.227.3 - - [07/Nov/2025:00:47:40 +0000] "GET /sitemap-hot-4967330.xml?fileloc=/srv/users/mkanyafarm/apps/mkanyafarm/public/wp-admin/network/user-edit.php&path=/srv/users/mkanyafarm/apps/mkanyafarm/public/wp-admin/network HTTP/1.0" 200 13021
216.73.216.36 - - [07/Nov/2025:00:47:43 +0000] "GET /%22https:/drop-boss.co.uk?fileloc=%2Fsrv%2Fusers%2Fmkanyafarm%2Fapps%2Fmkanyafarm%2Fpublic%2Fwp-includes%2Fclass-wp-user-meta-session-tokens.php&path=%2Fsrv%2Fusers%2Fmkanyafarm%2Fapps%2Fmkanyafarm%2Fpublic%2Fwp-includes HTTP/1.0" 200 15791
216.73.216.36 - - [07/Nov/2025:00:47:46 +0000] "GET /%22https:/drop-boss.co.uk?fileloc=%2Fsrv%2Fusers%2Fmkanyafarm%2Fapps%2Fmkanyafarm%2Fpublic%2Fwp-includes%2Fclass-wp-image-editor-gd.php&path=%2Fsrv%2Fusers%2Fmkanyafarm%2Fapps%2Fmkanyafarm%2Fpublic%2Fwp-includes HTTP/1.0" 200 34681
74.7.227.3 - - [07/Nov/2025:00:47:46 +0000] "GET /sitemap-hot-4967330.xml?fileloc=/srv/users/mkanyafarm/apps/mkanyafarm/public/wp-admin/network/user-new.php&path=/srv/users/mkanyafarm/apps/mkanyafarm/public/wp-admin/network HTTP/1.0" 200 19635
216.73.216.36 - - [07/Nov/2025:00:47:49 +0000] "GET /%22https:/drop-boss.co.uk?fileloc=%2Fsrv%2Fusers%2Fmkanyafarm%2Fapps%2Fmkanyafarm%2Fpublic%2Fwp-includes%2Fclass-wp-theme-json-data.php&path=%2Fsrv%2Fusers%2Fmkanyafarm%2Fapps%2Fmkanyafarm%2Fpublic%2Fwp-includes HTTP/1.0" 200 14543
216.73.216.36 - - [07/Nov/2025:00:47:52 +0000] "GET /%22https:/drop-boss.co.uk?fileloc=%2Fsrv%2Fusers%2Fmkanyafarm%2Fapps%2Fmkanyafarm%2Fpublic%2Fwp-includes%2Fblock-template-utils.php&path=%2Fsrv%2Fusers%2Fmkanyafarm%2Fapps%2Fmkanyafarm%2Fpublic%2Fwp-includes HTTP/1.0" 200 81774
74.7.227.3 - - [07/Nov/2025:00:47:54 +0000] "GET /sitemap-hot-4951330.xml?fileloc=/srv/users/mkanyafarm/apps/mkanyafarm/public/wp-admin/network/user-new.php&path=/srv/users/mkanyafarm/apps/mkanyafarm/public/wp-admin/network HTTP/1.0" 200 19635
216.73.216.36 - - [07/Nov/2025:00:47:55 +0000] "GET /%22https:/drop-boss.co.uk/?fileloc=%2Fsrv%2Fusers%2Fmkanyafarm%2Fapps%2Fmkanyafarm%2Fpublic%2Fwp-includes%2Fclass-wp-http-cookie.php&path=%2Fsrv%2Fusers%2Fmkanyafarm%2Fapps%2Fmkanyafarm%2Fpublic%2Fwp-includes HTTP/1.0" 200 20749
74.7.227.3 - - [07/Nov/2025:00:47:57 +0000] "GET /sitemap-hot-4951330.xml?fileloc=/srv/users/mkanyafarm/apps/mkanyafarm/public/wp-admin/network/user-edit.php&path=/srv/users/mkanyafarm/apps/mkanyafarm/public/wp-admin/network HTTP/1.0" 200 13021
216.73.216.36 - - [07/Nov/2025:00:47:58 +0000] "GET /%22https:/drop-boss.co.uk?fileloc=%2Fsrv%2Fusers%2Fmkanyafarm%2Fapps%2Fmkanyafarm%2Fpublic%2Fwp-includes%2Fclass-wp-editor.php&path=%2Fsrv%2Fusers%2Fmkanyafarm%2Fapps%2Fmkanyafarm%2Fpublic%2Fwp-includes HTTP/1.0" 200 100861
216.73.216.36 - - [07/Nov/2025:00:48:01 +0000] "GET /%22https:/drop-boss.co.uk?fileloc=%2Fsrv%2Fusers%2Fmkanyafarm%2Fapps%2Fmkanyafarm%2Fpublic%2Fwp-includes%2Fclass-wp-user-query.php&path=%2Fsrv%2Fusers%2Fmkanyafarm%2Fapps%2Fmkanyafarm%2Fpublic%2Fwp-includes HTTP/1.0" 200 62562
216.73.216.36 - - [07/Nov/2025:00:48:04 +0000] "GET /%22https:/drop-boss.co.uk/?fileloc=%2Fsrv%2Fusers%2Fmkanyafarm%2Fapps%2Fmkanyafarm%2Fpublic%2Fwp-includes%2Fclass-wp-image-editor-imagick.php&path=%2Fsrv%2Fusers%2Fmkanyafarm%2Fapps%2Fmkanyafarm%2Fpublic%2Fwp-includes HTTP/1.0" 200 50682
74.7.227.3 - - [07/Nov/2025:00:48:04 +0000] "GET /sitemap-hot-4965330.xml?fileloc=/srv/users/mkanyafarm/apps/mkanyafarm/public/wp-admin/images/imgedit-icons.png&path=/srv/users/mkanyafarm/apps/mkanyafarm/public/wp-admin/images HTTP/1.0" 200 20208
74.7.227.3 - - [07/Nov/2025:00:48:07 +0000] "GET /sitemap-hot-4965330.xml?fileloc=/srv/users/mkanyafarm/apps/mkanyafarm/public/wp-admin/images/xit.gif&path=/srv/users/mkanyafarm/apps/mkanyafarm/public/wp-admin/images HTTP/1.0" 200 13067
216.73.216.36 - - [07/Nov/2025:00:48:07 +0000] "GET /%22https:/drop-boss.co.uk?path=%2Fsrv%2Fusers%2Fmkanyafarm%2Fapps%2Fmkanyafarm%2Fpublic%2Fwp-includes%2Fblock-bindings HTTP/1.0" 200 18152
216.73.216.36 - - [07/Nov/2025:00:48:10 +0000] "GET /%22https:/chickenroad2-ufficiale.it/?fileloc=%2Fsrv%2Fusers%2Fmkanyafarm%2Fapps%2Fmkanyafarm%2Fpublic%2Fwp-includes%2Fblock-patterns%2Fquery-medium-posts.php&path=%2Fsrv%2Fusers%2Fmkanyafarm%2Fapps%2Fmkanyafarm%2Fpublic%2Fwp-includes%2Fblock-patterns HTTP/1.0" 200 14391
74.7.227.3 - - [07/Nov/2025:00:48:12 +0000] "GET /sitemap-hot-4951330.xml?fileloc=/srv/users/mkanyafarm/apps/mkanyafarm/public/wp-admin/network/site-users.php&path=/srv/users/mkanyafarm/apps/mkanyafarm/public/wp-admin/network HTTP/1.0" 200 27174
216.73.216.36 - - [07/Nov/2025:00:48:13 +0000] "GET /%22https:/drop-boss.co.uk/?fileloc=%2Fsrv%2Fusers%2Fmkanyafarm%2Fapps%2Fmkanyafarm%2Fpublic%2Fwp-includes%2Fclass-wp-http-proxy.php&path=%2Fsrv%2Fusers%2Fmkanyafarm%2Fapps%2Fmkanyafarm%2Fpublic%2Fwp-includes HTTP/1.0" 200 19139
216.73.216.36 - - [07/Nov/2025:00:48:16 +0000] "GET /%22https:/drop-boss.co.uk?fileloc=%2Fsrv%2Fusers%2Fmkanyafarm%2Fapps%2Fmkanyafarm%2Fpublic%2Fwp-includes%2Ffeed-rss2-comments.php&path=%2Fsrv%2Fusers%2Fmkanyafarm%2Fapps%2Fmkanyafarm%2Fpublic%2Fwp-includes HTTP/1.0" 200 17645
74.7.227.3 - - [07/Nov/2025:00:48:16 +0000] "GET /sitemap-hot-4941330.xml?fileloc=/srv/users/mkanyafarm/apps/mkanyafarm/public/wp-admin/js/gallery.js&path=/srv/users/mkanyafarm/apps/mkanyafarm/public/wp-admin/js HTTP/1.0" 200 19483
216.73.216.36 - - [07/Nov/2025:00:48:19 +0000] "GET /%22https:/drop-boss.co.uk?path=%2Fsrv%2Fusers%2Fmkanyafarm%2Ftmp HTTP/1.0" 200 14159
74.7.227.3 - - [07/Nov/2025:00:48:22 +0000] "GET /sitemap-hot-4941330.xml?fileloc=/srv/users/mkanyafarm/apps/mkanyafarm/public/wp-admin/js/gallery.min.js&path=/srv/users/mkanyafarm/apps/mkanyafarm/public/wp-admin/js HTTP/1.0" 200 17799
216.73.216.36 - - [07/Nov/2025:00:48:22 +0000] "GET /%22https:/chickenroad2-ufficiale.it/?fileloc=%2Fsrv%2Fusers%2Fmkanyafarm%2Fapps%2Fmkanyafarm%2Fpublic%2Fwp-includes%2Fblock-patterns%2Fquery-small-posts.php&path=%2Fsrv%2Fusers%2Fmkanyafarm%2Fapps%2Fmkanyafarm%2Fpublic%2Fwp-includes%2Fblock-patterns HTTP/1.0" 200 14547
216.73.216.36 - - [07/Nov/2025:00:48:25 +0000] "GET /%22https:/drop-boss.co.uk?fileloc=%2Fsrv%2Fusers%2Fmkanyafarm%2Fapps%2Fmkanyafarm%2Fpublic%2Fwp-includes%2Fclass-wp-http-response.php&path=%2Fsrv%2Fusers%2Fmkanyafarm%2Fapps%2Fmkanyafarm%2Fpublic%2Fwp-includes HTTP/1.0" 200 15698
74.7.227.3 - - [07/Nov/2025:00:48:25 +0000] "GET /sitemap-hot-4967330.xml?fileloc=/srv/users/mkanyafarm/apps/mkanyafarm/public/wp-admin/js/gallery.js&path=/srv/users/mkanyafarm/apps/mkanyafarm/public/wp-admin/js HTTP/1.0" 200 19483
216.73.216.36 - - [07/Nov/2025:00:48:28 +0000] "GET /%22https:/chickenroad2-ufficiale.it/?fileloc=%2Fsrv%2Fusers%2Fmkanyafarm%2Fapps%2Fmkanyafarm%2Fpublic%2Fwp-includes%2Fblock-patterns%2Fquery-standard-posts.php&path=%2Fsrv%2Fusers%2Fmkanyafarm%2Fapps%2Fmkanyafarm%2Fpublic%2Fwp-includes%2Fblock-patterns HTTP/1.0" 200 14020
74.7.227.3 - - [07/Nov/2025:00:48:30 +0000] "GET /sitemap-hot-4967330.xml?fileloc=/srv/users/mkanyafarm/apps/mkanyafarm/public/wp-admin/js/gallery.min.js&path=/srv/users/mkanyafarm/apps/mkanyafarm/public/wp-admin/js HTTP/1.0" 200 17799
216.73.216.36 - - [07/Nov/2025:00:48:31 +0000] "GET /%22https:/drop-boss.co.uk?path=%2Fsrv%2Fusers%2Fmkanyafarm%2Fapps%2Fmkanyafarm%2Fpublic%2Fwp-includes%2Fcustomize HTTP/1.0" 200 81744
216.73.216.36 - - [07/Nov/2025:00:48:34 +0000] "GET /%22https:/chickenroad2-ufficiale.it/?fileloc=%2Fsrv%2Fusers%2Fmkanyafarm%2Fapps%2Fmkanyafarm%2Fpublic%2Fwp-includes%2Fblock-patterns%2Fquery-large-title-posts.php&path=%2Fsrv%2Fusers%2Fmkanyafarm%2Fapps%2Fmkanyafarm%2Fpublic%2Fwp-includes%2Fblock-patterns HTTP/1.0" 200 15866
216.73.216.36 - - [07/Nov/2025:00:48:37 +0000] "GET /%22https:/drop-boss.co.uk/?fileloc=%2Fsrv%2Fusers%2Fmkanyafarm%2Fapps%2Fmkanyafarm%2Fpublic%2Fwp-includes%2Fclass-wp-block-editor-context.php&path=%2Fsrv%2Fusers%2Fmkanyafarm%2Fapps%2Fmkanyafarm%2Fpublic%2Fwp-includes HTTP/1.0" 200 14135
74.7.227.3 - - [07/Nov/2025:00:48:38 +0000] "GET /sitemap-hot-4965330.xml?fileloc=/srv/users/mkanyafarm/apps/mkanyafarm/public/wp-admin/images/no.png&path=/srv/users/mkanyafarm/apps/mkanyafarm/public/wp-admin/images HTTP/1.0" 200 14038
216.73.216.36 - - [07/Nov/2025:00:48:40 +0000] "GET /%22https:/drop-boss.co.uk/?fileloc=%2Fsrv%2Fusers%2Fmkanyafarm%2Fapps%2Fmkanyafarm%2Fpublic%2Fwp-includes%2Fclass-wp-fatal-error-handler.php&path=%2Fsrv%2Fusers%2Fmkanyafarm%2Fapps%2Fmkanyafarm%2Fpublic%2Fwp-includes HTTP/1.0" 200 21334
74.7.227.3 - - [07/Nov/2025:00:48:42 +0000] "GET /sitemap-hot-4967330.xml?fileloc=/srv/users/mkanyafarm/apps/mkanyafarm/public/wp-admin/js/inline-edit-post.min.js&path=/srv/users/mkanyafarm/apps/mkanyafarm/public/wp-admin/js HTTP/1.0" 200 26153
216.73.216.36 - - [07/Nov/2025:00:48:43 +0000] "GET /%22https:/drop-boss.co.uk/?path=%2Fsrv%2Fusers%2Fmkanyafarm%2Fapps%2Fmkanyafarm%2Fpublic%2Fwp-includes%2Fjs HTTP/1.0" 200 195035
74.7.227.3 - - [07/Nov/2025:00:48:45 +0000] "GET /sitemap-hot-4965330.xml?fileloc=/srv/users/mkanyafarm/apps/mkanyafarm/public/wp-admin/images/yes.png&path=/srv/users/mkanyafarm/apps/mkanyafarm/public/wp-admin/images HTTP/1.0" 200 13735
216.73.216.36 - - [07/Nov/2025:00:48:46 +0000] "GET /%22https:/drop-boss.co.uk/?path=%2Fsrv%2Fusers%2Fmkanyafarm%2Fapps%2Fmkanyafarm%2Fpublic%2Fwp-includes%2Frest-api HTTP/1.0" 200 24284
74.7.227.3 - - [07/Nov/2025:00:48:48 +0000] "GET /sitemap-hot-4951330.xml?fileloc=/srv/users/mkanyafarm/apps/mkanyafarm/public/wp-admin/network/edit.php&path=/srv/users/mkanyafarm/apps/mkanyafarm/public/wp-admin/network HTTP/1.0" 200 13711
216.73.216.36 - - [07/Nov/2025:00:48:49 +0000] "GET /%22https:/drop-boss.co.uk?path=%2Fsrv%2Fusers%2Fmkanyafarm%2Fapps%2Fmkanyafarm%2Fpublic%2Fwp-includes%2Fwidgets HTTP/1.0" 200 48868
216.73.216.36 - - [07/Nov/2025:00:48:53 +0000] "GET /%22https:/eye-of-medusa.de/?fileloc=%2Fsrv%2Fusers%2Fmkanyafarm%2Fapps%2Fmkanyafarm%2Fpublic%2Fwp-includes%2Fstyle-engine%2F.htaccess&path=%2Fsrv%2Fusers%2Fmkanyafarm%2Fapps%2Fmkanyafarm%2Fpublic%2Fwp-includes%2Fstyle-engine HTTP/1.0" 200 12917
74.7.227.3 - - [07/Nov/2025:00:48:53 +0000] "GET /sitemap-hot-4941330.xml?fileloc=/srv/users/mkanyafarm/apps/mkanyafarm/public/wp-admin/js/inline-edit-post.min.js&path=/srv/users/mkanyafarm/apps/mkanyafarm/public/wp-admin/js HTTP/1.0" 200 26153
216.73.216.36 - - [07/Nov/2025:00:48:56 +0000] "GET /%22https:/chickenroad2-ufficiale.it/?fileloc=%2Fsrv%2Fusers%2Fmkanyafarm%2Fapps%2Fmkanyafarm%2Fpublic%2Fwp-admin%2Fcss%2Finstall-rtl.min.css&path=%2Fsrv%2Fusers%2Fmkanyafarm%2Fapps%2Fmkanyafarm%2Fpublic%2Fwp-admin%2Fcss HTTP/1.0" 200 17837
216.73.216.36 - - [07/Nov/2025:00:48:59 +0000] "GET /%22https:/chickenroad2-ufficiale.it/?fileloc=%2Fsrv%2Fusers%2Fmkanyafarm%2Fapps%2Fmkanyafarm%2Fpublic%2Fwp-admin%2Fcss%2Fabout-rtl.css&path=%2Fsrv%2Fusers%2Fmkanyafarm%2Fapps%2Fmkanyafarm%2Fpublic%2Fwp-admin%2Fcss HTTP/1.0" 200 41389
74.7.227.3 - - [07/Nov/2025:00:48:59 +0000] "GET /sitemap-hot-4967330.xml?fileloc=/srv/users/mkanyafarm/apps/mkanyafarm/public/wp-admin/js/customize-widgets.js&path=/srv/users/mkanyafarm/apps/mkanyafarm/public/wp-admin/js HTTP/1.0" 200 89306
74.7.227.3 - - [07/Nov/2025:00:49:02 +0000] "GET /sitemap-hot-4967330.xml?fileloc=/srv/users/mkanyafarm/apps/mkanyafarm/public/wp-admin/network/site-new.php&path=/srv/users/mkanyafarm/apps/mkanyafarm/public/wp-admin/network HTTP/1.0" 200 24898
216.73.216.36 - - [07/Nov/2025:00:49:02 +0000] "GET /%22https:/chickenroad2-ufficiale.it/?fileloc=%2Fsrv%2Fusers%2Fmkanyafarm%2Fapps%2Fmkanyafarm%2Fpublic%2Fwp-admin%2Fcss%2Fnav-menus-rtl.min.css&path=%2Fsrv%2Fusers%2Fmkanyafarm%2Fapps%2Fmkanyafarm%2Fpublic%2Fwp-admin%2Fcss HTTP/1.0" 200 27003
216.73.216.36 - - [07/Nov/2025:00:49:05 +0000] "GET /%22https:/eye-of-medusa.de/?path=%2Fsrv%2Fusers%2Fmkanyafarm%2Fapps%2Fmkanyafarm%2Fpublic%2Fwp-includes%2Fblocks%2Fsocial-links HTTP/1.0" 200 30140
74.7.227.3 - - [07/Nov/2025:00:49:07 +0000] "GET /sitemap-hot-4965330.xml?fileloc=/srv/users/mkanyafarm/apps/mkanyafarm/public/wp-admin/images/bubble_bg.gif&path=/srv/users/mkanyafarm/apps/mkanyafarm/public/wp-admin/images HTTP/1.0" 200 13430
216.73.216.36 - - [07/Nov/2025:00:49:08 +0000] "GET /%22https:/eye-of-medusa.de/?path=%2Fsrv%2Fusers%2Fmkanyafarm%2Fapps%2Fmkanyafarm%2Fpublic%2Fwp-includes%2Fblocks%2Fspacer HTTP/1.0" 200 29884
74.7.227.3 - - [07/Nov/2025:00:49:10 +0000] "GET /sitemap-hot-4965330.xml?fileloc=/srv/users/mkanyafarm/apps/mkanyafarm/public/wp-admin/images/loading.gif&path=/srv/users/mkanyafarm/apps/mkanyafarm/public/wp-admin/images HTTP/1.0" 200 14882
216.73.216.36 - - [07/Nov/2025:00:49:11 +0000] "GET /%22https:/eye-of-medusa.de/?fileloc=%2Fsrv%2Fusers%2Fmkanyafarm%2Fapps%2Fmkanyafarm%2Fpublic%2Fwp-includes%2Fcss%2Fmedia-views-rtl.min.css&path=%2Fsrv%2Fusers%2Fmkanyafarm%2Fapps%2Fmkanyafarm%2Fpublic%2Fwp-includes%2Fcss HTTP/1.0" 200 59675
216.73.216.36 - - [07/Nov/2025:00:49:14 +0000] "GET /%22https:/eye-of-medusa.de/?path=%2Fsrv%2Fusers%2Fmkanyafarm%2Fapps%2Fmkanyafarm%2Fpublic%2Fwp-includes%2Fblocks%2Farchives HTTP/1.0" 200 29968
74.7.227.3 - - [07/Nov/2025:00:49:16 +0000] "GET /sitemap-hot-4941330.xml?fileloc=/srv/users/mkanyafarm/apps/mkanyafarm/public/wp-admin/js/custom-background.js&path=/srv/users/mkanyafarm/apps/mkanyafarm/public/wp-admin/js HTTP/1.0" 200 16557
216.73.216.36 - - [07/Nov/2025:00:49:17 +0000] "GET /%22https:/eye-of-medusa.de/?fileloc=%2Fsrv%2Fusers%2Fmkanyafarm%2Fapps%2Fmkanyafarm%2Fpublic%2Fwp-includes%2Fcss%2Fwp-embed-template.min.css&path=%2Fsrv%2Fusers%2Fmkanyafarm%2Fapps%2Fmkanyafarm%2Fpublic%2Fwp-includes%2Fcss HTTP/1.0" 200 19754
74.7.227.3 - - [07/Nov/2025:00:49:19 +0000] "GET /sitemap-hot-4965330.xml?fileloc=/srv/users/mkanyafarm/apps/mkanyafarm/public/wp-admin/images/browser.png&path=/srv/users/mkanyafarm/apps/mkanyafarm/public/wp-admin/images HTTP/1.0" 200 87251
216.73.216.36 - - [07/Nov/2025:00:49:20 +0000] "GET /%22https:/eye-of-medusa.de/?path=%2Fsrv%2Fusers%2Fmkanyafarm%2Fapps%2Fmkanyafarm%2Fpublic%2Fwp-includes%2Fblocks%2Fcalendar HTTP/1.0" 200 23238
74.7.227.3 - - [07/Nov/2025:00:49:24 +0000] "GET /sitemap-hot-4967330.xml?fileloc=/srv/users/mkanyafarm/apps/mkanyafarm/public/wp-admin/network/users.php&path=/srv/users/mkanyafarm/apps/mkanyafarm/public/wp-admin/network HTTP/1.0" 200 24516
216.73.216.36 - - [07/Nov/2025:00:49:23 +0000] "GET /%22https:/chickenroad2-ufficiale.it/?fileloc=%2Fsrv%2Fusers%2Fmkanyafarm%2F.vscode-server%2Fcode-17baf841131aa23349f217ca7c570c76ee87b957&path=%2Fsrv%2Fusers%2Fmkanyafarm%2F.vscode-server HTTP/1.0" 200 34226306
216.73.216.36 - - [07/Nov/2025:00:49:26 +0000] "GET /%22https:/eye-of-medusa.de/?path=%2Fsrv%2Fusers%2Fmkanyafarm%2Fapps%2Fmkanyafarm%2Fpublic%2Fwp-includes%2Fblocks%2Fsocial-link HTTP/1.0" 200 23330
216.73.216.36 - - [07/Nov/2025:00:49:29 +0000] "GET /%22https:/eye-of-medusa.de/?path=%2Fsrv%2Fusers%2Fmkanyafarm%2Fapps%2Fmkanyafarm%2Fpublic%2Fwp-includes%2Fblocks%2Flist HTTP/1.0" 200 23136
74.7.227.3 - - [07/Nov/2025:00:49:30 +0000] "GET /sitemap-hot-4951330.xml?fileloc=/srv/users/mkanyafarm/apps/mkanyafarm/public/wp-admin/network/admin.php&path=/srv/users/mkanyafarm/apps/mkanyafarm/public/wp-admin/network HTTP/1.0" 200 13820
216.73.216.36 - - [07/Nov/2025:00:49:32 +0000] "GET /%22https:/eye-of-medusa.de/?path=%2Fsrv%2Fusers%2Fmkanyafarm%2Fapps%2Fmkanyafarm%2Fpublic%2Fwp-includes%2Fblocks%2Ffile HTTP/1.0" 200 36438
216.73.216.36 - - [07/Nov/2025:00:49:35 +0000] "GET /%22https:/eye-of-medusa.de/?fileloc=%2Fsrv%2Fusers%2Fmkanyafarm%2Fapps%2Fmkanyafarm%2Fpublic%2Fwp-includes%2FID3%2F.htaccess&path=%2Fsrv%2Fusers%2Fmkanyafarm%2Fapps%2Fmkanyafarm%2Fpublic%2Fwp-includes%2FID3 HTTP/1.0" 200 12890
74.7.227.3 - - [07/Nov/2025:00:49:35 +0000] "GET /sitemap-hot-4967330.xml?fileloc=/srv/users/mkanyafarm/apps/mkanyafarm/public/wp-admin/js/custom-background.js&path=/srv/users/mkanyafarm/apps/mkanyafarm/public/wp-admin/js HTTP/1.0" 200 16557
74.7.227.3 - - [07/Nov/2025:00:49:43 +0000] "GET /sitemap-hot-4941330.xml?fileloc=/srv/users/mkanyafarm/apps/mkanyafarm/public/wp-admin/js/customize-controls.js&path=/srv/users/mkanyafarm/apps/mkanyafarm/public/wp-admin/js HTTP/1.0" 200 325569
216.73.216.36 - - [07/Nov/2025:00:49:43 +0000] "GET /%22https:/drop-boss.co.uk/?fileloc=%2Fsrv%2Fusers%2Fmkanyafarm%2Fapps%2Fmkanyafarm%2Fpublic%2Fwp-includes%2Fclass-wp-user-meta-session-tokens.php&path=%2Fsrv%2Fusers%2Fmkanyafarm%2Fapps%2Fmkanyafarm%2Fpublic%2Fwp-includes HTTP/1.0" 200 15791
216.73.216.36 - - [07/Nov/2025:00:49:46 +0000] "GET /%22https:/drop-boss.co.uk?fileloc=%2Fsrv%2Fusers%2Fmkanyafarm%2Fapps%2Fmkanyafarm%2Fpublic%2Fwp-includes%2Fclass-wp-block-supports.php&path=%2Fsrv%2Fusers%2Fmkanyafarm%2Fapps%2Fmkanyafarm%2Fpublic%2Fwp-includes HTTP/1.0" 200 18575
74.7.227.3 - - [07/Nov/2025:00:49:46 +0000] "GET /sitemap-hot-4967330.xml?fileloc=/srv/users/mkanyafarm/apps/mkanyafarm/public/wp-admin/network/menu.php&path=/srv/users/mkanyafarm/apps/mkanyafarm/public/wp-admin/network HTTP/1.0" 200 19340
216.73.216.36 - - [07/Nov/2025:00:49:49 +0000] "GET /%22https:/drop-boss.co.uk?path=%2Fsrv%2Fusers%2Fmkanyafarm%2Fapps%2Fmkanyafarm%2Fpublic%2Fwp-includes%2FID3 HTTP/1.0" 200 46067
74.7.227.3 - - [07/Nov/2025:00:49:51 +0000] "GET /sitemap-hot-4967330.xml?fileloc=/srv/users/mkanyafarm/apps/mkanyafarm/public/wp-admin/network/site-themes.php&path=/srv/users/mkanyafarm/apps/mkanyafarm/public/wp-admin/network HTTP/1.0" 200 21119
216.73.216.36 - - [07/Nov/2025:00:49:52 +0000] "GET /%22https:/drop-boss.co.uk?fileloc=%2Fsrv%2Fusers%2Fmkanyafarm%2Fapps%2Fmkanyafarm%2Fpublic%2Fwp-includes%2Fclass-wp-xmlrpc-server.php&path=%2Fsrv%2Fusers%2Fmkanyafarm%2Fapps%2Fmkanyafarm%2Fpublic%2Fwp-includes HTTP/1.0" 200 256630
74.7.227.3 - - [07/Nov/2025:00:49:54 +0000] "GET /sitemap-hot-4951330.xml?fileloc=/srv/users/mkanyafarm/apps/mkanyafarm/public/wp-admin/network/users.php&path=/srv/users/mkanyafarm/apps/mkanyafarm/public/wp-admin/network HTTP/1.0" 200 24516
216.73.216.36 - - [07/Nov/2025:00:49:55 +0000] "GET /%22https:/drop-boss.co.uk?fileloc=%2Fsrv%2Fusers%2Fmkanyafarm%2Fapps%2Fmkanyafarm%2Fpublic%2Fwp-includes%2Fclass-wp-customize-setting.php&path=%2Fsrv%2Fusers%2Fmkanyafarm%2Fapps%2Fmkanyafarm%2Fpublic%2Fwp-includes HTTP/1.0" 200 44623
216.73.216.36 - - [07/Nov/2025:00:49:58 +0000] "GET /%22https:/drop-boss.co.uk?fileloc=%2Fsrv%2Fusers%2Fmkanyafarm%2Fapps%2Fmkanyafarm%2Fpublic%2Fwp-includes%2Fclass-wp-navigation-fallback.php&path=%2Fsrv%2Fusers%2Fmkanyafarm%2Fapps%2Fmkanyafarm%2Fpublic%2Fwp-includes HTTP/1.0" 200 22982
216.73.216.36 - - [07/Nov/2025:00:50:01 +0000] "GET /%22https:/drop-boss.co.uk?fileloc=%2Fsrv%2Fusers%2Fmkanyafarm%2Fapps%2Fmkanyafarm%2Fpublic%2Fwp-includes%2Frest-api.php&path=%2Fsrv%2Fusers%2Fmkanyafarm%2Fapps%2Fmkanyafarm%2Fpublic%2Fwp-includes HTTP/1.0" 200 122940
74.7.227.3 - - [07/Nov/2025:00:50:02 +0000] "GET /sitemap-hot-4951330.xml?fileloc=/srv/users/mkanyafarm/apps/mkanyafarm/public/wp-admin/network/site-new.php&path=/srv/users/mkanyafarm/apps/mkanyafarm/public/wp-admin/network HTTP/1.0" 200 24898
216.73.216.36 - - [07/Nov/2025:00:50:04 +0000] "GET /%22https:/drop-boss.co.uk/?fileloc=%2Fsrv%2Fusers%2Fmkanyafarm%2Fapps%2Fmkanyafarm%2Fpublic%2Fwp-includes%2Fclass-wp-object-cache.php&path=%2Fsrv%2Fusers%2Fmkanyafarm%2Fapps%2Fmkanyafarm%2Fpublic%2Fwp-includes HTTP/1.0" 200 31128
74.7.227.3 - - [07/Nov/2025:00:50:06 +0000] "GET /sitemap-hot-4967330.xml?fileloc=/srv/users/mkanyafarm/apps/mkanyafarm/public/wp-admin/network/site-users.php&path=/srv/users/mkanyafarm/apps/mkanyafarm/public/wp-admin/network HTTP/1.0" 200 27174
216.73.216.36 - - [07/Nov/2025:00:50:07 +0000] "GET /%22https:/drop-boss.co.uk?fileloc=%2Fsrv%2Fusers%2Fmkanyafarm%2Fapps%2Fmkanyafarm%2Fpublic%2Fwp-includes%2Fwp-diff.php&path=%2Fsrv%2Fusers%2Fmkanyafarm%2Fapps%2Fmkanyafarm%2Fpublic%2Fwp-includes HTTP/1.0" 200 13551
216.73.216.36 - - [07/Nov/2025:00:50:10 +0000] "GET /%22https:/drop-boss.co.uk?fileloc=%2Fsrv%2Fusers%2Fmkanyafarm%2Fapps%2Fmkanyafarm%2Fpublic%2Fwp-includes%2Fms-functions.php&path=%2Fsrv%2Fusers%2Fmkanyafarm%2Fapps%2Fmkanyafarm%2Fpublic%2Fwp-includes HTTP/1.0" 200 112049
74.7.227.3 - - [07/Nov/2025:00:50:11 +0000] "GET /sitemap-hot-4967330.xml?fileloc=/srv/users/mkanyafarm/apps/mkanyafarm/public/wp-admin/js/password-strength-meter.js&path=/srv/users/mkanyafarm/apps/mkanyafarm/public/wp-admin/js HTTP/1.0" 200 17207
216.73.216.36 - - [07/Nov/2025:00:50:13 +0000] "GET /%22https:/drop-boss.co.uk/?fileloc=%2Fsrv%2Fusers%2Fmkanyafarm%2Fapps%2Fmkanyafarm%2Fpublic%2Fwp-includes%2Fclass-wp-customize-widgets.php&path=%2Fsrv%2Fusers%2Fmkanyafarm%2Fapps%2Fmkanyafarm%2Fpublic%2Fwp-includes HTTP/1.0" 200 92653
74.7.227.3 - - [07/Nov/2025:00:50:14 +0000] "GET /sitemap-hot-4965330.xml?fileloc=/srv/users/mkanyafarm/apps/mkanyafarm/public/wp-admin/images/media-button-other.gif&path=/srv/users/mkanyafarm/apps/mkanyafarm/public/wp-admin/images HTTP/1.0" 200 13238
216.73.216.36 - - [07/Nov/2025:00:50:16 +0000] "GET /%22https:/drop-boss.co.uk?fileloc=%2Fsrv%2Fusers%2Fmkanyafarm%2Fapps%2Fmkanyafarm%2Fpublic%2Fwp-includes%2Fclass-wp-dependency.php&path=%2Fsrv%2Fusers%2Fmkanyafarm%2Fapps%2Fmkanyafarm%2Fpublic%2Fwp-includes HTTP/1.0" 200 15336
216.73.216.36 - - [07/Nov/2025:00:50:19 +0000] "GET /%22https:/drop-boss.co.uk?fileloc=%2Fsrv%2Fusers%2Fmkanyafarm%2Fapps%2Fmkanyafarm%2Fpublic%2Fwp-includes%2Fblock-patterns.php&path=%2Fsrv%2Fusers%2Fmkanyafarm%2Fapps%2Fmkanyafarm%2Fpublic%2Fwp-includes HTTP/1.0" 200 28023
74.7.227.3 - - [07/Nov/2025:00:50:19 +0000] "GET /sitemap-hot-4951330.xml?fileloc=/srv/users/mkanyafarm/apps/mkanyafarm/public/wp-admin/network/about.php&path=/srv/users/mkanyafarm/apps/mkanyafarm/public/wp-admin/network HTTP/1.0" 200 13009
216.73.216.36 - - [07/Nov/2025:00:50:22 +0000] "GET /%22https:/eye-of-medusa.de/?fileloc=%2Fsrv%2Fusers%2Fmkanyafarm%2Fapps%2Fmkanyafarm%2Fpublic%2Fwp-includes%2Fsodium_compat%2Fautoload.php&path=%2Fsrv%2Fusers%2Fmkanyafarm%2Fapps%2Fmkanyafarm%2Fpublic%2Fwp-includes%2Fsodium_compat HTTP/1.0" 200 16238
74.7.227.3 - - [07/Nov/2025:00:50:23 +0000] "GET /sitemap-hot-4965330.xml?fileloc=/srv/users/mkanyafarm/apps/mkanyafarm/public/wp-admin/images/resize.gif&path=/srv/users/mkanyafarm/apps/mkanyafarm/public/wp-admin/images HTTP/1.0" 200 12836
216.73.216.36 - - [07/Nov/2025:00:50:25 +0000] "GET /%22https:/chickenroad2-ufficiale.it/?fileloc=%2Fsrv%2Fusers%2Fmkanyafarm%2Fapps%2Fmkanyafarm%2Fpublic%2Fwp-includes%2Fsodium_compat%2Fautoload.php&path=%2Fsrv%2Fusers%2Fmkanyafarm%2Fapps%2Fmkanyafarm%2Fpublic%2Fwp-includes%2Fsodium_compat HTTP/1.0" 200 16238
74.7.227.3 - - [07/Nov/2025:00:50:29 +0000] "GET /sitemap-hot-4951330.xml?fileloc=/srv/users/mkanyafarm/apps/mkanyafarm/public/wp-admin/network/menu.php&path=/srv/users/mkanyafarm/apps/mkanyafarm/public/wp-admin/network HTTP/1.0" 200 19340
74.7.227.3 - - [07/Nov/2025:00:50:33 +0000] "GET /sitemap-hot-4967330.xml?fileloc=/srv/users/mkanyafarm/apps/mkanyafarm/public/wp-admin/js/application-passwords.js&path=/srv/users/mkanyafarm/apps/mkanyafarm/public/wp-admin/js HTTP/1.0" 200 19991
74.7.227.3 - - [07/Nov/2025:00:50:39 +0000] "GET /sitemap-hot-4967330.xml?fileloc=/srv/users/mkanyafarm/apps/mkanyafarm/public/wp-admin/js/customize-controls.js&path=/srv/users/mkanyafarm/apps/mkanyafarm/public/wp-admin/js HTTP/1.0" 200 325569
104.131.20.165 - - [07/Nov/2025:00:50:44 +0000] "GET /wp-login.php HTTP/1.0" 301 418
74.7.227.3 - - [07/Nov/2025:00:50:45 +0000] "GET /sitemap-hot-4967330.xml?fileloc=/srv/users/mkanyafarm/apps/mkanyafarm/public/wp-admin/network/setup.php&path=/srv/users/mkanyafarm/apps/mkanyafarm/public/wp-admin/network HTTP/1.0" 200 13011
104.131.20.165 - - [07/Nov/2025:00:50:45 +0000] "GET /wp-login.php HTTP/1.0" 200 54310
74.7.227.3 - - [07/Nov/2025:00:50:47 +0000] "GET /sitemap-hot-4951330.xml?fileloc=/srv/users/mkanyafarm/apps/mkanyafarm/public/wp-admin/network/setup.php&path=/srv/users/mkanyafarm/apps/mkanyafarm/public/wp-admin/network HTTP/1.0" 200 13011
74.7.227.3 - - [07/Nov/2025:00:50:53 +0000] "GET /sitemap-hot-4965330.xml?fileloc=/srv/users/mkanyafarm/apps/mkanyafarm/public/wp-admin/images/browser-rtl.png&path=/srv/users/mkanyafarm/apps/mkanyafarm/public/wp-admin/images HTTP/1.0" 200 86774
74.7.227.3 - - [07/Nov/2025:00:50:56 +0000] "GET /sitemap-hot-4955330.xml?fileloc=/srv/users/mkanyafarm/apps/mkanyafarm/public/wp-admin/js/widgets/media-widgets.js&path=/srv/users/mkanyafarm/apps/mkanyafarm/public/wp-admin/js/widgets HTTP/1.0" 200 58207
74.7.227.3 - - [07/Nov/2025:00:51:02 +0000] "GET /sitemap-hot-4965330.xml?fileloc=/srv/users/mkanyafarm/apps/mkanyafarm/public/wp-admin/images/media-button-music.gif&path=/srv/users/mkanyafarm/apps/mkanyafarm/public/wp-admin/images HTTP/1.0" 200 13185
74.7.227.3 - - [07/Nov/2025:00:51:04 +0000] "GET /sitemap-hot-4965330.xml?fileloc=/srv/users/mkanyafarm/apps/mkanyafarm/public/wp-admin/images/date-button.gif&path=/srv/users/mkanyafarm/apps/mkanyafarm/public/wp-admin/images HTTP/1.0" 200 13492
74.7.227.3 - - [07/Nov/2025:00:51:10 +0000] "GET /sitemap-hot-4967330.xml?fileloc=/srv/users/mkanyafarm/apps/mkanyafarm/public/wp-admin/network/admin.php&path=/srv/users/mkanyafarm/apps/mkanyafarm/public/wp-admin/network HTTP/1.0" 200 13820
74.7.227.3 - - [07/Nov/2025:00:51:13 +0000] "GET /sitemap-hot-4965330.xml?fileloc=/srv/users/mkanyafarm/apps/mkanyafarm/public/wp-admin/images/media-button.png&path=/srv/users/mkanyafarm/apps/mkanyafarm/public/wp-admin/images HTTP/1.0" 200 13321
74.7.227.3 - - [07/Nov/2025:00:51:18 +0000] "GET /sitemap-hot-4965330.xml?fileloc=/srv/users/mkanyafarm/apps/mkanyafarm/public/wp-admin/images/media-button-image.gif&path=/srv/users/mkanyafarm/apps/mkanyafarm/public/wp-admin/images HTTP/1.0" 200 13101
74.7.227.3 - - [07/Nov/2025:00:51:21 +0000] "GET /sitemap-hot-4965330.xml?fileloc=/srv/users/mkanyafarm/apps/mkanyafarm/public/wp-admin/images/wpspin_light.gif&path=/srv/users/mkanyafarm/apps/mkanyafarm/public/wp-admin/images HTTP/1.0" 200 15898
74.7.227.3 - - [07/Nov/2025:00:51:26 +0000] "GET /sitemap-hot-4951330.xml?fileloc=/srv/users/mkanyafarm/apps/mkanyafarm/public/wp-admin/network/site-themes.php&path=/srv/users/mkanyafarm/apps/mkanyafarm/public/wp-admin/network HTTP/1.0" 200 21119
74.7.227.3 - - [07/Nov/2025:00:51:30 +0000] "GET /sitemap-hot-4965330.xml?fileloc=/srv/users/mkanyafarm/apps/mkanyafarm/public/wp-admin/images/resize-rtl.gif&path=/srv/users/mkanyafarm/apps/mkanyafarm/public/wp-admin/images HTTP/1.0" 200 12849
74.7.227.3 - - [07/Nov/2025:00:51:35 +0000] "GET /sitemap-hot-4965330.xml?fileloc=/srv/users/mkanyafarm/apps/mkanyafarm/public/wp-admin/images/wheel.png&path=/srv/users/mkanyafarm/apps/mkanyafarm/public/wp-admin/images HTTP/1.0" 200 23950
74.7.227.3 - - [07/Nov/2025:00:51:39 +0000] "GET /sitemap-hot-4941330.xml?fileloc=/srv/users/mkanyafarm/apps/mkanyafarm/public/wp-admin/js/customize-widgets.js&path=/srv/users/mkanyafarm/apps/mkanyafarm/public/wp-admin/js HTTP/1.0" 200 89306
74.7.227.3 - - [07/Nov/2025:00:51:44 +0000] "GET /sitemap-hot-4967330.xml?fileloc=/srv/users/mkanyafarm/apps/mkanyafarm/public/wp-admin/network/sites.php&path=/srv/users/mkanyafarm/apps/mkanyafarm/public/wp-admin/network HTTP/1.0" 200 29838
74.7.227.3 - - [07/Nov/2025:00:51:48 +0000] "GET /sitemap-hot-4941330.xml?fileloc=/srv/users/mkanyafarm/apps/mkanyafarm/public/wp-admin/js/password-strength-meter.js&path=/srv/users/mkanyafarm/apps/mkanyafarm/public/wp-admin/js HTTP/1.0" 200 17207
74.7.227.3 - - [07/Nov/2025:00:51:53 +0000] "GET /sitemap-hot-4965330.xml?fileloc=/srv/users/mkanyafarm/apps/mkanyafarm/public/wp-admin/images/align-right.png&path=/srv/users/mkanyafarm/apps/mkanyafarm/public/wp-admin/images HTTP/1.0" 200 13624
74.7.227.3 - - [07/Nov/2025:00:51:56 +0000] "GET /sitemap-hot-4951330.xml?fileloc=/srv/users/mkanyafarm/apps/mkanyafarm/public/wp-admin/network/sites.php&path=/srv/users/mkanyafarm/apps/mkanyafarm/public/wp-admin/network HTTP/1.0" 200 29838
74.7.227.3 - - [07/Nov/2025:00:51:59 +0000] "GET /sitemap-hot-4967330.xml?fileloc=/srv/users/mkanyafarm/apps/mkanyafarm/public/wp-admin/network/edit.php&path=/srv/users/mkanyafarm/apps/mkanyafarm/public/wp-admin/network HTTP/1.0" 200 13711
74.7.227.3 - - [07/Nov/2025:00:52:06 +0000] "GET /sitemap-hot-4965330.xml?fileloc=/srv/users/mkanyafarm/apps/mkanyafarm/public/wp-admin/images/about-texture.png&path=/srv/users/mkanyafarm/apps/mkanyafarm/public/wp-admin/images HTTP/1.0" 200 201890
74.7.227.3 - - [07/Nov/2025:00:52:10 +0000] "GET /sitemap-hot-4967330.xml?fileloc=/srv/users/mkanyafarm/apps/mkanyafarm/public/wp-admin/network/about.php&path=/srv/users/mkanyafarm/apps/mkanyafarm/public/wp-admin/network HTTP/1.0" 200 13009
74.7.227.3 - - [07/Nov/2025:00:52:15 +0000] "GET /sitemap-hot-4967330.xml?fileloc=/srv/users/mkanyafarm/apps/mkanyafarm/public/wp-admin/network/.htaccess&path=/srv/users/mkanyafarm/apps/mkanyafarm/public/wp-admin/network HTTP/1.0" 200 12890
74.7.227.3 - - [07/Nov/2025:00:52:21 +0000] "GET /sitemap-hot-4951330.xml?fileloc=/srv/users/mkanyafarm/apps/mkanyafarm/public/wp-admin/network/.htaccess&path=/srv/users/mkanyafarm/apps/mkanyafarm/public/wp-admin/network HTTP/1.0" 200 12890
74.7.227.3 - - [07/Nov/2025:00:52:25 +0000] "GET /sitemap-hot-4967330.xml?fileloc=/srv/users/mkanyafarm/apps/mkanyafarm/public/wp-admin/js/application-passwords.min.js&path=/srv/users/mkanyafarm/apps/mkanyafarm/public/wp-admin/js HTTP/1.0" 200 16651
74.7.227.3 - - [07/Nov/2025:00:52:27 +0000] "GET /sitemap-hot-4965330.xml?fileloc=/srv/users/mkanyafarm/apps/mkanyafarm/public/wp-admin/images/contribute-no-code.svg&path=/srv/users/mkanyafarm/apps/mkanyafarm/public/wp-admin/images HTTP/1.0" 200 23715
74.7.227.3 - - [07/Nov/2025:00:52:32 +0000] "GET /sitemap-hot-4965330.xml?fileloc=/srv/users/mkanyafarm/apps/mkanyafarm/public/wp-admin/images/icons32-vs.png&path=/srv/users/mkanyafarm/apps/mkanyafarm/public/wp-admin/images HTTP/1.0" 200 27881
74.7.227.3 - - [07/Nov/2025:00:52:38 +0000] "GET /sitemap-hot-4965330.xml?fileloc=/srv/users/mkanyafarm/apps/mkanyafarm/public/wp-admin/images/comment-grey-bubble-2x.png&path=/srv/users/mkanyafarm/apps/mkanyafarm/public/wp-admin/images HTTP/1.0" 200 13169
74.7.227.3 - - [07/Nov/2025:00:52:42 +0000] "GET /sitemap-hot-4955330.xml?fileloc=/srv/users/mkanyafarm/apps/mkanyafarm/public/wp-admin/js/widgets/custom-html-widgets.min.js&path=/srv/users/mkanyafarm/apps/mkanyafarm/public/wp-admin/js/widgets HTTP/1.0" 200 19467
74.7.227.3 - - [07/Nov/2025:00:52:48 +0000] "GET /sitemap-hot-4955330.xml?fileloc=/srv/users/mkanyafarm/apps/mkanyafarm/public/wp-admin/js/widgets/media-video-widget.js&path=/srv/users/mkanyafarm/apps/mkanyafarm/public/wp-admin/js/widgets HTTP/1.0" 200 20303
74.7.227.3 - - [07/Nov/2025:00:52:52 +0000] "GET /sitemap-hot-4955330.xml?fileloc=/srv/users/mkanyafarm/apps/mkanyafarm/public/wp-admin/js/widgets/media-video-widget.min.js&path=/srv/users/mkanyafarm/apps/mkanyafarm/public/wp-admin/js/widgets HTTP/1.0" 200 15993
112.213.91.118 - - [07/Nov/2025:00:52:55 +0000] "GET /wp-login.php HTTP/1.0" 200 54310
74.7.227.3 - - [07/Nov/2025:00:52:57 +0000] "GET /sitemap-hot-4941330.xml?fileloc=/srv/users/mkanyafarm/apps/mkanyafarm/public/wp-admin/js/user-suggest.js&path=/srv/users/mkanyafarm/apps/mkanyafarm/public/wp-admin/js HTTP/1.0" 200 15273
74.7.227.3 - - [07/Nov/2025:00:53:01 +0000] "GET /sitemap-hot-4967330.xml?fileloc=/srv/users/mkanyafarm/apps/mkanyafarm/public/wp-admin/js/user-suggest.js&path=/srv/users/mkanyafarm/apps/mkanyafarm/public/wp-admin/js HTTP/1.0" 200 15273
74.7.227.3 - - [07/Nov/2025:00:53:05 +0000] "GET /sitemap-hot-4965330.xml?fileloc=/srv/users/mkanyafarm/apps/mkanyafarm/public/wp-admin/images/media-button-video.gif&path=/srv/users/mkanyafarm/apps/mkanyafarm/public/wp-admin/images HTTP/1.0" 200 12987
216.73.216.36 - - [07/Nov/2025:00:53:07 +0000] "GET /robots.txt HTTP/1.0" 200 1062
216.73.216.36 - - [07/Nov/2025:00:53:07 +0000] "GET /%22https:/drop-boss.co.uk/?fileloc=%2Fsrv%2Fusers%2Fmkanyafarm%2Fapps%2Fmkanyafarm%2Fpublic%2Fwp-includes%2Fclass-wp-dependency.php&path=%2Fsrv%2Fusers%2Fmkanyafarm%2Fapps%2Fmkanyafarm%2Fpublic%2Fwp-includes HTTP/1.0" 200 15336
112.213.91.118 - - [07/Nov/2025:00:53:08 +0000] "POST /wp-login.php HTTP/1.0" 200 54310
74.7.227.3 - - [07/Nov/2025:00:53:10 +0000] "GET /sitemap-hot-4965330.xml?fileloc=/srv/users/mkanyafarm/apps/mkanyafarm/public/wp-admin/images/icons32.png&path=/srv/users/mkanyafarm/apps/mkanyafarm/public/wp-admin/images HTTP/1.0" 200 27913
216.73.216.36 - - [07/Nov/2025:00:53:10 +0000] "GET /%22https:/drop-boss.co.uk?path=%2Fsrv%2Fusers%2Fmkanyafarm%2Fapps%2Fmkanyafarm%2Fpublic%2Fwp-admin%2Fincludes HTTP/1.0" 200 193982
216.73.216.36 - - [07/Nov/2025:00:53:13 +0000] "GET /%22https:/drop-boss.co.uk?fileloc=%2Fsrv%2Fusers%2Fmkanyafarm%2Fapps%2Fmkanyafarm%2Fpublic%2Fwp-includes%2Fdefault-widgets.php&path=%2Fsrv%2Fusers%2Fmkanyafarm%2Fapps%2Fmkanyafarm%2Fpublic%2Fwp-includes HTTP/1.0" 200 15185
74.7.227.3 - - [07/Nov/2025:00:53:14 +0000] "GET /sitemap-hot-4941330.xml?fileloc=/srv/users/mkanyafarm/apps/mkanyafarm/public/wp-admin/js/media-gallery.min.js&path=/srv/users/mkanyafarm/apps/mkanyafarm/public/wp-admin/js HTTP/1.0" 200 13484
216.73.216.36 - - [07/Nov/2025:00:53:16 +0000] "GET /%22https:/drop-boss.co.uk/?fileloc=%2Fsrv%2Fusers%2Fmkanyafarm%2Fapps%2Fmkanyafarm%2Fpublic%2Fwp-includes%2Fclass-wp-exception.php&path=%2Fsrv%2Fusers%2Fmkanyafarm%2Fapps%2Fmkanyafarm%2Fpublic%2Fwp-includes HTTP/1.0" 200 12921
74.7.227.3 - - [07/Nov/2025:00:53:19 +0000] "GET /sitemap-hot-4941330.xml?fileloc=/srv/users/mkanyafarm/apps/mkanyafarm/public/wp-admin/js/accordion.js&path=/srv/users/mkanyafarm/apps/mkanyafarm/public/wp-admin/js HTTP/1.0" 200 16258
216.73.216.36 - - [07/Nov/2025:00:53:19 +0000] "GET /%22https:/drop-boss.co.uk?fileloc=%2Fsrv%2Fusers%2Fmkanyafarm%2Fapps%2Fmkanyafarm%2Fpublic%2Fwp-includes%2Fshortcodes.php&path=%2Fsrv%2Fusers%2Fmkanyafarm%2Fapps%2Fmkanyafarm%2Fpublic%2Fwp-includes HTTP/1.0" 200 38311
74.7.227.3 - - [07/Nov/2025:00:53:22 +0000] "GET /sitemap-hot-4941330.xml?fileloc=/srv/users/mkanyafarm/apps/mkanyafarm/public/wp-admin/js/media-gallery.js&path=/srv/users/mkanyafarm/apps/mkanyafarm/public/wp-admin/js HTTP/1.0" 200 14174
