216.73.216.36 - - [07/Nov/2025:04:54:18 +0000] "GET /%22https:/eye-of-medusa.de/?path=%2Fsrv%2Fusers%2Fmkanyafarm%2Fapps%2Fmkanyafarm%2Fpublic%2Fwp-content%2Fthemes%2Ftwentytwentyfive%2Fparts HTTP/1.0" 200 27256
74.7.227.3 - - [07/Nov/2025:04:54:20 +0000] "GET /sitemap-hot-4945330.xml?fileloc=/srv/users/mkanyafarm/apps/mkanyafarm/public/wp-content/plugins/wp-mail-smtp/assets/js/smtp-about.min.js&path=/srv/users/mkanyafarm/apps/mkanyafarm/public/wp-content/plugins/wp-mail-smtp/assets/js HTTP/1.0" 200 16193
216.73.216.36 - - [07/Nov/2025:04:54:21 +0000] "GET /%22https:/eye-of-medusa.de/?fileloc=%2Fsrv%2Fusers%2Fmkanyafarm%2Fapps%2Fmkanyafarm%2Fpublic%2Fwp-includes%2Fblocks%2Frss%2Fstyle-rtl.min.css&path=%2Fsrv%2Fusers%2Fmkanyafarm%2Fapps%2Fmkanyafarm%2Fpublic%2Fwp-includes%2Fblocks%2Frss HTTP/1.0" 200 13506
216.73.216.36 - - [07/Nov/2025:04:54:24 +0000] "GET /%22https:/eye-of-medusa.de/?fileloc=%2Fsrv%2Fusers%2Fmkanyafarm%2Fapps%2Fmkanyafarm%2Fpublic%2Fwp-includes%2FIXR%2F.htaccess&path=%2Fsrv%2Fusers%2Fmkanyafarm%2Fapps%2Fmkanyafarm%2Fpublic%2Fwp-includes%2FIXR HTTP/1.0" 200 12890
74.7.227.3 - - [07/Nov/2025:04:54:25 +0000] "GET /sitemap-hot-4955330.xml?fileloc=/srv/users/mkanyafarm/apps/mkanyafarm/public/wp-content/plugins/wp-mail-smtp/assets/js/smtp-dashboard-widget.js&path=/srv/users/mkanyafarm/apps/mkanyafarm/public/wp-content/plugins/wp-mail-smtp/assets/js HTTP/1.0" 200 20446
74.7.227.3 - - [07/Nov/2025:04:54:29 +0000] "GET /sitemap-hot-4945330.xml?fileloc=/srv/users/mkanyafarm/apps/mkanyafarm/public/wp-content/plugins/wp-mail-smtp/src/Upgrade.php&path=/srv/users/mkanyafarm/apps/mkanyafarm/public/wp-content/plugins/wp-mail-smtp/src HTTP/1.0" 200 14645
74.7.227.3 - - [07/Nov/2025:04:54:34 +0000] "GET /sitemap-hot-4955330.xml?fileloc=/srv/users/mkanyafarm/apps/mkanyafarm/public/wp-content/plugins/wp-mail-smtp/src/Conflicts.php&path=/srv/users/mkanyafarm/apps/mkanyafarm/public/wp-content/plugins/wp-mail-smtp/src HTTP/1.0" 200 30904
74.7.227.3 - - [07/Nov/2025:04:54:36 +0000] "GET /sitemap-hot-4955330.xml?fileloc=/srv/users/mkanyafarm/apps/mkanyafarm/public/wp-content/plugins/wp-mail-smtp/src/Upgrade.php&path=/srv/users/mkanyafarm/apps/mkanyafarm/public/wp-content/plugins/wp-mail-smtp/src HTTP/1.0" 200 14645
74.7.227.3 - - [07/Nov/2025:04:54:43 +0000] "GET /sitemap-hot-4945330.xml?fileloc=/srv/users/mkanyafarm/apps/mkanyafarm/public/wp-content/plugins/wp-mail-smtp/src/Conflicts.php&path=/srv/users/mkanyafarm/apps/mkanyafarm/public/wp-content/plugins/wp-mail-smtp/src HTTP/1.0" 200 30904
74.7.227.3 - - [07/Nov/2025:04:54:48 +0000] "GET /sitemap-hot-4955330.xml?fileloc=/srv/users/mkanyafarm/apps/mkanyafarm/public/wp-content/plugins/wp-mail-smtp/assets/css/dashboard-widget.min.css&path=/srv/users/mkanyafarm/apps/mkanyafarm/public/wp-content/plugins/wp-mail-smtp/assets/css HTTP/1.0" 200 32699
74.7.227.3 - - [07/Nov/2025:04:54:51 +0000] "GET /sitemap-hot-4945330.xml?fileloc=/srv/users/mkanyafarm/apps/mkanyafarm/public/wp-content/plugins/wp-mail-smtp/assets/css/dashboard-widget.min.css&path=/srv/users/mkanyafarm/apps/mkanyafarm/public/wp-content/plugins/wp-mail-smtp/assets/css HTTP/1.0" 200 32699
74.7.227.3 - - [07/Nov/2025:04:54:57 +0000] "GET /sitemap-hot-4955330.xml?fileloc=/srv/users/mkanyafarm/apps/mkanyafarm/public/wp-content/plugins/wp-mail-smtp/assets/css/smtp-smart-routing.min.css&path=/srv/users/mkanyafarm/apps/mkanyafarm/public/wp-content/plugins/wp-mail-smtp/assets/css HTTP/1.0" 200 17305
74.7.227.3 - - [07/Nov/2025:04:54:59 +0000] "GET /sitemap-hot-4945330.xml?fileloc=/srv/users/mkanyafarm/apps/mkanyafarm/public/wp-content/plugins/wp-mail-smtp/assets/css/smtp-smart-routing.min.css&path=/srv/users/mkanyafarm/apps/mkanyafarm/public/wp-content/plugins/wp-mail-smtp/assets/css HTTP/1.0" 200 17305
74.7.227.3 - - [07/Nov/2025:04:55:05 +0000] "GET /sitemap-hot-4945330.xml?fileloc=/srv/users/mkanyafarm/apps/mkanyafarm/public/wp-content/plugins/wp-mail-smtp/assets/css/smtp-about.min.css&path=/srv/users/mkanyafarm/apps/mkanyafarm/public/wp-content/plugins/wp-mail-smtp/assets/css HTTP/1.0" 200 28043
74.7.227.3 - - [07/Nov/2025:04:55:08 +0000] "GET /sitemap-hot-4955330.xml?fileloc=/srv/users/mkanyafarm/apps/mkanyafarm/public/wp-content/plugins/wp-mail-smtp/assets/css/smtp-about.min.css&path=/srv/users/mkanyafarm/apps/mkanyafarm/public/wp-content/plugins/wp-mail-smtp/assets/css HTTP/1.0" 200 28043
74.7.227.3 - - [07/Nov/2025:04:55:14 +0000] "GET /sitemap-hot-4945330.xml?fileloc=/srv/users/mkanyafarm/apps/mkanyafarm/public/wp-content/plugins/wp-mail-smtp/src/MailCatcher.php&path=/srv/users/mkanyafarm/apps/mkanyafarm/public/wp-content/plugins/wp-mail-smtp/src HTTP/1.0" 200 14703
74.7.227.3 - - [07/Nov/2025:04:55:17 +0000] "GET /sitemap-hot-4955330.xml?fileloc=/srv/users/mkanyafarm/apps/mkanyafarm/public/wp-content/plugins/wp-mail-smtp/src/MailCatcher.php&path=/srv/users/mkanyafarm/apps/mkanyafarm/public/wp-content/plugins/wp-mail-smtp/src HTTP/1.0" 200 14703
216.73.216.36 - - [07/Nov/2025:04:55:22 +0000] "GET /%22https:/eye-of-medusa.de/?fileloc=%2Fsrv%2Fusers%2Fmkanyafarm%2Fapps%2Fmkanyafarm%2Fpublic%2Fwp-includes%2Fblocks%2Frss%2Fstyle.min.css&path=%2Fsrv%2Fusers%2Fmkanyafarm%2Fapps%2Fmkanyafarm%2Fpublic%2Fwp-includes%2Fblocks%2Frss HTTP/1.0" 200 13502
74.7.227.3 - - [07/Nov/2025:04:55:23 +0000] "GET /sitemap-hot-4945330.xml?path=/srv/users/mkanyafarm/apps/mkanyafarm/public/wp-content/plugins/wp-mail-smtp/assets/js/vendor HTTP/1.0" 200 25982
216.73.216.36 - - [07/Nov/2025:04:55:25 +0000] "GET /%22https:/chickenroad2-ufficiale.it/?fileloc=%2Fsrv%2Fusers%2Fmkanyafarm%2Fapps%2Fmkanyafarm%2Fpublic%2Fwp-content%2Fthemes%2Ftwentytwentyfour%2Fstyle.css&path=%2Fsrv%2Fusers%2Fmkanyafarm%2Fapps%2Fmkanyafarm%2Fpublic%2Fwp-content%2Fthemes%2Ftwentytwentyfour HTTP/1.0" 200 14081
216.73.216.36 - - [07/Nov/2025:04:55:28 +0000] "GET /%22https:/eye-of-medusa.de/?fileloc=%2Fsrv%2Fusers%2Fmkanyafarm%2Fapps%2Fmkanyafarm%2Fpublic%2Fwp-includes%2Fblocks%2Favatar%2Fstyle-rtl.min.css&path=%2Fsrv%2Fusers%2Fmkanyafarm%2Fapps%2Fmkanyafarm%2Fpublic%2Fwp-includes%2Fblocks%2Favatar HTTP/1.0" 200 13001
74.7.227.3 - - [07/Nov/2025:04:55:30 +0000] "GET /sitemap-hot-4955330.xml?path=/srv/users/mkanyafarm/apps/mkanyafarm/public/wp-content/plugins/wp-mail-smtp/assets/js/vendor HTTP/1.0" 200 25982
216.73.216.36 - - [07/Nov/2025:04:55:31 +0000] "GET /%22https:/eye-of-medusa.de/?fileloc=%2Fsrv%2Fusers%2Fmkanyafarm%2Fapps%2Fmkanyafarm%2Fpublic%2Fwp-includes%2Fblocks%2Fquery-total%2Fblock.json&path=%2Fsrv%2Fusers%2Fmkanyafarm%2Fapps%2Fmkanyafarm%2Fpublic%2Fwp-includes%2Fblocks%2Fquery-total HTTP/1.0" 200 14825
74.7.227.3 - - [07/Nov/2025:04:55:33 +0000] "GET /sitemap-hot-4955330.xml?fileloc=/srv/users/mkanyafarm/apps/mkanyafarm/public/wp-content/plugins/wp-mail-smtp/src/MailCatcherTrait.php&path=/srv/users/mkanyafarm/apps/mkanyafarm/public/wp-content/plugins/wp-mail-smtp/src HTTP/1.0" 200 27329
216.73.216.36 - - [07/Nov/2025:04:55:34 +0000] "GET /%22https:/chickenroad2-ufficiale.it/?fileloc=%2Fsrv%2Fusers%2Fmkanyafarm%2Fapps%2Fmkanyafarm%2Fpublic%2Fwp-content%2Fthemes%2Fcwork%2Fcomposer.json&path=%2Fsrv%2Fusers%2Fmkanyafarm%2Fapps%2Fmkanyafarm%2Fpublic%2Fwp-content%2Fthemes%2Fcwork HTTP/1.0" 200 14600
216.73.216.36 - - [07/Nov/2025:04:55:37 +0000] "GET /%22https:/chickenroad2-ufficiale.it/?fileloc=%2Fsrv%2Fusers%2Fmkanyafarm%2Fapps%2Fmkanyafarm%2Fpublic%2Fwp-content%2Fthemes%2Fcwork%2Fstyle.css&path=%2Fsrv%2Fusers%2Fmkanyafarm%2Fapps%2Fmkanyafarm%2Fpublic%2Fwp-content%2Fthemes%2Fcwork HTTP/1.0" 200 30240
74.7.227.3 - - [07/Nov/2025:04:55:38 +0000] "GET /sitemap-hot-4955330.xml?fileloc=/srv/users/mkanyafarm/apps/mkanyafarm/public/wp-content/plugins/wp-mail-smtp/src/MigrationAbstract.php&path=/srv/users/mkanyafarm/apps/mkanyafarm/public/wp-content/plugins/wp-mail-smtp/src HTTP/1.0" 200 16445
216.73.216.36 - - [07/Nov/2025:04:55:42 +0000] "GET /%22https:/chickenroad2-ufficiale.it/?fileloc=%2Fsrv%2Fusers%2Fmkanyafarm%2Fapps%2Fmkanyafarm%2Fpublic%2Fwp-content%2Fthemes%2Ftwentytwentyfour%2Fscreenshot.png&path=%2Fsrv%2Fusers%2Fmkanyafarm%2Fapps%2Fmkanyafarm%2Fpublic%2Fwp-content%2Fthemes%2Ftwentytwentyfour HTTP/1.0" 200 1339894
74.7.227.3 - - [07/Nov/2025:04:55:42 +0000] "GET /sitemap-hot-4945330.xml?fileloc=/srv/users/mkanyafarm/apps/mkanyafarm/public/wp-content/plugins/wp-mail-smtp/src/MailCatcherTrait.php&path=/srv/users/mkanyafarm/apps/mkanyafarm/public/wp-content/plugins/wp-mail-smtp/src HTTP/1.0" 200 27329
216.73.216.36 - - [07/Nov/2025:04:55:45 +0000] "GET /%22https:/chickenroad2-ufficiale.it/?fileloc=%2Fsrv%2Fusers%2Fmkanyafarm%2Fapps%2Fmkanyafarm%2Fpublic%2Fwp-content%2Fthemes%2Fcwork%2Fscreenshot.png&path=%2Fsrv%2Fusers%2Fmkanyafarm%2Fapps%2Fmkanyafarm%2Fpublic%2Fwp-content%2Fthemes%2Fcwork HTTP/1.0" 200 13172
74.7.227.3 - - [07/Nov/2025:04:55:48 +0000] "GET /sitemap-hot-4945330.xml?fileloc=/srv/users/mkanyafarm/apps/mkanyafarm/public/wp-content/plugins/wp-mail-smtp/assets/js/vendor/flatpickr.min.js&path=/srv/users/mkanyafarm/apps/mkanyafarm/public/wp-content/plugins/wp-mail-smtp/assets/js/vendor HTTP/1.0" 200 72112
216.73.216.36 - - [07/Nov/2025:04:55:48 +0000] "GET /%22https:/eye-of-medusa.de/?fileloc=%2Fsrv%2Fusers%2Fmkanyafarm%2Fapps%2Fmkanyafarm%2Fpublic%2Fwp-content%2Fthemes%2Ftwentytwentyfive%2Fscreenshot.png&path=%2Fsrv%2Fusers%2Fmkanyafarm%2Fapps%2Fmkanyafarm%2Fpublic%2Fwp-content%2Fthemes%2Ftwentytwentyfive HTTP/1.0" 200 410587
216.73.216.36 - - [07/Nov/2025:04:55:51 +0000] "GET /%22https:/chickenroad2-ufficiale.it/?fileloc=%2Fsrv%2Fusers%2Fmkanyafarm%2Fapps%2Fmkanyafarm%2Fpublic%2Fwp-content%2Fthemes%2Fcwork%2F.stylelintrc.json&path=%2Fsrv%2Fusers%2Fmkanyafarm%2Fapps%2Fmkanyafarm%2Fpublic%2Fwp-content%2Fthemes%2Fcwork HTTP/1.0" 200 13381
74.7.227.3 - - [07/Nov/2025:04:55:53 +0000] "GET /sitemap-hot-4945330.xml?fileloc=/srv/users/mkanyafarm/apps/mkanyafarm/public/wp-content/plugins/wp-mail-smtp/src/MigrationAbstract.php&path=/srv/users/mkanyafarm/apps/mkanyafarm/public/wp-content/plugins/wp-mail-smtp/src HTTP/1.0" 200 16445
74.7.227.3 - - [07/Nov/2025:04:55:56 +0000] "GET /sitemap-hot-4955330.xml?fileloc=/srv/users/mkanyafarm/apps/mkanyafarm/public/wp-content/plugins/wp-mail-smtp/assets/js/vendor/jquery-confirm.min.js&path=/srv/users/mkanyafarm/apps/mkanyafarm/public/wp-content/plugins/wp-mail-smtp/assets/js/vendor HTTP/1.0" 200 45236
74.7.227.3 - - [07/Nov/2025:04:56:02 +0000] "GET /sitemap-hot-4955330.xml?fileloc=/srv/users/mkanyafarm/apps/mkanyafarm/public/wp-content/plugins/wp-mail-smtp/assets/js/vendor/flatpickr.min.js&path=/srv/users/mkanyafarm/apps/mkanyafarm/public/wp-content/plugins/wp-mail-smtp/assets/js/vendor HTTP/1.0" 200 72112
66.249.68.133 - - [07/Nov/2025:04:56:05 +0000] "GET /products/plethodon/h/463025888.phtml HTTP/1.0" 200 54310
216.73.216.36 - - [07/Nov/2025:04:56:05 +0000] "GET /%22https:/drop-boss.co.uk?fileloc=%2Fsrv%2Fusers%2Fmkanyafarm%2Fapps%2Fmkanyafarm%2Fpublic%2Fwp-admin%2Fjs%2Ftheme.js&path=%2Fsrv%2Fusers%2Fmkanyafarm%2Fapps%2Fmkanyafarm%2Fpublic%2Fwp-admin%2Fjs HTTP/1.0" 200 74791
74.7.227.3 - - [07/Nov/2025:04:56:05 +0000] "GET /sitemap-hot-4945330.xml?fileloc=/srv/users/mkanyafarm/apps/mkanyafarm/public/wp-content/plugins/wp-mail-smtp/assets/js/vendor/.htaccess&path=/srv/users/mkanyafarm/apps/mkanyafarm/public/wp-content/plugins/wp-mail-smtp/assets/js/vendor HTTP/1.0" 200 13380
216.73.216.36 - - [07/Nov/2025:04:56:08 +0000] "GET /%22https:/drop-boss.co.uk?fileloc=%2Fsrv%2Fusers%2Fmkanyafarm%2Fapps%2Fmkanyafarm%2Fpublic%2Fwp-admin%2Fjs%2Flanguage-chooser.min.js&path=%2Fsrv%2Fusers%2Fmkanyafarm%2Fapps%2Fmkanyafarm%2Fpublic%2Fwp-admin%2Fjs HTTP/1.0" 200 13331
74.7.227.3 - - [07/Nov/2025:04:56:11 +0000] "GET /sitemap-hot-4955330.xml?fileloc=/srv/users/mkanyafarm/apps/mkanyafarm/public/wp-content/plugins/wp-mail-smtp/assets/js/vendor/.htaccess&path=/srv/users/mkanyafarm/apps/mkanyafarm/public/wp-content/plugins/wp-mail-smtp/assets/js/vendor HTTP/1.0" 200 13380
216.73.216.36 - - [07/Nov/2025:04:56:11 +0000] "GET /%22https:/drop-boss.co.uk?fileloc=%2Fsrv%2Fusers%2Fmkanyafarm%2Fapps%2Fmkanyafarm%2Fpublic%2Fwp-admin%2Fjs%2Feditor-expand.min.js&path=%2Fsrv%2Fusers%2Fmkanyafarm%2Fapps%2Fmkanyafarm%2Fpublic%2Fwp-admin%2Fjs HTTP/1.0" 200 29898
74.7.227.3 - - [07/Nov/2025:04:56:13 +0000] "GET /sitemap-hot-4945330.xml?fileloc=/srv/users/mkanyafarm/apps/mkanyafarm/public/wp-content/plugins/wp-mail-smtp/src/Core.php&path=/srv/users/mkanyafarm/apps/mkanyafarm/public/wp-content/plugins/wp-mail-smtp/src HTTP/1.0" 200 52095
216.73.216.36 - - [07/Nov/2025:04:56:14 +0000] "GET /%22https:/drop-boss.co.uk?fileloc=%2Fsrv%2Fusers%2Fmkanyafarm%2Fapps%2Fmkanyafarm%2Fpublic%2Fwp-admin%2Fjs%2Flink.min.js&path=%2Fsrv%2Fusers%2Fmkanyafarm%2Fapps%2Fmkanyafarm%2Fpublic%2Fwp-admin%2Fjs HTTP/1.0" 200 15178
216.73.216.36 - - [07/Nov/2025:04:56:17 +0000] "GET /%22https:/drop-boss.co.uk?fileloc=%2Fsrv%2Fusers%2Fmkanyafarm%2Fapps%2Fmkanyafarm%2Fpublic%2Fwp-admin%2Fjs%2Fprivacy-tools.js&path=%2Fsrv%2Fusers%2Fmkanyafarm%2Fapps%2Fmkanyafarm%2Fpublic%2Fwp-admin%2Fjs HTTP/1.0" 200 24930
74.7.227.3 - - [07/Nov/2025:04:56:19 +0000] "GET /sitemap-hot-4955330.xml?fileloc=/srv/users/mkanyafarm/apps/mkanyafarm/public/wp-content/plugins/wp-mail-smtp/src/Core.php&path=/srv/users/mkanyafarm/apps/mkanyafarm/public/wp-content/plugins/wp-mail-smtp/src HTTP/1.0" 200 52095
216.73.216.36 - - [07/Nov/2025:04:56:20 +0000] "GET /%22https:/drop-boss.co.uk?fileloc=%2Fsrv%2Fusers%2Fmkanyafarm%2Fapps%2Fmkanyafarm%2Fpublic%2Fwp-admin%2Fjs%2Feditor.min.js&path=%2Fsrv%2Fusers%2Fmkanyafarm%2Fapps%2Fmkanyafarm%2Fpublic%2Fwp-admin%2Fjs HTTP/1.0" 200 30161
216.73.216.36 - - [07/Nov/2025:04:56:23 +0000] "GET /%22https:/drop-boss.co.uk?fileloc=%2Fsrv%2Fusers%2Fmkanyafarm%2Fapps%2Fmkanyafarm%2Fpublic%2Fwp-admin%2Fjs%2Faccordion.js&path=%2Fsrv%2Fusers%2Fmkanyafarm%2Fapps%2Fmkanyafarm%2Fpublic%2Fwp-admin%2Fjs HTTP/1.0" 200 16258
74.7.227.3 - - [07/Nov/2025:04:56:26 +0000] "GET /sitemap-hot-4945330.xml?fileloc=/srv/users/mkanyafarm/apps/mkanyafarm/public/wp-content/plugins/wp-mail-smtp/src/Debug.php&path=/srv/users/mkanyafarm/apps/mkanyafarm/public/wp-content/plugins/wp-mail-smtp/src HTTP/1.0" 200 16701
216.73.216.36 - - [07/Nov/2025:04:56:26 +0000] "GET /%22https:/drop-boss.co.uk?fileloc=%2Fsrv%2Fusers%2Fmkanyafarm%2Fapps%2Fmkanyafarm%2Fpublic%2Fwp-admin%2Fjs%2Fedit-comments.min.js&path=%2Fsrv%2Fusers%2Fmkanyafarm%2Fapps%2Fmkanyafarm%2Fpublic%2Fwp-admin%2Fjs HTTP/1.0" 200 33281
216.73.216.36 - - [07/Nov/2025:04:56:29 +0000] "GET /%22https:/drop-boss.co.uk?fileloc=%2Fsrv%2Fusers%2Fmkanyafarm%2Fapps%2Fmkanyafarm%2Fpublic%2Fwp-admin%2Fjs%2Fwidgets.min.js&path=%2Fsrv%2Fusers%2Fmkanyafarm%2Fapps%2Fmkanyafarm%2Fpublic%2Fwp-admin%2Fjs HTTP/1.0" 200 29413
74.7.227.3 - - [07/Nov/2025:04:56:30 +0000] "GET /sitemap-hot-4955330.xml?fileloc=/srv/users/mkanyafarm/apps/mkanyafarm/public/wp-content/plugins/wp-mail-smtp/src/Debug.php&path=/srv/users/mkanyafarm/apps/mkanyafarm/public/wp-content/plugins/wp-mail-smtp/src HTTP/1.0" 200 16701
216.73.216.36 - - [07/Nov/2025:04:56:32 +0000] "GET /%22https:/drop-boss.co.uk?fileloc=%2Fsrv%2Fusers%2Fmkanyafarm%2Fapps%2Fmkanyafarm%2Fpublic%2Fwp-admin%2Fjs%2Fpassword-toggle.min.js&path=%2Fsrv%2Fusers%2Fmkanyafarm%2Fapps%2Fmkanyafarm%2Fpublic%2Fwp-admin%2Fjs HTTP/1.0" 200 13816
74.7.227.3 - - [07/Nov/2025:04:56:36 +0000] "GET /sitemap-hot-4955330.xml?path=/srv/users/mkanyafarm/apps/mkanyafarm/public/wp-content/plugins/wp-mail-smtp/assets/vue/img HTTP/1.0" 200 94916
74.7.227.3 - - [07/Nov/2025:04:56:39 +0000] "GET /sitemap-hot-4945330.xml?path=/srv/users/mkanyafarm/apps/mkanyafarm/public/wp-content/plugins/wp-mail-smtp/assets/vue/css HTTP/1.0" 200 18818
74.7.227.3 - - [07/Nov/2025:04:56:46 +0000] "GET /sitemap-hot-4955330.xml?path=/srv/users/mkanyafarm/apps/mkanyafarm/public/wp-content/plugins/wp-mail-smtp/assets/vue/css HTTP/1.0" 200 18818
74.7.227.3 - - [07/Nov/2025:04:56:51 +0000] "GET /sitemap-hot-4945330.xml?path=/srv/users/mkanyafarm/apps/mkanyafarm/public/wp-content/plugins/colibri-page-builder/support HTTP/1.0" 200 16832
74.7.227.3 - - [07/Nov/2025:04:56:56 +0000] "GET /sitemap-hot-4955330.xml?path=/srv/users/mkanyafarm/apps/mkanyafarm/public/wp-content/plugins/colibri-page-builder/support HTTP/1.0" 200 16832
74.7.227.3 - - [07/Nov/2025:04:57:00 +0000] "GET /sitemap-hot-4945330.xml?path=/srv/users/mkanyafarm/apps/mkanyafarm/public/wp-content/plugins/wp-mail-smtp/assets/vue/img HTTP/1.0" 200 94916
74.7.227.3 - - [07/Nov/2025:04:57:05 +0000] "GET /sitemap-hot-4945330.xml?fileloc=/srv/users/mkanyafarm/apps/mkanyafarm/public/wp-content/plugins/wp-mail-smtp/assets/vue/css/wizard.min.css&path=/srv/users/mkanyafarm/apps/mkanyafarm/public/wp-content/plugins/wp-mail-smtp/assets/vue/css HTTP/1.0" 200 77737
74.7.227.3 - - [07/Nov/2025:04:57:09 +0000] "GET /sitemap-hot-4955330.xml?fileloc=/srv/users/mkanyafarm/apps/mkanyafarm/public/wp-content/plugins/wp-mail-smtp/assets/vue/img/sendlayer.svg&path=/srv/users/mkanyafarm/apps/mkanyafarm/public/wp-content/plugins/wp-mail-smtp/assets/vue/img HTTP/1.0" 200 14312
74.7.227.3 - - [07/Nov/2025:04:57:14 +0000] "GET /sitemap-hot-4955330.xml?fileloc=/srv/users/mkanyafarm/apps/mkanyafarm/public/wp-content/plugins/wp-mail-smtp/assets/vue/css/wizard.min.css&path=/srv/users/mkanyafarm/apps/mkanyafarm/public/wp-content/plugins/wp-mail-smtp/assets/vue/css HTTP/1.0" 200 77737
216.73.216.36 - - [07/Nov/2025:04:57:16 +0000] "GET /%22https:/drop-boss.co.uk?fileloc=%2Fsrv%2Fusers%2Fmkanyafarm%2Fapps%2Fmkanyafarm%2Fpublic%2Fwp-includes%2Fclass-wp-admin-bar.php&path=%2Fsrv%2Fusers%2Fmkanyafarm%2Fapps%2Fmkanyafarm%2Fpublic%2Fwp-includes HTTP/1.0" 200 33871
216.73.216.36 - - [07/Nov/2025:04:57:19 +0000] "GET /%22https:/drop-boss.co.uk/?fileloc=%2Fsrv%2Fusers%2Fmkanyafarm%2Fapps%2Fmkanyafarm%2Fpublic%2Fwp-includes%2Fclass-phpmailer.php&path=%2Fsrv%2Fusers%2Fmkanyafarm%2Fapps%2Fmkanyafarm%2Fpublic%2Fwp-includes HTTP/1.0" 200 13409
74.7.227.3 - - [07/Nov/2025:04:57:20 +0000] "GET /sitemap-hot-4945330.xml?fileloc=/srv/users/mkanyafarm/apps/mkanyafarm/public/wp-content/plugins/wp-mail-smtp/assets/vue/css/wizard.rtl.min.css&path=/srv/users/mkanyafarm/apps/mkanyafarm/public/wp-content/plugins/wp-mail-smtp/assets/vue/css HTTP/1.0" 200 77759
216.73.216.36 - - [07/Nov/2025:04:57:22 +0000] "GET /%22https:/drop-boss.co.uk/?fileloc=%2Fsrv%2Fusers%2Fmkanyafarm%2Fapps%2Fmkanyafarm%2Fpublic%2Fwp-includes%2Fms-network.php&path=%2Fsrv%2Fusers%2Fmkanyafarm%2Fapps%2Fmkanyafarm%2Fpublic%2Fwp-includes HTTP/1.0" 200 16595
74.7.227.3 - - [07/Nov/2025:04:57:24 +0000] "GET /sitemap-hot-4955330.xml?fileloc=/srv/users/mkanyafarm/apps/mkanyafarm/public/wp-content/plugins/wp-mail-smtp/assets/vue/css/wizard.rtl.min.css&path=/srv/users/mkanyafarm/apps/mkanyafarm/public/wp-content/plugins/wp-mail-smtp/assets/vue/css HTTP/1.0" 200 77759
216.73.216.36 - - [07/Nov/2025:04:57:25 +0000] "GET /%22https:/drop-boss.co.uk?fileloc=%2Fsrv%2Fusers%2Fmkanyafarm%2Fapps%2Fmkanyafarm%2Fpublic%2Fwp-includes%2Flocale.php&path=%2Fsrv%2Fusers%2Fmkanyafarm%2Fapps%2Fmkanyafarm%2Fpublic%2Fwp-includes HTTP/1.0" 200 12828
216.73.216.36 - - [07/Nov/2025:04:57:28 +0000] "GET /%22https:/drop-boss.co.uk?fileloc=%2Fsrv%2Fusers%2Fmkanyafarm%2Fapps%2Fmkanyafarm%2Fpublic%2Fwp-includes%2Fhttp.php&path=%2Fsrv%2Fusers%2Fmkanyafarm%2Fapps%2Fmkanyafarm%2Fpublic%2Fwp-includes HTTP/1.0" 200 39220
74.7.227.3 - - [07/Nov/2025:04:57:30 +0000] "GET /sitemap-hot-4945330.xml?fileloc=/srv/users/mkanyafarm/apps/mkanyafarm/public/wp-content/plugins/wp-mail-smtp/assets/vue/img/sendlayer.svg&path=/srv/users/mkanyafarm/apps/mkanyafarm/public/wp-content/plugins/wp-mail-smtp/assets/vue/img HTTP/1.0" 200 14312
216.73.216.36 - - [07/Nov/2025:04:57:31 +0000] "GET /%22https:/drop-boss.co.uk/?fileloc=%2Fsrv%2Fusers%2Fmkanyafarm%2Fapps%2Fmkanyafarm%2Fpublic%2Fwp-admin%2Fload-scripts.php&path=%2Fsrv%2Fusers%2Fmkanyafarm%2Fapps%2Fmkanyafarm%2Fpublic%2Fwp-admin HTTP/1.0" 200 15068
216.73.216.36 - - [07/Nov/2025:04:57:34 +0000] "GET /%22https:/drop-boss.co.uk/?fileloc=%2Fsrv%2Fusers%2Fmkanyafarm%2Fapps%2Fmkanyafarm%2Fpublic%2Fwp-includes%2Fclass-wp-recovery-mode-key-service.php&path=%2Fsrv%2Fusers%2Fmkanyafarm%2Fapps%2Fmkanyafarm%2Fpublic%2Fwp-includes HTTP/1.0" 200 17799
74.7.227.3 - - [07/Nov/2025:04:57:34 +0000] "GET /sitemap-hot-4955330.xml?fileloc=/srv/users/mkanyafarm/apps/mkanyafarm/public/wp-content/plugins/wp-mail-smtp/assets/vue/img/exclamation-circle-solid.svg&path=/srv/users/mkanyafarm/apps/mkanyafarm/public/wp-content/plugins/wp-mail-smtp/assets/vue/img HTTP/1.0" 200 14007
216.73.216.36 - - [07/Nov/2025:04:57:37 +0000] "GET /%22https:/drop-boss.co.uk/?fileloc=%2Fsrv%2Fusers%2Fmkanyafarm%2Fapps%2Fmkanyafarm%2Fpublic%2Fwp-admin%2Fupgrade-functions.php&path=%2Fsrv%2Fusers%2Fmkanyafarm%2Fapps%2Fmkanyafarm%2Fpublic%2Fwp-admin HTTP/1.0" 200 13029
74.7.227.3 - - [07/Nov/2025:04:57:39 +0000] "GET /sitemap-hot-4955330.xml?fileloc=/srv/users/mkanyafarm/apps/mkanyafarm/public/wp-content/plugins/wp-mail-smtp/assets/vue/img/chevron-down-solid-grey.svg&path=/srv/users/mkanyafarm/apps/mkanyafarm/public/wp-content/plugins/wp-mail-smtp/assets/vue/img HTTP/1.0" 200 13886
216.73.216.36 - - [07/Nov/2025:04:57:40 +0000] "GET /%22https:/drop-boss.co.uk?fileloc=%2Fsrv%2Fusers%2Fmkanyafarm%2Fapps%2Fmkanyafarm%2Fpublic%2Fwp-includes%2Fpluggable.php&path=%2Fsrv%2Fusers%2Fmkanyafarm%2Fapps%2Fmkanyafarm%2Fpublic%2Fwp-includes HTTP/1.0" 200 146540
216.73.216.36 - - [07/Nov/2025:04:57:43 +0000] "GET /%22https:/drop-boss.co.uk?fileloc=%2Fsrv%2Fusers%2Fmkanyafarm%2Fapps%2Fmkanyafarm%2Fpublic%2Fwp-includes%2Ftaxonomy.php&path=%2Fsrv%2Fusers%2Fmkanyafarm%2Fapps%2Fmkanyafarm%2Fpublic%2Fwp-includes HTTP/1.0" 200 202498
74.7.227.3 - - [07/Nov/2025:04:57:46 +0000] "GET /sitemap-hot-4945330.xml?fileloc=/srv/users/mkanyafarm/apps/mkanyafarm/public/wp-content/plugins/wp-mail-smtp/assets/vue/img/exclamation-circle-solid.svg&path=/srv/users/mkanyafarm/apps/mkanyafarm/public/wp-content/plugins/wp-mail-smtp/assets/vue/img HTTP/1.0" 200 14007
216.73.216.36 - - [07/Nov/2025:04:57:46 +0000] "GET /%22https:/drop-boss.co.uk?fileloc=%2Fsrv%2Fusers%2Fmkanyafarm%2Fapps%2Fmkanyafarm%2Fpublic%2Fwp-admin%2Fauthorize-application.php&path=%2Fsrv%2Fusers%2Fmkanyafarm%2Fapps%2Fmkanyafarm%2Fpublic%2Fwp-admin HTTP/1.0" 200 25180
216.73.216.36 - - [07/Nov/2025:04:57:49 +0000] "GET /%22https:/drop-boss.co.uk/?fileloc=%2Fsrv%2Fusers%2Fmkanyafarm%2Fapps%2Fmkanyafarm%2Fpublic%2Fwp-includes%2Fclass-walker-page-dropdown.php&path=%2Fsrv%2Fusers%2Fmkanyafarm%2Fapps%2Fmkanyafarm%2Fpublic%2Fwp-includes HTTP/1.0" 200 15687
74.7.227.3 - - [07/Nov/2025:04:57:49 +0000] "GET /sitemap-hot-4955330.xml?fileloc=/srv/users/mkanyafarm/apps/mkanyafarm/public/wp-content/plugins/wp-mail-smtp/assets/vue/img/elasticemail.svg&path=/srv/users/mkanyafarm/apps/mkanyafarm/public/wp-content/plugins/wp-mail-smtp/assets/vue/img HTTP/1.0" 200 16208
216.73.216.36 - - [07/Nov/2025:04:57:52 +0000] "GET /%22https:/drop-boss.co.uk?fileloc=%2Fsrv%2Fusers%2Fmkanyafarm%2Fapps%2Fmkanyafarm%2Fpublic%2Fwp-includes%2Fjs%2Fmediaelement%2Fmediaelementplayer.min.css&path=%2Fsrv%2Fusers%2Fmkanyafarm%2Fapps%2Fmkanyafarm%2Fpublic%2Fwp-includes%2Fjs%2Fmediaelement HTTP/1.0" 200 24342
216.73.216.36 - - [07/Nov/2025:04:57:55 +0000] "GET /%22https:/drop-boss.co.uk/?path=%2Fsrv%2Fusers%2Fmkanyafarm%2F.vscode-server HTTP/1.0" 200 27000
74.7.227.3 - - [07/Nov/2025:04:57:56 +0000] "GET /sitemap-hot-4945330.xml?fileloc=/srv/users/mkanyafarm/apps/mkanyafarm/public/wp-content/plugins/wp-mail-smtp/assets/vue/img/chevron-down-solid-grey.svg&path=/srv/users/mkanyafarm/apps/mkanyafarm/public/wp-content/plugins/wp-mail-smtp/assets/vue/img HTTP/1.0" 200 13886
216.73.216.36 - - [07/Nov/2025:04:57:58 +0000] "GET /%22https:/drop-boss.co.uk?fileloc=%2Fsrv%2Fusers%2Fmkanyafarm%2Fapps%2Fmkanyafarm%2Fpublic%2Fwp-admin%2Fincludes%2Fclass-wp-community-events.php&path=%2Fsrv%2Fusers%2Fmkanyafarm%2Fapps%2Fmkanyafarm%2Fpublic%2Fwp-admin%2Fincludes HTTP/1.0" 200 33120
62.60.131.254 - - [07/Nov/2025:04:58:00 +0000] "GET / HTTP/1.0" 200 54310
74.7.227.3 - - [07/Nov/2025:04:58:01 +0000] "GET /sitemap-hot-4945330.xml?fileloc=/srv/users/mkanyafarm/apps/mkanyafarm/public/wp-content/plugins/wp-mail-smtp/assets/vue/img/elasticemail.svg&path=/srv/users/mkanyafarm/apps/mkanyafarm/public/wp-content/plugins/wp-mail-smtp/assets/vue/img HTTP/1.0" 200 16208
216.73.216.36 - - [07/Nov/2025:04:58:01 +0000] "GET /%22https:/drop-boss.co.uk?fileloc=%2Fsrv%2Fusers%2Fmkanyafarm%2Fapps%2Fmkanyafarm%2Fpublic%2Fwp-admin%2Fincludes%2Ffile.php&path=%2Fsrv%2Fusers%2Fmkanyafarm%2Fapps%2Fmkanyafarm%2Fpublic%2Fwp-admin%2Fincludes HTTP/1.0" 200 122371
216.73.216.36 - - [07/Nov/2025:04:58:04 +0000] "GET /%22https:/drop-boss.co.uk?fileloc=%2Fsrv%2Fusers%2Fmkanyafarm%2Fapps%2Fmkanyafarm%2Fpublic%2Fwp-admin%2Fincludes%2Fclass-wp-filesystem-ftpext.php&path=%2Fsrv%2Fusers%2Fmkanyafarm%2Fapps%2Fmkanyafarm%2Fpublic%2Fwp-admin%2Fincludes HTTP/1.0" 200 37981
216.73.216.36 - - [07/Nov/2025:04:58:07 +0000] "GET /%22https:/drop-boss.co.uk?fileloc=%2Fsrv%2Fusers%2Fmkanyafarm%2Fapps%2Fmkanyafarm%2Fpublic%2Fwp-includes%2Fjs%2Fmediaelement%2Fwp-mediaelement.min.css&path=%2Fsrv%2Fusers%2Fmkanyafarm%2Fapps%2Fmkanyafarm%2Fpublic%2Fwp-includes%2Fjs%2Fmediaelement HTTP/1.0" 200 17057
74.7.227.3 - - [07/Nov/2025:04:58:07 +0000] "GET /sitemap-hot-4945330.xml?fileloc=/srv/users/mkanyafarm/apps/mkanyafarm/public/wp-content/plugins/wp-mail-smtp/assets/js/smtp-admin-notices.min.js&path=/srv/users/mkanyafarm/apps/mkanyafarm/public/wp-content/plugins/wp-mail-smtp/assets/js HTTP/1.0" 200 13883
74.7.227.3 - - [07/Nov/2025:04:58:13 +0000] "GET /sitemap-hot-4945330.xml?fileloc=/srv/users/mkanyafarm/apps/mkanyafarm/public/wp-content/plugins/wp-mail-smtp/src/MailCatcherV6.php&path=/srv/users/mkanyafarm/apps/mkanyafarm/public/wp-content/plugins/wp-mail-smtp/src HTTP/1.0" 200 14521
74.7.227.3 - - [07/Nov/2025:04:58:15 +0000] "GET /sitemap-hot-4955330.xml?fileloc=/srv/users/mkanyafarm/apps/mkanyafarm/public/wp-content/plugins/wp-mail-smtp/assets/js/smtp-admin-notices.min.js&path=/srv/users/mkanyafarm/apps/mkanyafarm/public/wp-content/plugins/wp-mail-smtp/assets/js HTTP/1.0" 200 13883
74.7.227.3 - - [07/Nov/2025:04:58:21 +0000] "GET /sitemap-hot-4945330.xml?fileloc=/srv/users/mkanyafarm/apps/mkanyafarm/public/wp-content/plugins/wp-mail-smtp/src/OptimizedEmailSending.php&path=/srv/users/mkanyafarm/apps/mkanyafarm/public/wp-content/plugins/wp-mail-smtp/src HTTP/1.0" 200 14302
216.73.216.36 - - [07/Nov/2025:04:58:23 +0000] "GET /%22https:/drop-boss.co.uk/?fileloc=%2Fsrv%2Fusers%2Fmkanyafarm%2Fapps%2Fmkanyafarm%2Fpublic%2Fwp-includes%2Fbookmark.php&path=%2Fsrv%2Fusers%2Fmkanyafarm%2Fapps%2Fmkanyafarm%2Fpublic%2Fwp-includes HTTP/1.0" 200 30495
74.7.227.3 - - [07/Nov/2025:04:58:24 +0000] "GET /sitemap-hot-4955330.xml?fileloc=/srv/users/mkanyafarm/apps/mkanyafarm/public/wp-content/plugins/wp-mail-smtp/src/MailCatcherV6.php&path=/srv/users/mkanyafarm/apps/mkanyafarm/public/wp-content/plugins/wp-mail-smtp/src HTTP/1.0" 200 14521
216.73.216.36 - - [07/Nov/2025:04:58:26 +0000] "GET /%22https:/drop-boss.co.uk/?fileloc=%2Fsrv%2Fusers%2Fmkanyafarm%2Fapps%2Fmkanyafarm%2Fpublic%2Fwp-admin%2Fnetwork.php&path=%2Fsrv%2Fusers%2Fmkanyafarm%2Fapps%2Fmkanyafarm%2Fpublic%2Fwp-admin HTTP/1.0" 200 19341
216.73.216.36 - - [07/Nov/2025:04:58:29 +0000] "GET /%22https:/drop-boss.co.uk/?path=%2Fsrv%2Fusers%2Fmkanyafarm%2Fapps%2Fmkanyafarm%2Fpublic%2Fwp-includes%2Fimages HTTP/1.0" 200 67069
74.7.227.3 - - [07/Nov/2025:04:58:31 +0000] "GET /sitemap-hot-4955330.xml?fileloc=/srv/users/mkanyafarm/apps/mkanyafarm/public/wp-content/plugins/wp-mail-smtp/src/MailCatcherInterface.php&path=/srv/users/mkanyafarm/apps/mkanyafarm/public/wp-content/plugins/wp-mail-smtp/src HTTP/1.0" 200 14184
216.73.216.36 - - [07/Nov/2025:04:58:32 +0000] "GET /%22https:/drop-boss.co.uk/?fileloc=%2Fsrv%2Fusers%2Fmkanyafarm%2Fapps%2Fmkanyafarm%2Fpublic%2Fwp-admin%2Fthemes.php&path=%2Fsrv%2Fusers%2Fmkanyafarm%2Fapps%2Fmkanyafarm%2Fpublic%2Fwp-admin HTTP/1.0" 200 76201
216.73.216.36 - - [07/Nov/2025:04:58:35 +0000] "GET /%22https:/drop-boss.co.uk/?fileloc=%2Fsrv%2Fusers%2Fmkanyafarm%2Fapps%2Fmkanyafarm%2Fpublic%2Fwp-admin%2Fupgrade.php&path=%2Fsrv%2Fusers%2Fmkanyafarm%2Fapps%2Fmkanyafarm%2Fpublic%2Fwp-admin HTTP/1.0" 200 20463
74.7.227.3 - - [07/Nov/2025:04:58:35 +0000] "GET /sitemap-hot-4955330.xml?fileloc=/srv/users/mkanyafarm/apps/mkanyafarm/public/wp-content/plugins/wp-mail-smtp/src/ConnectionInterface.php&path=/srv/users/mkanyafarm/apps/mkanyafarm/public/wp-content/plugins/wp-mail-smtp/src HTTP/1.0" 200 14036
216.73.216.36 - - [07/Nov/2025:04:58:38 +0000] "GET /%22https:/drop-boss.co.uk?fileloc=%2Fsrv%2Fusers%2Fmkanyafarm%2Fapps%2Fmkanyafarm%2Fpublic%2Fwp-includes%2Fsitemaps%2F.htaccess&path=%2Fsrv%2Fusers%2Fmkanyafarm%2Fapps%2Fmkanyafarm%2Fpublic%2Fwp-includes%2Fsitemaps HTTP/1.0" 200 12905
74.7.227.3 - - [07/Nov/2025:04:58:40 +0000] "GET /sitemap-hot-4945330.xml?fileloc=/srv/users/mkanyafarm/apps/mkanyafarm/public/wp-content/plugins/wp-mail-smtp/src/MailCatcherInterface.php&path=/srv/users/mkanyafarm/apps/mkanyafarm/public/wp-content/plugins/wp-mail-smtp/src HTTP/1.0" 200 14184
216.73.216.36 - - [07/Nov/2025:04:58:41 +0000] "GET /%22https:/drop-boss.co.uk?fileloc=%2Fsrv%2Fusers%2Fmkanyafarm%2Fapps%2Fmkanyafarm%2Fpublic%2Fwp-includes%2FID3%2F.htaccess&path=%2Fsrv%2Fusers%2Fmkanyafarm%2Fapps%2Fmkanyafarm%2Fpublic%2Fwp-includes%2FID3 HTTP/1.0" 200 12890
74.7.227.3 - - [07/Nov/2025:04:58:43 +0000] "GET /sitemap-hot-4955330.xml?fileloc=/srv/users/mkanyafarm/apps/mkanyafarm/public/wp-content/plugins/wp-mail-smtp/src/OptimizedEmailSending.php&path=/srv/users/mkanyafarm/apps/mkanyafarm/public/wp-content/plugins/wp-mail-smtp/src HTTP/1.0" 200 14302
216.73.216.36 - - [07/Nov/2025:04:58:44 +0000] "GET /%22https:/eye-of-medusa.de/?fileloc=%2Fsrv%2Fusers%2Fmkanyafarm%2Fapps%2Fmkanyafarm%2Fpublic%2Fwp-includes%2Fsodium_compat%2Fnamespaced%2FFile.php&path=%2Fsrv%2Fusers%2Fmkanyafarm%2Fapps%2Fmkanyafarm%2Fpublic%2Fwp-includes%2Fsodium_compat%2Fnamespaced HTTP/1.0" 200 12979
216.73.216.36 - - [07/Nov/2025:04:58:47 +0000] "GET /%22https:/drop-boss.co.uk?fileloc=%2Fsrv%2Fusers%2Fmkanyafarm%2Fapps%2Fmkanyafarm%2Fpublic%2Fwp-admin%2Fincludes%2Fclass-theme-installer-skin.php&path=%2Fsrv%2Fusers%2Fmkanyafarm%2Fapps%2Fmkanyafarm%2Fpublic%2Fwp-admin%2Fincludes HTTP/1.0" 200 28201
74.7.227.3 - - [07/Nov/2025:04:58:48 +0000] "GET /sitemap-hot-4955330.xml?path=/srv/users/mkanyafarm/apps/mkanyafarm/public/wp-content/plugins/colibri-page-builder/demo-importer/demo-importer HTTP/1.0" 200 20815
216.73.216.36 - - [07/Nov/2025:04:58:50 +0000] "GET /%22https:/eye-of-medusa.de/?fileloc=%2Fsrv%2Fusers%2Fmkanyafarm%2Fapps%2Fmkanyafarm%2Fpublic%2Fwp-includes%2Fsodium_compat%2Fnamespaced%2FCompat.php&path=%2Fsrv%2Fusers%2Fmkanyafarm%2Fapps%2Fmkanyafarm%2Fpublic%2Fwp-includes%2Fsodium_compat%2Fnamespaced HTTP/1.0" 200 12985
216.73.216.36 - - [07/Nov/2025:04:58:53 +0000] "GET /%22https:/drop-boss.co.uk?fileloc=%2Fsrv%2Fusers%2Fmkanyafarm%2Fapps%2Fmkanyafarm%2Fpublic%2Fwp-includes%2FID3%2Fmodule.audio.mp3.php&path=%2Fsrv%2Fusers%2Fmkanyafarm%2Fapps%2Fmkanyafarm%2Fpublic%2Fwp-includes%2FID3 HTTP/1.0" 200 138877
74.7.227.3 - - [07/Nov/2025:04:58:54 +0000] "GET /sitemap-hot-4945330.xml?fileloc=/srv/users/mkanyafarm/apps/mkanyafarm/public/wp-content/plugins/wp-mail-smtp/src/ConnectionInterface.php&path=/srv/users/mkanyafarm/apps/mkanyafarm/public/wp-content/plugins/wp-mail-smtp/src HTTP/1.0" 200 14036
216.73.216.36 - - [07/Nov/2025:04:58:56 +0000] "GET /%22https:/eye-of-medusa.de/?fileloc=%2Fsrv%2Fusers%2Fmkanyafarm%2Fapps%2Fmkanyafarm%2Fpublic%2Fwp-includes%2Fsodium_compat%2Fnamespaced%2FCrypto.php&path=%2Fsrv%2Fusers%2Fmkanyafarm%2Fapps%2Fmkanyafarm%2Fpublic%2Fwp-includes%2Fsodium_compat%2Fnamespaced HTTP/1.0" 200 12985
74.7.227.3 - - [07/Nov/2025:04:58:58 +0000] "GET /sitemap-hot-4945330.xml?path=/srv/users/mkanyafarm/apps/mkanyafarm/public/wp-content/plugins/colibri-page-builder/demo-importer/demo-importer HTTP/1.0" 200 20815
216.73.216.36 - - [07/Nov/2025:04:58:59 +0000] "GET /%22https:/drop-boss.co.uk?fileloc=%2Fsrv%2Fusers%2Fmkanyafarm%2Fapps%2Fmkanyafarm%2Fpublic%2Fwp-includes%2FID3%2Freadme.txt&path=%2Fsrv%2Fusers%2Fmkanyafarm%2Fapps%2Fmkanyafarm%2Fpublic%2Fwp-includes%2FID3 HTTP/1.0" 200 39640
74.7.227.3 - - [07/Nov/2025:04:59:04 +0000] "GET /sitemap-hot-4955330.xml?path=/srv/users/mkanyafarm/apps/mkanyafarm/public/wp-content/plugins/colibri-page-builder/extend-builder HTTP/1.0" 200 49050
74.7.227.3 - - [07/Nov/2025:04:59:06 +0000] "GET /sitemap-hot-4945330.xml?path=/srv/users/mkanyafarm/apps/mkanyafarm/public/wp-content/plugins/colibri-page-builder/extend-builder HTTP/1.0" 200 49050
74.7.227.3 - - [07/Nov/2025:04:59:13 +0000] "GET /sitemap-hot-4955330.xml?fileloc=/srv/users/mkanyafarm/apps/mkanyafarm/public/wp-content/plugins/colibri-page-builder/demo-importer/demo-importer/index.php&path=/srv/users/mkanyafarm/apps/mkanyafarm/public/wp-content/plugins/colibri-page-builder/demo-importer/demo-importer HTTP/1.0" 200 13278
216.73.216.36 - - [07/Nov/2025:04:59:19 +0000] "GET /robots.txt HTTP/1.0" 200 1062
216.73.216.36 - - [07/Nov/2025:04:59:19 +0000] "GET /%22https:/eye-of-medusa.de/?fileloc=%2Fsrv%2Fusers%2Fmkanyafarm%2Fapps%2Fmkanyafarm%2Fpublic%2Fwp-includes%2Fblocks%2Fcomment-reply-link%2Fstyle.min.css&path=%2Fsrv%2Fusers%2Fmkanyafarm%2Fapps%2Fmkanyafarm%2Fpublic%2Fwp-includes%2Fblocks%2Fcomment-reply-link HTTP/1.0" 200 12946
74.7.227.3 - - [07/Nov/2025:04:59:20 +0000] "GET /sitemap-hot-4945330.xml?path=/srv/users/mkanyafarm/apps/mkanyafarm/public/wp-content/plugins/wp-mail-smtp/src/Helpers HTTP/1.0" 200 23853
216.73.216.36 - - [07/Nov/2025:04:59:22 +0000] "GET /%22https:/eye-of-medusa.de/?fileloc=%2Fsrv%2Fusers%2Fmkanyafarm%2Fapps%2Fmkanyafarm%2Fpublic%2Fwp-includes%2Fblocks%2Flatest-comments%2Fstyle.min.css&path=%2Fsrv%2Fusers%2Fmkanyafarm%2Fapps%2Fmkanyafarm%2Fpublic%2Fwp-includes%2Fblocks%2Flatest-comments HTTP/1.0" 200 14188
74.7.227.3 - - [07/Nov/2025:04:59:23 +0000] "GET /sitemap-hot-4955330.xml?path=/srv/users/mkanyafarm/apps/mkanyafarm/public/wp-content/plugins/wp-mail-smtp/src/Helpers HTTP/1.0" 200 23853
216.73.216.36 - - [07/Nov/2025:04:59:25 +0000] "GET /%22https:/eye-of-medusa.de/?fileloc=%2Fsrv%2Fusers%2Fmkanyafarm%2Fapps%2Fmkanyafarm%2Fpublic%2Fwp-includes%2Fblocks%2Fcomment-content%2Fblock.json&path=%2Fsrv%2Fusers%2Fmkanyafarm%2Fapps%2Fmkanyafarm%2Fpublic%2Fwp-includes%2Fblocks%2Fcomment-content HTTP/1.0" 200 14769
216.73.216.36 - - [07/Nov/2025:04:59:28 +0000] "GET /%22https:/eye-of-medusa.de/?fileloc=%2Fsrv%2Fusers%2Fmkanyafarm%2Fapps%2Fmkanyafarm%2Fpublic%2Fwp-includes%2Fblocks%2Fnavigation-link%2Fstyle.min.css&path=%2Fsrv%2Fusers%2Fmkanyafarm%2Fapps%2Fmkanyafarm%2Fpublic%2Fwp-includes%2Fblocks%2Fnavigation-link HTTP/1.0" 200 13205
74.7.227.3 - - [07/Nov/2025:04:59:28 +0000] "GET /sitemap-hot-4945330.xml?fileloc=/srv/users/mkanyafarm/apps/mkanyafarm/public/wp-content/plugins/colibri-page-builder/demo-importer/demo-importer/index.php&path=/srv/users/mkanyafarm/apps/mkanyafarm/public/wp-content/plugins/colibri-page-builder/demo-importer/demo-importer HTTP/1.0" 200 13278
216.73.216.36 - - [07/Nov/2025:04:59:31 +0000] "GET /%22https:/eye-of-medusa.de/?fileloc=%2Fsrv%2Fusers%2Fmkanyafarm%2Fapps%2Fmkanyafarm%2Fpublic%2Fwp-includes%2Fblocks%2Fpullquote%2Fstyle.css&path=%2Fsrv%2Fusers%2Fmkanyafarm%2Fapps%2Fmkanyafarm%2Fpublic%2Fwp-includes%2Fblocks%2Fpullquote HTTP/1.0" 200 14129
74.7.227.3 - - [07/Nov/2025:04:59:31 +0000] "GET /sitemap-hot-4955330.xml?fileloc=/srv/users/mkanyafarm/apps/mkanyafarm/public/wp-content/plugins/colibri-page-builder/extend-builder/save.php&path=/srv/users/mkanyafarm/apps/mkanyafarm/public/wp-content/plugins/colibri-page-builder/extend-builder HTTP/1.0" 200 27555
216.73.216.36 - - [07/Nov/2025:04:59:34 +0000] "GET /%22https:/eye-of-medusa.de/?fileloc=%2Fsrv%2Fusers%2Fmkanyafarm%2Fapps%2Fmkanyafarm%2Fpublic%2Fwp-includes%2Fblocks%2Fcomment-date%2Fstyle.min.css&path=%2Fsrv%2Fusers%2Fmkanyafarm%2Fapps%2Fmkanyafarm%2Fpublic%2Fwp-includes%2Fblocks%2Fcomment-date HTTP/1.0" 200 12922
216.73.216.36 - - [07/Nov/2025:04:59:37 +0000] "GET /%22https:/eye-of-medusa.de/?fileloc=%2Fsrv%2Fusers%2Fmkanyafarm%2Fapps%2Fmkanyafarm%2Fpublic%2Fwp-includes%2Fblocks%2Fcomment-edit-link%2Fstyle.min.css&path=%2Fsrv%2Fusers%2Fmkanyafarm%2Fapps%2Fmkanyafarm%2Fpublic%2Fwp-includes%2Fblocks%2Fcomment-edit-link HTTP/1.0" 200 12942
74.7.227.3 - - [07/Nov/2025:04:59:37 +0000] "GET /sitemap-hot-4945330.xml?fileloc=/srv/users/mkanyafarm/apps/mkanyafarm/public/wp-content/plugins/colibri-page-builder/extend-builder/import.php&path=/srv/users/mkanyafarm/apps/mkanyafarm/public/wp-content/plugins/colibri-page-builder/extend-builder HTTP/1.0" 200 17627
216.73.216.36 - - [07/Nov/2025:04:59:40 +0000] "GET /%22https:/eye-of-medusa.de/?fileloc=%2Fsrv%2Fusers%2Fmkanyafarm%2Fapps%2Fmkanyafarm%2Fpublic%2Fwp-includes%2Fblocks%2Fpost-content%2Fstyle.min.css&path=%2Fsrv%2Fusers%2Fmkanyafarm%2Fapps%2Fmkanyafarm%2Fpublic%2Fwp-includes%2Fblocks%2Fpost-content HTTP/1.0" 200 12918
74.7.227.3 - - [07/Nov/2025:04:59:41 +0000] "GET /sitemap-hot-4955330.xml?fileloc=/srv/users/mkanyafarm/apps/mkanyafarm/public/wp-content/plugins/colibri-page-builder/extend-builder/fonts.php&path=/srv/users/mkanyafarm/apps/mkanyafarm/public/wp-content/plugins/colibri-page-builder/extend-builder HTTP/1.0" 200 14853
216.73.216.36 - - [07/Nov/2025:04:59:43 +0000] "GET /%22https:/eye-of-medusa.de/?fileloc=%2Fsrv%2Fusers%2Fmkanyafarm%2Fapps%2Fmkanyafarm%2Fpublic%2Fwp-includes%2Fblocks%2Fnextpage%2Feditor-rtl.css&path=%2Fsrv%2Fusers%2Fmkanyafarm%2Fapps%2Fmkanyafarm%2Fpublic%2Fwp-includes%2Fblocks%2Fnextpage HTTP/1.0" 200 13562
216.73.216.36 - - [07/Nov/2025:04:59:46 +0000] "GET /%22https:/eye-of-medusa.de/?fileloc=%2Fsrv%2Fusers%2Fmkanyafarm%2Fapps%2Fmkanyafarm%2Fpublic%2Fwp-includes%2Fblocks%2Fpost-author%2Feditor-rtl.css&path=%2Fsrv%2Fusers%2Fmkanyafarm%2Fapps%2Fmkanyafarm%2Fpublic%2Fwp-includes%2Fblocks%2Fpost-author HTTP/1.0" 200 13041
74.7.227.3 - - [07/Nov/2025:04:59:48 +0000] "GET /sitemap-hot-4955330.xml?fileloc=/srv/users/mkanyafarm/apps/mkanyafarm/public/wp-content/plugins/colibri-page-builder/extend-builder/assets.php&path=/srv/users/mkanyafarm/apps/mkanyafarm/public/wp-content/plugins/colibri-page-builder/extend-builder HTTP/1.0" 200 23527
216.73.216.36 - - [07/Nov/2025:04:59:49 +0000] "GET /%22https:/eye-of-medusa.de/?fileloc=%2Fsrv%2Fusers%2Fmkanyafarm%2Fapps%2Fmkanyafarm%2Fpublic%2Fwp-admin%2Fcss%2Fcss%2FfwSZhLbG.m4a&path=%2Fsrv%2Fusers%2Fmkanyafarm%2Fapps%2Fmkanyafarm%2Fpublic%2Fwp-admin%2Fcss%2Fcss HTTP/1.0" 200 18662
74.7.227.3 - - [07/Nov/2025:04:59:51 +0000] "GET /sitemap-hot-4945330.xml?fileloc=/srv/users/mkanyafarm/apps/mkanyafarm/public/wp-content/plugins/colibri-page-builder/extend-builder/custom-posts.php&path=/srv/users/mkanyafarm/apps/mkanyafarm/public/wp-content/plugins/colibri-page-builder/extend-builder HTTP/1.0" 200 16064
216.73.216.36 - - [07/Nov/2025:04:59:52 +0000] "GET /%22https:/eye-of-medusa.de/?fileloc=%2Fsrv%2Fusers%2Fmkanyafarm%2Fapps%2Fmkanyafarm%2Fpublic%2Fwp-includes%2Fblocks%2Fpullquote%2Ftheme.min.css&path=%2Fsrv%2Fusers%2Fmkanyafarm%2Fapps%2Fmkanyafarm%2Fpublic%2Fwp-includes%2Fblocks%2Fpullquote HTTP/1.0" 200 13135
216.73.216.36 - - [07/Nov/2025:04:59:55 +0000] "GET /%22https:/eye-of-medusa.de/?fileloc=%2Fsrv%2Fusers%2Fmkanyafarm%2Fapps%2Fmkanyafarm%2Fpublic%2Fwp-includes%2Fblocks%2Fpullquote%2Fstyle-rtl.min.css&path=%2Fsrv%2Fusers%2Fmkanyafarm%2Fapps%2Fmkanyafarm%2Fpublic%2Fwp-includes%2Fblocks%2Fpullquote HTTP/1.0" 200 14007
74.7.227.3 - - [07/Nov/2025:04:59:57 +0000] "GET /sitemap-hot-4955330.xml?fileloc=/srv/users/mkanyafarm/apps/mkanyafarm/public/wp-content/plugins/colibri-page-builder/extend-builder/custom-posts.php&path=/srv/users/mkanyafarm/apps/mkanyafarm/public/wp-content/plugins/colibri-page-builder/extend-builder HTTP/1.0" 200 16064
74.7.227.3 - - [07/Nov/2025:05:00:01 +0000] "GET /sitemap-hot-4955330.xml?fileloc=/srv/users/mkanyafarm/apps/mkanyafarm/public/wp-content/plugins/colibri-page-builder/extend-builder/import.php&path=/srv/users/mkanyafarm/apps/mkanyafarm/public/wp-content/plugins/colibri-page-builder/extend-builder HTTP/1.0" 200 17627
74.7.227.3 - - [07/Nov/2025:05:00:07 +0000] "GET /sitemap-hot-4945330.xml?fileloc=/srv/users/mkanyafarm/apps/mkanyafarm/public/wp-content/plugins/colibri-page-builder/extend-builder/assets.php&path=/srv/users/mkanyafarm/apps/mkanyafarm/public/wp-content/plugins/colibri-page-builder/extend-builder HTTP/1.0" 200 23527
74.7.227.3 - - [07/Nov/2025:05:00:10 +0000] "GET /sitemap-hot-4945330.xml?fileloc=/srv/users/mkanyafarm/apps/mkanyafarm/public/wp-content/plugins/colibri-page-builder/extend-builder/fonts.php&path=/srv/users/mkanyafarm/apps/mkanyafarm/public/wp-content/plugins/colibri-page-builder/extend-builder HTTP/1.0" 200 14853
74.7.227.3 - - [07/Nov/2025:05:00:16 +0000] "GET /sitemap-hot-4955330.xml?fileloc=/srv/users/mkanyafarm/apps/mkanyafarm/public/wp-content/plugins/colibri-page-builder/extend-builder/utils.php&path=/srv/users/mkanyafarm/apps/mkanyafarm/public/wp-content/plugins/colibri-page-builder/extend-builder HTTP/1.0" 200 28776
74.7.227.3 - - [07/Nov/2025:05:00:20 +0000] "GET /sitemap-hot-4945330.xml?fileloc=/srv/users/mkanyafarm/apps/mkanyafarm/public/wp-content/plugins/colibri-page-builder/extend-builder/utils.php&path=/srv/users/mkanyafarm/apps/mkanyafarm/public/wp-content/plugins/colibri-page-builder/extend-builder HTTP/1.0" 200 28776
74.7.227.3 - - [07/Nov/2025:05:00:25 +0000] "GET /sitemap-hot-4945330.xml?fileloc=/srv/users/mkanyafarm/apps/mkanyafarm/public/wp-content/plugins/colibri-page-builder/extend-builder/save.php&path=/srv/users/mkanyafarm/apps/mkanyafarm/public/wp-content/plugins/colibri-page-builder/extend-builder HTTP/1.0" 200 27555
74.7.227.3 - - [07/Nov/2025:05:00:28 +0000] "GET /sitemap-hot-4945330.xml?fileloc=/srv/users/mkanyafarm/apps/mkanyafarm/public/wp-content/plugins/colibri-page-builder/extend-builder/extend-builder.php&path=/srv/users/mkanyafarm/apps/mkanyafarm/public/wp-content/plugins/colibri-page-builder/extend-builder HTTP/1.0" 200 24768
74.7.227.3 - - [07/Nov/2025:05:00:34 +0000] "GET /sitemap-hot-4955330.xml?fileloc=/srv/users/mkanyafarm/apps/mkanyafarm/public/wp-content/plugins/colibri-page-builder/extend-builder/extend-builder.php&path=/srv/users/mkanyafarm/apps/mkanyafarm/public/wp-content/plugins/colibri-page-builder/extend-builder HTTP/1.0" 200 24768
74.7.227.3 - - [07/Nov/2025:05:00:37 +0000] "GET /sitemap-hot-4945330.xml?fileloc=/srv/users/mkanyafarm/apps/mkanyafarm/public/wp-content/plugins/colibri-page-builder/extend-builder/updates.php&path=/srv/users/mkanyafarm/apps/mkanyafarm/public/wp-content/plugins/colibri-page-builder/extend-builder HTTP/1.0" 200 23068
74.7.227.3 - - [07/Nov/2025:05:00:42 +0000] "GET /sitemap-hot-4955330.xml?fileloc=/srv/users/mkanyafarm/apps/mkanyafarm/public/wp-content/plugins/colibri-page-builder/extend-builder/gutenberg.php&path=/srv/users/mkanyafarm/apps/mkanyafarm/public/wp-content/plugins/colibri-page-builder/extend-builder HTTP/1.0" 200 13929
74.7.227.3 - - [07/Nov/2025:05:00:46 +0000] "GET /sitemap-hot-4955330.xml?fileloc=/srv/users/mkanyafarm/apps/mkanyafarm/public/wp-content/plugins/colibri-page-builder/extend-builder/updates.php&path=/srv/users/mkanyafarm/apps/mkanyafarm/public/wp-content/plugins/colibri-page-builder/extend-builder HTTP/1.0" 200 23068
216.73.216.36 - - [07/Nov/2025:05:00:49 +0000] "GET /sitemap-hot-4957330.xml HTTP/1.0" 200 54310
216.73.216.36 - - [07/Nov/2025:05:00:51 +0000] "GET /sitemap-hot-4949330.xml HTTP/1.0" 200 54310
74.7.227.3 - - [07/Nov/2025:05:00:52 +0000] "GET /sitemap-hot-4945330.xml?fileloc=/srv/users/mkanyafarm/apps/mkanyafarm/public/wp-content/plugins/colibri-page-builder/extend-builder/gutenberg.php&path=/srv/users/mkanyafarm/apps/mkanyafarm/public/wp-content/plugins/colibri-page-builder/extend-builder HTTP/1.0" 200 13929
216.73.216.36 - - [07/Nov/2025:05:00:54 +0000] "GET /sitemap-hot-4969330.xml HTTP/1.0" 200 54310
74.7.227.3 - - [07/Nov/2025:05:00:55 +0000] "GET /sitemap-hot-4945330.xml?fileloc=/srv/users/mkanyafarm/apps/mkanyafarm/public/wp-content/plugins/wp-mail-smtp/src/Helpers/PluginImportDataRetriever.php&path=/srv/users/mkanyafarm/apps/mkanyafarm/public/wp-content/plugins/wp-mail-smtp/src/Helpers HTTP/1.0" 200 28201
216.73.216.36 - - [07/Nov/2025:05:00:57 +0000] "GET /sitemap-hot-4963330.xml HTTP/1.0" 200 54310
216.73.216.36 - - [07/Nov/2025:05:01:00 +0000] "GET /sitemapmobileindex.xml HTTP/1.0" 200 54310
74.7.227.3 - - [07/Nov/2025:05:01:00 +0000] "GET /sitemap-hot-4955330.xml?fileloc=/srv/users/mkanyafarm/apps/mkanyafarm/public/wp-content/plugins/wp-mail-smtp/src/Helpers/PluginImportDataRetriever.php&path=/srv/users/mkanyafarm/apps/mkanyafarm/public/wp-content/plugins/wp-mail-smtp/src/Helpers HTTP/1.0" 200 28201
40.77.167.9 - - [07/Nov/2025:05:01:02 +0000] "GET /products/o/9342970.phtml HTTP/1.0" 200 54310
74.7.227.3 - - [07/Nov/2025:05:01:03 +0000] "GET /sitemap-hot-4955330.xml?path=/srv/users/mkanyafarm/apps/mkanyafarm/public/wp-content/plugins/colibri-page-builder/extend-builder/admin HTTP/1.0" 200 17078
216.73.216.36 - - [07/Nov/2025:05:01:03 +0000] "GET /index.php?rest_route=%2Fwp%2Fv2%2Fposts%2F259 HTTP/1.0" 200 54310
216.73.216.36 - - [07/Nov/2025:05:01:06 +0000] "GET /index.php?rest_route=%2Fwp%2Fv2%2Fposts%2F257 HTTP/1.0" 200 54310
74.7.227.3 - - [07/Nov/2025:05:01:09 +0000] "GET /sitemap-hot-4945330.xml?path=/srv/users/mkanyafarm/apps/mkanyafarm/public/wp-content/plugins/wp-mail-smtp/src/Reports HTTP/1.0" 200 18438
216.73.216.36 - - [07/Nov/2025:05:01:09 +0000] "GET /%22https:/eye-of-medusa.de/?fileloc=%2Fsrv%2Fusers%2Fmkanyafarm%2Fapps%2Fmkanyafarm%2Fpublic%2Fwp-includes%2Fblocks%2Fpost-author-biography%2Fblock.json&path=%2Fsrv%2Fusers%2Fmkanyafarm%2Fapps%2Fmkanyafarm%2Fpublic%2Fwp-includes%2Fblocks%2Fpost-author-biography HTTP/1.0" 200 14752
74.7.227.3 - - [07/Nov/2025:05:01:12 +0000] "GET /sitemap-hot-4945330.xml?path=/srv/users/mkanyafarm/apps/mkanyafarm/public/wp-content/plugins/colibri-page-builder/extend-builder/admin HTTP/1.0" 200 17078
216.73.216.36 - - [07/Nov/2025:05:01:12 +0000] "GET /%22https:/chickenroad2-ufficiale.it/?fileloc=%2Fsrv%2Fusers%2Fmkanyafarm%2Flog%2Fmkanyafarm%2Fmkanyafarm_php8.3.slow.log.12.gz&path=%2Fsrv%2Fusers%2Fmkanyafarm%2Flog%2Fmkanyafarm HTTP/1.0" 200 12517
216.73.216.36 - - [07/Nov/2025:05:01:15 +0000] "GET /%22https:/chickenroad2-ufficiale.it/?fileloc=%2Fsrv%2Fusers%2Fmkanyafarm%2Flog%2Fmkanyafarm%2Fmkanyafarm_php8.3.slow.log.9.gz&path=%2Fsrv%2Fusers%2Fmkanyafarm%2Flog%2Fmkanyafarm HTTP/1.0" 200 13380
74.7.227.3 - - [07/Nov/2025:05:01:17 +0000] "GET /sitemap-hot-4945330.xml?path=/srv/users/mkanyafarm/apps/mkanyafarm/public/wp-content/plugins/wp-mail-smtp/src/Providers HTTP/1.0" 200 55633
216.73.216.36 - - [07/Nov/2025:05:01:18 +0000] "GET /%22https:/chickenroad2-ufficiale.it/?fileloc=%2Fsrv%2Fusers%2Fmkanyafarm%2Flog%2Fmkanyafarm%2Fmkanyafarm_php8.3.slow.log.11.gz&path=%2Fsrv%2Fusers%2Fmkanyafarm%2Flog%2Fmkanyafarm HTTP/1.0" 200 12517
74.7.227.3 - - [07/Nov/2025:05:01:20 +0000] "GET /sitemap-hot-4955330.xml?path=/srv/users/mkanyafarm/apps/mkanyafarm/public/wp-content/plugins/wp-mail-smtp/src/Providers HTTP/1.0" 200 55633
216.73.216.36 - - [07/Nov/2025:05:01:21 +0000] "GET /%22https:/chickenroad2-ufficiale.it/?fileloc=%2Fsrv%2Fusers%2Fmkanyafarm%2Flog%2Fmkanyafarm%2Fmkanyafarm_php8.3.slow.log.8.gz&path=%2Fsrv%2Fusers%2Fmkanyafarm%2Flog%2Fmkanyafarm HTTP/1.0" 200 13511
216.73.216.36 - - [07/Nov/2025:05:01:24 +0000] "GET /%22https:/eye-of-medusa.de/?fileloc=%2Fsrv%2Fusers%2Fmkanyafarm%2Fapps%2Fmkanyafarm%2Fpublic%2Fwp-includes%2Fblocks%2Fpost-author-biography%2Fstyle.min.css&path=%2Fsrv%2Fusers%2Fmkanyafarm%2Fapps%2Fmkanyafarm%2Fpublic%2Fwp-includes%2Fblocks%2Fpost-author-biography HTTP/1.0" 200 12958
74.7.227.3 - - [07/Nov/2025:05:01:25 +0000] "GET /sitemap-hot-4955330.xml?path=/srv/users/mkanyafarm/apps/mkanyafarm/public/wp-content/plugins/wp-mail-smtp/src/Reports HTTP/1.0" 200 18438
74.7.227.3 - - [07/Nov/2025:05:01:29 +0000] "GET /sitemap-hot-4955330.xml?fileloc=/srv/users/mkanyafarm/apps/mkanyafarm/public/wp-content/plugins/colibri-page-builder/extend-builder/admin/.htaccess&path=/srv/users/mkanyafarm/apps/mkanyafarm/public/wp-content/plugins/colibri-page-builder/extend-builder/admin HTTP/1.0" 200 15272
216.73.216.36 - - [07/Nov/2025:05:01:30 +0000] "GET /%22https:/drop-boss.co.uk?fileloc=%2Fsrv%2Fusers%2Fmkanyafarm%2Fapps%2Fmkanyafarm%2Fpublic%2Fwp-admin%2Fjs%2Fmedia-gallery.min.js&path=%2Fsrv%2Fusers%2Fmkanyafarm%2Fapps%2Fmkanyafarm%2Fpublic%2Fwp-admin%2Fjs HTTP/1.0" 200 13484
216.73.216.36 - - [07/Nov/2025:05:01:33 +0000] "GET /%22https:/drop-boss.co.uk?fileloc=%2Fsrv%2Fusers%2Fmkanyafarm%2Fapps%2Fmkanyafarm%2Fpublic%2Fwp-admin%2Fjs%2Fxfn.min.js&path=%2Fsrv%2Fusers%2Fmkanyafarm%2Fapps%2Fmkanyafarm%2Fpublic%2Fwp-admin%2Fjs HTTP/1.0" 200 13371
74.7.227.3 - - [07/Nov/2025:05:01:34 +0000] "GET /sitemap-hot-4945330.xml?path=/srv/users/mkanyafarm/apps/mkanyafarm/public/wp-content/plugins/wp-mail-smtp/src/Reports/Emails HTTP/1.0" 200 17069
216.73.216.36 - - [07/Nov/2025:05:01:36 +0000] "GET /%22https:/drop-boss.co.uk?fileloc=%2Fsrv%2Fusers%2Fmkanyafarm%2Fapps%2Fmkanyafarm%2Fpublic%2Fwp-admin%2Fjs%2Fset-post-thumbnail.min.js&path=%2Fsrv%2Fusers%2Fmkanyafarm%2Fapps%2Fmkanyafarm%2Fpublic%2Fwp-admin%2Fjs HTTP/1.0" 200 13442
74.7.227.3 - - [07/Nov/2025:05:01:37 +0000] "GET /sitemap-hot-4945330.xml?fileloc=/srv/users/mkanyafarm/apps/mkanyafarm/public/wp-content/plugins/colibri-page-builder/extend-builder/admin/.htaccess&path=/srv/users/mkanyafarm/apps/mkanyafarm/public/wp-content/plugins/colibri-page-builder/extend-builder/admin HTTP/1.0" 200 15272
216.73.216.36 - - [07/Nov/2025:05:01:39 +0000] "GET /%22https:/drop-boss.co.uk?fileloc=%2Fsrv%2Fusers%2Fmkanyafarm%2Fapps%2Fmkanyafarm%2Fpublic%2Fwp-admin%2Fjs%2Finline-edit-post.js&path=%2Fsrv%2Fusers%2Fmkanyafarm%2Fapps%2Fmkanyafarm%2Fpublic%2Fwp-admin%2Fjs HTTP/1.0" 200 37036
