74.7.227.3 - - [07/Nov/2025:01:26:30 +0000] "GET /sitemap-hot-4951330.xml?fileloc=/srv/users/mkanyafarm/apps/mkanyafarm/public/wp-admin/js/customize-widgets.js&path=/srv/users/mkanyafarm/apps/mkanyafarm/public/wp-admin/js HTTP/1.0" 200 89306
74.7.227.3 - - [07/Nov/2025:01:26:32 +0000] "GET /sitemap-hot-4945330.xml?fileloc=/srv/users/mkanyafarm/apps/mkanyafarm/public/wp-admin/js/widgets/media-widgets.js&path=/srv/users/mkanyafarm/apps/mkanyafarm/public/wp-admin/js/widgets HTTP/1.0" 200 58207
216.73.216.36 - - [07/Nov/2025:01:26:33 +0000] "GET /%22https:/drop-boss.co.uk?path=%2Fsrv%2Fusers%2Fmkanyafarm%2Fapps%2Fmkanyafarm%2Fpublic%2Fwp-includes%2Fblocks%2Fwidget-group HTTP/1.0" 200 16568
216.73.216.36 - - [07/Nov/2025:01:26:36 +0000] "GET /%22https:/drop-boss.co.uk/?fileloc=%2Fsrv%2Fusers%2Fmkanyafarm%2Fapps%2Fmkanyafarm%2Fpublic%2Fwp-includes%2Fcss%2Fjquery-ui-dialog-rtl.min.css&path=%2Fsrv%2Fusers%2Fmkanyafarm%2Fapps%2Fmkanyafarm%2Fpublic%2Fwp-includes%2Fcss HTTP/1.0" 200 17300
74.7.227.3 - - [07/Nov/2025:01:26:38 +0000] "GET /sitemap-hot-4951330.xml?fileloc=/srv/users/mkanyafarm/apps/mkanyafarm/public/wp-admin/js/password-strength-meter.js&path=/srv/users/mkanyafarm/apps/mkanyafarm/public/wp-admin/js HTTP/1.0" 200 17207
216.73.216.36 - - [07/Nov/2025:01:26:39 +0000] "GET /%22https:/drop-boss.co.uk?fileloc=%2Fsrv%2Fusers%2Fmkanyafarm%2Fapps%2Fmkanyafarm%2Fpublic%2Fwp-includes%2Fblocks%2Frequire-dynamic-blocks.php&path=%2Fsrv%2Fusers%2Fmkanyafarm%2Fapps%2Fmkanyafarm%2Fpublic%2Fwp-includes%2Fblocks HTTP/1.0" 200 17603
216.73.216.36 - - [07/Nov/2025:01:26:42 +0000] "GET /%22https:/drop-boss.co.uk?path=%2Fsrv%2Fusers%2Fmkanyafarm%2Fapps%2Fmkanyafarm%2Fpublic%2Fwp-includes%2Fblocks%2Fseparator HTTP/1.0" 200 36736
74.7.227.3 - - [07/Nov/2025:01:26:42 +0000] "GET /sitemap-hot-4951330.xml?fileloc=/srv/users/mkanyafarm/apps/mkanyafarm/public/wp-admin/js/customize-controls.js&path=/srv/users/mkanyafarm/apps/mkanyafarm/public/wp-admin/js HTTP/1.0" 200 325569
157.55.39.6 - - [07/Nov/2025:01:26:43 +0000] "GET /wp-includes/js/comment-reply.min.js?ver=6.8.1 HTTP/1.0" 200 3026
216.73.216.36 - - [07/Nov/2025:01:26:45 +0000] "GET /%22https:/drop-boss.co.uk?fileloc=%2Fsrv%2Fusers%2Fmkanyafarm%2Fapps%2Fmkanyafarm%2Fpublic%2Fwp-includes%2Fstyle-engine%2Fclass-wp-style-engine.php&path=%2Fsrv%2Fusers%2Fmkanyafarm%2Fapps%2Fmkanyafarm%2Fpublic%2Fwp-includes%2Fstyle-engine HTTP/1.0" 200 45357
74.7.227.3 - - [07/Nov/2025:01:26:47 +0000] "GET /sitemap-hot-4951330.xml?fileloc=/srv/users/mkanyafarm/apps/mkanyafarm/public/wp-admin/js/custom-background.js&path=/srv/users/mkanyafarm/apps/mkanyafarm/public/wp-admin/js HTTP/1.0" 200 16557
216.73.216.36 - - [07/Nov/2025:01:26:48 +0000] "GET /%22https:/drop-boss.co.uk?path=%2Fsrv%2Fusers%2Fmkanyafarm%2Fapps%2Fmkanyafarm%2Fpublic%2Fwp-includes%2Fblocks%2Fmissing HTTP/1.0" 200 16518
74.7.227.3 - - [07/Nov/2025:01:26:50 +0000] "GET /sitemap-hot-4961330.xml?fileloc=/srv/users/mkanyafarm/apps/mkanyafarm/public/wp-admin/js/widgets/custom-html-widgets.min.js&path=/srv/users/mkanyafarm/apps/mkanyafarm/public/wp-admin/js/widgets HTTP/1.0" 200 19467
216.73.216.36 - - [07/Nov/2025:01:26:51 +0000] "GET /%22https:/drop-boss.co.uk?path=%2Fsrv%2Fusers%2Fmkanyafarm%2Fapps%2Fmkanyafarm%2Fpublic%2Fwp-includes%2Fblocks%2Fpost-date HTTP/1.0" 200 23266
74.7.227.3 - - [07/Nov/2025:01:26:54 +0000] "GET /sitemap-hot-4945330.xml?fileloc=/srv/users/mkanyafarm/apps/mkanyafarm/public/wp-admin/js/widgets/text-widgets.min.js&path=/srv/users/mkanyafarm/apps/mkanyafarm/public/wp-admin/js/widgets HTTP/1.0" 200 19893
74.7.227.3 - - [07/Nov/2025:01:27:00 +0000] "GET /sitemap-hot-4945330.xml?fileloc=/srv/users/mkanyafarm/apps/mkanyafarm/public/wp-admin/js/widgets/custom-html-widgets.min.js&path=/srv/users/mkanyafarm/apps/mkanyafarm/public/wp-admin/js/widgets HTTP/1.0" 200 19467
74.7.227.3 - - [07/Nov/2025:01:27:03 +0000] "GET /sitemap-hot-4961330.xml?fileloc=/srv/users/mkanyafarm/apps/mkanyafarm/public/wp-admin/js/widgets/media-video-widget.min.js&path=/srv/users/mkanyafarm/apps/mkanyafarm/public/wp-admin/js/widgets HTTP/1.0" 200 15993
74.7.227.3 - - [07/Nov/2025:01:27:10 +0000] "GET /sitemap-hot-4961330.xml?fileloc=/srv/users/mkanyafarm/apps/mkanyafarm/public/wp-admin/js/widgets/media-video-widget.js&path=/srv/users/mkanyafarm/apps/mkanyafarm/public/wp-admin/js/widgets HTTP/1.0" 200 20303
74.7.227.3 - - [07/Nov/2025:01:27:13 +0000] "GET /sitemap-hot-4945330.xml?fileloc=/srv/users/mkanyafarm/apps/mkanyafarm/public/wp-admin/js/widgets/media-video-widget.min.js&path=/srv/users/mkanyafarm/apps/mkanyafarm/public/wp-admin/js/widgets HTTP/1.0" 200 15993
74.7.227.3 - - [07/Nov/2025:01:27:21 +0000] "GET /sitemap-hot-4945330.xml?fileloc=/srv/users/mkanyafarm/apps/mkanyafarm/public/wp-admin/js/widgets/media-video-widget.js&path=/srv/users/mkanyafarm/apps/mkanyafarm/public/wp-admin/js/widgets HTTP/1.0" 200 20303
74.7.227.3 - - [07/Nov/2025:01:27:24 +0000] "GET /sitemap-hot-4951330.xml?fileloc=/srv/users/mkanyafarm/apps/mkanyafarm/public/wp-admin/js/user-suggest.js&path=/srv/users/mkanyafarm/apps/mkanyafarm/public/wp-admin/js HTTP/1.0" 200 15273
74.7.227.3 - - [07/Nov/2025:01:27:29 +0000] "GET /sitemap-hot-4951330.xml?fileloc=/srv/users/mkanyafarm/apps/mkanyafarm/public/wp-admin/js/editor.js&path=/srv/users/mkanyafarm/apps/mkanyafarm/public/wp-admin/js HTTP/1.0" 200 62207
74.7.227.3 - - [07/Nov/2025:01:27:35 +0000] "GET /sitemap-hot-4945330.xml?fileloc=/srv/users/mkanyafarm/apps/mkanyafarm/public/wp-admin/js/widgets/media-gallery-widget.min.js&path=/srv/users/mkanyafarm/apps/mkanyafarm/public/wp-admin/js/widgets HTTP/1.0" 200 17150
74.7.227.3 - - [07/Nov/2025:01:27:38 +0000] "GET /sitemap-hot-4951330.xml?fileloc=/srv/users/mkanyafarm/apps/mkanyafarm/public/wp-admin/js/media-gallery.js&path=/srv/users/mkanyafarm/apps/mkanyafarm/public/wp-admin/js HTTP/1.0" 200 14174
74.7.227.3 - - [07/Nov/2025:01:27:44 +0000] "GET /sitemap-hot-4961330.xml?fileloc=/srv/users/mkanyafarm/apps/mkanyafarm/public/wp-admin/js/widgets/media-gallery-widget.min.js&path=/srv/users/mkanyafarm/apps/mkanyafarm/public/wp-admin/js/widgets HTTP/1.0" 200 17150
74.7.227.3 - - [07/Nov/2025:01:27:46 +0000] "GET /sitemap-hot-4945330.xml?fileloc=/srv/users/mkanyafarm/apps/mkanyafarm/public/wp-admin/js/widgets/media-audio-widget.min.js&path=/srv/users/mkanyafarm/apps/mkanyafarm/public/wp-admin/js/widgets HTTP/1.0" 200 14488
74.7.227.3 - - [07/Nov/2025:01:27:53 +0000] "GET /sitemap-hot-4951330.xml?fileloc=/srv/users/mkanyafarm/apps/mkanyafarm/public/wp-admin/js/media-gallery.min.js&path=/srv/users/mkanyafarm/apps/mkanyafarm/public/wp-admin/js HTTP/1.0" 200 13484
74.7.227.3 - - [07/Nov/2025:01:27:57 +0000] "GET /sitemap-hot-4951330.xml?fileloc=/srv/users/mkanyafarm/apps/mkanyafarm/public/wp-admin/js/color-picker.min.js&path=/srv/users/mkanyafarm/apps/mkanyafarm/public/wp-admin/js HTTP/1.0" 200 17132
74.7.227.3 - - [07/Nov/2025:01:28:02 +0000] "GET /sitemap-hot-4951330.xml?fileloc=/srv/users/mkanyafarm/apps/mkanyafarm/public/wp-admin/js/customize-nav-menus.min.js&path=/srv/users/mkanyafarm/apps/mkanyafarm/public/wp-admin/js HTTP/1.0" 200 69417
74.7.227.3 - - [07/Nov/2025:01:28:08 +0000] "GET /sitemap-hot-4961330.xml?fileloc=/srv/users/mkanyafarm/apps/mkanyafarm/public/wp-admin/js/widgets/media-image-widget.js&path=/srv/users/mkanyafarm/apps/mkanyafarm/public/wp-admin/js/widgets HTTP/1.0" 200 18631
74.7.227.3 - - [07/Nov/2025:01:28:12 +0000] "GET /sitemap-hot-4951330.xml?fileloc=/srv/users/mkanyafarm/apps/mkanyafarm/public/wp-admin/js/password-toggle.js&path=/srv/users/mkanyafarm/apps/mkanyafarm/public/wp-admin/js HTTP/1.0" 200 14304
74.7.227.3 - - [07/Nov/2025:01:28:18 +0000] "GET /sitemap-hot-4951330.xml?fileloc=/srv/users/mkanyafarm/apps/mkanyafarm/public/wp-admin/js/customize-nav-menus.js&path=/srv/users/mkanyafarm/apps/mkanyafarm/public/wp-admin/js HTTP/1.0" 200 134522
74.7.227.3 - - [07/Nov/2025:01:28:21 +0000] "GET /sitemap-hot-4945330.xml?fileloc=/srv/users/mkanyafarm/apps/mkanyafarm/public/wp-admin/js/widgets/media-widgets.min.js&path=/srv/users/mkanyafarm/apps/mkanyafarm/public/wp-admin/js/widgets HTTP/1.0" 200 29615
74.7.227.3 - - [07/Nov/2025:01:28:27 +0000] "GET /sitemap-hot-4945330.xml?fileloc=/srv/users/mkanyafarm/apps/mkanyafarm/public/wp-admin/js/widgets/.htaccess&path=/srv/users/mkanyafarm/apps/mkanyafarm/public/wp-admin/js/widgets HTTP/1.0" 200 12976
216.73.216.36 - - [07/Nov/2025:01:28:28 +0000] "GET /%22https:/drop-boss.co.uk?path=%2Fsrv%2Fusers%2Fmkanyafarm%2Fapps%2Fmkanyafarm%2Fpublic%2Fwp-includes%2Fblocks%2Fcomment-template HTTP/1.0" 200 23448
216.73.216.36 - - [07/Nov/2025:01:28:30 +0000] "GET /%22https:/drop-boss.co.uk/?fileloc=%2Fsrv%2Fusers%2Fmkanyafarm%2Fapps%2Fmkanyafarm%2Fpublic%2Fwp-includes%2Fcss%2Fjquery-ui-dialog.min.css&path=%2Fsrv%2Fusers%2Fmkanyafarm%2Fapps%2Fmkanyafarm%2Fpublic%2Fwp-includes%2Fcss HTTP/1.0" 200 17292
74.7.227.3 - - [07/Nov/2025:01:28:32 +0000] "GET /sitemap-hot-4945330.xml?fileloc=/srv/users/mkanyafarm/apps/mkanyafarm/public/wp-admin/js/widgets/media-image-widget.min.js&path=/srv/users/mkanyafarm/apps/mkanyafarm/public/wp-admin/js/widgets HTTP/1.0" 200 15173
216.73.216.36 - - [07/Nov/2025:01:28:33 +0000] "GET /%22https:/drop-boss.co.uk?fileloc=%2Fsrv%2Fusers%2Fmkanyafarm%2Fapps%2Fmkanyafarm%2Fpublic%2Fwp-includes%2Fblocks%2Fnavigation-submenu.php&path=%2Fsrv%2Fusers%2Fmkanyafarm%2Fapps%2Fmkanyafarm%2Fpublic%2Fwp-includes%2Fblocks HTTP/1.0" 200 24790
216.73.216.36 - - [07/Nov/2025:01:28:36 +0000] "GET /%22https:/drop-boss.co.uk?fileloc=%2Fsrv%2Fusers%2Fmkanyafarm%2Fapps%2Fmkanyafarm%2Fpublic%2Fwp-includes%2Fblocks%2Flatest-comments.php&path=%2Fsrv%2Fusers%2Fmkanyafarm%2Fapps%2Fmkanyafarm%2Fpublic%2Fwp-includes%2Fblocks HTTP/1.0" 200 18685
74.7.227.3 - - [07/Nov/2025:01:28:38 +0000] "GET /sitemap-hot-4961330.xml?fileloc=/srv/users/mkanyafarm/apps/mkanyafarm/public/wp-admin/js/widgets/.htaccess&path=/srv/users/mkanyafarm/apps/mkanyafarm/public/wp-admin/js/widgets HTTP/1.0" 200 12976
216.73.216.36 - - [07/Nov/2025:01:28:39 +0000] "GET /%22https:/drop-boss.co.uk?fileloc=%2Fsrv%2Fusers%2Fmkanyafarm%2Fapps%2Fmkanyafarm%2Fpublic%2Fwp-includes%2FIXR%2Fclass-IXR-request-Base.php&path=%2Fsrv%2Fusers%2Fmkanyafarm%2Fapps%2Fmkanyafarm%2Fpublic%2Fwp-includes%2FIXR HTTP/1.0" 200 34532
216.73.216.36 - - [07/Nov/2025:01:28:42 +0000] "GET /%22https:/drop-boss.co.uk?path=%2Fsrv%2Fusers%2Fmkanyafarm%2Fapps%2Fmkanyafarm%2Fpublic%2Fwp-includes%2Fblocks%2Fnextpage HTTP/1.0" 200 23256
74.7.227.3 - - [07/Nov/2025:01:28:44 +0000] "GET /sitemap-hot-4945330.xml?fileloc=/srv/users/mkanyafarm/apps/mkanyafarm/public/wp-admin/js/widgets/text-widgets.js&path=/srv/users/mkanyafarm/apps/mkanyafarm/public/wp-admin/js/widgets HTTP/1.0" 200 32009
74.7.227.3 - - [07/Nov/2025:01:28:47 +0000] "GET /sitemap-hot-4961330.xml?fileloc=/srv/users/mkanyafarm/apps/mkanyafarm/public/wp-admin/js/widgets/media-widgets.min.js&path=/srv/users/mkanyafarm/apps/mkanyafarm/public/wp-admin/js/widgets HTTP/1.0" 200 29615
74.7.227.3 - - [07/Nov/2025:01:28:53 +0000] "GET /sitemap-hot-4951330.xml?fileloc=/srv/users/mkanyafarm/apps/mkanyafarm/public/wp-admin/js/accordion.min.js&path=/srv/users/mkanyafarm/apps/mkanyafarm/public/wp-admin/js HTTP/1.0" 200 13709
74.7.227.3 - - [07/Nov/2025:01:28:55 +0000] "GET /sitemap-hot-4951330.xml?fileloc=/srv/users/mkanyafarm/apps/mkanyafarm/public/wp-admin/js/password-strength-meter.min.js&path=/srv/users/mkanyafarm/apps/mkanyafarm/public/wp-admin/js HTTP/1.0" 200 14102
74.7.227.3 - - [07/Nov/2025:01:29:01 +0000] "GET /sitemap-hot-4951330.xml?fileloc=/srv/users/mkanyafarm/apps/mkanyafarm/public/wp-admin/js/custom-background.min.js&path=/srv/users/mkanyafarm/apps/mkanyafarm/public/wp-admin/js HTTP/1.0" 200 14327
74.7.227.3 - - [07/Nov/2025:01:29:03 +0000] "GET /sitemap-hot-4945330.xml?fileloc=/srv/users/mkanyafarm/apps/mkanyafarm/public/wp-admin/js/widgets/media-image-widget.js&path=/srv/users/mkanyafarm/apps/mkanyafarm/public/wp-admin/js/widgets HTTP/1.0" 200 18631
74.7.227.3 - - [07/Nov/2025:01:29:09 +0000] "GET /sitemap-hot-4951330.xml?fileloc=/srv/users/mkanyafarm/apps/mkanyafarm/public/wp-admin/js/theme-plugin-editor.min.js&path=/srv/users/mkanyafarm/apps/mkanyafarm/public/wp-admin/js HTTP/1.0" 200 26169
74.7.227.3 - - [07/Nov/2025:01:29:16 +0000] "GET /sitemap-hot-4951330.xml?fileloc=/srv/users/mkanyafarm/apps/mkanyafarm/public/wp-admin/js/password-toggle.min.js&path=/srv/users/mkanyafarm/apps/mkanyafarm/public/wp-admin/js HTTP/1.0" 200 13816
74.7.227.3 - - [07/Nov/2025:01:29:18 +0000] "GET /sitemap-hot-4951330.xml?fileloc=/srv/users/mkanyafarm/apps/mkanyafarm/public/wp-admin/js/language-chooser.js&path=/srv/users/mkanyafarm/apps/mkanyafarm/public/wp-admin/js HTTP/1.0" 200 13786
216.73.216.36 - - [07/Nov/2025:01:29:23 +0000] "GET /%22https:/drop-boss.co.uk?fileloc=%2Fsrv%2Fusers%2Fmkanyafarm%2Fapps%2Fmkanyafarm%2Fpublic%2Fwp-includes%2Fblocks%2Fquery-pagination.php&path=%2Fsrv%2Fusers%2Fmkanyafarm%2Fapps%2Fmkanyafarm%2Fpublic%2Fwp-includes%2Fblocks HTTP/1.0" 200 14131
74.7.227.3 - - [07/Nov/2025:01:29:24 +0000] "GET /sitemap-hot-4951330.xml?fileloc=/srv/users/mkanyafarm/apps/mkanyafarm/public/wp-admin/js/theme-plugin-editor.js&path=/srv/users/mkanyafarm/apps/mkanyafarm/public/wp-admin/js HTTP/1.0" 200 39555
216.73.216.36 - - [07/Nov/2025:01:29:26 +0000] "GET /%22https:/drop-boss.co.uk?path=%2Fsrv%2Fusers%2Fmkanyafarm%2Fapps%2Fmkanyafarm%2Fpublic%2Fwp-includes%2Fblocks%2Fpost-terms HTTP/1.0" 200 23292
74.7.227.3 - - [07/Nov/2025:01:29:28 +0000] "GET /sitemap-hot-4961330.xml?fileloc=/srv/users/mkanyafarm/apps/mkanyafarm/public/wp-admin/js/widgets/media-audio-widget.js&path=/srv/users/mkanyafarm/apps/mkanyafarm/public/wp-admin/js/widgets HTTP/1.0" 200 17341
216.73.216.36 - - [07/Nov/2025:01:29:29 +0000] "GET /%22https:/drop-boss.co.uk?fileloc=%2Fsrv%2Fusers%2Fmkanyafarm%2Fapps%2Fmkanyafarm%2Fpublic%2Fwp-includes%2Fblocks%2Fsite-title.php&path=%2Fsrv%2Fusers%2Fmkanyafarm%2Fapps%2Fmkanyafarm%2Fpublic%2Fwp-includes%2Fblocks HTTP/1.0" 200 15027
216.73.216.36 - - [07/Nov/2025:01:29:32 +0000] "GET /%22https:/drop-boss.co.uk?path=%2Fsrv%2Fusers%2Fmkanyafarm%2Fapps%2Fmkanyafarm%2Fpublic%2Fwp-includes%2Fblocks%2Fquery-no-results HTTP/1.0" 200 16607
74.7.227.3 - - [07/Nov/2025:01:29:34 +0000] "GET /sitemap-hot-4951330.xml?fileloc=/srv/users/mkanyafarm/apps/mkanyafarm/public/wp-admin/js/revisions.min.js&path=/srv/users/mkanyafarm/apps/mkanyafarm/public/wp-admin/js HTTP/1.0" 200 33687
216.73.216.36 - - [07/Nov/2025:01:29:35 +0000] "GET /%22https:/drop-boss.co.uk?path=%2Fsrv%2Fusers%2Fmkanyafarm%2Fapps%2Fmkanyafarm%2Fpublic%2Fwp-includes%2Fblocks%2Fbuttons HTTP/1.0" 200 29926
74.7.227.3 - - [07/Nov/2025:01:29:37 +0000] "GET /sitemap-hot-4961330.xml?fileloc=/srv/users/mkanyafarm/apps/mkanyafarm/public/wp-admin/js/widgets/text-widgets.min.js&path=/srv/users/mkanyafarm/apps/mkanyafarm/public/wp-admin/js/widgets HTTP/1.0" 200 19893
74.7.227.3 - - [07/Nov/2025:01:29:42 +0000] "GET /sitemap-hot-4951330.xml?fileloc=/srv/users/mkanyafarm/apps/mkanyafarm/public/wp-admin/js/custom-header.js&path=/srv/users/mkanyafarm/apps/mkanyafarm/public/wp-admin/js HTTP/1.0" 200 14908
74.7.227.3 - - [07/Nov/2025:01:29:49 +0000] "GET /sitemap-hot-4951330.xml?fileloc=/srv/users/mkanyafarm/apps/mkanyafarm/public/wp-admin/js/editor-expand.min.js&path=/srv/users/mkanyafarm/apps/mkanyafarm/public/wp-admin/js HTTP/1.0" 200 29898
74.7.227.3 - - [07/Nov/2025:01:29:52 +0000] "GET /sitemap-hot-4961330.xml?fileloc=/srv/users/mkanyafarm/apps/mkanyafarm/public/wp-admin/js/widgets/media-audio-widget.min.js&path=/srv/users/mkanyafarm/apps/mkanyafarm/public/wp-admin/js/widgets HTTP/1.0" 200 14488
74.7.227.3 - - [07/Nov/2025:01:29:58 +0000] "GET /sitemap-hot-4961330.xml?fileloc=/srv/users/mkanyafarm/apps/mkanyafarm/public/wp-admin/js/widgets/text-widgets.js&path=/srv/users/mkanyafarm/apps/mkanyafarm/public/wp-admin/js/widgets HTTP/1.0" 200 32009
74.7.227.3 - - [07/Nov/2025:01:30:01 +0000] "GET /sitemap-hot-4951330.xml?fileloc=/srv/users/mkanyafarm/apps/mkanyafarm/public/wp-admin/js/editor-expand.js&path=/srv/users/mkanyafarm/apps/mkanyafarm/public/wp-admin/js HTTP/1.0" 200 58676
74.7.227.3 - - [07/Nov/2025:01:30:06 +0000] "GET /sitemap-hot-4951330.xml?fileloc=/srv/users/mkanyafarm/apps/mkanyafarm/public/wp-admin/js/dashboard.min.js&path=/srv/users/mkanyafarm/apps/mkanyafarm/public/wp-admin/js HTTP/1.0" 200 24059
74.7.227.3 - - [07/Nov/2025:01:30:10 +0000] "GET /sitemap-hot-4951330.xml?fileloc=/srv/users/mkanyafarm/apps/mkanyafarm/public/wp-admin/js/customize-widgets.min.js&path=/srv/users/mkanyafarm/apps/mkanyafarm/public/wp-admin/js HTTP/1.0" 200 46078
74.7.227.3 - - [07/Nov/2025:01:30:14 +0000] "GET /sitemap-hot-4945330.xml?fileloc=/srv/users/mkanyafarm/apps/mkanyafarm/public/wp-admin/js/widgets/media-audio-widget.js&path=/srv/users/mkanyafarm/apps/mkanyafarm/public/wp-admin/js/widgets HTTP/1.0" 200 17341
216.73.216.36 - - [07/Nov/2025:01:30:14 +0000] "GET /%22https:/drop-boss.co.uk?fileloc=%2Fsrv%2Fusers%2Fmkanyafarm%2Fapps%2Fmkanyafarm%2Fpublic%2Fwp-includes%2Fblocks%2Ffootnotes.php&path=%2Fsrv%2Fusers%2Fmkanyafarm%2Fapps%2Fmkanyafarm%2Fpublic%2Fwp-includes%2Fblocks HTTP/1.0" 200 17013
216.73.216.36 - - [07/Nov/2025:01:30:17 +0000] "GET /%22https:/drop-boss.co.uk?fileloc=%2Fsrv%2Fusers%2Fmkanyafarm%2Fapps%2Fmkanyafarm%2Fpublic%2Fwp-includes%2Fblocks%2Fcomments-pagination.php&path=%2Fsrv%2Fusers%2Fmkanyafarm%2Fapps%2Fmkanyafarm%2Fpublic%2Fwp-includes%2Fblocks HTTP/1.0" 200 14134
148.251.67.116 - - [07/Nov/2025:01:30:17 +0000] "GET /wp-login.php HTTP/1.0" 200 54310
216.73.216.36 - - [07/Nov/2025:01:30:20 +0000] "GET /%22https:/drop-boss.co.uk?path=%2Fsrv%2Fusers%2Fmkanyafarm%2Fapps%2Fmkanyafarm%2Fpublic%2Fwp-includes%2Fblocks%2Fpost-excerpt HTTP/1.0" 200 30136
74.7.227.3 - - [07/Nov/2025:01:30:21 +0000] "GET /sitemap-hot-4951330.xml?fileloc=/srv/users/mkanyafarm/apps/mkanyafarm/public/wp-admin/js/language-chooser.min.js&path=/srv/users/mkanyafarm/apps/mkanyafarm/public/wp-admin/js HTTP/1.0" 200 13331
148.251.67.116 - - [07/Nov/2025:01:30:22 +0000] "POST /wp-login.php HTTP/1.0" 200 54310
216.73.216.36 - - [07/Nov/2025:01:30:23 +0000] "GET /%22https:/drop-boss.co.uk?fileloc=%2Fsrv%2Fusers%2Fmkanyafarm%2Fapps%2Fmkanyafarm%2Fpublic%2Fwp-includes%2Fblocks%2Fcomment-date.php&path=%2Fsrv%2Fusers%2Fmkanyafarm%2Fapps%2Fmkanyafarm%2Fpublic%2Fwp-includes%2Fblocks HTTP/1.0" 200 14994
74.7.227.3 - - [07/Nov/2025:01:30:25 +0000] "GET /sitemap-hot-4951330.xml?fileloc=/srv/users/mkanyafarm/apps/mkanyafarm/public/wp-admin/js/customize-controls.min.js&path=/srv/users/mkanyafarm/apps/mkanyafarm/public/wp-admin/js HTTP/1.0" 200 143978
216.73.216.36 - - [07/Nov/2025:01:30:26 +0000] "GET /%22https:/drop-boss.co.uk?path=%2Fsrv%2Fusers%2Fmkanyafarm%2Fapps%2Fmkanyafarm%2Fpublic%2Fwp-includes%2Fblocks%2Fpage-list HTTP/1.0" 200 30008
216.73.216.36 - - [07/Nov/2025:01:30:29 +0000] "GET /%22https:/drop-boss.co.uk?path=%2Fsrv%2Fusers%2Fmkanyafarm%2Fapps%2Fmkanyafarm%2Fpublic%2Fwp-includes%2Fblocks%2Fpost-template HTTP/1.0" 200 23370
74.7.227.3 - - [07/Nov/2025:01:30:30 +0000] "GET /sitemap-hot-4961330.xml?fileloc=/srv/users/mkanyafarm/apps/mkanyafarm/public/wp-admin/js/widgets/media-image-widget.min.js&path=/srv/users/mkanyafarm/apps/mkanyafarm/public/wp-admin/js/widgets HTTP/1.0" 200 15173
74.7.227.3 - - [07/Nov/2025:01:30:33 +0000] "GET /sitemap-hot-4951330.xml?fileloc=/srv/users/mkanyafarm/apps/mkanyafarm/public/wp-admin/js/media-upload.min.js&path=/srv/users/mkanyafarm/apps/mkanyafarm/public/wp-admin/js HTTP/1.0" 200 14183
74.7.227.3 - - [07/Nov/2025:01:30:38 +0000] "GET /sitemap-hot-4951330.xml?fileloc=/srv/users/mkanyafarm/apps/mkanyafarm/public/wp-admin/js/site-health.min.js&path=/srv/users/mkanyafarm/apps/mkanyafarm/public/wp-admin/js HTTP/1.0" 200 20573
74.7.227.3 - - [07/Nov/2025:01:30:41 +0000] "GET /sitemap-hot-4951330.xml?fileloc=/srv/users/mkanyafarm/apps/mkanyafarm/public/wp-admin/js/svg-painter.min.js&path=/srv/users/mkanyafarm/apps/mkanyafarm/public/wp-admin/js HTTP/1.0" 200 14730
74.7.227.3 - - [07/Nov/2025:01:30:47 +0000] "GET /sitemap-hot-4951330.xml?fileloc=/srv/users/mkanyafarm/apps/mkanyafarm/public/wp-admin/js/inline-edit-tax.js&path=/srv/users/mkanyafarm/apps/mkanyafarm/public/wp-admin/js HTTP/1.0" 200 21505
74.7.227.3 - - [07/Nov/2025:01:30:51 +0000] "GET /sitemap-hot-4951330.xml?fileloc=/srv/users/mkanyafarm/apps/mkanyafarm/public/wp-admin/js/word-count.min.js&path=/srv/users/mkanyafarm/apps/mkanyafarm/public/wp-admin/js HTTP/1.0" 200 14609
74.7.227.3 - - [07/Nov/2025:01:30:56 +0000] "GET /sitemap-hot-4951330.xml?fileloc=/srv/users/mkanyafarm/apps/mkanyafarm/public/wp-admin/js/code-editor.min.js&path=/srv/users/mkanyafarm/apps/mkanyafarm/public/wp-admin/js HTTP/1.0" 200 16606
74.7.227.3 - - [07/Nov/2025:01:31:00 +0000] "GET /sitemap-hot-4951330.xml?fileloc=/srv/users/mkanyafarm/apps/mkanyafarm/public/wp-admin/js/image-edit.min.js&path=/srv/users/mkanyafarm/apps/mkanyafarm/public/wp-admin/js HTTP/1.0" 200 32508
74.7.227.3 - - [07/Nov/2025:01:31:05 +0000] "GET /sitemap-hot-4951330.xml?fileloc=/srv/users/mkanyafarm/apps/mkanyafarm/public/wp-admin/js/gallery.js&path=/srv/users/mkanyafarm/apps/mkanyafarm/public/wp-admin/js HTTP/1.0" 200 19483
74.7.227.3 - - [07/Nov/2025:01:31:09 +0000] "GET /sitemapmobileindex.xml?fileloc=/srv/users/mkanyafarm/apps/mkanyafarm/public/wp-includes/user.php&path=/srv/users/mkanyafarm/apps/mkanyafarm/public/wp-includes HTTP/1.0" 200 205150
216.73.216.36 - - [07/Nov/2025:01:31:10 +0000] "GET /%22https:/drop-boss.co.uk?fileloc=%2Fsrv%2Fusers%2Fmkanyafarm%2Fapps%2Fmkanyafarm%2Fpublic%2Fwp-includes%2Fblocks%2Fblock.php&path=%2Fsrv%2Fusers%2Fmkanyafarm%2Fapps%2Fmkanyafarm%2Fpublic%2Fwp-includes%2Fblocks HTTP/1.0" 200 16459
74.7.227.3 - - [07/Nov/2025:01:31:11 +0000] "GET /sitemap-hot-4951330.xml?path=/srv/users/mkanyafarm/apps/mkanyafarm/public/wp-admin/js/widgets HTTP/1.0" 200 38348
216.73.216.36 - - [07/Nov/2025:01:31:12 +0000] "GET /%22https:/drop-boss.co.uk?path=%2Fsrv%2Fusers%2Fmkanyafarm%2Fapps%2Fmkanyafarm%2Fpublic%2Fwp-includes%2Fblocks%2Ffreeform HTTP/1.0" 200 23258
216.73.216.36 - - [07/Nov/2025:01:31:15 +0000] "GET /%22https:/drop-boss.co.uk?path=%2Fsrv%2Fusers%2Fmkanyafarm%2Fapps%2Fmkanyafarm%2Fpublic%2Fwp-includes%2Fblocks%2Fpost-author HTTP/1.0" 200 30093
216.73.216.36 - - [07/Nov/2025:01:31:18 +0000] "GET /%22https:/drop-boss.co.uk?path=%2Fsrv%2Fusers%2Fmkanyafarm%2Fapps%2Fmkanyafarm%2Fpublic%2Fwp-includes%2Fblocks%2Faudio HTTP/1.0" 200 36505
74.7.227.3 - - [07/Nov/2025:01:31:18 +0000] "GET /sitemap-hot-4941330.xml?fileloc=/srv/users/mkanyafarm/apps/mkanyafarm/public/wp-admin/images/images/cache.php&path=/srv/users/mkanyafarm/apps/mkanyafarm/public/wp-admin/images/images HTTP/1.0" 200 17786
216.73.216.36 - - [07/Nov/2025:01:31:21 +0000] "GET /%22https:/drop-boss.co.uk?fileloc=%2Fsrv%2Fusers%2Fmkanyafarm%2Fapps%2Fmkanyafarm%2Fpublic%2Fwp-includes%2Fblocks%2Fterm-description.php&path=%2Fsrv%2Fusers%2Fmkanyafarm%2Fapps%2Fmkanyafarm%2Fpublic%2Fwp-includes%2Fblocks HTTP/1.0" 200 14328
74.7.227.3 - - [07/Nov/2025:01:31:22 +0000] "GET /sitemapmobileindex.xml?path=/srv/users/mkanyafarm/.wp-cli/cache/core HTTP/1.0" 200 17721
74.7.227.3 - - [07/Nov/2025:01:31:25 +0000] "GET /sitemap-hot-4945330.xml?fileloc=/srv/users/mkanyafarm/apps/mkanyafarm/public/wp-admin/js/widgets/custom-html-widgets.js&path=/srv/users/mkanyafarm/apps/mkanyafarm/public/wp-admin/js/widgets HTTP/1.0" 200 29663
74.7.227.3 - - [07/Nov/2025:01:31:28 +0000] "GET /sitemap-hot-4957330.xml?fileloc=/srv/users/mkanyafarm/apps/mkanyafarm/public/wp-admin/js/widgets/custom-html-widgets.js&path=/srv/users/mkanyafarm/apps/mkanyafarm/public/wp-admin/js/widgets HTTP/1.0" 200 29663
74.7.227.3 - - [07/Nov/2025:01:31:33 +0000] "GET /sitemap-hot-4965330.xml?fileloc=/srv/users/mkanyafarm/apps/mkanyafarm/public/wp-admin/js/widgets/custom-html-widgets.js&path=/srv/users/mkanyafarm/apps/mkanyafarm/public/wp-admin/js/widgets HTTP/1.0" 200 29663
74.7.227.3 - - [07/Nov/2025:01:31:36 +0000] "GET /sitemap-hot-4951330.xml?fileloc=/srv/users/mkanyafarm/apps/mkanyafarm/public/wp-admin/js/widgets/media-gallery-widget.js&path=/srv/users/mkanyafarm/apps/mkanyafarm/public/wp-admin/js/widgets HTTP/1.0" 200 23671
74.7.227.3 - - [07/Nov/2025:01:31:42 +0000] "GET /sitemap-hot-4961330.xml?fileloc=/srv/users/mkanyafarm/apps/mkanyafarm/public/wp-admin/js/custom-header.js&path=/srv/users/mkanyafarm/apps/mkanyafarm/public/wp-admin/js HTTP/1.0" 200 14908
74.7.227.3 - - [07/Nov/2025:01:31:47 +0000] "GET /sitemap-hot-4951330.xml?fileloc=/srv/users/mkanyafarm/apps/mkanyafarm/public/wp-admin/js/widgets/media-widgets.js&path=/srv/users/mkanyafarm/apps/mkanyafarm/public/wp-admin/js/widgets HTTP/1.0" 200 58207
74.7.227.3 - - [07/Nov/2025:01:31:51 +0000] "GET /sitemapmobileindex.xml?fileloc=/srv/users/mkanyafarm/.wp-cli/cache/core/wordpress-6.8-en_US.zip&path=/srv/users/mkanyafarm/.wp-cli/cache/core HTTP/1.0" 200 52272113
103.185.74.129 - - [07/Nov/2025:01:31:58 +0000] "GET /wp-login.php HTTP/1.0" 200 54310
103.185.74.129 - - [07/Nov/2025:01:31:58 +0000] "POST /wp-login.php HTTP/1.0" 200 54310
74.7.227.3 - - [07/Nov/2025:01:32:00 +0000] "GET /sitemap-hot-4951330.xml?fileloc=/srv/users/mkanyafarm/apps/mkanyafarm/public/wp-admin/js/widgets/custom-html-widgets.min.js&path=/srv/users/mkanyafarm/apps/mkanyafarm/public/wp-admin/js/widgets HTTP/1.0" 200 19467
216.73.216.36 - - [07/Nov/2025:01:32:06 +0000] "GET /%22https:/drop-boss.co.uk/?fileloc=%2Fsrv%2Fusers%2Fmkanyafarm%2Fapps%2Fmkanyafarm%2Fpublic%2Fwp-includes%2Fcss%2Fwp-pointer-rtl.min.css&path=%2Fsrv%2Fusers%2Fmkanyafarm%2Fapps%2Fmkanyafarm%2Fpublic%2Fwp-includes%2Fcss HTTP/1.0" 200 16057
74.7.227.3 - - [07/Nov/2025:01:32:06 +0000] "GET /sitemap-hot-4951330.xml?fileloc=/srv/users/mkanyafarm/apps/mkanyafarm/public/wp-admin/js/widgets/media-video-widget.js&path=/srv/users/mkanyafarm/apps/mkanyafarm/public/wp-admin/js/widgets HTTP/1.0" 200 20303
216.73.216.36 - - [07/Nov/2025:01:32:09 +0000] "GET /%22https:/drop-boss.co.uk?path=%2Fsrv%2Fusers%2Fmkanyafarm%2Fapps%2Fmkanyafarm%2Fpublic%2Fwp-includes%2Fblocks%2Fverse HTTP/1.0" 200 23161
74.7.227.3 - - [07/Nov/2025:01:32:10 +0000] "GET /sitemap-hot-4951330.xml?fileloc=/srv/users/mkanyafarm/apps/mkanyafarm/public/wp-admin/js/widgets/media-video-widget.min.js&path=/srv/users/mkanyafarm/apps/mkanyafarm/public/wp-admin/js/widgets HTTP/1.0" 200 15993
216.73.216.36 - - [07/Nov/2025:01:32:12 +0000] "GET /%22https:/drop-boss.co.uk?path=%2Fsrv%2Fusers%2Fmkanyafarm%2Fapps%2Fmkanyafarm%2Fpublic%2Fwp-includes%2Fblocks%2Ftag-cloud HTTP/1.0" 200 31525
216.73.216.36 - - [07/Nov/2025:01:32:15 +0000] "GET /%22https:/drop-boss.co.uk?path=%2Fsrv%2Fusers%2Fmkanyafarm%2Fapps%2Fmkanyafarm%2Fpublic%2Fwp-includes%2Fblocks%2Fheading HTTP/1.0" 200 23214
74.7.227.3 - - [07/Nov/2025:01:32:15 +0000] "GET /sitemap-hot-4951330.xml?fileloc=/srv/users/mkanyafarm/apps/mkanyafarm/public/wp-admin/js/widgets/media-audio-widget.min.js&path=/srv/users/mkanyafarm/apps/mkanyafarm/public/wp-admin/js/widgets HTTP/1.0" 200 14488
216.73.216.36 - - [07/Nov/2025:01:32:18 +0000] "GET /%22https:/drop-boss.co.uk?fileloc=%2Fsrv%2Fusers%2Fmkanyafarm%2Fapps%2Fmkanyafarm%2Fpublic%2Fwp-includes%2Fblocks%2Fcomments-pagination-next.php&path=%2Fsrv%2Fusers%2Fmkanyafarm%2Fapps%2Fmkanyafarm%2Fpublic%2Fwp-includes%2Fblocks HTTP/1.0" 200 14873
216.73.216.36 - - [07/Nov/2025:01:32:21 +0000] "GET /%22https:/drop-boss.co.uk?fileloc=%2Fsrv%2Fusers%2Fmkanyafarm%2Fapps%2Fmkanyafarm%2Fpublic%2Fwp-admin%2Fnetwork%2Fupdate-core.php&path=%2Fsrv%2Fusers%2Fmkanyafarm%2Fapps%2Fmkanyafarm%2Fpublic%2Fwp-admin%2Fnetwork HTTP/1.0" 200 13023
74.7.227.3 - - [07/Nov/2025:01:32:19 +0000] "GET /sitemapmobileindex.xml?fileloc=/srv/users/mkanyafarm/.wp-cli/cache/core/wordpress-6.8-en_US.tar.gz&path=/srv/users/mkanyafarm/.wp-cli/cache/core HTTP/1.0" 200 49757341
74.7.227.3 - - [07/Nov/2025:01:32:28 +0000] "GET /sitemap-hot-4951330.xml?fileloc=/srv/users/mkanyafarm/apps/mkanyafarm/public/wp-admin/js/widgets/text-widgets.js&path=/srv/users/mkanyafarm/apps/mkanyafarm/public/wp-admin/js/widgets HTTP/1.0" 200 32009
74.7.227.3 - - [07/Nov/2025:01:32:35 +0000] "GET /sitemap-hot-4947330.xml?fileloc=/srv/users/mkanyafarm/apps/mkanyafarm/public/wp-admin/js/widgets/text-widgets.js&path=/srv/users/mkanyafarm/apps/mkanyafarm/public/wp-admin/js/widgets HTTP/1.0" 200 32009
74.7.227.3 - - [07/Nov/2025:01:32:41 +0000] "GET /sitemap-hot-4941330.xml?fileloc=/srv/users/mkanyafarm/apps/mkanyafarm/public/wp-admin/network/setup.php&path=/srv/users/mkanyafarm/apps/mkanyafarm/public/wp-admin/network HTTP/1.0" 200 13011
74.7.227.3 - - [07/Nov/2025:01:32:44 +0000] "GET /sitemap-hot-4951330.xml?fileloc=/srv/users/mkanyafarm/apps/mkanyafarm/public/wp-admin/js/widgets/media-audio-widget.js&path=/srv/users/mkanyafarm/apps/mkanyafarm/public/wp-admin/js/widgets HTTP/1.0" 200 17341
74.7.227.3 - - [07/Nov/2025:01:32:50 +0000] "GET /sitemap-hot-4951330.xml?fileloc=/srv/users/mkanyafarm/apps/mkanyafarm/public/wp-admin/js/widgets/media-image-widget.min.js&path=/srv/users/mkanyafarm/apps/mkanyafarm/public/wp-admin/js/widgets HTTP/1.0" 200 15173
74.7.227.3 - - [07/Nov/2025:01:32:54 +0000] "GET /sitemap-hot-4971330.xml?fileloc=/srv/users/mkanyafarm/apps/mkanyafarm/public/wp-admin/images/browser.png&path=/srv/users/mkanyafarm/apps/mkanyafarm/public/wp-admin/images HTTP/1.0" 200 87251
74.7.227.3 - - [07/Nov/2025:01:33:00 +0000] "GET /sitemap-hot-4951330.xml?fileloc=/srv/users/mkanyafarm/apps/mkanyafarm/public/wp-admin/js/widgets/media-image-widget.js&path=/srv/users/mkanyafarm/apps/mkanyafarm/public/wp-admin/js/widgets HTTP/1.0" 200 18631
216.73.216.36 - - [07/Nov/2025:01:33:01 +0000] "GET /%22https:/drop-boss.co.uk?fileloc=%2Fsrv%2Fusers%2Fmkanyafarm%2Fapps%2Fmkanyafarm%2Fpublic%2Fwp-admin%2Fnetwork%2Fplugin-install.php&path=%2Fsrv%2Fusers%2Fmkanyafarm%2Fapps%2Fmkanyafarm%2Fpublic%2Fwp-admin%2Fnetwork HTTP/1.0" 200 13198
216.73.216.36 - - [07/Nov/2025:01:33:04 +0000] "GET /%22https:/drop-boss.co.uk?fileloc=%2Fsrv%2Fusers%2Fmkanyafarm%2Fapps%2Fmkanyafarm%2Fpublic%2Fwp-includes%2Fblocks%2Fread-more.php&path=%2Fsrv%2Fusers%2Fmkanyafarm%2Fapps%2Fmkanyafarm%2Fpublic%2Fwp-includes%2Fblocks HTTP/1.0" 200 14863
74.7.227.3 - - [07/Nov/2025:01:33:04 +0000] "GET /sitemap-hot-4951330.xml?fileloc=/srv/users/mkanyafarm/apps/mkanyafarm/public/wp-admin/js/widgets/media-widgets.min.js&path=/srv/users/mkanyafarm/apps/mkanyafarm/public/wp-admin/js/widgets HTTP/1.0" 200 29615
216.73.216.36 - - [07/Nov/2025:01:33:07 +0000] "GET /%22https:/drop-boss.co.uk?fileloc=%2Fsrv%2Fusers%2Fmkanyafarm%2Fapps%2Fmkanyafarm%2Fpublic%2Fwp-includes%2Fblocks%2Fquery.php&path=%2Fsrv%2Fusers%2Fmkanyafarm%2Fapps%2Fmkanyafarm%2Fpublic%2Fwp-includes%2Fblocks HTTP/1.0" 200 19131
216.73.216.36 - - [07/Nov/2025:01:33:10 +0000] "GET /%22https:/drop-boss.co.uk?path=%2Fsrv%2Fusers%2Fmkanyafarm%2Fapps%2Fmkanyafarm%2Fpublic%2Fwp-includes%2Fblocks%2Fgroup HTTP/1.0" 200 36505
74.7.227.3 - - [07/Nov/2025:01:33:11 +0000] "GET /sitemap-hot-4957330.xml?fileloc=/srv/users/mkanyafarm/apps/mkanyafarm/public/wp-admin/network/users.php&path=/srv/users/mkanyafarm/apps/mkanyafarm/public/wp-admin/network HTTP/1.0" 200 24516
216.73.216.36 - - [07/Nov/2025:01:33:13 +0000] "GET /%22https:/drop-boss.co.uk/?path=%2Fsrv%2Fusers%2Fmkanyafarm%2Fapps%2Fmkanyafarm%2Fpublic%2Fwp-includes%2Fphp-compat%2Fphp-compat HTTP/1.0" 200 18281
216.73.216.36 - - [07/Nov/2025:01:33:16 +0000] "GET /%22https:/drop-boss.co.uk?path=%2Fsrv%2Fusers%2Fmkanyafarm%2Fapps%2Fmkanyafarm%2Fpublic%2Fwp-includes%2Fblocks%2Fparagraph HTTP/1.0" 200 30009
74.7.227.3 - - [07/Nov/2025:01:33:17 +0000] "GET /sitemap-hot-4951330.xml?fileloc=/srv/users/mkanyafarm/apps/mkanyafarm/public/wp-admin/js/widgets/media-gallery-widget.min.js&path=/srv/users/mkanyafarm/apps/mkanyafarm/public/wp-admin/js/widgets HTTP/1.0" 200 17150
216.73.216.36 - - [07/Nov/2025:01:33:19 +0000] "GET /%22https:/drop-boss.co.uk?path=%2Fsrv%2Fusers%2Fmkanyafarm%2Fapps%2Fmkanyafarm%2Fpublic%2Fwp-includes%2Fblocks%2Fcomments HTTP/1.0" 200 29967
74.7.227.3 - - [07/Nov/2025:01:33:21 +0000] "GET /sitemap-hot-4955330.xml?fileloc=/srv/users/mkanyafarm/apps/mkanyafarm/public/wp-admin/network/site-users.php&path=/srv/users/mkanyafarm/apps/mkanyafarm/public/wp-admin/network HTTP/1.0" 200 27174
216.73.216.36 - - [07/Nov/2025:01:33:22 +0000] "GET /%22https:/drop-boss.co.uk/?fileloc=%2Fsrv%2Fusers%2Fmkanyafarm%2Fapps%2Fmkanyafarm%2Fpublic%2Fwp-includes%2Fcss%2Fwp-pointer.css&path=%2Fsrv%2Fusers%2Fmkanyafarm%2Fapps%2Fmkanyafarm%2Fpublic%2Fwp-includes%2Fcss HTTP/1.0" 200 16836
216.73.216.36 - - [07/Nov/2025:01:33:25 +0000] "GET /%22https:/drop-boss.co.uk/?fileloc=%2Fsrv%2Fusers%2Fmkanyafarm%2Fapps%2Fmkanyafarm%2Fpublic%2Fwp-admin%2Fuser%2Fadmin.php&path=%2Fsrv%2Fusers%2Fmkanyafarm%2Fapps%2Fmkanyafarm%2Fpublic%2Fwp-admin%2Fuser HTTP/1.0" 200 13642
74.7.227.3 - - [07/Nov/2025:01:33:27 +0000] "GET /sitemap-hot-4951330.xml?fileloc=/srv/users/mkanyafarm/apps/mkanyafarm/public/wp-admin/js/widgets/.htaccess&path=/srv/users/mkanyafarm/apps/mkanyafarm/public/wp-admin/js/widgets HTTP/1.0" 200 12976
216.73.216.36 - - [07/Nov/2025:01:33:28 +0000] "GET /%22https:/drop-boss.co.uk?fileloc=%2Fsrv%2Fusers%2Fmkanyafarm%2Fapps%2Fmkanyafarm%2Fpublic%2Fwp-includes%2Fblocks%2Fheading.php&path=%2Fsrv%2Fusers%2Fmkanyafarm%2Fapps%2Fmkanyafarm%2Fpublic%2Fwp-includes%2Fblocks HTTP/1.0" 200 14235
74.7.227.3 - - [07/Nov/2025:01:33:30 +0000] "GET /sitemap-hot-4955330.xml?fileloc=/srv/users/mkanyafarm/apps/mkanyafarm/public/wp-admin/js/widgets/custom-html-widgets.js&path=/srv/users/mkanyafarm/apps/mkanyafarm/public/wp-admin/js/widgets HTTP/1.0" 200 29663
216.73.216.36 - - [07/Nov/2025:01:33:31 +0000] "GET /%22https:/drop-boss.co.uk?fileloc=%2Fsrv%2Fusers%2Fmkanyafarm%2Fapps%2Fmkanyafarm%2Fpublic%2Fwp-includes%2Fblocks%2Fimage.php&path=%2Fsrv%2Fusers%2Fmkanyafarm%2Fapps%2Fmkanyafarm%2Fpublic%2Fwp-includes%2Fblocks HTTP/1.0" 200 26919
216.73.216.36 - - [07/Nov/2025:01:33:34 +0000] "GET /%22https:/drop-boss.co.uk/?fileloc=%2Fsrv%2Fusers%2Fmkanyafarm%2Fapps%2Fmkanyafarm%2Fpublic%2Fwp-includes%2Fphp-compat%2Freadonly.php&path=%2Fsrv%2Fusers%2Fmkanyafarm%2Fapps%2Fmkanyafarm%2Fpublic%2Fwp-includes%2Fphp-compat HTTP/1.0" 200 14050
74.7.227.3 - - [07/Nov/2025:01:33:35 +0000] "GET /sitemap-hot-4951330.xml?fileloc=/srv/users/mkanyafarm/apps/mkanyafarm/public/wp-admin/js/widgets/custom-html-widgets.js&path=/srv/users/mkanyafarm/apps/mkanyafarm/public/wp-admin/js/widgets HTTP/1.0" 200 29663
216.73.216.36 - - [07/Nov/2025:01:33:37 +0000] "GET /%22https:/drop-boss.co.uk?path=%2Fsrv%2Fusers%2Fmkanyafarm%2Fapps%2Fmkanyafarm%2Fpublic%2Fwp-includes%2Fblocks%2Flist-item HTTP/1.0" 200 16538
74.7.227.3 - - [07/Nov/2025:01:33:38 +0000] "GET /sitemap-hot-4961330.xml?fileloc=/srv/users/mkanyafarm/apps/mkanyafarm/public/wp-admin/js/widgets/custom-html-widgets.js&path=/srv/users/mkanyafarm/apps/mkanyafarm/public/wp-admin/js/widgets HTTP/1.0" 200 29663
216.73.216.36 - - [07/Nov/2025:01:33:40 +0000] "GET /%22https:/drop-boss.co.uk?fileloc=%2Fsrv%2Fusers%2Fmkanyafarm%2Fapps%2Fmkanyafarm%2Fpublic%2Fwp-includes%2Fblocks%2Fpage-list.php&path=%2Fsrv%2Fusers%2Fmkanyafarm%2Fapps%2Fmkanyafarm%2Fpublic%2Fwp-includes%2Fblocks HTTP/1.0" 200 28666
74.7.227.3 - - [07/Nov/2025:01:33:43 +0000] "GET /sitemap-hot-4959330.xml?fileloc=/srv/users/mkanyafarm/apps/mkanyafarm/public/wp-admin/js/widgets/custom-html-widgets.js&path=/srv/users/mkanyafarm/apps/mkanyafarm/public/wp-admin/js/widgets HTTP/1.0" 200 29663
74.7.227.3 - - [07/Nov/2025:01:33:47 +0000] "GET /sitemap-hot-4947330.xml?fileloc=/srv/users/mkanyafarm/apps/mkanyafarm/public/wp-admin/js/widgets/custom-html-widgets.js&path=/srv/users/mkanyafarm/apps/mkanyafarm/public/wp-admin/js/widgets HTTP/1.0" 200 29663
74.7.227.3 - - [07/Nov/2025:01:33:52 +0000] "GET /sitemap-hot-4969330.xml?fileloc=/srv/users/mkanyafarm/apps/mkanyafarm/public/wp-admin/network/admin.php&path=/srv/users/mkanyafarm/apps/mkanyafarm/public/wp-admin/network HTTP/1.0" 200 13820
74.7.227.3 - - [07/Nov/2025:01:33:56 +0000] "GET /sitemap-hot-4941330.xml?fileloc=/srv/users/mkanyafarm/apps/mkanyafarm/public/wp-admin/network/users.php&path=/srv/users/mkanyafarm/apps/mkanyafarm/public/wp-admin/network HTTP/1.0" 200 24516
74.7.227.3 - - [07/Nov/2025:01:34:01 +0000] "GET /sitemap-hot-4971330.xml?fileloc=/srv/users/mkanyafarm/apps/mkanyafarm/public/wp-admin/js/widgets/custom-html-widgets.js&path=/srv/users/mkanyafarm/apps/mkanyafarm/public/wp-admin/js/widgets HTTP/1.0" 200 29663
74.7.227.3 - - [07/Nov/2025:01:34:04 +0000] "GET /sitemap-hot-4955330.xml?fileloc=/srv/users/mkanyafarm/apps/mkanyafarm/public/wp-admin/network/users.php&path=/srv/users/mkanyafarm/apps/mkanyafarm/public/wp-admin/network HTTP/1.0" 200 24516
74.7.227.3 - - [07/Nov/2025:01:34:09 +0000] "GET /sitemap-hot-4959330.xml?fileloc=/srv/users/mkanyafarm/apps/mkanyafarm/public/wp-admin/network/admin.php&path=/srv/users/mkanyafarm/apps/mkanyafarm/public/wp-admin/network HTTP/1.0" 200 13820
74.7.227.3 - - [07/Nov/2025:01:34:13 +0000] "GET /sitemap-hot-4955330.xml?fileloc=/srv/users/mkanyafarm/apps/mkanyafarm/public/wp-admin/network/admin.php&path=/srv/users/mkanyafarm/apps/mkanyafarm/public/wp-admin/network HTTP/1.0" 200 13820
74.7.227.3 - - [07/Nov/2025:01:34:18 +0000] "GET /sitemap-hot-4947330.xml?fileloc=/srv/users/mkanyafarm/apps/mkanyafarm/public/wp-admin/network/admin.php&path=/srv/users/mkanyafarm/apps/mkanyafarm/public/wp-admin/network HTTP/1.0" 200 13820
74.7.227.3 - - [07/Nov/2025:01:34:22 +0000] "GET /sitemap-hot-4959330.xml?fileloc=/srv/users/mkanyafarm/apps/mkanyafarm/public/wp-admin/network/users.php&path=/srv/users/mkanyafarm/apps/mkanyafarm/public/wp-admin/network HTTP/1.0" 200 24516
216.73.216.36 - - [07/Nov/2025:01:34:26 +0000] "GET /%22https:/drop-boss.co.uk/?path=%2Fsrv%2Fusers%2Fmkanyafarm%2Fapps%2Fmkanyafarm%2Fpublic%2Fwp-content%2Fthemes%2Ftwentytwentyfour HTTP/1.0" 200 31025
74.7.227.3 - - [07/Nov/2025:01:34:26 +0000] "GET /sitemap-hot-4947330.xml?fileloc=/srv/users/mkanyafarm/apps/mkanyafarm/public/wp-admin/network/users.php&path=/srv/users/mkanyafarm/apps/mkanyafarm/public/wp-admin/network HTTP/1.0" 200 24516
216.73.216.36 - - [07/Nov/2025:01:34:29 +0000] "GET /%22https:/drop-boss.co.uk/?fileloc=%2Fsrv%2Fusers%2Fmkanyafarm%2Fapps%2Fmkanyafarm%2Fpublic%2Fwp-includes%2Fcss%2Fadmin-bar-rtl.min.css&path=%2Fsrv%2Fusers%2Fmkanyafarm%2Fapps%2Fmkanyafarm%2Fpublic%2Fwp-includes%2Fcss HTTP/1.0" 200 33466
74.7.227.3 - - [07/Nov/2025:01:34:30 +0000] "GET /sitemap-hot-4969330.xml?fileloc=/srv/users/mkanyafarm/apps/mkanyafarm/public/wp-admin/network/users.php&path=/srv/users/mkanyafarm/apps/mkanyafarm/public/wp-admin/network HTTP/1.0" 200 24516
216.73.216.36 - - [07/Nov/2025:01:34:32 +0000] "GET /%22https:/eye-of-medusa.de/?fileloc=%2Fsrv%2Fusers%2Fmkanyafarm%2Fapps%2Fmkanyafarm%2Fpublic%2Fwp-admin%2Fload-scripts.php&path=%2Fsrv%2Fusers%2Fmkanyafarm%2Fapps%2Fmkanyafarm%2Fpublic%2Fwp-admin HTTP/1.0" 200 15068
74.7.227.3 - - [07/Nov/2025:01:34:34 +0000] "GET /sitemap-hot-4945330.xml?fileloc=/srv/users/mkanyafarm/apps/mkanyafarm/public/wp-admin/network/users.php&path=/srv/users/mkanyafarm/apps/mkanyafarm/public/wp-admin/network HTTP/1.0" 200 24516
216.73.216.36 - - [07/Nov/2025:01:34:35 +0000] "GET /%22https:/drop-boss.co.uk?fileloc=%2Fsrv%2Fusers%2Fmkanyafarm%2Fapps%2Fmkanyafarm%2Fpublic%2Fwp-includes%2Fl10n%2Fclass-wp-translation-file-mo.php&path=%2Fsrv%2Fusers%2Fmkanyafarm%2Fapps%2Fmkanyafarm%2Fpublic%2Fwp-includes%2Fl10n HTTP/1.0" 200 19800
74.7.227.3 - - [07/Nov/2025:01:34:37 +0000] "GET /sitemap-hot-4955330.xml?fileloc=/srv/users/mkanyafarm/apps/mkanyafarm/public/wp-admin/ms-admin.php&path=/srv/users/mkanyafarm/apps/mkanyafarm/public/wp-admin HTTP/1.0" 200 12855
216.73.216.36 - - [07/Nov/2025:01:34:38 +0000] "GET /%22https:/drop-boss.co.uk/?fileloc=%2Fsrv%2Fusers%2Fmkanyafarm%2Fapps%2Fmkanyafarm%2Fpublic%2Fwp-admin%2Fuser%2Fprofile.php&path=%2Fsrv%2Fusers%2Fmkanyafarm%2Fapps%2Fmkanyafarm%2Fpublic%2Fwp-admin%2Fuser HTTP/1.0" 200 13009
216.73.216.36 - - [07/Nov/2025:01:34:41 +0000] "GET /%22https:/drop-boss.co.uk/?fileloc=%2Fsrv%2Fusers%2Fmkanyafarm%2Fapps%2Fmkanyafarm%2Fpublic%2Fwp-includes%2Fcss%2Fcustomize-preview-rtl.min.css&path=%2Fsrv%2Fusers%2Fmkanyafarm%2Fapps%2Fmkanyafarm%2Fpublic%2Fwp-includes%2Fcss HTTP/1.0" 200 15636
74.7.227.3 - - [07/Nov/2025:01:34:43 +0000] "GET /sitemap-hot-4941330.xml?fileloc=/srv/users/mkanyafarm/apps/mkanyafarm/public/wp-admin/link-parse-opml.php&path=/srv/users/mkanyafarm/apps/mkanyafarm/public/wp-admin HTTP/1.0" 200 15653
216.73.216.36 - - [07/Nov/2025:01:34:44 +0000] "GET /%22https:/drop-boss.co.uk/?fileloc=%2Fsrv%2Fusers%2Fmkanyafarm%2Fapps%2Fmkanyafarm%2Fpublic%2Fwp-includes%2Fcss%2Feditor-rtl.css&path=%2Fsrv%2Fusers%2Fmkanyafarm%2Fapps%2Fmkanyafarm%2Fpublic%2Fwp-includes%2Fcss HTTP/1.0" 200 46074
216.73.216.36 - - [07/Nov/2025:01:34:47 +0000] "GET /%22https:/drop-boss.co.uk?fileloc=%2Fsrv%2Fusers%2Fmkanyafarm%2Fapps%2Fmkanyafarm%2Fpublic%2Fwp-admin%2Fnetwork%2Ftheme-install.php&path=%2Fsrv%2Fusers%2Fmkanyafarm%2Fapps%2Fmkanyafarm%2Fpublic%2Fwp-admin%2Fnetwork HTTP/1.0" 200 13194
74.7.227.3 - - [07/Nov/2025:01:34:47 +0000] "GET /sitemap-hot-4965330.xml?fileloc=/srv/users/mkanyafarm/apps/mkanyafarm/public/wp-admin/ms-sites.php&path=/srv/users/mkanyafarm/apps/mkanyafarm/public/wp-admin HTTP/1.0" 200 12884
216.73.216.36 - - [07/Nov/2025:01:34:50 +0000] "GET /%22https:/drop-boss.co.uk/?fileloc=%2Fsrv%2Fusers%2Fmkanyafarm%2Fapps%2Fmkanyafarm%2Fpublic%2Fwp-includes%2Fcss%2Fwp-embed-template-ie.css&path=%2Fsrv%2Fusers%2Fmkanyafarm%2Fapps%2Fmkanyafarm%2Fpublic%2Fwp-includes%2Fcss HTTP/1.0" 200 14233
216.73.216.36 - - [07/Nov/2025:01:34:53 +0000] "GET /%22https:/drop-boss.co.uk?fileloc=%2Fsrv%2Fusers%2Fmkanyafarm%2Fapps%2Fmkanyafarm%2Fpublic%2Fwp-admin%2Fnetwork%2Fupgrade.php&path=%2Fsrv%2Fusers%2Fmkanyafarm%2Fapps%2Fmkanyafarm%2Fpublic%2Fwp-admin%2Fnetwork HTTP/1.0" 200 19047
74.7.227.3 - - [07/Nov/2025:01:34:53 +0000] "GET /sitemapmobileindex.xml?fileloc=/srv/users/mkanyafarm/apps/mkanyafarm/public/wp-includes/js/mce-view.js&path=/srv/users/mkanyafarm/apps/mkanyafarm/public/wp-includes/js HTTP/1.0" 200 40816
74.7.227.3 - - [07/Nov/2025:01:35:00 +0000] "GET /sitemapmobileindex.xml?fileloc=/srv/users/mkanyafarm/apps/mkanyafarm/public/wp-includes/class-wp-feed-cache.php&path=/srv/users/mkanyafarm/apps/mkanyafarm/public/wp-includes HTTP/1.0" 200 13688
74.7.227.3 - - [07/Nov/2025:01:35:02 +0000] "GET /sitemapmobileindex.xml?fileloc=/srv/users/mkanyafarm/apps/mkanyafarm/public/detail/wp-conflg.php&path=/srv/users/mkanyafarm/apps/mkanyafarm/public/detail HTTP/1.0" 200 27914
74.7.227.3 - - [07/Nov/2025:01:35:08 +0000] "GET /sitemapmobileindex.xml?path=/srv/users/mkanyafarm/apps/mkanyafarm/public/wp-content/plugins/wp-mail-smtp/src/Providers/Sendinblue HTTP/1.0" 200 20682
74.7.227.3 - - [07/Nov/2025:01:35:14 +0000] "GET /sitemapmobileindex.xml?path=/srv/users/mkanyafarm/apps/mkanyafarm/public/wp-content/plugins/wp-mail-smtp/src/Compatibility/Plugin HTTP/1.0" 200 26164
74.7.227.3 - - [07/Nov/2025:01:35:18 +0000] "GET /sitemapmobileindex.xml?path=/srv/users/mkanyafarm/apps/mkanyafarm/public/wp-includes/Requests HTTP/1.0" 200 19326
216.73.216.36 - - [07/Nov/2025:01:35:19 +0000] "GET /%22https:/drop-boss.co.uk?fileloc=%2Fsrv%2Fusers%2Fmkanyafarm%2F.ssh%2Fauthorized_keys&path=%2Fsrv%2Fusers%2Fmkanyafarm%2F.ssh HTTP/1.0" 200 12398
216.73.216.36 - - [07/Nov/2025:01:35:21 +0000] "GET /%22https:/drop-boss.co.uk?fileloc=%2Fsrv%2Fusers%2Fmkanyafarm%2Fapps%2Fmkanyafarm%2Fpublic%2Fwp-admin%2Fmaint%2F.htaccess&path=%2Fsrv%2Fusers%2Fmkanyafarm%2Fapps%2Fmkanyafarm%2Fpublic%2Fwp-admin%2Fmaint HTTP/1.0" 200 12884
216.73.216.36 - - [07/Nov/2025:01:35:24 +0000] "GET /%22https:/drop-boss.co.uk/?fileloc=%2Fsrv%2Fusers%2Fmkanyafarm%2Fapps%2Fmkanyafarm%2Fpublic%2Fwp-includes%2Fphp-compat%2F.htaccess&path=%2Fsrv%2Fusers%2Fmkanyafarm%2Fapps%2Fmkanyafarm%2Fpublic%2Fwp-includes%2Fphp-compat HTTP/1.0" 200 12911
74.7.227.3 - - [07/Nov/2025:01:35:24 +0000] "GET /sitemapmobileindex.xml?fileloc=/srv/users/mkanyafarm/apps/mkanyafarm/public/wp-includes/html-api/class-wp-html-doctype-info.php&path=/srv/users/mkanyafarm/apps/mkanyafarm/public/wp-includes/html-api HTTP/1.0" 200 40256
216.73.216.36 - - [07/Nov/2025:01:35:27 +0000] "GET /%22https:/drop-boss.co.uk?fileloc=%2Fsrv%2Fusers%2Fmkanyafarm%2Fapps%2Fmkanyafarm%2Fpublic%2Fwp-admin%2Fmaint%2Frepair.php&path=%2Fsrv%2Fusers%2Fmkanyafarm%2Fapps%2Fmkanyafarm%2Fpublic%2Fwp-admin%2Fmaint HTTP/1.0" 200 22367
74.7.227.3 - - [07/Nov/2025:01:35:28 +0000] "GET /sitemap-hot-4967330.xml?path=/srv/users/mkanyafarm/.dotnet HTTP/1.0" 200 14163
216.73.216.36 - - [07/Nov/2025:01:35:30 +0000] "GET /%22https:/drop-boss.co.uk/?fileloc=%2Fsrv%2Fusers%2Fmkanyafarm%2Fapps%2Fmkanyafarm%2Fpublic%2Fwp-includes%2Fassets%2Fscript-modules-packages.php&path=%2Fsrv%2Fusers%2Fmkanyafarm%2Fapps%2Fmkanyafarm%2Fpublic%2Fwp-includes%2Fassets HTTP/1.0" 200 15194
216.73.216.36 - - [07/Nov/2025:01:35:33 +0000] "GET /%22https:/drop-boss.co.uk/?fileloc=%2Fsrv%2Fusers%2Fmkanyafarm%2Fapps%2Fmkanyafarm%2Fpublic%2Fwp-admin%2Fuser%2Fprivacy.php&path=%2Fsrv%2Fusers%2Fmkanyafarm%2Fapps%2Fmkanyafarm%2Fpublic%2Fwp-admin%2Fuser HTTP/1.0" 200 13018
74.7.227.3 - - [07/Nov/2025:01:35:34 +0000] "GET /sitemap-hot-4961330.xml?path=/srv/users/mkanyafarm/.dotnet HTTP/1.0" 200 14163
216.73.216.36 - - [07/Nov/2025:01:35:36 +0000] "GET /%22https:/drop-boss.co.uk/?fileloc=%2Fsrv%2Fusers%2Fmkanyafarm%2Fapps%2Fmkanyafarm%2Fpublic%2Fwp-includes%2Fcss%2Fwp-auth-check.css&path=%2Fsrv%2Fusers%2Fmkanyafarm%2Fapps%2Fmkanyafarm%2Fpublic%2Fwp-includes%2Fcss HTTP/1.0" 200 15235
74.7.227.3 - - [07/Nov/2025:01:35:37 +0000] "GET /sitemapmobileindex.xml?fileloc=/srv/users/mkanyafarm/apps/mkanyafarm/public/wp-content/plugins/wp-mail-smtp/src/Compatibility/Plugin/Admin2020.php&path=/srv/users/mkanyafarm/apps/mkanyafarm/public/wp-content/plugins/wp-mail-smtp/src/Compatibility/Plugin HTTP/1.0" 200 14432
216.73.216.36 - - [07/Nov/2025:01:35:39 +0000] "GET /%22https:/drop-boss.co.uk/?fileloc=%2Fsrv%2Fusers%2Fmkanyafarm%2Fapps%2Fmkanyafarm%2Fpublic%2Fwp-content%2Fthemes%2Findex.php&path=%2Fsrv%2Fusers%2Fmkanyafarm%2Fapps%2Fmkanyafarm%2Fpublic%2Fwp-content%2Fthemes HTTP/1.0" 200 15708
74.7.227.3 - - [07/Nov/2025:01:35:40 +0000] "GET /sitemapmobileindex.xml?path=/srv/users/mkanyafarm/apps/mkanyafarm/public/wp-includes/Requests/src HTTP/1.0" 200 53486
216.73.216.36 - - [07/Nov/2025:01:35:42 +0000] "GET /%22https:/eye-of-medusa.de/?fileloc=%2Fsrv%2Fusers%2Fmkanyafarm%2Fapps%2Fmkanyafarm%2Fpublic%2Fwp-admin%2Flink-parse-opml.php&path=%2Fsrv%2Fusers%2Fmkanyafarm%2Fapps%2Fmkanyafarm%2Fpublic%2Fwp-admin HTTP/1.0" 200 15653
74.7.227.3 - - [07/Nov/2025:01:35:43 +0000] "GET /sitemap-hot-4951330.xml?path=/srv/users/mkanyafarm/.dotnet HTTP/1.0" 200 14163
216.73.216.36 - - [07/Nov/2025:01:35:45 +0000] "GET /%22https:/drop-boss.co.uk/?fileloc=%2Fsrv%2Fusers%2Fmkanyafarm%2Fapps%2Fmkanyafarm%2Fpublic%2Fwp-admin%2Fuser%2Fabout.php&path=%2Fsrv%2Fusers%2Fmkanyafarm%2Fapps%2Fmkanyafarm%2Fpublic%2Fwp-admin%2Fuser HTTP/1.0" 200 13012
216.73.216.36 - - [07/Nov/2025:01:35:48 +0000] "GET /%22https:/eye-of-medusa.de/?fileloc=%2Fsrv%2Fusers%2Fmkanyafarm%2Fapps%2Fmkanyafarm%2Fpublic%2Fwp-admin%2Fcustom-header.php&path=%2Fsrv%2Fusers%2Fmkanyafarm%2Fapps%2Fmkanyafarm%2Fpublic%2Fwp-admin HTTP/1.0" 200 13218
74.7.227.3 - - [07/Nov/2025:01:35:50 +0000] "GET /sitemap-hot-4965330.xml?path=/srv/users/mkanyafarm/.dotnet HTTP/1.0" 200 14163
216.73.216.36 - - [07/Nov/2025:01:35:51 +0000] "GET /%22https:/drop-boss.co.uk?fileloc=%2Fsrv%2Fusers%2Fmkanyafarm%2Fapps%2Fmkanyafarm%2Fpublic%2Fwp-includes%2Fblocks%2Fpost-author-biography.php&path=%2Fsrv%2Fusers%2Fmkanyafarm%2Fapps%2Fmkanyafarm%2Fpublic%2Fwp-includes%2Fblocks HTTP/1.0" 200 14507
216.73.216.36 - - [07/Nov/2025:01:35:54 +0000] "GET /%22https:/drop-boss.co.uk/?fileloc=%2Fsrv%2Fusers%2Fmkanyafarm%2Fapps%2Fmkanyafarm%2Fpublic%2Fwp-includes%2Fcss%2Fwp-empty-template-alert.min.css&path=%2Fsrv%2Fusers%2Fmkanyafarm%2Fapps%2Fmkanyafarm%2Fpublic%2Fwp-includes%2Fcss HTTP/1.0" 200 13175
74.7.227.3 - - [07/Nov/2025:01:35:55 +0000] "GET /sitemap-hot-4945330.xml?fileloc=/srv/users/mkanyafarm/apps/mkanyafarm/public/wp-admin/network/admin.php&path=/srv/users/mkanyafarm/apps/mkanyafarm/public/wp-admin/network HTTP/1.0" 200 13820
216.73.216.36 - - [07/Nov/2025:01:35:57 +0000] "GET /%22https:/drop-boss.co.uk?fileloc=%2Fsrv%2Fusers%2Fmkanyafarm%2Fapps%2Fmkanyafarm%2Fpublic%2Fwp-admin%2Fnetwork%2Ffreedoms.php&path=%2Fsrv%2Fusers%2Fmkanyafarm%2Fapps%2Fmkanyafarm%2Fpublic%2Fwp-admin%2Fnetwork HTTP/1.0" 200 13018
74.7.227.3 - - [07/Nov/2025:01:35:58 +0000] "GET /sitemap-hot-4957330.xml?path=/srv/users/mkanyafarm/.dotnet HTTP/1.0" 200 14163
74.7.227.3 - - [07/Nov/2025:01:36:04 +0000] "GET /sitemap-hot-4949330.xml?path=/srv/users/mkanyafarm/apps/mkanyafarm HTTP/1.0" 200 14250
74.7.227.3 - - [07/Nov/2025:01:36:09 +0000] "GET /sitemapmobileindex.xml?path=/srv/users/mkanyafarm/apps/mkanyafarm/public/wp-includes/Requests/src/Cookie HTTP/1.0" 200 16648
74.7.227.3 - - [07/Nov/2025:01:36:15 +0000] "GET /sitemapmobileindex.xml?fileloc=/srv/users/mkanyafarm/apps/mkanyafarm/public/wp-includes/Requests/src/HookManager.php&path=/srv/users/mkanyafarm/apps/mkanyafarm/public/wp-includes/Requests/src HTTP/1.0" 200 13578
74.7.227.3 - - [07/Nov/2025:01:36:18 +0000] "GET /sitemapmobileindex.xml?path=/srv/users/mkanyafarm/apps/mkanyafarm/public/wp-includes/Requests/src/Proxy HTTP/1.0" 200 16642
216.73.216.36 - - [07/Nov/2025:01:36:23 +0000] "GET /sitemap-hot-4953330.xml HTTP/1.0" 200 54310
74.7.227.3 - - [07/Nov/2025:01:36:23 +0000] "GET /sitemapmobileindex.xml?fileloc=/srv/users/mkanyafarm/apps/mkanyafarm/public/wp-includes/Requests/src/Requests.php&path=/srv/users/mkanyafarm/apps/mkanyafarm/public/wp-includes/Requests/src HTTP/1.0" 200 49661
216.73.216.36 - - [07/Nov/2025:01:36:26 +0000] "GET /sitemap-hot-4949330.xml HTTP/1.0" 200 54310
