74.7.227.3 - - [07/Nov/2025:03:44:57 +0000] "GET /sitemap-hot-4941330.xml?path=/srv/users/mkanyafarm/apps/mkanyafarm/public/wp-includes/block-supports/block-supports HTTP/1.0" 200 20120
216.73.216.36 - - [07/Nov/2025:03:44:59 +0000] "GET /%22https:/drop-boss.co.uk/?fileloc=%2Fsrv%2Fusers%2Fmkanyafarm%2Fapps%2Fmkanyafarm%2Fpublic%2Fwp-includes%2Fblocks%2Ffootnotes.php&path=%2Fsrv%2Fusers%2Fmkanyafarm%2Fapps%2Fmkanyafarm%2Fpublic%2Fwp-includes%2Fblocks HTTP/1.0" 200 17013
74.7.227.3 - - [07/Nov/2025:03:45:00 +0000] "GET /sitemap-hot-4959330.xml?fileloc=/srv/users/mkanyafarm/apps/mkanyafarm/public/wp-includes/block-supports/background.php&path=/srv/users/mkanyafarm/apps/mkanyafarm/public/wp-includes/block-supports HTTP/1.0" 200 17540
216.73.216.36 - - [07/Nov/2025:03:45:02 +0000] "GET /%22https:/drop-boss.co.uk/?path=%2Fsrv%2Fusers%2Fmkanyafarm%2Fapps%2Fmkanyafarm%2Fpublic%2Fwp-includes%2Fblocks%2Fpost-title HTTP/1.0" 200 23292
74.7.227.3 - - [07/Nov/2025:03:45:03 +0000] "GET /sitemap-hot-4951330.xml?path=/srv/users/mkanyafarm/apps/mkanyafarm/public/wp-includes/block-supports HTTP/1.0" 200 46463
216.73.216.36 - - [07/Nov/2025:03:45:05 +0000] "GET /%22https:/drop-boss.co.uk?fileloc=%2Fsrv%2Fusers%2Fmkanyafarm%2Fapps%2Fmkanyafarm%2Fpublic%2Fwp-includes%2FPHPMailer%2FPHPMailer.php&path=%2Fsrv%2Fusers%2Fmkanyafarm%2Fapps%2Fmkanyafarm%2Fpublic%2Fwp-includes%2FPHPMailer HTTP/1.0" 200 213420
74.7.227.3 - - [07/Nov/2025:03:45:06 +0000] "GET /sitemap-hot-4941330.xml?path=/srv/users/mkanyafarm/apps/mkanyafarm/public/wp-includes/block-bindings HTTP/1.0" 200 18152
216.73.216.36 - - [07/Nov/2025:03:45:08 +0000] "GET /%22https:/drop-boss.co.uk/?fileloc=%2Fsrv%2Fusers%2Fmkanyafarm%2Fapps%2Fmkanyafarm%2Fpublic%2Fwp-includes%2Fblocks%2Fwidget-group.php&path=%2Fsrv%2Fusers%2Fmkanyafarm%2Fapps%2Fmkanyafarm%2Fpublic%2Fwp-includes%2Fblocks HTTP/1.0" 200 15451
74.7.227.3 - - [07/Nov/2025:03:45:09 +0000] "GET /sitemap-hot-4951330.xml?path=/srv/users/mkanyafarm/apps/mkanyafarm/public/wp-includes/block-bindings HTTP/1.0" 200 18152
216.73.216.36 - - [07/Nov/2025:03:45:11 +0000] "GET /%22https:/drop-boss.co.uk/?path=%2Fsrv%2Fusers%2Fmkanyafarm%2Fapps%2Fmkanyafarm%2Fpublic%2Fwp-includes%2Fblocks%2Fsite-title HTTP/1.0" 200 30052
74.7.227.3 - - [07/Nov/2025:03:45:12 +0000] "GET /sitemap-hot-4959330.xml?fileloc=/srv/users/mkanyafarm/apps/mkanyafarm/public/wp-includes/block-supports/block-supports/aVtRG.jpeg&path=/srv/users/mkanyafarm/apps/mkanyafarm/public/wp-includes/block-supports/block-supports HTTP/1.0" 200 18468
216.73.216.36 - - [07/Nov/2025:03:45:14 +0000] "GET /%22https:/drop-boss.co.uk/?fileloc=%2Fsrv%2Fusers%2Fmkanyafarm%2Fapps%2Fmkanyafarm%2Fpublic%2Fwp-content%2Fplugins%2F0weht5vb%2Freadme.txt&path=%2Fsrv%2Fusers%2Fmkanyafarm%2Fapps%2Fmkanyafarm%2Fpublic%2Fwp-content%2Fplugins%2F0weht5vb HTTP/1.0" 200 34567
216.73.216.36 - - [07/Nov/2025:03:45:17 +0000] "GET /%22https:/drop-boss.co.uk/?fileloc=%2Fsrv%2Fusers%2Fmkanyafarm%2Fapps%2Fmkanyafarm%2Fpublic%2Fwp-includes%2Fblock-supports%2Fborder.php&path=%2Fsrv%2Fusers%2Fmkanyafarm%2Fapps%2Fmkanyafarm%2Fpublic%2Fwp-includes%2Fblock-supports HTTP/1.0" 200 20302
74.7.227.3 - - [07/Nov/2025:03:45:18 +0000] "GET /sitemap-hot-4965330.xml?fileloc=/srv/users/mkanyafarm/apps/mkanyafarm/public/wp-admin/maint/repair.php&path=/srv/users/mkanyafarm/apps/mkanyafarm/public/wp-admin/maint HTTP/1.0" 200 22367
216.73.216.36 - - [07/Nov/2025:03:45:20 +0000] "GET /%22https:/drop-boss.co.uk/?path=%2Fsrv%2Fusers%2Fmkanyafarm%2Fapps%2Fmkanyafarm%2Fpublic%2Fwp-includes%2Fblocks%2Fpost-featured-image HTTP/1.0" 200 30428
74.7.227.3 - - [07/Nov/2025:03:45:22 +0000] "GET /sitemap-hot-4941330.xml?fileloc=/srv/users/mkanyafarm/apps/mkanyafarm/public/wp-includes/block-supports/block-supports/aVtRG.jpeg&path=/srv/users/mkanyafarm/apps/mkanyafarm/public/wp-includes/block-supports/block-supports HTTP/1.0" 200 18468
216.73.216.36 - - [07/Nov/2025:03:45:23 +0000] "GET /%22https:/drop-boss.co.uk/?path=%2Fsrv%2Fusers%2Fmkanyafarm%2Fapps%2Fmkanyafarm%2Fpublic%2Fwp-includes%2Fblocks%2Fpullquote HTTP/1.0" 200 36738
216.73.216.36 - - [07/Nov/2025:03:45:26 +0000] "GET /%22https:/drop-boss.co.uk/?path=%2Fsrv%2Fusers%2Fmkanyafarm%2Fapps%2Fmkanyafarm%2Fpublic%2Fwp-includes%2Fblocks%2Flegacy-widget HTTP/1.0" 200 16578
74.7.227.3 - - [07/Nov/2025:03:45:27 +0000] "GET /sitemap-hot-4949330.xml?path=/srv/users/mkanyafarm/apps/mkanyafarm/public/wp-includes/block-bindings HTTP/1.0" 200 18152
216.73.216.36 - - [07/Nov/2025:03:45:29 +0000] "GET /%22https:/drop-boss.co.uk/?fileloc=%2Fsrv%2Fusers%2Fmkanyafarm%2Fapps%2Fmkanyafarm%2Fpublic%2Fwp-includes%2Fblock-supports%2Fbackground.php&path=%2Fsrv%2Fusers%2Fmkanyafarm%2Fapps%2Fmkanyafarm%2Fpublic%2Fwp-includes%2Fblock-supports HTTP/1.0" 200 17540
74.7.227.3 - - [07/Nov/2025:03:45:30 +0000] "GET /sitemap-hot-4951330.xml?fileloc=/srv/users/mkanyafarm/apps/mkanyafarm/public/wp-includes/block-supports/generated-classname.php&path=/srv/users/mkanyafarm/apps/mkanyafarm/public/wp-includes/block-supports HTTP/1.0" 200 14685
216.73.216.36 - - [07/Nov/2025:03:45:32 +0000] "GET /%22https:/drop-boss.co.uk/?fileloc=%2Fsrv%2Fusers%2Fmkanyafarm%2Fapps%2Fmkanyafarm%2Fpublic%2Fwp-includes%2Fblocks%2Fcomments-pagination-numbers.php&path=%2Fsrv%2Fusers%2Fmkanyafarm%2Fapps%2Fmkanyafarm%2Fpublic%2Fwp-includes%2Fblocks HTTP/1.0" 200 14590
74.7.227.3 - - [07/Nov/2025:03:45:35 +0000] "GET /sitemap-hot-4941330.xml?fileloc=/srv/users/mkanyafarm/apps/mkanyafarm/public/wp-includes/block-bindings/pattern-overrides.php&path=/srv/users/mkanyafarm/apps/mkanyafarm/public/wp-includes/block-bindings HTTP/1.0" 200 14503
216.73.216.36 - - [07/Nov/2025:03:45:35 +0000] "GET /%22https:/drop-boss.co.uk/?path=%2Fsrv%2Fusers%2Fmkanyafarm%2Fapps%2Fmkanyafarm%2Fpublic%2Fwp-includes%2Fblocks%2Frss HTTP/1.0" 200 29758
74.7.227.3 - - [07/Nov/2025:03:45:38 +0000] "GET /sitemap-hot-4951330.xml?fileloc=/srv/users/mkanyafarm/apps/mkanyafarm/public/wp-includes/block-bindings/pattern-overrides.php&path=/srv/users/mkanyafarm/apps/mkanyafarm/public/wp-includes/block-bindings HTTP/1.0" 200 14503
216.73.216.36 - - [07/Nov/2025:03:45:38 +0000] "GET /%22https:/drop-boss.co.uk?path=%2Fsrv%2Fusers%2Fmkanyafarm%2Fapps%2Fmkanyafarm%2Fpublic%2Fwp-admin%2Fcss%2Fcolors HTTP/1.0" 200 33041
216.73.216.36 - - [07/Nov/2025:03:45:41 +0000] "GET /%22https:/drop-boss.co.uk/?path=%2Fsrv%2Fusers%2Fmkanyafarm%2Fapps%2Fmkanyafarm%2Fpublic%2Fwp-includes%2FID3%2FID3 HTTP/1.0" 200 19745
74.7.227.3 - - [07/Nov/2025:03:45:43 +0000] "GET /sitemap-hot-4951330.xml?fileloc=/srv/users/mkanyafarm/apps/mkanyafarm/public/wp-includes/block-supports/align.php&path=/srv/users/mkanyafarm/apps/mkanyafarm/public/wp-includes/block-supports HTTP/1.0" 200 14732
216.73.216.36 - - [07/Nov/2025:03:45:44 +0000] "GET /%22https:/drop-boss.co.uk/?path=%2Fsrv%2Fusers%2Fmkanyafarm%2Fapps%2Fmkanyafarm%2Fpublic%2Fwp-includes%2Fblocks%2Flatest-comments HTTP/1.0" 200 23421
74.7.227.3 - - [07/Nov/2025:03:45:46 +0000] "GET /sitemap-hot-4951330.xml?fileloc=/srv/users/mkanyafarm/apps/mkanyafarm/public/wp-includes/block-supports/utils.php&path=/srv/users/mkanyafarm/apps/mkanyafarm/public/wp-includes/block-supports HTTP/1.0" 200 13810
216.73.216.36 - - [07/Nov/2025:03:45:47 +0000] "GET /%22https:/drop-boss.co.uk/?fileloc=%2Fsrv%2Fusers%2Fmkanyafarm%2Fapps%2Fmkanyafarm%2Fpublic%2Fwp-includes%2FID3%2Fmodule.audio.dts.php&path=%2Fsrv%2Fusers%2Fmkanyafarm%2Fapps%2Fmkanyafarm%2Fpublic%2Fwp-includes%2FID3 HTTP/1.0" 200 26197
216.73.216.36 - - [07/Nov/2025:03:45:50 +0000] "GET /%22https:/drop-boss.co.uk/?fileloc=%2Fsrv%2Fusers%2Fmkanyafarm%2Fapps%2Fmkanyafarm%2Fpublic%2Fwp-includes%2Fblocks%2Fcomments-pagination.php&path=%2Fsrv%2Fusers%2Fmkanyafarm%2Fapps%2Fmkanyafarm%2Fpublic%2Fwp-includes%2Fblocks HTTP/1.0" 200 14134
74.7.227.3 - - [07/Nov/2025:03:45:51 +0000] "GET /sitemap-hot-4949330.xml?fileloc=/srv/users/mkanyafarm/apps/mkanyafarm/public/wp-includes/block-bindings/pattern-overrides.php&path=/srv/users/mkanyafarm/apps/mkanyafarm/public/wp-includes/block-bindings HTTP/1.0" 200 14503
216.73.216.36 - - [07/Nov/2025:03:45:53 +0000] "GET /%22https:/drop-boss.co.uk/?fileloc=%2Fsrv%2Fusers%2Fmkanyafarm%2Fapps%2Fmkanyafarm%2Fpublic%2Fwp-includes%2Fblocks%2Fcomment-date.php&path=%2Fsrv%2Fusers%2Fmkanyafarm%2Fapps%2Fmkanyafarm%2Fpublic%2Fwp-includes%2Fblocks HTTP/1.0" 200 14994
74.7.227.3 - - [07/Nov/2025:03:45:55 +0000] "GET /sitemap-hot-4951330.xml?fileloc=/srv/users/mkanyafarm/apps/mkanyafarm/public/wp-includes/block-supports/duotone.php&path=/srv/users/mkanyafarm/apps/mkanyafarm/public/wp-includes/block-supports HTTP/1.0" 200 15786
2a06:98c0:3600::103 - - [07/Nov/2025:03:45:56 +0000] "GET /wp-admin/setup-config.php HTTP/1.0" 301 431
2a06:98c0:3600::103 - - [07/Nov/2025:03:45:56 +0000] "GET /wp-admin/setup-config.php HTTP/1.0" 409 2665
216.73.216.36 - - [07/Nov/2025:03:45:56 +0000] "GET /%22https:/drop-boss.co.uk?path=%2Fsrv%2Fusers%2Fmkanyafarm%2Fapps%2Fmkanyafarm%2Fpublic%2Fwp-includes%2Fblocks%2Ffootnotes HTTP/1.0" 200 23264
74.7.227.3 - - [07/Nov/2025:03:46:01 +0000] "GET /sitemap-hot-4951330.xml?fileloc=/srv/users/mkanyafarm/apps/mkanyafarm/public/wp-includes/block-supports/custom-classname.php&path=/srv/users/mkanyafarm/apps/mkanyafarm/public/wp-includes/block-supports HTTP/1.0" 200 14627
74.7.227.3 - - [07/Nov/2025:03:46:04 +0000] "GET /sitemap-hot-4951330.xml?fileloc=/srv/users/mkanyafarm/apps/mkanyafarm/public/wp-includes/block-supports/spacing.php&path=/srv/users/mkanyafarm/apps/mkanyafarm/public/wp-includes/block-supports HTTP/1.0" 200 16082
74.7.227.3 - - [07/Nov/2025:03:46:10 +0000] "GET /sitemap-hot-4951330.xml?fileloc=/srv/users/mkanyafarm/apps/mkanyafarm/public/wp-includes/block-supports/position.php&path=/srv/users/mkanyafarm/apps/mkanyafarm/public/wp-includes/block-supports HTTP/1.0" 200 17780
74.7.227.3 - - [07/Nov/2025:03:46:12 +0000] "GET /sitemap-hot-4951330.xml?fileloc=/srv/users/mkanyafarm/apps/mkanyafarm/public/wp-includes/block-supports/dimensions.php&path=/srv/users/mkanyafarm/apps/mkanyafarm/public/wp-includes/block-supports HTTP/1.0" 200 18926
74.7.227.3 - - [07/Nov/2025:03:46:19 +0000] "GET /sitemap-hot-4951330.xml?fileloc=/srv/users/mkanyafarm/apps/mkanyafarm/public/wp-includes/block-bindings/.htaccess&path=/srv/users/mkanyafarm/apps/mkanyafarm/public/wp-includes/block-bindings HTTP/1.0" 200 12923
74.7.227.3 - - [07/Nov/2025:03:46:25 +0000] "GET /sitemap-hot-4951330.xml?fileloc=/srv/users/mkanyafarm/apps/mkanyafarm/public/wp-includes/block-supports/typography.php&path=/srv/users/mkanyafarm/apps/mkanyafarm/public/wp-includes/block-supports HTTP/1.0" 200 45553
74.7.227.3 - - [07/Nov/2025:03:46:28 +0000] "GET /sitemap-hot-4951330.xml?fileloc=/srv/users/mkanyafarm/apps/mkanyafarm/public/wp-includes/block-supports/elements.php&path=/srv/users/mkanyafarm/apps/mkanyafarm/public/wp-includes/block-supports HTTP/1.0" 200 23406
74.7.227.3 - - [07/Nov/2025:03:46:34 +0000] "GET /sitemap-hot-4951330.xml?fileloc=/srv/users/mkanyafarm/apps/mkanyafarm/public/wp-includes/block-supports/settings.php&path=/srv/users/mkanyafarm/apps/mkanyafarm/public/wp-includes/block-supports HTTP/1.0" 200 17855
74.7.227.3 - - [07/Nov/2025:03:46:36 +0000] "GET /sitemap-hot-4951330.xml?fileloc=/srv/users/mkanyafarm/apps/mkanyafarm/public/wp-includes/block-supports/block-style-variations.php&path=/srv/users/mkanyafarm/apps/mkanyafarm/public/wp-includes/block-supports HTTP/1.0" 200 23030
74.7.227.3 - - [07/Nov/2025:03:46:42 +0000] "GET /sitemap-hot-4951330.xml?path=/srv/users/mkanyafarm/apps/mkanyafarm/public/wp-includes/block-supports/block-supports HTTP/1.0" 200 20120
2a06:98c0:3600::103 - - [07/Nov/2025:03:46:43 +0000] "GET /wp-admin/setup-config.php HTTP/1.0" 409 2665
74.7.227.3 - - [07/Nov/2025:03:46:44 +0000] "GET /sitemapmobileindex.xml?path=/srv/users/mkanyafarm/apps/mkanyafarm/public/wp-content/plugins/booking/core/any/css HTTP/1.0" 200 29149
74.7.227.3 - - [07/Nov/2025:03:46:50 +0000] "GET /sitemapmobileindex.xml?path=/srv/users/mkanyafarm/apps/mkanyafarm/public/wp-content/plugins/booking/css/skins HTTP/1.0" 200 96671
74.7.227.3 - - [07/Nov/2025:03:46:53 +0000] "GET /sitemapmobileindex.xml?fileloc=/srv/users/mkanyafarm/apps/mkanyafarm/public/wp-content/plugins/wp-mail-smtp/src/Reports/.htaccess&path=/srv/users/mkanyafarm/apps/mkanyafarm/public/wp-content/plugins/wp-mail-smtp/src/Reports HTTP/1.0" 200 13255
216.73.216.36 - - [07/Nov/2025:03:46:55 +0000] "GET /%22https:/drop-boss.co.uk/?fileloc=%2Fsrv%2Fusers%2Fmkanyafarm%2Fapps%2Fmkanyafarm%2Fpublic%2Fwp-admin%2Fnetwork%2Fprivacy.php&path=%2Fsrv%2Fusers%2Fmkanyafarm%2Fapps%2Fmkanyafarm%2Fpublic%2Fwp-admin%2Fnetwork HTTP/1.0" 200 13015
216.73.216.36 - - [07/Nov/2025:03:46:58 +0000] "GET /%22https:/drop-boss.co.uk?fileloc=%2Fsrv%2Fusers%2Fmkanyafarm%2Fapps%2Fmkanyafarm%2Fpublic%2Fwp-admin%2Fcss%2Fcustomize-nav-menus.min.css&path=%2Fsrv%2Fusers%2Fmkanyafarm%2Fapps%2Fmkanyafarm%2Fpublic%2Fwp-admin%2Fcss HTTP/1.0" 200 31098
74.7.227.3 - - [07/Nov/2025:03:46:59 +0000] "GET /sitemap-hot-4961330.xml?fileloc=/srv/users/mkanyafarm/apps/mkanyafarm/public/wp-admin/css/install.min.css&path=/srv/users/mkanyafarm/apps/mkanyafarm/public/wp-admin/css HTTP/1.0" 200 17835
216.73.216.36 - - [07/Nov/2025:03:47:01 +0000] "GET /%22https:/drop-boss.co.uk/?fileloc=%2Fsrv%2Fusers%2Fmkanyafarm%2Fapps%2Fmkanyafarm%2Fpublic%2Fwp-includes%2Ftheme-compat%2Fchosen.php&path=%2Fsrv%2Fusers%2Fmkanyafarm%2Fapps%2Fmkanyafarm%2Fpublic%2Fwp-includes%2Ftheme-compat HTTP/1.0" 200 45029
74.7.227.3 - - [07/Nov/2025:03:47:03 +0000] "GET /sitemap-hot-4967330.xml?fileloc=/srv/users/mkanyafarm/apps/mkanyafarm/public/wp-admin/css/install-rtl.css&path=/srv/users/mkanyafarm/apps/mkanyafarm/public/wp-admin/css HTTP/1.0" 200 18993
216.73.216.36 - - [07/Nov/2025:03:47:04 +0000] "GET /%22https:/drop-boss.co.uk/?path=%2Fsrv%2Fusers%2Fmkanyafarm%2Fapps%2Fmkanyafarm%2Fpublic%2Fwp-includes%2Fblocks%2Fpost-author-name HTTP/1.0" 200 23448
2a06:98c0:3600::103 - - [07/Nov/2025:03:47:06 +0000] "GET /wordpress/wp-admin/setup-config.php HTTP/1.0" 301 441
2a06:98c0:3600::103 - - [07/Nov/2025:03:47:06 +0000] "GET /wordpress/wp-admin/setup-config.php HTTP/1.0" 200 54310
216.73.216.36 - - [07/Nov/2025:03:47:07 +0000] "GET /%22https:/drop-boss.co.uk?fileloc=%2Fsrv%2Fusers%2Fmkanyafarm%2Fapps%2Fmkanyafarm%2Fpublic%2Fwp-admin%2Fcss%2Fcustomize-widgets.min.css&path=%2Fsrv%2Fusers%2Fmkanyafarm%2Fapps%2Fmkanyafarm%2Fpublic%2Fwp-admin%2Fcss HTTP/1.0" 200 22788
74.7.227.3 - - [07/Nov/2025:03:47:08 +0000] "GET /sitemap-hot-4951330.xml?fileloc=/srv/users/mkanyafarm/apps/mkanyafarm/public/wp-includes/block-supports/block-supports/aVtRG.jpeg&path=/srv/users/mkanyafarm/apps/mkanyafarm/public/wp-includes/block-supports/block-supports HTTP/1.0" 200 18468
216.73.216.36 - - [07/Nov/2025:03:47:10 +0000] "GET /%22https:/drop-boss.co.uk/?fileloc=%2Fsrv%2Fusers%2Fmkanyafarm%2Fapps%2Fmkanyafarm%2Fpublic%2Fwp-admin%2Fnetwork%2Fabout.php&path=%2Fsrv%2Fusers%2Fmkanyafarm%2Fapps%2Fmkanyafarm%2Fpublic%2Fwp-admin%2Fnetwork HTTP/1.0" 200 13009
216.73.216.36 - - [07/Nov/2025:03:47:13 +0000] "GET /%22https:/drop-boss.co.uk/?path=%2Fsrv%2Fusers%2Fmkanyafarm%2Fapps%2Fmkanyafarm%2Fpublic%2Fwp-includes%2Fsodium_compat%2Fnamespaced HTTP/1.0" 200 21540
74.7.227.3 - - [07/Nov/2025:03:47:13 +0000] "GET /sitemapmobileindex.xml?fileloc=/srv/users/mkanyafarm/apps/mkanyafarm/public/wp-content/plugins/booking/core/any/css/wpbc_flextable.css&path=/srv/users/mkanyafarm/apps/mkanyafarm/public/wp-content/plugins/booking/core/any/css HTTP/1.0" 200 48392
216.73.216.36 - - [07/Nov/2025:03:47:16 +0000] "GET /%22https:/drop-boss.co.uk/?fileloc=%2Fsrv%2Fusers%2Fmkanyafarm%2Fapps%2Fmkanyafarm%2Fpublic%2Fwp-includes%2Ftheme-compat%2Fsidebar.php&path=%2Fsrv%2Fusers%2Fmkanyafarm%2Fapps%2Fmkanyafarm%2Fpublic%2Fwp-includes%2Ftheme-compat HTTP/1.0" 200 18362
74.7.227.3 - - [07/Nov/2025:03:47:16 +0000] "GET /sitemapmobileindex.xml?fileloc=/srv/users/mkanyafarm/apps/mkanyafarm/public/wp-content/plugins/booking/css/skins/24_9__light.css&path=/srv/users/mkanyafarm/apps/mkanyafarm/public/wp-content/plugins/booking/css/skins HTTP/1.0" 200 46558
74.7.227.3 - - [07/Nov/2025:03:47:18 +0000] "GET /sitemapmobileindex.xml?fileloc=/srv/users/mkanyafarm/apps/mkanyafarm/public/wp-content/plugins/booking/css/skins/24_9__light_traditional_1.css&path=/srv/users/mkanyafarm/apps/mkanyafarm/public/wp-content/plugins/booking/css/skins HTTP/1.0" 200 15015
216.73.216.36 - - [07/Nov/2025:03:47:19 +0000] "GET /%22https:/drop-boss.co.uk/?path=%2Fsrv%2Fusers%2Fmkanyafarm%2Fapps%2Fmkanyafarm%2Fpublic%2Fwp-includes%2Fblocks%2Fcomments HTTP/1.0" 200 29967
216.73.216.36 - - [07/Nov/2025:03:47:22 +0000] "GET /%22https:/drop-boss.co.uk/?fileloc=%2Fsrv%2Fusers%2Fmkanyafarm%2Fapps%2Fmkanyafarm%2Fpublic%2Fwp-includes%2Fblocks%2Fsocial-link.php&path=%2Fsrv%2Fusers%2Fmkanyafarm%2Fapps%2Fmkanyafarm%2Fpublic%2Fwp-includes%2Fblocks HTTP/1.0" 200 86813
74.7.227.3 - - [07/Nov/2025:03:47:24 +0000] "GET /sitemapmobileindex.xml?fileloc=/srv/users/mkanyafarm/apps/mkanyafarm/public/wp-content/plugins/booking/css/skins/premium-light-noborder.css&path=/srv/users/mkanyafarm/apps/mkanyafarm/public/wp-content/plugins/booking/css/skins HTTP/1.0" 200 29433
216.73.216.36 - - [07/Nov/2025:03:47:25 +0000] "GET /%22https:/drop-boss.co.uk/?path=%2Fsrv%2Fusers%2Fmkanyafarm%2Fapps%2Fmkanyafarm%2Fpublic%2Fwp-includes%2Fblocks%2Fgroup HTTP/1.0" 200 36505
216.73.216.36 - - [07/Nov/2025:03:47:28 +0000] "GET /%22https:/drop-boss.co.uk/?path=%2Fsrv%2Fusers%2Fmkanyafarm%2Fapps%2Fmkanyafarm%2Fpublic%2Fwp-includes%2Fblocks%2Fparagraph HTTP/1.0" 200 30009
2a06:98c0:3600::103 - - [07/Nov/2025:03:47:28 +0000] "GET /wordpress/wp-admin/setup-config.php HTTP/1.0" 200 54310
74.7.227.3 - - [07/Nov/2025:03:47:29 +0000] "GET /sitemapmobileindex.xml?fileloc=/srv/users/mkanyafarm/apps/mkanyafarm/public/wp-content/plugins/booking/css/skins/light__24_8.css&path=/srv/users/mkanyafarm/apps/mkanyafarm/public/wp-content/plugins/booking/css/skins HTTP/1.0" 200 14941
216.73.216.36 - - [07/Nov/2025:03:47:31 +0000] "GET /%22https:/drop-boss.co.uk/?fileloc=%2Fsrv%2Fusers%2Fmkanyafarm%2Fapps%2Fmkanyafarm%2Fpublic%2Fwp-admin%2Fnetwork%2Fsite-info.php&path=%2Fsrv%2Fusers%2Fmkanyafarm%2Fapps%2Fmkanyafarm%2Fpublic%2Fwp-admin%2Fnetwork HTTP/1.0" 200 22695
74.7.227.3 - - [07/Nov/2025:03:47:33 +0000] "GET /sitemapmobileindex.xml?fileloc=/srv/users/mkanyafarm/apps/mkanyafarm/public/wp-content/plugins/booking/css/skins/premium-light.css&path=/srv/users/mkanyafarm/apps/mkanyafarm/public/wp-content/plugins/booking/css/skins HTTP/1.0" 200 29424
216.73.216.36 - - [07/Nov/2025:03:47:34 +0000] "GET /%22https:/drop-boss.co.uk/?fileloc=%2Fsrv%2Fusers%2Fmkanyafarm%2Fapps%2Fmkanyafarm%2Fpublic%2Fwp-includes%2Fpomo%2Fpo.php&path=%2Fsrv%2Fusers%2Fmkanyafarm%2Fapps%2Fmkanyafarm%2Fpublic%2Fwp-includes%2Fpomo HTTP/1.0" 200 29904
216.73.216.36 - - [07/Nov/2025:03:47:37 +0000] "GET /%22https:/drop-boss.co.uk?fileloc=%2Fsrv%2Fusers%2Fmkanyafarm%2Fapps%2Fmkanyafarm%2Fpublic%2Fwp-admin%2Fcss%2Fwidgets-rtl.css&path=%2Fsrv%2Fusers%2Fmkanyafarm%2Fapps%2Fmkanyafarm%2Fpublic%2Fwp-admin%2Fcss HTTP/1.0" 200 30496
74.7.227.3 - - [07/Nov/2025:03:47:38 +0000] "GET /sitemapmobileindex.xml?fileloc=/srv/users/mkanyafarm/apps/mkanyafarm/public/wp-content/plugins/booking/css/skins/traditional-light.css&path=/srv/users/mkanyafarm/apps/mkanyafarm/public/wp-content/plugins/booking/css/skins HTTP/1.0" 200 29746
216.73.216.36 - - [07/Nov/2025:03:47:40 +0000] "GET /%22https:/drop-boss.co.uk/?fileloc=%2Fsrv%2Fusers%2Fmkanyafarm%2Fapps%2Fmkanyafarm%2Fpublic%2Fwp-admin%2Fnetwork%2Fuser-new.php&path=%2Fsrv%2Fusers%2Fmkanyafarm%2Fapps%2Fmkanyafarm%2Fpublic%2Fwp-admin%2Fnetwork HTTP/1.0" 200 19635
74.7.227.3 - - [07/Nov/2025:03:47:41 +0000] "GET /sitemapmobileindex.xml?fileloc=/srv/users/mkanyafarm/apps/mkanyafarm/public/wp-content/plugins/booking/css/skins/premium-steel-noborder.css&path=/srv/users/mkanyafarm/apps/mkanyafarm/public/wp-content/plugins/booking/css/skins HTTP/1.0" 200 29445
216.73.216.36 - - [07/Nov/2025:03:47:43 +0000] "GET /%22https:/drop-boss.co.uk?fileloc=%2Fsrv%2Fusers%2Fmkanyafarm%2Fapps%2Fmkanyafarm%2Fpublic%2Fwp-admin%2Fcss%2Flist-tables-rtl.css&path=%2Fsrv%2Fusers%2Fmkanyafarm%2Fapps%2Fmkanyafarm%2Fpublic%2Fwp-admin%2Fcss HTTP/1.0" 200 57197
74.7.227.3 - - [07/Nov/2025:03:47:44 +0000] "GET /sitemapmobileindex.xml?fileloc=/srv/users/mkanyafarm/apps/mkanyafarm/public/wp-content/plugins/booking/core/any/css/admin-br-table.css&path=/srv/users/mkanyafarm/apps/mkanyafarm/public/wp-content/plugins/booking/core/any/css HTTP/1.0" 200 17403
216.73.216.36 - - [07/Nov/2025:03:47:46 +0000] "GET /%22https:/drop-boss.co.uk/?fileloc=%2Fsrv%2Fusers%2Fmkanyafarm%2Fapps%2Fmkanyafarm%2Fpublic%2Fwp-admin%2Fnetwork%2Fprofile.php&path=%2Fsrv%2Fusers%2Fmkanyafarm%2Fapps%2Fmkanyafarm%2Fpublic%2Fwp-admin%2Fnetwork HTTP/1.0" 200 13020
74.7.227.3 - - [07/Nov/2025:03:47:47 +0000] "GET /sitemapmobileindex.xml?fileloc=/srv/users/mkanyafarm/apps/mkanyafarm/public/wp-content/plugins/booking/css/skins/black-2.css&path=/srv/users/mkanyafarm/apps/mkanyafarm/public/wp-content/plugins/booking/css/skins HTTP/1.0" 200 29814
216.73.216.36 - - [07/Nov/2025:03:47:49 +0000] "GET /%22https:/drop-boss.co.uk/?fileloc=%2Fsrv%2Fusers%2Fmkanyafarm%2Fapps%2Fmkanyafarm%2Fpublic%2Fwp-includes%2Fpomo%2Fentry.php&path=%2Fsrv%2Fusers%2Fmkanyafarm%2Fapps%2Fmkanyafarm%2Fpublic%2Fwp-includes%2Fpomo HTTP/1.0" 200 16804
216.73.216.36 - - [07/Nov/2025:03:47:52 +0000] "GET /%22https:/drop-boss.co.uk?fileloc=%2Fsrv%2Fusers%2Fmkanyafarm%2Fapps%2Fmkanyafarm%2Fpublic%2Fwp-includes%2Fassets%2Fscript-loader-packages.min.php&path=%2Fsrv%2Fusers%2Fmkanyafarm%2Fapps%2Fmkanyafarm%2Fpublic%2Fwp-includes%2Fassets HTTP/1.0" 200 32806
74.7.227.3 - - [07/Nov/2025:03:47:52 +0000] "GET /sitemapmobileindex.xml?fileloc=/srv/users/mkanyafarm/apps/mkanyafarm/public/wp-content/plugins/booking/css/skins/light-01.css&path=/srv/users/mkanyafarm/apps/mkanyafarm/public/wp-content/plugins/booking/css/skins HTTP/1.0" 200 31005
216.73.216.36 - - [07/Nov/2025:03:47:55 +0000] "GET /%22https:/drop-boss.co.uk/?path=%2Fsrv%2Fusers%2Fmkanyafarm%2Fapps%2Fmkanyafarm%2Fpublic%2Fwp-includes%2Fblocks%2Flist-item HTTP/1.0" 200 16538
74.7.227.3 - - [07/Nov/2025:03:47:56 +0000] "GET /sitemapmobileindex.xml?fileloc=/srv/users/mkanyafarm/apps/mkanyafarm/public/wp-content/plugins/booking/css/skins/green-01.css&path=/srv/users/mkanyafarm/apps/mkanyafarm/public/wp-content/plugins/booking/css/skins HTTP/1.0" 200 31575
216.73.216.36 - - [07/Nov/2025:03:47:58 +0000] "GET /%22https:/drop-boss.co.uk/?path=%2Fsrv%2Fusers%2Fmkanyafarm%2Fapps%2Fmkanyafarm%2Fpublic%2Fwp-includes%2Fsodium_compat%2Fsodium_compat HTTP/1.0" 200 20135
216.73.216.36 - - [07/Nov/2025:03:48:01 +0000] "GET /%22https:/drop-boss.co.uk/?fileloc=%2Fsrv%2Fusers%2Fmkanyafarm%2Fapps%2Fmkanyafarm%2Fpublic%2Fwp-admin%2Fnetwork%2Fsite-new.php&path=%2Fsrv%2Fusers%2Fmkanyafarm%2Fapps%2Fmkanyafarm%2Fpublic%2Fwp-admin%2Fnetwork HTTP/1.0" 200 24898
74.7.227.3 - - [07/Nov/2025:03:48:01 +0000] "GET /sitemap-hot-4951330.xml?fileloc=/srv/users/mkanyafarm/apps/mkanyafarm/public/wp-includes/block-supports/background.php&path=/srv/users/mkanyafarm/apps/mkanyafarm/public/wp-includes/block-supports HTTP/1.0" 200 17540
216.73.216.36 - - [07/Nov/2025:03:48:04 +0000] "GET /%22https:/drop-boss.co.uk?fileloc=%2Fsrv%2Fusers%2Fmkanyafarm%2Fapps%2Fmkanyafarm%2Fpublic%2Fwp-admin%2Fcss%2Fcustomize-nav-menus-rtl.min.css&path=%2Fsrv%2Fusers%2Fmkanyafarm%2Fapps%2Fmkanyafarm%2Fpublic%2Fwp-admin%2Fcss HTTP/1.0" 200 31113
74.7.227.3 - - [07/Nov/2025:03:48:04 +0000] "GET /sitemapmobileindex.xml?fileloc=/srv/users/mkanyafarm/apps/mkanyafarm/public/wp-content/plugins/booking/core/any/css/admin-support.css&path=/srv/users/mkanyafarm/apps/mkanyafarm/public/wp-content/plugins/booking/core/any/css HTTP/1.0" 200 29953
216.73.216.36 - - [07/Nov/2025:03:48:07 +0000] "GET /%22https:/drop-boss.co.uk/?fileloc=%2Fsrv%2Fusers%2Fmkanyafarm%2Fapps%2Fmkanyafarm%2Fpublic%2Fwp-admin%2Fnetwork%2Fthemes.php&path=%2Fsrv%2Fusers%2Fmkanyafarm%2Fapps%2Fmkanyafarm%2Fpublic%2Fwp-admin%2Fnetwork HTTP/1.0" 200 32762
74.7.227.3 - - [07/Nov/2025:03:48:09 +0000] "GET /sitemapmobileindex.xml?fileloc=/srv/users/mkanyafarm/apps/mkanyafarm/public/wp-content/plugins/booking/css/skins/multidays.css&path=/srv/users/mkanyafarm/apps/mkanyafarm/public/wp-content/plugins/booking/css/skins HTTP/1.0" 200 29237
216.73.216.36 - - [07/Nov/2025:03:48:10 +0000] "GET /%22https:/drop-boss.co.uk/?path=%2Fsrv%2Fusers%2Fmkanyafarm%2Fapps%2Fmkanyafarm%2Fpublic%2Fwp-includes%2Fblocks%2Fverse HTTP/1.0" 200 23161
74.7.227.3 - - [07/Nov/2025:03:48:12 +0000] "GET /sitemapmobileindex.xml?fileloc=/srv/users/mkanyafarm/apps/mkanyafarm/public/wp-content/plugins/booking/css/skins/black.css&path=/srv/users/mkanyafarm/apps/mkanyafarm/public/wp-content/plugins/booking/css/skins HTTP/1.0" 200 29239
216.73.216.36 - - [07/Nov/2025:03:48:13 +0000] "GET /%22https:/drop-boss.co.uk?fileloc=%2Fsrv%2Fusers%2Fmkanyafarm%2Fapps%2Fmkanyafarm%2Fpublic%2Fwp-admin%2Fcss%2Fcustomize-widgets-rtl.min.css&path=%2Fsrv%2Fusers%2Fmkanyafarm%2Fapps%2Fmkanyafarm%2Fpublic%2Fwp-admin%2Fcss HTTP/1.0" 200 22794
216.73.216.36 - - [07/Nov/2025:03:48:16 +0000] "GET /%22https:/drop-boss.co.uk?fileloc=%2Fsrv%2Fusers%2Fmkanyafarm%2Fapps%2Fmkanyafarm%2Fpublic%2Fwp-admin%2Fcss%2Fcustomize-controls-rtl.min.css&path=%2Fsrv%2Fusers%2Fmkanyafarm%2Fapps%2Fmkanyafarm%2Fpublic%2Fwp-admin%2Fcss HTTP/1.0" 200 73756
74.7.227.3 - - [07/Nov/2025:03:48:17 +0000] "GET /sitemapmobileindex.xml?fileloc=/srv/users/mkanyafarm/apps/mkanyafarm/public/wp-content/plugins/booking/css/skins/traditional.css&path=/srv/users/mkanyafarm/apps/mkanyafarm/public/wp-content/plugins/booking/css/skins HTTP/1.0" 200 29417
216.73.216.36 - - [07/Nov/2025:03:48:19 +0000] "GET /%22https:/drop-boss.co.uk/?fileloc=%2Fsrv%2Fusers%2Fmkanyafarm%2Fapps%2Fmkanyafarm%2Fpublic%2Fwp-includes%2FID3%2Fmodule.audio.flac.php&path=%2Fsrv%2Fusers%2Fmkanyafarm%2Fapps%2Fmkanyafarm%2Fpublic%2Fwp-includes%2FID3 HTTP/1.0" 200 36700
74.7.227.3 - - [07/Nov/2025:03:48:21 +0000] "GET /sitemapmobileindex.xml?fileloc=/srv/users/mkanyafarm/apps/mkanyafarm/public/wp-content/plugins/booking/css/skins/premium-black.css&path=/srv/users/mkanyafarm/apps/mkanyafarm/public/wp-content/plugins/booking/css/skins HTTP/1.0" 200 29523
216.73.216.36 - - [07/Nov/2025:03:48:22 +0000] "GET /%22https:/drop-boss.co.uk/?fileloc=%2Fsrv%2Fusers%2Fmkanyafarm%2Fapps%2Fmkanyafarm%2Fpublic%2Fwp-admin%2Fnetwork%2Ftheme-install.php&path=%2Fsrv%2Fusers%2Fmkanyafarm%2Fapps%2Fmkanyafarm%2Fpublic%2Fwp-admin%2Fnetwork HTTP/1.0" 200 13194
216.73.216.36 - - [07/Nov/2025:03:48:25 +0000] "GET /%22https:/drop-boss.co.uk/?path=%2Fsrv%2Fusers%2Fmkanyafarm%2Fapps%2Fmkanyafarm%2Fpublic%2Fwp-includes%2Fblocks%2Fheading HTTP/1.0" 200 23214
74.7.227.3 - - [07/Nov/2025:03:48:26 +0000] "GET /sitemapmobileindex.xml?fileloc=/srv/users/mkanyafarm/apps/mkanyafarm/public/wp-content/plugins/booking/css/skins/premium-marine.css&path=/srv/users/mkanyafarm/apps/mkanyafarm/public/wp-content/plugins/booking/css/skins HTTP/1.0" 200 29292
216.73.216.36 - - [07/Nov/2025:03:48:28 +0000] "GET /%22https:/drop-boss.co.uk/?fileloc=%2Fsrv%2Fusers%2Fmkanyafarm%2Fapps%2Fmkanyafarm%2Fpublic%2Fwp-admin%2Fnetwork%2Fupgrade.php&path=%2Fsrv%2Fusers%2Fmkanyafarm%2Fapps%2Fmkanyafarm%2Fpublic%2Fwp-admin%2Fnetwork HTTP/1.0" 200 19047
74.7.227.3 - - [07/Nov/2025:03:48:30 +0000] "GET /sitemapmobileindex.xml?fileloc=/srv/users/mkanyafarm/apps/mkanyafarm/public/wp-content/plugins/booking/css/skins/premium-steel.css&path=/srv/users/mkanyafarm/apps/mkanyafarm/public/wp-content/plugins/booking/css/skins HTTP/1.0" 200 29436
216.73.216.36 - - [07/Nov/2025:03:48:31 +0000] "GET /%22https:/drop-boss.co.uk/?path=%2Fsrv%2Fusers%2Fmkanyafarm%2Fapps%2Fmkanyafarm%2Fpublic%2Fwp-includes%2Fblocks%2Fsite-tagline HTTP/1.0" 200 30136
216.73.216.36 - - [07/Nov/2025:03:48:34 +0000] "GET /%22https:/drop-boss.co.uk/?path=%2Fsrv%2Fusers%2Fmkanyafarm%2Fapps%2Fmkanyafarm%2Fpublic%2Fwp-includes%2Fblocks%2Ftag-cloud HTTP/1.0" 200 31525
74.7.227.3 - - [07/Nov/2025:03:48:36 +0000] "GET /sitemapmobileindex.xml?fileloc=/srv/users/mkanyafarm/apps/mkanyafarm/public/wp-content/plugins/booking/css/skins/traditional-times.css&path=/srv/users/mkanyafarm/apps/mkanyafarm/public/wp-content/plugins/booking/css/skins HTTP/1.0" 200 30217
216.73.216.36 - - [07/Nov/2025:03:48:37 +0000] "GET /%22https:/drop-boss.co.uk?fileloc=%2Fsrv%2Fusers%2Fmkanyafarm%2Fapps%2Fmkanyafarm%2Fpublic%2Fwp-includes%2Fassets%2Fscript-modules-packages.php&path=%2Fsrv%2Fusers%2Fmkanyafarm%2Fapps%2Fmkanyafarm%2Fpublic%2Fwp-includes%2Fassets HTTP/1.0" 200 15194
74.7.227.3 - - [07/Nov/2025:03:48:39 +0000] "GET /sitemapmobileindex.xml?fileloc=/srv/users/mkanyafarm/apps/mkanyafarm/public/wp-content/plugins/booking/core/any/css/admin-menu.css&path=/srv/users/mkanyafarm/apps/mkanyafarm/public/wp-content/plugins/booking/core/any/css HTTP/1.0" 200 21234
74.7.227.3 - - [07/Nov/2025:03:48:42 +0000] "GET /sitemap-hot-4945330.xml?fileloc=/srv/users/mkanyafarm/apps/mkanyafarm/public/wp-admin/css/install-rtl.min.css&path=/srv/users/mkanyafarm/apps/mkanyafarm/public/wp-admin/css HTTP/1.0" 200 17837
74.7.227.3 - - [07/Nov/2025:03:48:48 +0000] "GET /sitemapmobileindex.xml?fileloc=/srv/users/mkanyafarm/apps/mkanyafarm/public/wp-content/plugins/booking/css/skins/standard.css&path=/srv/users/mkanyafarm/apps/mkanyafarm/public/wp-content/plugins/booking/css/skins HTTP/1.0" 200 29672
74.7.227.3 - - [07/Nov/2025:03:48:50 +0000] "GET /sitemap-hot-4941330.xml?fileloc=/srv/users/mkanyafarm/apps/mkanyafarm/public/wp-admin/css/install.min.css&path=/srv/users/mkanyafarm/apps/mkanyafarm/public/wp-admin/css HTTP/1.0" 200 17835
74.7.227.3 - - [07/Nov/2025:03:48:57 +0000] "GET /sitemap-hot-4957330.xml?fileloc=/srv/users/mkanyafarm/apps/mkanyafarm/public/wp-admin/css/install-rtl.min.css&path=/srv/users/mkanyafarm/apps/mkanyafarm/public/wp-admin/css HTTP/1.0" 200 17837
74.7.227.3 - - [07/Nov/2025:03:48:59 +0000] "GET /sitemap-hot-4955330.xml?fileloc=/srv/users/mkanyafarm/apps/mkanyafarm/public/wp-admin/css/install-rtl.min.css&path=/srv/users/mkanyafarm/apps/mkanyafarm/public/wp-admin/css HTTP/1.0" 200 17837
74.7.227.3 - - [07/Nov/2025:03:49:05 +0000] "GET /sitemap-hot-4959330.xml?fileloc=/srv/users/mkanyafarm/apps/mkanyafarm/public/wp-admin/css/install.min.css&path=/srv/users/mkanyafarm/apps/mkanyafarm/public/wp-admin/css HTTP/1.0" 200 17835
74.7.227.3 - - [07/Nov/2025:03:49:08 +0000] "GET /sitemap-hot-4971330.xml?fileloc=/srv/users/mkanyafarm/apps/mkanyafarm/public/wp-admin/css/install-rtl.min.css&path=/srv/users/mkanyafarm/apps/mkanyafarm/public/wp-admin/css HTTP/1.0" 200 17837
74.7.227.3 - - [07/Nov/2025:03:49:12 +0000] "GET /sitemap-hot-4969330.xml?fileloc=/srv/users/mkanyafarm/apps/mkanyafarm/public/wp-admin/css/install-rtl.css&path=/srv/users/mkanyafarm/apps/mkanyafarm/public/wp-admin/css HTTP/1.0" 200 18993
74.7.227.3 - - [07/Nov/2025:03:49:19 +0000] "GET /sitemap-hot-4947330.xml?fileloc=/srv/users/mkanyafarm/apps/mkanyafarm/public/wp-admin/css/install-rtl.css&path=/srv/users/mkanyafarm/apps/mkanyafarm/public/wp-admin/css HTTP/1.0" 200 18993
74.7.227.3 - - [07/Nov/2025:03:49:23 +0000] "GET /sitemap-hot-4965330.xml?fileloc=/srv/users/mkanyafarm/apps/mkanyafarm/public/wp-admin/css/install.min.css&path=/srv/users/mkanyafarm/apps/mkanyafarm/public/wp-admin/css HTTP/1.0" 200 17835
74.7.227.3 - - [07/Nov/2025:03:49:29 +0000] "GET /sitemap-hot-4971330.xml?fileloc=/srv/users/mkanyafarm/apps/mkanyafarm/public/wp-admin/css/install.min.css&path=/srv/users/mkanyafarm/apps/mkanyafarm/public/wp-admin/css HTTP/1.0" 200 17835
74.7.227.3 - - [07/Nov/2025:03:49:32 +0000] "GET /sitemap-hot-4957330.xml?fileloc=/srv/users/mkanyafarm/apps/mkanyafarm/public/wp-admin/css/install-rtl.css&path=/srv/users/mkanyafarm/apps/mkanyafarm/public/wp-admin/css HTTP/1.0" 200 18993
74.7.227.3 - - [07/Nov/2025:03:49:38 +0000] "GET /sitemap-hot-4945330.xml?fileloc=/srv/users/mkanyafarm/apps/mkanyafarm/public/wp-admin/css/install.min.css&path=/srv/users/mkanyafarm/apps/mkanyafarm/public/wp-admin/css HTTP/1.0" 200 17835
216.73.216.36 - - [07/Nov/2025:03:49:40 +0000] "GET /sitemap-hot-4955330.xml HTTP/1.0" 200 54310
74.7.227.3 - - [07/Nov/2025:03:49:41 +0000] "GET /sitemap-hot-4957330.xml?fileloc=/srv/users/mkanyafarm/apps/mkanyafarm/public/wp-admin/css/install.min.css&path=/srv/users/mkanyafarm/apps/mkanyafarm/public/wp-admin/css HTTP/1.0" 200 17835
216.73.216.36 - - [07/Nov/2025:03:49:43 +0000] "GET /sitemap.xml HTTP/1.0" 200 54310
216.73.216.36 - - [07/Nov/2025:03:49:46 +0000] "GET /sitemapindex.xml HTTP/1.0" 200 54310
74.7.227.3 - - [07/Nov/2025:03:49:48 +0000] "GET /sitemap-hot-4967330.xml?fileloc=/srv/users/mkanyafarm/apps/mkanyafarm/public/wp-admin/css/install.min.css&path=/srv/users/mkanyafarm/apps/mkanyafarm/public/wp-admin/css HTTP/1.0" 200 17835
216.73.216.36 - - [07/Nov/2025:03:49:49 +0000] "GET /%22https:/drop-boss.co.uk?fileloc=%2Fsrv%2Fusers%2Fmkanyafarm%2Fapps%2Fmkanyafarm%2Fpublic%2Fwp-includes%2Ffonts%2Fdashicons.svg&path=%2Fsrv%2Fusers%2Fmkanyafarm%2Fapps%2Fmkanyafarm%2Fpublic%2Fwp-includes%2Ffonts HTTP/1.0" 200 162145
216.73.216.36 - - [07/Nov/2025:03:49:52 +0000] "GET /%22https:/drop-boss.co.uk?fileloc=%2Fsrv%2Fusers%2Fmkanyafarm%2Fapps%2Fmkanyafarm%2Fpublic%2Fwp-includes%2Ffonts%2F.htaccess&path=%2Fsrv%2Fusers%2Fmkanyafarm%2Fapps%2Fmkanyafarm%2Fpublic%2Fwp-includes%2Ffonts HTTP/1.0" 200 12896
74.7.227.3 - - [07/Nov/2025:03:49:54 +0000] "GET /sitemap-hot-4959330.xml?fileloc=/srv/users/mkanyafarm/apps/mkanyafarm/public/wp-admin/css/install-rtl.min.css&path=/srv/users/mkanyafarm/apps/mkanyafarm/public/wp-admin/css HTTP/1.0" 200 17837
216.73.216.36 - - [07/Nov/2025:03:49:55 +0000] "GET /%22https:/drop-boss.co.uk?fileloc=%2Fsrv%2Fusers%2Fmkanyafarm%2Fapps%2Fmkanyafarm%2Fpublic%2Fwp-includes%2Ffonts%2Fdashicons.ttf&path=%2Fsrv%2Fusers%2Fmkanyafarm%2Fapps%2Fmkanyafarm%2Fpublic%2Fwp-includes%2Ffonts HTTP/1.0" 200 90517
74.7.227.3 - - [07/Nov/2025:03:49:57 +0000] "GET /sitemap-hot-4967330.xml?fileloc=/srv/users/mkanyafarm/apps/mkanyafarm/public/wp-admin/css/install-rtl.min.css&path=/srv/users/mkanyafarm/apps/mkanyafarm/public/wp-admin/css HTTP/1.0" 200 17837
216.73.216.36 - - [07/Nov/2025:03:49:58 +0000] "GET /%22https:/drop-boss.co.uk?fileloc=%2Fsrv%2Fusers%2Fmkanyafarm%2Fapps%2Fmkanyafarm%2Fpublic%2Fwp-includes%2Ffonts%2Fdashicons.woff&path=%2Fsrv%2Fusers%2Fmkanyafarm%2Fapps%2Fmkanyafarm%2Fpublic%2Fwp-includes%2Ffonts HTTP/1.0" 200 60946
216.73.216.36 - - [07/Nov/2025:03:50:01 +0000] "GET /%22https:/drop-boss.co.uk?fileloc=%2Fsrv%2Fusers%2Fmkanyafarm%2Fapps%2Fmkanyafarm%2Fpublic%2Fwp-includes%2Ffonts%2Fdashicons.woff2&path=%2Fsrv%2Fusers%2Fmkanyafarm%2Fapps%2Fmkanyafarm%2Fpublic%2Fwp-includes%2Ffonts HTTP/1.0" 200 60976
74.7.227.3 - - [07/Nov/2025:03:50:04 +0000] "GET /sitemap-hot-4945330.xml?fileloc=/srv/users/mkanyafarm/apps/mkanyafarm/public/wp-admin/css/install-rtl.css&path=/srv/users/mkanyafarm/apps/mkanyafarm/public/wp-admin/css HTTP/1.0" 200 18993
216.73.216.36 - - [07/Nov/2025:03:50:04 +0000] "GET /%22https:/drop-boss.co.uk/?fileloc=%2Fsrv%2Fusers%2Fmkanyafarm%2Fapps%2Fmkanyafarm%2Fpublic%2Fwp-includes%2Fsodium_compat%2FLICENSE&path=%2Fsrv%2Fusers%2Fmkanyafarm%2Fapps%2Fmkanyafarm%2Fpublic%2Fwp-includes%2Fsodium_compat HTTP/1.0" 200 13651
216.73.216.36 - - [07/Nov/2025:03:50:07 +0000] "GET /%22https:/drop-boss.co.uk?fileloc=%2Fsrv%2Fusers%2Fmkanyafarm%2Fapps%2Fmkanyafarm%2Fpublic%2Fwp-includes%2Ffonts%2Fdashicons.eot&path=%2Fsrv%2Fusers%2Fmkanyafarm%2Fapps%2Fmkanyafarm%2Fpublic%2Fwp-includes%2Ffonts HTTP/1.0" 200 90703
74.7.227.3 - - [07/Nov/2025:03:50:08 +0000] "GET /sitemap-hot-4961330.xml?fileloc=/srv/users/mkanyafarm/apps/mkanyafarm/public/wp-admin/css/install-rtl.css&path=/srv/users/mkanyafarm/apps/mkanyafarm/public/wp-admin/css HTTP/1.0" 200 18993
216.73.216.36 - - [07/Nov/2025:03:50:10 +0000] "GET /%22https:/drop-boss.co.uk/?fileloc=%2Fsrv%2Fusers%2Fmkanyafarm%2Fapps%2Fmkanyafarm%2Fpublic%2Fwp-admin%2Fmaint%2F.htaccess&path=%2Fsrv%2Fusers%2Fmkanyafarm%2Fapps%2Fmkanyafarm%2Fpublic%2Fwp-admin%2Fmaint HTTP/1.0" 200 12884
216.73.216.36 - - [07/Nov/2025:03:50:13 +0000] "GET /%22https:/drop-boss.co.uk/?fileloc=%2Fsrv%2Fusers%2Fmkanyafarm%2Fapps%2Fmkanyafarm%2Fpublic%2Fwp-includes%2Fsodium_compat%2Fcomposer.json&path=%2Fsrv%2Fusers%2Fmkanyafarm%2Fapps%2Fmkanyafarm%2Fpublic%2Fwp-includes%2Fsodium_compat HTTP/1.0" 200 15062
74.7.227.3 - - [07/Nov/2025:03:50:14 +0000] "GET /sitemap-hot-4947330.xml?fileloc=/srv/users/mkanyafarm/apps/mkanyafarm/public/wp-admin/css/install-rtl.min.css&path=/srv/users/mkanyafarm/apps/mkanyafarm/public/wp-admin/css HTTP/1.0" 200 17837
216.73.216.36 - - [07/Nov/2025:03:50:16 +0000] "GET /%22https:/drop-boss.co.uk?fileloc=%2Fsrv%2Fusers%2Fmkanyafarm%2Fapps%2Fmkanyafarm%2Fpublic%2Fwp-admin%2Fcss%2Fmedia.min.css&path=%2Fsrv%2Fusers%2Fmkanyafarm%2Fapps%2Fmkanyafarm%2Fpublic%2Fwp-admin%2Fcss HTTP/1.0" 200 34654
216.73.216.36 - - [07/Nov/2025:03:50:19 +0000] "GET /%22https:/drop-boss.co.uk?fileloc=%2Fsrv%2Fusers%2Fmkanyafarm%2Fapps%2Fmkanyafarm%2Fpublic%2Fwp-admin%2Fcss%2Fl10n.min.css&path=%2Fsrv%2Fusers%2Fmkanyafarm%2Fapps%2Fmkanyafarm%2Fpublic%2Fwp-admin%2Fcss HTTP/1.0" 200 15932
74.7.227.3 - - [07/Nov/2025:03:50:19 +0000] "GET /sitemap-hot-4951330.xml?fileloc=/srv/users/mkanyafarm/apps/mkanyafarm/public/wp-admin/css/install.min.css&path=/srv/users/mkanyafarm/apps/mkanyafarm/public/wp-admin/css HTTP/1.0" 200 17835
216.73.216.36 - - [07/Nov/2025:03:50:22 +0000] "GET /%22https:/drop-boss.co.uk/?fileloc=%2Fsrv%2Fusers%2Fmkanyafarm%2Fapps%2Fmkanyafarm%2Fpublic%2Fwp-includes%2Fpomo%2F.htaccess&path=%2Fsrv%2Fusers%2Fmkanyafarm%2Fapps%2Fmkanyafarm%2Fpublic%2Fwp-includes%2Fpomo HTTP/1.0" 200 12893
74.7.227.3 - - [07/Nov/2025:03:50:22 +0000] "GET /sitemap-hot-4959330.xml?fileloc=/srv/users/mkanyafarm/apps/mkanyafarm/public/wp-admin/css/install-rtl.css&path=/srv/users/mkanyafarm/apps/mkanyafarm/public/wp-admin/css HTTP/1.0" 200 18993
216.73.216.36 - - [07/Nov/2025:03:50:25 +0000] "GET /%22https:/drop-boss.co.uk?fileloc=%2Fsrv%2Fusers%2Fmkanyafarm%2Fapps%2Fmkanyafarm%2Fpublic%2Fwp-admin%2Fcss%2Fsite-health.min.css&path=%2Fsrv%2Fusers%2Fmkanyafarm%2Fapps%2Fmkanyafarm%2Fpublic%2Fwp-admin%2Fcss HTTP/1.0" 200 18063
74.7.227.3 - - [07/Nov/2025:03:50:25 +0000] "GET /sitemap-hot-4969330.xml?fileloc=/srv/users/mkanyafarm/apps/mkanyafarm/public/wp-admin/css/install-rtl.min.css&path=/srv/users/mkanyafarm/apps/mkanyafarm/public/wp-admin/css HTTP/1.0" 200 17837
216.73.216.36 - - [07/Nov/2025:03:50:28 +0000] "GET /%22https:/drop-boss.co.uk/?fileloc=%2Fsrv%2Fusers%2Fmkanyafarm%2Fapps%2Fmkanyafarm%2Fpublic%2Fwp-admin%2Fnetwork%2F.htaccess&path=%2Fsrv%2Fusers%2Fmkanyafarm%2Fapps%2Fmkanyafarm%2Fpublic%2Fwp-admin%2Fnetwork HTTP/1.0" 200 12890
74.7.227.3 - - [07/Nov/2025:03:50:29 +0000] "GET /sitemap-hot-4947330.xml?fileloc=/srv/users/mkanyafarm/apps/mkanyafarm/public/wp-admin/css/install.min.css&path=/srv/users/mkanyafarm/apps/mkanyafarm/public/wp-admin/css HTTP/1.0" 200 17835
216.73.216.36 - - [07/Nov/2025:03:50:31 +0000] "GET /%22https:/drop-boss.co.uk?fileloc=%2Fsrv%2Fusers%2Fmkanyafarm%2Fapps%2Fmkanyafarm%2Fpublic%2Fwp-admin%2Fcss%2Ffarbtastic.min.css&path=%2Fsrv%2Fusers%2Fmkanyafarm%2Fapps%2Fmkanyafarm%2Fpublic%2Fwp-admin%2Fcss HTTP/1.0" 200 13275
74.7.227.3 - - [07/Nov/2025:03:50:32 +0000] "GET /sitemap-hot-4941330.xml?fileloc=/srv/users/mkanyafarm/apps/mkanyafarm/public/wp-admin/css/install-rtl.css&path=/srv/users/mkanyafarm/apps/mkanyafarm/public/wp-admin/css HTTP/1.0" 200 18993
216.73.216.36 - - [07/Nov/2025:03:50:34 +0000] "GET /%22https:/drop-boss.co.uk?fileloc=%2Fsrv%2Fusers%2Fmkanyafarm%2Fapps%2Fmkanyafarm%2Fpublic%2Fwp-includes%2Fassets%2F.htaccess&path=%2Fsrv%2Fusers%2Fmkanyafarm%2Fapps%2Fmkanyafarm%2Fpublic%2Fwp-includes%2Fassets HTTP/1.0" 200 12899
74.7.227.3 - - [07/Nov/2025:03:50:35 +0000] "GET /sitemap-hot-4961330.xml?fileloc=/srv/users/mkanyafarm/apps/mkanyafarm/public/wp-admin/css/install-rtl.min.css&path=/srv/users/mkanyafarm/apps/mkanyafarm/public/wp-admin/css HTTP/1.0" 200 17837
216.73.216.36 - - [07/Nov/2025:03:50:37 +0000] "GET /%22https:/drop-boss.co.uk?fileloc=%2Fsrv%2Fusers%2Fmkanyafarm%2Fapps%2Fmkanyafarm%2Fpublic%2Fwp-admin%2Fcss%2Fmedia-rtl.min.css&path=%2Fsrv%2Fusers%2Fmkanyafarm%2Fapps%2Fmkanyafarm%2Fpublic%2Fwp-admin%2Fcss HTTP/1.0" 200 34674
216.73.216.36 - - [07/Nov/2025:03:50:40 +0000] "GET /%22https:/drop-boss.co.uk?fileloc=%2Fsrv%2Fusers%2Fmkanyafarm%2Fapps%2Fmkanyafarm%2Fpublic%2Fwp-admin%2Fcss%2Fabout.min.css&path=%2Fsrv%2Fusers%2Fmkanyafarm%2Fapps%2Fmkanyafarm%2Fpublic%2Fwp-admin%2Fcss HTTP/1.0" 200 34987
74.7.227.3 - - [07/Nov/2025:03:50:41 +0000] "GET /sitemap-hot-4971330.xml?fileloc=/srv/users/mkanyafarm/apps/mkanyafarm/public/wp-admin/css/install-rtl.css&path=/srv/users/mkanyafarm/apps/mkanyafarm/public/wp-admin/css HTTP/1.0" 200 18993
216.73.216.36 - - [07/Nov/2025:03:50:43 +0000] "GET /%22https:/drop-boss.co.uk/?fileloc=%2Fsrv%2Fusers%2Fmkanyafarm%2Fapps%2Fmkanyafarm%2Fpublic%2Fwp-includes%2Ftheme-compat%2F.htaccess&path=%2Fsrv%2Fusers%2Fmkanyafarm%2Fapps%2Fmkanyafarm%2Fpublic%2Fwp-includes%2Ftheme-compat HTTP/1.0" 200 12917
74.7.227.3 - - [07/Nov/2025:03:50:44 +0000] "GET /sitemap-hot-4955330.xml?fileloc=/srv/users/mkanyafarm/apps/mkanyafarm/public/wp-admin/css/install-rtl.css&path=/srv/users/mkanyafarm/apps/mkanyafarm/public/wp-admin/css HTTP/1.0" 200 18993
216.73.216.36 - - [07/Nov/2025:03:50:46 +0000] "GET /%22https:/drop-boss.co.uk?fileloc=%2Fsrv%2Fusers%2Fmkanyafarm%2Fapps%2Fmkanyafarm%2Fpublic%2Fwp-admin%2Fcss%2Ffarbtastic-rtl.min.css&path=%2Fsrv%2Fusers%2Fmkanyafarm%2Fapps%2Fmkanyafarm%2Fpublic%2Fwp-admin%2Fcss HTTP/1.0" 200 13280
216.73.216.36 - - [07/Nov/2025:03:50:49 +0000] "GET /%22https:/drop-boss.co.uk/?fileloc=%2Fsrv%2Fusers%2Fmkanyafarm%2Fapps%2Fmkanyafarm%2Fpublic%2Fwp-includes%2FID3%2Flicense.txt&path=%2Fsrv%2Fusers%2Fmkanyafarm%2Fapps%2Fmkanyafarm%2Fpublic%2Fwp-includes%2FID3 HTTP/1.0" 200 14155
74.7.227.3 - - [07/Nov/2025:03:50:50 +0000] "GET /sitemap-hot-4965330.xml?fileloc=/srv/users/mkanyafarm/apps/mkanyafarm/public/wp-admin/css/install-rtl.css&path=/srv/users/mkanyafarm/apps/mkanyafarm/public/wp-admin/css HTTP/1.0" 200 18993
74.7.227.3 - - [07/Nov/2025:03:50:54 +0000] "GET /sitemap-hot-4941330.xml?fileloc=/srv/users/mkanyafarm/apps/mkanyafarm/public/wp-admin/css/install-rtl.min.css&path=/srv/users/mkanyafarm/apps/mkanyafarm/public/wp-admin/css HTTP/1.0" 200 17837
74.7.227.3 - - [07/Nov/2025:03:50:57 +0000] "GET /sitemap-hot-4965330.xml?fileloc=/srv/users/mkanyafarm/apps/mkanyafarm/public/wp-admin/css/install-rtl.min.css&path=/srv/users/mkanyafarm/apps/mkanyafarm/public/wp-admin/css HTTP/1.0" 200 17837
74.7.227.3 - - [07/Nov/2025:03:51:02 +0000] "GET /sitemap-hot-4969330.xml?fileloc=/srv/users/mkanyafarm/apps/mkanyafarm/public/wp-admin/css/install.min.css&path=/srv/users/mkanyafarm/apps/mkanyafarm/public/wp-admin/css HTTP/1.0" 200 17835
216.73.216.36 - - [07/Nov/2025:03:51:03 +0000] "GET /%22https:/drop-boss.co.uk?fileloc=%2Fsrv%2Fusers%2Fmkanyafarm%2Fapps%2Fmkanyafarm%2Fpublic%2Fwp-includes%2Fblocks%2Fseparator%2Feditor.css&path=%2Fsrv%2Fusers%2Fmkanyafarm%2Fapps%2Fmkanyafarm%2Fpublic%2Fwp-includes%2Fblocks%2Fseparator HTTP/1.0" 200 12980
74.7.227.3 - - [07/Nov/2025:03:51:05 +0000] "GET /sitemap-hot-4955330.xml?fileloc=/srv/users/mkanyafarm/apps/mkanyafarm/public/wp-admin/css/install.min.css&path=/srv/users/mkanyafarm/apps/mkanyafarm/public/wp-admin/css HTTP/1.0" 200 17835
216.73.216.36 - - [07/Nov/2025:03:51:05 +0000] "GET /%22https:/drop-boss.co.uk?fileloc=%2Fsrv%2Fusers%2Fmkanyafarm%2Fapps%2Fmkanyafarm%2Fpublic%2Fwp-includes%2Fblocks%2Fwidget-group%2F.htaccess&path=%2Fsrv%2Fusers%2Fmkanyafarm%2Fapps%2Fmkanyafarm%2Fpublic%2Fwp-includes%2Fblocks%2Fwidget-group HTTP/1.0" 200 13022
216.73.216.36 - - [07/Nov/2025:03:51:08 +0000] "GET /%22https:/drop-boss.co.uk?fileloc=%2Fsrv%2Fusers%2Fmkanyafarm%2Fapps%2Fmkanyafarm%2Fpublic%2Fwp-includes%2Fblock-supports%2Fblock-supports%2F.htaccess&path=%2Fsrv%2Fusers%2Fmkanyafarm%2Fapps%2Fmkanyafarm%2Fpublic%2Fwp-includes%2Fblock-supports%2Fblock-supports HTTP/1.0" 200 13174
74.7.227.3 - - [07/Nov/2025:03:51:10 +0000] "GET /sitemap-hot-4951330.xml?fileloc=/srv/users/mkanyafarm/apps/mkanyafarm/public/wp-admin/css/install-rtl.min.css&path=/srv/users/mkanyafarm/apps/mkanyafarm/public/wp-admin/css HTTP/1.0" 200 17837
216.73.216.36 - - [07/Nov/2025:03:51:11 +0000] "GET /%22https:/drop-boss.co.uk?fileloc=%2Fsrv%2Fusers%2Fmkanyafarm%2Fapps%2Fmkanyafarm%2Fpublic%2Fwp-includes%2Fblock-supports%2Fblock-supports%2FaVtRG.jpeg&path=%2Fsrv%2Fusers%2Fmkanyafarm%2Fapps%2Fmkanyafarm%2Fpublic%2Fwp-includes%2Fblock-supports%2Fblock-supports HTTP/1.0" 200 18468
216.73.216.36 - - [07/Nov/2025:03:51:14 +0000] "GET /%22https:/drop-boss.co.uk?path=%2Fsrv%2Fusers%2Fmkanyafarm%2Fapps%2Fmkanyafarm%2Fpublic%2Fwp-includes%2Fblocks%2Fread-more HTTP/1.0" 200 23266
74.7.227.3 - - [07/Nov/2025:03:51:15 +0000] "GET /sitemap-hot-4951330.xml?path=/srv/users/mkanyafarm/tmp/mkanyafarm HTTP/1.0" 200 17741
216.73.216.36 - - [07/Nov/2025:03:51:17 +0000] "GET /%22https:/drop-boss.co.uk?fileloc=%2Fsrv%2Fusers%2Fmkanyafarm%2Fapps%2Fmkanyafarm%2Fpublic%2Fwp-admin%2Fnetwork%2Fsettings.php&path=%2Fsrv%2Fusers%2Fmkanyafarm%2Fapps%2Fmkanyafarm%2Fpublic%2Fwp-admin%2Fnetwork HTTP/1.0" 200 42063
74.7.227.3 - - [07/Nov/2025:03:51:18 +0000] "GET /sitemap-hot-4965330.xml?path=/srv/users/mkanyafarm/tmp/mkanyafarm HTTP/1.0" 200 17741
216.73.216.36 - - [07/Nov/2025:03:51:23 +0000] "GET /%22https:/drop-boss.co.uk?fileloc=%2Fsrv%2Fusers%2Fmkanyafarm%2Fapps%2Fmkanyafarm%2Fpublic%2Fwp-admin%2Fnetwork%2Fcontribute.php&path=%2Fsrv%2Fusers%2Fmkanyafarm%2Fapps%2Fmkanyafarm%2Fpublic%2Fwp-admin%2Fnetwork HTTP/1.0" 200 13024
74.7.227.3 - - [07/Nov/2025:03:51:24 +0000] "GET /sitemap-hot-4961330.xml?path=/srv/users/mkanyafarm/tmp/mkanyafarm HTTP/1.0" 200 17741
216.73.216.36 - - [07/Nov/2025:03:51:26 +0000] "GET /%22https:/drop-boss.co.uk?fileloc=%2Fsrv%2Fusers%2Fmkanyafarm%2Fapps%2Fmkanyafarm%2Fpublic%2Fwp-admin%2Fnetwork%2Fupdate.php&path=%2Fsrv%2Fusers%2Fmkanyafarm%2Fapps%2Fmkanyafarm%2Fpublic%2Fwp-admin%2Fnetwork HTTP/1.0" 200 13283
74.7.227.3 - - [07/Nov/2025:03:51:27 +0000] "GET /sitemap-hot-4949330.xml?path=/srv/users/mkanyafarm/log/mkanyafarm HTTP/1.0" 200 185967
216.73.216.36 - - [07/Nov/2025:03:51:29 +0000] "GET /%22https:/drop-boss.co.uk?fileloc=%2Fsrv%2Fusers%2Fmkanyafarm%2Fapps%2Fmkanyafarm%2Fpublic%2Fwp-includes%2Fblocks%2Fpost-template.php&path=%2Fsrv%2Fusers%2Fmkanyafarm%2Fapps%2Fmkanyafarm%2Fpublic%2Fwp-includes%2Fblocks HTTP/1.0" 200 19399
216.73.216.36 - - [07/Nov/2025:03:51:32 +0000] "GET /%22https:/eye-of-medusa.de/?fileloc=%2Fsrv%2Fusers%2Fmkanyafarm%2Fapps%2Fmkanyafarm%2Fpublic%2Fwp-admin%2Fasync-upload.php&path=%2Fsrv%2Fusers%2Fmkanyafarm%2Fapps%2Fmkanyafarm%2Fpublic%2Fwp-admin HTTP/1.0" 200 18855
74.7.227.3 - - [07/Nov/2025:03:51:32 +0000] "GET /sitemap-hot-4971330.xml?path=/srv/users/mkanyafarm/tmp/mkanyafarm HTTP/1.0" 200 17741
216.73.216.36 - - [07/Nov/2025:03:51:35 +0000] "GET /%22https:/drop-boss.co.uk?path=%2Fsrv%2Fusers%2Fmkanyafarm%2Fapps%2Fmkanyafarm%2Fpublic%2Fwp-includes%2Fblocks%2Ftag-cloud%2Ftag-cloud HTTP/1.0" 200 18442
74.7.227.3 - - [07/Nov/2025:03:51:36 +0000] "GET /sitemap-hot-4957330.xml?path=/srv/users/mkanyafarm/tmp/mkanyafarm HTTP/1.0" 200 17741
216.73.216.36 - - [07/Nov/2025:03:51:38 +0000] "GET /%22https:/drop-boss.co.uk?path=%2Fsrv%2Fusers%2Fmkanyafarm%2Fapps%2Fmkanyafarm%2Fpublic%2Fwp-includes%2Fblocks%2Fpost-author-name HTTP/1.0" 200 23448
216.73.216.36 - - [07/Nov/2025:03:51:41 +0000] "GET /%22https:/drop-boss.co.uk?path=%2Fsrv%2Fusers%2Fmkanyafarm%2Fapps%2Fmkanyafarm%2Fpublic%2Fwp-includes%2Fblocks%2Ffile HTTP/1.0" 200 36438
74.7.227.3 - - [07/Nov/2025:03:51:42 +0000] "GET /sitemap-hot-4951330.xml?fileloc=/srv/users/mkanyafarm/tmp/mkanyafarm/sess_1c082aa98a97c059a78077ed906fe74a&path=/srv/users/mkanyafarm/tmp/mkanyafarm HTTP/1.0" 200 18571
216.73.216.36 - - [07/Nov/2025:03:51:44 +0000] "GET /%22https:/drop-boss.co.uk?fileloc=%2Fsrv%2Fusers%2Fmkanyafarm%2Fapps%2Fmkanyafarm%2Fpublic%2Fwp-includes%2Fblocks%2Ffile.php&path=%2Fsrv%2Fusers%2Fmkanyafarm%2Fapps%2Fmkanyafarm%2Fpublic%2Fwp-includes%2Fblocks HTTP/1.0" 200 14770
216.73.216.36 - - [07/Nov/2025:03:51:47 +0000] "GET /%22https:/drop-boss.co.uk/?path=%2Fsrv%2Fusers%2Fmkanyafarm%2Fapps%2Fmkanyafarm%2Fpublic%2Fwp-content%2Fthemes%2Ftwentytwentyfour%2Fpatterns HTTP/1.0" 200 116920
74.7.227.3 - - [07/Nov/2025:03:51:48 +0000] "GET /sitemap-hot-4965330.xml?fileloc=/srv/users/mkanyafarm/tmp/mkanyafarm/sess_f9c218049eae13358ede1242ca8ce1f1&path=/srv/users/mkanyafarm/tmp/mkanyafarm HTTP/1.0" 200 16183
216.73.216.36 - - [07/Nov/2025:03:51:50 +0000] "GET /%22https:/drop-boss.co.uk/?fileloc=%2Fsrv%2Fusers%2Fmkanyafarm%2Fapps%2Fmkanyafarm%2Fpublic%2Fwp-content%2Fthemes%2Ftwentytwentyfour%2Ffunctions.php&path=%2Fsrv%2Fusers%2Fmkanyafarm%2Fapps%2Fmkanyafarm%2Fpublic%2Fwp-content%2Fthemes%2Ftwentytwentyfour HTTP/1.0" 200 19219
74.7.227.3 - - [07/Nov/2025:03:51:52 +0000] "GET /sitemap-hot-4965330.xml?fileloc=/srv/users/mkanyafarm/tmp/mkanyafarm/sess_1c082aa98a97c059a78077ed906fe74a&path=/srv/users/mkanyafarm/tmp/mkanyafarm HTTP/1.0" 200 18571
216.73.216.36 - - [07/Nov/2025:03:51:53 +0000] "GET /%22https:/drop-boss.co.uk/?fileloc=%2Fsrv%2Fusers%2Fmkanyafarm%2Fapps%2Fmkanyafarm%2Fpublic%2Fwp-includes%2Fphp-compat%2Fphp-compat%2Findex.php&path=%2Fsrv%2Fusers%2Fmkanyafarm%2Fapps%2Fmkanyafarm%2Fpublic%2Fwp-includes%2Fphp-compat%2Fphp-compat HTTP/1.0" 200 18682
216.73.216.36 - - [07/Nov/2025:03:51:56 +0000] "GET /%22https:/drop-boss.co.uk?fileloc=%2Fsrv%2Fusers%2Fmkanyafarm%2Fapps%2Fmkanyafarm%2Fpublic%2Fwp-includes%2Fblock-supports%2Fblock-supports%2Findex.php&path=%2Fsrv%2Fusers%2Fmkanyafarm%2Fapps%2Fmkanyafarm%2Fpublic%2Fwp-includes%2Fblock-supports%2Fblock-supports HTTP/1.0" 200 15177
